000
CDUS44 KCRP 100852
CLILRD

CLIMATE REPORT
NATIONAL WEATHER SERVICE CORPUS CHRISTI TX
250 AM CST WED FEB 10 2016


...................................

...THE LAREDO CLIMATE SUMMARY FOR FEBRUARY 9 2016...

CLIMATE NORMAL PERIOD 1981 TO 2010
CLIMATE RECORD PERIOD 1900 TO 2016


WEATHER ITEM   OBSERVED TIME   RECORD YEAR NORMAL DEPARTURE LAST
                VALUE   (LST)  VALUE       VALUE  FROM      YEAR
                                                  NORMAL
..................................................................
TEMPERATURE (F)
 YESTERDAY
  MAXIMUM         74        MM  98    1960  71      3       85
  MINIMUM         38        MM  23    1974  49    -11       49
  AVERAGE         56                        60     -4       67

PRECIPITATION (IN)
  YESTERDAY        0.00          0.75 1911   0.03  -0.03     0.00
  MONTH TO DATE    0.00                      0.29  -0.29     0.17
  SINCE DEC 1      2.01                      2.07  -0.06     1.71
  SINCE JAN 1      1.88                      1.19   0.69     0.76

SNOWFALL (IN)
  YESTERDAY        0.0
  MONTH TO DATE    0.0
  SINCE DEC 1      0.0
  SINCE JUL 1      0.0

DEGREE DAYS
 HEATING
  YESTERDAY        9                         7      2        0
  MONTH TO DATE   73                        66      7       68
  SINCE DEC 1    484                       630   -146      624
  SINCE JUL 1    555                       745   -190      782

 COOLING
  YESTERDAY        0                         2     -2        2
  MONTH TO DATE    8                        14     -6        7
  SINCE DEC 1     78                        77      1       52
  SINCE JAN 1     15                        42    -27       16
..................................................................


WIND (MPH)
  HIGHEST WIND SPEED     8   HIGHEST WIND DIRECTION     W (270)
  HIGHEST GUST SPEED    MM   HIGHEST GUST DIRECTION    MM
  AVERAGE WIND SPEED     4.4


SKY COVER
  POSSIBLE SUNSHINE  MM
  AVERAGE SKY COVER 0.0


WEATHER CONDITIONS
 THE FOLLOWING WEATHER WAS RECORDED YESTERDAY.
  NO SIGNIFICANT WEATHER WAS OBSERVED.


RELATIVE HUMIDITY (PERCENT)
 HIGHEST    59           700 AM
 LOWEST     15           200 PM

..........................................................


THE LAREDO CLIMATE NORMALS FOR TODAY
                         NORMAL    RECORD    YEAR
 MAXIMUM TEMPERATURE (F)   71        94      1954
 MINIMUM TEMPERATURE (F)   49        20      1973


SUNRISE AND SUNSET
FEBRUARY 10 2016......SUNRISE   719 AM CST   SUNSET   625 PM CST
FEBRUARY 11 2016......SUNRISE   718 AM CST   SUNSET   626 PM CST


-  INDICATES NEGATIVE NUMBERS.
R  INDICATES RECORD WAS SET OR TIED.
MM INDICATES DATA IS MISSING.
T  INDICATES TRACE AMOUNT.

$$

CB
