000
CDUS44 KCRP 310707
CLILRD

CLIMATE REPORT
NATIONAL WEATHER SERVICE CORPUS CHRISTI TX
206 AM CDT THU JUL 31 2014


...................................

...THE LAREDO CLIMATE SUMMARY FOR JULY 30 2014...

CLIMATE NORMAL PERIOD 1981 TO 2010
CLIMATE RECORD PERIOD 1900 TO 2014


WEATHER ITEM   OBSERVED TIME   RECORD YEAR NORMAL DEPARTURE LAST
                VALUE   (LST)  VALUE       VALUE  FROM      YEAR
                                                  NORMAL
..................................................................
TEMPERATURE (F)
 YESTERDAY
  MAXIMUM        105        MM 110    1999 100      5      106
  MINIMUM         77        MM  65    1923  77      0       80
  AVERAGE         91                        89      2       93

PRECIPITATION (IN)
  YESTERDAY        0.00          1.50 1994   0.04  -0.04     0.00
  MONTH TO DATE    1.34                      1.97  -0.63     2.44
  SINCE JUN 1      1.89                      4.20  -2.31     4.45
  SINCE JAN 1      6.92                     11.07  -4.15    11.53

SNOWFALL (IN)
  YESTERDAY        0.0
  MONTH TO DATE    0.0
  SINCE JUN 1      0.0
  SINCE JUL 1      0.0

DEGREE DAYS
 HEATING
  YESTERDAY        0                         0      0        0
  MONTH TO DATE    0                         0      0        0
  SINCE JUN 1      0                         0      0        0
  SINCE JUL 1      0                         0      0        0

 COOLING
  YESTERDAY       26                        24      2       28
  MONTH TO DATE  734                       692     42      700
  SINCE JUN 1   1470                      1352    118     1406
  SINCE JAN 1   2595                      2495    100     2607
..................................................................


WIND (MPH)
  HIGHEST WIND SPEED    25   HIGHEST WIND DIRECTION     E (100)
  HIGHEST GUST SPEED    31   HIGHEST GUST DIRECTION     E (100)
  AVERAGE WIND SPEED    12.4


SKY COVER
  POSSIBLE SUNSHINE  MM
  AVERAGE SKY COVER 0.0


WEATHER CONDITIONS
 THE FOLLOWING WEATHER WAS RECORDED YESTERDAY.
  NO SIGNIFICANT WEATHER WAS OBSERVED.


RELATIVE HUMIDITY (PERCENT)
 HIGHEST    85           500 AM
 LOWEST     23           400 PM

..........................................................


THE LAREDO CLIMATE NORMALS FOR TODAY
                         NORMAL    RECORD    YEAR
 MAXIMUM TEMPERATURE (F)  100       112      1991
 MINIMUM TEMPERATURE (F)   77        62      1908


SUNRISE AND SUNSET
JULY 31 2014..........SUNRISE   701 AM CDT   SUNSET   827 PM CDT
AUGUST  1 2014........SUNRISE   701 AM CDT   SUNSET   827 PM CDT


-  INDICATES NEGATIVE NUMBERS.
R  INDICATES RECORD WAS SET OR TIED.
MM INDICATES DATA IS MISSING.
T  INDICATES TRACE AMOUNT.




$$
