000
CDUS44 KCRP 010047 RRB
CLILRD

CLIMATE REPORT
NATIONAL WEATHER SERVICE CORPUS CHRISTI TX
744 PM CDT TUE MAY 31 2016


...................................

...THE LAREDO CLIMATE SUMMARY FOR MAY 31 2016...
VALID TODAY AS OF 700 PM LOCAL TIME.

CLIMATE NORMAL PERIOD 1981 TO 2010
CLIMATE RECORD PERIOD 1900 TO 2016


WEATHER ITEM   OBSERVED TIME   RECORD YEAR NORMAL DEPARTURE LAST
                VALUE   (LST)  VALUE       VALUE  FROM      YEAR
                                                  NORMAL
..................................................................
TEMPERATURE (F)
 TODAY
  MAXIMUM         96        MM 109    1998  97     -1       86
  MINIMUM         77        MM  59    1984  74      3       65
  AVERAGE         87                        85      2       76

PRECIPITATION (IN)
  TODAY            T             1.41 1900   0.08  -0.08     0.00
  MONTH TO DATE    2.33                      2.49  -0.16     9.74
  SINCE MAR 1      8.21                      5.03   3.18    17.82
  SINCE JAN 1     10.10                      6.87   3.23    18.70

SNOWFALL (IN)
  TODAY            0.0
  MONTH TO DATE    0.0
  SINCE MAR 1      0.0
  SINCE JUL 1      0.0

DEGREE DAYS
 HEATING
  TODAY            0                         0      0        0
  MONTH TO DATE    0                         0      0        0
  SINCE MAR 1     18                        82    -64      129
  SINCE JUL 1    594                       926   -332     1064

 COOLING
  TODAY           22                        20      2       11
  MONTH TO DATE  508                       543    -35      491
  SINCE MAR 1   1149                      1058     91      894
  SINCE JAN 1   1267                      1143    124      942
..................................................................


WIND (MPH)
  HIGHEST WIND SPEED    14   HIGHEST WIND DIRECTION     S (160)
  HIGHEST GUST SPEED    18   HIGHEST GUST DIRECTION     S (160)


SKY COVER
  POSSIBLE SUNSHINE  MM
  AVERAGE SKY COVER 0.3


WEATHER CONDITIONS
 THE FOLLOWING WEATHER WAS RECORDED TODAY.
  LIGHT RAIN


RELATIVE HUMIDITY (PERCENT)
 HIGHEST    85           300 AM
 LOWEST     46           200 PM
 AVERAGE    66

..........................................................


THE LAREDO CLIMATE NORMALS FOR TOMORROW
                         NORMAL    RECORD    YEAR
 MAXIMUM TEMPERATURE (F)   97       109      1998
 MINIMUM TEMPERATURE (F)   74        59      1907


SUNRISE AND SUNSET
MAY 31 2016...........SUNRISE   643 AM CDT   SUNSET   829 PM CDT
JUNE  1 2016..........SUNRISE   643 AM CDT   SUNSET   829 PM CDT


-  INDICATES NEGATIVE NUMBERS.
R  INDICATES RECORD WAS SET OR TIED.
MM INDICATES DATA IS MISSING.
T  INDICATES TRACE AMOUNT.




$$
