000
CDUS44 KCRP 311030
CLILRD

CLIMATE REPORT
NATIONAL WEATHER SERVICE CORPUS CHRISTI TX
528 AM CDT SUN AUG 31 2014

...................................

...THE LAREDO CLIMATE SUMMARY FOR AUGUST 30 2014...

CLIMATE NORMAL PERIOD 1981 TO 2010
CLIMATE RECORD PERIOD 1900 TO 2014


WEATHER ITEM   OBSERVED TIME   RECORD YEAR NORMAL DEPARTURE LAST
                VALUE   (LST)  VALUE       VALUE  FROM      YEAR
                                                  NORMAL
..................................................................
TEMPERATURE (F)
 YESTERDAY
  MAXIMUM        101    454 PM 107    1991  98      3      102
  MINIMUM         77    749 AM  62    1973  76      1       78
  AVERAGE         89                        87      2       90

PRECIPITATION (IN)
  YESTERDAY        0.17          1.77 2001   0.10   0.07     0.00
  MONTH TO DATE    0.66                      1.78  -1.12     1.34
  SINCE JUN 1      2.55                      6.02  -3.47     5.79
  SINCE JAN 1      7.58                     12.89  -5.31    12.87

SNOWFALL (IN)
  YESTERDAY        0.0
  MONTH TO DATE    0.0
  SINCE JUN 1      0.0
  SINCE JUL 1      0.0

DEGREE DAYS
 HEATING
  YESTERDAY        0                         0      0        0
  MONTH TO DATE    0                         0      0        0
  SINCE JUN 1      0                         0      0        0
  SINCE JUL 1      0                         0      0        0

 COOLING
  YESTERDAY       24                        22      2       25
  MONTH TO DATE  783                       707     76      746
  SINCE JUN 1   2282                      2080    202     2179
  SINCE JAN 1   3407                      3223    184     3380
..................................................................


WIND (MPH)
  HIGHEST WIND SPEED    24   HIGHEST WIND DIRECTION    SE (140)
  HIGHEST GUST SPEED    28   HIGHEST GUST DIRECTION    SE (130)
  AVERAGE WIND SPEED    10.0


SKY COVER
  POSSIBLE SUNSHINE  MM
  AVERAGE SKY COVER 0.2


WEATHER CONDITIONS
 THE FOLLOWING WEATHER WAS RECORDED YESTERDAY.
  RAIN
  LIGHT RAIN


RELATIVE HUMIDITY (PERCENT)
 HIGHEST    85           700 AM
 LOWEST     33           400 PM

..........................................................


THE LAREDO CLIMATE NORMALS FOR TODAY
                         NORMAL    RECORD    YEAR
 MAXIMUM TEMPERATURE (F)   98       107      2005
 MINIMUM TEMPERATURE (F)   76        67      1911


SUNRISE AND SUNSET
AUGUST 31 2014........SUNRISE   716 AM CDT   SUNSET   759 PM CDT
SEPTEMBER  1 2014.....SUNRISE   717 AM CDT   SUNSET   758 PM CDT


-  INDICATES NEGATIVE NUMBERS.
R  INDICATES RECORD WAS SET OR TIED.
MM INDICATES DATA IS MISSING.
T  INDICATES TRACE AMOUNT.

$$
