000
CDUS44 KCRP 041017
CLILRD

CLIMATE REPORT
NATIONAL WEATHER SERVICE CORPUS CHRISTI TX
414 AM CST SUN DEC 4 2016

...THE LAREDO CLIMATE SUMMARY FOR DECEMBER 3 2016...

CLIMATE NORMAL PERIOD 1981 TO 2010
CLIMATE RECORD PERIOD 1900 TO 2016


WEATHER ITEM   OBSERVED TIME   RECORD YEAR NORMAL DEPARTURE LAST
                VALUE   (LST)  VALUE       VALUE  FROM      YEAR
                                                  NORMAL
..................................................................
TEMPERATURE (F)
 YESTERDAY
  MAXIMUM         68        MM  95    1942  70     -2       69
  MINIMUM         56        MM  28    1976  49      7       43
  AVERAGE         62                        60      2       56

PRECIPITATION (IN)
  YESTERDAY        0.17          1.86 1943   0.02   0.15     0.00
  MONTH TO DATE    0.40                      0.08   0.32     0.00
  SINCE DEC 1      0.40                      0.08   0.32     0.00
  SINCE JAN 1     23.28                     19.40   3.88    25.97

SNOWFALL (IN)
  YESTERDAY        0.0
  MONTH TO DATE    0.0
  SINCE DEC 1      0.0
  SINCE JUL 1      0.0

DEGREE DAYS
 HEATING
  YESTERDAY        3                         7     -4        9
  MONTH TO DATE    5                        21    -16       24
  SINCE DEC 1      5                        21    -16       24
  SINCE JUL 1     22                       136   -114       95

 COOLING
  YESTERDAY        0                         2     -2        0
  MONTH TO DATE    6                         6      0        0
  SINCE DEC 1      6                         6      0        0
  SINCE JAN 1   4732                      4261    471     4325
..................................................................


WIND (MPH)
  HIGHEST WIND SPEED    16   HIGHEST WIND DIRECTION     N (350)
  HIGHEST GUST SPEED    MM   HIGHEST GUST DIRECTION    MM
  AVERAGE WIND SPEED    10.7


SKY COVER
  POSSIBLE SUNSHINE  MM
  AVERAGE SKY COVER 1.0


WEATHER CONDITIONS
 THE FOLLOWING WEATHER WAS RECORDED YESTERDAY.
  RAIN
  LIGHT RAIN
  FOG


RELATIVE HUMIDITY (PERCENT)
 HIGHEST   100           500 AM
 LOWEST     93           100 AM

..........................................................


THE LAREDO CLIMATE NORMALS FOR TODAY
                         NORMAL    RECORD    YEAR
 MAXIMUM TEMPERATURE (F)   70        95      1977
 MINIMUM TEMPERATURE (F)   49        25      1929


SUNRISE AND SUNSET
DECEMBER  4 2016......SUNRISE   714 AM CST   SUNSET   543 PM CST
DECEMBER  5 2016......SUNRISE   714 AM CST   SUNSET   543 PM CST


-  INDICATES NEGATIVE NUMBERS.
R  INDICATES RECORD WAS SET OR TIED.
MM INDICATES DATA IS MISSING.
T  INDICATES TRACE AMOUNT.

$$

87
