000
CDUS44 KCRP 110042 RRA
CLILRD

CLIMATE REPORT
NATIONAL WEATHER SERVICE CORPUS CHRISTI TX
639 PM CST SUN DEC 10 2017


...................................

...THE LAREDO CLIMATE SUMMARY FOR DECEMBER 10 2017...
VALID TODAY AS OF 600 PM LOCAL TIME.

CLIMATE NORMAL PERIOD 1981 TO 2010
CLIMATE RECORD PERIOD 1900 TO 2017


WEATHER ITEM   OBSERVED TIME   RECORD YEAR NORMAL DEPARTURE LAST
                VALUE   (LST)  VALUE       VALUE  FROM      YEAR
                                                  NORMAL
..................................................................
TEMPERATURE (F)
 TODAY
  MAXIMUM         69        MM  92    1939  68      1       49
  MINIMUM         39        MM  20    1978  47     -8       44
  AVERAGE         54                        58     -4       47

PRECIPITATION (IN)
  TODAY            0.00          1.89 2011   0.03  -0.03     0.03
  MONTH TO DATE    1.92                      0.25   1.67     1.52
  SINCE DEC 1      1.92                      0.25   1.67     1.52
  SINCE JAN 1     24.19                     19.57   4.62    24.40

SNOWFALL (IN)
  TODAY            0.0
  MONTH TO DATE    1.3
  SINCE DEC 1      1.3
  SINCE JUL 1      1.3

DEGREE DAYS
 HEATING
  TODAY           11                         8      3       18
  MONTH TO DATE   84                        75      9       82
  SINCE DEC 1     84                        75      9       82
  SINCE JUL 1    153                       190    -37       99

 COOLING
  TODAY            0                         1     -1        0
  MONTH TO DATE   37                        14     23        6
  SINCE DEC 1     37                        14     23        6
  SINCE JAN 1   4871                      4269    602     4732
..................................................................


WIND (MPH)
  HIGHEST WIND SPEED    MM   HIGHEST WIND DIRECTION    MM
  HIGHEST GUST SPEED    MM   HIGHEST GUST DIRECTION    MM


SKY COVER
  POSSIBLE SUNSHINE  MM
  AVERAGE SKY COVER 0.0


WEATHER CONDITIONS
 THE FOLLOWING WEATHER WAS RECORDED TODAY.
  NO SIGNIFICANT WEATHER WAS OBSERVED.


RELATIVE HUMIDITY (PERCENT)
 HIGHEST    92           700 AM
 LOWEST     23           300 PM
 AVERAGE    58

..........................................................


THE LAREDO CLIMATE NORMALS FOR TOMORROW
                         NORMAL    RECORD    YEAR
 MAXIMUM TEMPERATURE (F)   68        92      1987
 MINIMUM TEMPERATURE (F)   47        24      1916


SUNRISE AND SUNSET
DECEMBER 10 2017......SUNRISE   718 AM CST   SUNSET   544 PM CST
DECEMBER 11 2017......SUNRISE   718 AM CST   SUNSET   544 PM CST


-  INDICATES NEGATIVE NUMBERS.
R  INDICATES RECORD WAS SET OR TIED.
MM INDICATES DATA IS MISSING.
T  INDICATES TRACE AMOUNT.




$$
