000
CDUS44 KCRP 200110 RRA
CLILRD

CLIMATE REPORT
NATIONAL WEATHER SERVICE CORPUS CHRISTI TX
709 PM CST MON FEB 19 2018


...................................

...THE LAREDO CLIMATE SUMMARY FOR FEBRUARY 19 2018...
VALID TODAY AS OF 700 PM LOCAL TIME.

CLIMATE NORMAL PERIOD 1981 TO 2010
CLIMATE RECORD PERIOD 1900 TO 2018


WEATHER ITEM   OBSERVED TIME   RECORD YEAR NORMAL DEPARTURE LAST
                VALUE   (LST)  VALUE       VALUE  FROM      YEAR
                                                  NORMAL
..................................................................
TEMPERATURE (F)
 TODAY
  MAXIMUM         90        MM 100    1986  73     17       89
  MINIMUM         69        MM  30    1910  51     18       63
  AVERAGE         80                        62     18       76

PRECIPITATION (IN)
  TODAY            0.00          1.58 1982   0.03  -0.03     0.84
  MONTH TO DATE    0.02                      0.63  -0.61     0.88
  SINCE DEC 1      2.91                      2.41   0.50     2.51
  SINCE JAN 1      0.22                      1.53  -1.31     0.89

SNOWFALL (IN)
  TODAY            0.0
  MONTH TO DATE    0.0
  SINCE DEC 1      1.3
  SINCE JUL 1      1.3

DEGREE DAYS
 HEATING
  TODAY            0                         5     -5        0
  MONTH TO DATE   94                       124    -30       36
  SINCE DEC 1    749                       688     61      361
  SINCE JUL 1    818                       803     15      378

 COOLING
  TODAY           15                         2     13       11
  MONTH TO DATE   73                        34     39      121
  SINCE DEC 1    119                        97     22      286
  SINCE JAN 1     76                        62     14      223
..................................................................


WIND (MPH)
  HIGHEST WIND SPEED    MM   HIGHEST WIND DIRECTION    MM
  HIGHEST GUST SPEED    MM   HIGHEST GUST DIRECTION    MM


SKY COVER
  POSSIBLE SUNSHINE  MM
  AVERAGE SKY COVER 0.1


WEATHER CONDITIONS
 THE FOLLOWING WEATHER WAS RECORDED TODAY.
  NO SIGNIFICANT WEATHER WAS OBSERVED.


RELATIVE HUMIDITY (PERCENT)
 HIGHEST    84           200 AM
 LOWEST     38           500 PM
 AVERAGE    61

..........................................................


THE LAREDO CLIMATE NORMALS FOR TOMORROW
                         NORMAL    RECORD    YEAR
 MAXIMUM TEMPERATURE (F)   73       103      1986
 MINIMUM TEMPERATURE (F)   51        25      1908


SUNRISE AND SUNSET
FEBRUARY 19 2018......SUNRISE   711 AM CST   SUNSET   632 PM CST
FEBRUARY 20 2018......SUNRISE   711 AM CST   SUNSET   633 PM CST


-  INDICATES NEGATIVE NUMBERS.
R  INDICATES RECORD WAS SET OR TIED.
MM INDICATES DATA IS MISSING.
T  INDICATES TRACE AMOUNT.




$$
