000
CDUS44 KCRP 190840
CLILRD

CLIMATE REPORT
NATIONAL WEATHER SERVICE CORPUS CHRISTI TX
334 AM CDT FRI SEP 19 2014


...................................

...THE LAREDO CLIMATE SUMMARY FOR SEPTEMBER 18 2014...

CLIMATE NORMAL PERIOD 1981 TO 2010
CLIMATE RECORD PERIOD 1900 TO 2014


WEATHER ITEM   OBSERVED TIME   RECORD YEAR NORMAL DEPARTURE LAST
                VALUE   (LST)  VALUE       VALUE  FROM      YEAR
                                                  NORMAL
..................................................................
TEMPERATURE (F)
 YESTERDAY
  MAXIMUM         95    443 PM 105    1997  93      2       91
  MINIMUM         78    751 AM  54    1981  72      6       75
  AVERAGE         87                        82      5       83

PRECIPITATION (IN)
  YESTERDAY        0.00          1.03 1941   0.09  -0.09     0.10
  MONTH TO DATE    1.79                      1.89  -0.10     1.58
  SINCE SEP 1      1.79                      1.89  -0.10     1.58
  SINCE JAN 1      9.37                     14.88  -5.51    14.45

SNOWFALL (IN)
  YESTERDAY        0.0
  MONTH TO DATE    0.0
  SINCE SEP 1      0.0
  SINCE JUL 1      0.0

DEGREE DAYS
 HEATING
  YESTERDAY        0                         0      0        0
  MONTH TO DATE    0                         0      0        0
  SINCE SEP 1      0                         0      0        0
  SINCE JUL 1      0                         0      0        0

 COOLING
  YESTERDAY       22                        17      5       18
  MONTH TO DATE  358                       351      7      352
  SINCE SEP 1    358                       351      7      352
  SINCE JAN 1   3791                      3594    197     3757
..................................................................


WIND (MPH)
  HIGHEST WIND SPEED    20   HIGHEST WIND DIRECTION    SE (150)
  HIGHEST GUST SPEED    23   HIGHEST GUST DIRECTION    SE (150)
  AVERAGE WIND SPEED    11.0


SKY COVER
  POSSIBLE SUNSHINE  MM
  AVERAGE SKY COVER 0.3


WEATHER CONDITIONS
 THE FOLLOWING WEATHER WAS RECORDED YESTERDAY.
  NO SIGNIFICANT WEATHER WAS OBSERVED.


RELATIVE HUMIDITY (PERCENT)
 HIGHEST    94           500 AM
 LOWEST     47           300 PM

..........................................................


THE LAREDO CLIMATE NORMALS FOR TODAY
                         NORMAL    RECORD    YEAR
 MAXIMUM TEMPERATURE (F)   92       105      1912
 MINIMUM TEMPERATURE (F)   72        51      1981


SUNRISE AND SUNSET
SEPTEMBER 19 2014.....SUNRISE   725 AM CDT   SUNSET   738 PM CDT
SEPTEMBER 20 2014.....SUNRISE   725 AM CDT   SUNSET   737 PM CDT


-  INDICATES NEGATIVE NUMBERS.
R  INDICATES RECORD WAS SET OR TIED.
MM INDICATES DATA IS MISSING.
T  INDICATES TRACE AMOUNT.

$$

CB
