000
CDUS43 KARX 010629
CLILSE


CLIMATE REPORT
NATIONAL WEATHER SERVICE LA CROSSE WI
129 AM CDT WED JUN 1 2016


...................................

...THE LA CROSSE WI CLIMATE SUMMARY FOR MAY 31 2016...

CLIMATE NORMAL PERIOD 1981 TO 2010
CLIMATE RECORD PERIOD 1873 TO 2016


WEATHER ITEM   OBSERVED TIME   RECORD YEAR NORMAL DEPARTURE LAST
                VALUE   (LST)  VALUE       VALUE  FROM      YEAR
                                                  NORMAL
..................................................................
TEMPERATURE (F)
 YESTERDAY
  MAXIMUM         84   1255 PM 107    1934  75      9       67
  MINIMUM         63    359 AM  35    1897  53     10       42
  AVERAGE         74                        64     10       55

PRECIPITATION (IN)
  YESTERDAY        1.44R         1.15 2000   0.12   1.32     0.00
  MONTH TO DATE    4.14                      3.52   0.62     6.41
  SINCE MAR 1      8.83                      8.90  -0.07    11.38
  SINCE JAN 1     10.48                     11.07  -0.59    12.59

SNOWFALL (IN)
  YESTERDAY        0.0           0.0  2002   0.0    0.0      0.0
                                      2001
  MONTH TO DATE    0.0                       0.0    0.0      0.0
  SINCE JUL 1     40.3                      43.3   -3.0     38.8
  SNOW DEPTH       0

DEGREE DAYS
 HEATING
  YESTERDAY        0                         3     -3       10
  MONTH TO DATE  192                       203    -11      147
  SINCE JUL 1   5949                      7157  -1208     7054

 COOLING
  YESTERDAY        9                         3      6        0
  MONTH TO DATE   75                        41     34       64
  SINCE JAN 1     86                        48     38       65
..................................................................


WIND (MPH)
  HIGHEST WIND SPEED    24   HIGHEST WIND DIRECTION    SE (150)
  HIGHEST GUST SPEED    32   HIGHEST GUST DIRECTION    SE (140)
  AVERAGE WIND SPEED     8.6


SKY COVER
  POSSIBLE SUNSHINE  MM
  AVERAGE SKY COVER 0.5


WEATHER CONDITIONS
 THE FOLLOWING WEATHER WAS RECORDED YESTERDAY.
  THUNDERSTORM
  HEAVY RAIN
  RAIN
  LIGHT RAIN
  FOG


RELATIVE HUMIDITY (PERCENT)
 HIGHEST    93           500 PM
 LOWEST     47           200 PM
 AVERAGE    70

..........................................................


THE LA CROSSE WI CLIMATE NORMALS FOR TODAY
                         NORMAL    RECORD    YEAR
 MAXIMUM TEMPERATURE (F)   76        96      1934
 MINIMUM TEMPERATURE (F)   54        33      1897


SUNRISE AND SUNSET
JUNE  1 2016..........SUNRISE   525 AM CDT   SUNSET   841 PM CDT
JUNE  2 2016..........SUNRISE   525 AM CDT   SUNSET   842 PM CDT


-  INDICATES NEGATIVE NUMBERS.
R  INDICATES RECORD WAS SET OR TIED.
MM INDICATES DATA IS MISSING.
T  INDICATES TRACE AMOUNT.




$$
