000
CDUS46 KMTR 040036
CLILVK


CLIMATE REPORT
NATIONAL WEATHER SERVICE SAN FRANCISCO BAY AREA
535 PM PDT TUE MAY 3 2016


...................................

...THE LIVERMORE AIRPORT CLIMATE SUMMARY FOR MAY 3 2016...
VALID TODAY AS OF 0500 PM LOCAL TIME.

CLIMATE NORMAL PERIOD 1981 TO 2010
CLIMATE RECORD PERIOD 1930 TO 2016


WEATHER ITEM   OBSERVED TIME   RECORD YEAR NORMAL DEPARTURE LAST
                VALUE   (LST)  VALUE       VALUE  FROM      YEAR
                                                  NORMAL
..................................................................
TEMPERATURE (F)
 TODAY
  MAXIMUM         79    351 PM  93    2013  73      6       74
  MINIMUM         53    452 AM  33    1968  48      5       51
  AVERAGE         66                        60      6       63

PRECIPITATION (IN)
  TODAY            0.00          0.44 2003   0.03  -0.03     0.00
  MONTH TO DATE    0.00                      0.09  -0.09     0.00
  SINCE OCT 1     15.18                     14.91   0.27    13.04
  SINCE JAN 1     10.18                      9.33   0.85     3.42

DEGREE DAYS
 HEATING
  TODAY            0                         5     -5        2
  MONTH TO DATE    0                        17    -17        2
  SINCE MAR 1    420                       632   -212      296
  SINCE JUL 1   2125                      2639   -514     1482

 COOLING
  TODAY            1                         1      0        0
  MONTH TO DATE    1                         3     -2       11
  SINCE MAR 1      9                        12     -3       31
  SINCE JAN 1      9                        12     -3       31
..................................................................


WIND (MPH)
  RESULTANT WIND SPEED   1   RESULTANT WIND DIRECTION  SW (210)
  HIGHEST WIND SPEED    12   HIGHEST WIND DIRECTION     W (250)
  HIGHEST GUST SPEED    13   HIGHEST GUST DIRECTION     W (250)
  AVERAGE WIND SPEED     2.8


SKY COVER
  POSSIBLE SUNSHINE  MM
  AVERAGE SKY COVER 0.1


WEATHER CONDITIONS
 THE FOLLOWING WEATHER WAS RECORDED TODAY.
  NO SIGNIFICANT WEATHER WAS OBSERVED.


RELATIVE HUMIDITY (PERCENT)
 HIGHEST    83          1200 AM
 LOWEST     42           400 PM
 AVERAGE    63

..........................................................


THE LIVERMORE AIRPORT CLIMATE NORMALS FOR TOMORROW
                         NORMAL    RECORD    YEAR
 MAXIMUM TEMPERATURE (F)   73        96      1990
 MINIMUM TEMPERATURE (F)   48        32      1952


SUNRISE AND SUNSET
MAY  3 2016...........SUNRISE   609 AM PDT   SUNSET   800 PM PDT
MAY  4 2016...........SUNRISE   608 AM PDT   SUNSET   801 PM PDT


-  INDICATES NEGATIVE NUMBERS.
R  INDICATES RECORD WAS SET OR TIED.
MM INDICATES DATA IS MISSING.
T  INDICATES TRACE AMOUNT.




$$
