000
CDUS46 KMTR 070027
CLILVK


CLIMATE REPORT
NATIONAL WEATHER SERVICE SAN FRANCISCO BAY AREA
427 PM PST SAT FEB 6 2016


...................................

...THE LIVERMORE AIRPORT CLIMATE SUMMARY FOR FEBRUARY 6 2016...
VALID TODAY AS OF 0400 PM LOCAL TIME.

CLIMATE NORMAL PERIOD 1981 TO 2010
CLIMATE RECORD PERIOD 1930 TO 2016


WEATHER ITEM   OBSERVED TIME   RECORD YEAR NORMAL DEPARTURE LAST
                VALUE   (LST)  VALUE       VALUE  FROM      YEAR
                                                  NORMAL
..................................................................
TEMPERATURE (F)
 TODAY
  MAXIMUM         64    330 PM  73    2011  58      6       68
  MINIMUM         37    506 AM  24    1989  39     -2       56
  AVERAGE         51                        49      2       62

PRECIPITATION (IN)
  TODAY            0.00          0.96 2015   0.09  -0.09     0.96
  MONTH TO DATE    0.04                      0.54  -0.50     0.96
  SINCE OCT 1      8.98                      9.13  -0.15    10.58
  SINCE JAN 1      3.98                      3.55   0.43     0.96

DEGREE DAYS
 HEATING
  TODAY           14                        16     -2        3
  MONTH TO DATE  104                        99      5       50
  SINCE DEC 1   1086                      1225   -139      765
  SINCE JUL 1   1501                      1697   -196      996

 COOLING
  TODAY            0                         0      0        0
  MONTH TO DATE    0                         0      0        0
  SINCE DEC 1      0                         0      0        0
  SINCE JAN 1      0                         0      0        0
..................................................................


WIND (MPH)
  RESULTANT WIND SPEED   2   RESULTANT WIND DIRECTION   E (70)
  HIGHEST WIND SPEED    13   HIGHEST WIND DIRECTION    NE (60)
  HIGHEST GUST SPEED    15   HIGHEST GUST DIRECTION    NE (60)
  AVERAGE WIND SPEED     2.6


SKY COVER
  POSSIBLE SUNSHINE  MM
  AVERAGE SKY COVER 0.1


WEATHER CONDITIONS
 THE FOLLOWING WEATHER WAS RECORDED TODAY.
  FOG
  FOG W/VISIBILITY <= 1/4 MILE
  HAZE


RELATIVE HUMIDITY (PERCENT)
 HIGHEST    92           400 AM
 LOWEST     52           100 PM
 AVERAGE    72

..........................................................


THE LIVERMORE AIRPORT CLIMATE NORMALS FOR TOMORROW
                         NORMAL    RECORD    YEAR
 MAXIMUM TEMPERATURE (F)   59        73      2011
 MINIMUM TEMPERATURE (F)   40        25      1989


SUNRISE AND SUNSET
FEBRUARY  6 2016......SUNRISE   707 AM PST   SUNSET   536 PM PST
FEBRUARY  7 2016......SUNRISE   706 AM PST   SUNSET   537 PM PST


-  INDICATES NEGATIVE NUMBERS.
R  INDICATES RECORD WAS SET OR TIED.
MM INDICATES DATA IS MISSING.
T  INDICATES TRACE AMOUNT.




$$
