000
CDUS46 KMTR 270027
CLILVK


CLIMATE REPORT
NATIONAL WEATHER SERVICE SAN FRANCISCO BAY AREA
526 PM PDT FRI AUG 26 2016


...................................

...THE LIVERMORE AIRPORT CLIMATE SUMMARY FOR AUGUST 26 2016...
VALID TODAY AS OF 0500 PM LOCAL TIME.

CLIMATE NORMAL PERIOD 1981 TO 2010
CLIMATE RECORD PERIOD 1930 TO 2016


WEATHER ITEM   OBSERVED TIME   RECORD YEAR NORMAL DEPARTURE LAST
                VALUE   (LST)  VALUE       VALUE  FROM      YEAR
                                                  NORMAL
..................................................................
TEMPERATURE (F)
 TODAY
  MAXIMUM         80    259 PM 105    1944  87     -7       98
  MINIMUM         57   1201 AM  45    1955  57      0       61
  AVERAGE         69                        72     -3       80

PRECIPITATION (IN)
  TODAY            0.00          0.14 2003   0.00   0.00     0.00
  MONTH TO DATE    0.00                      0.01  -0.01      T
  SINCE OCT 1     15.38                     15.49  -0.11    13.78
  SINCE JAN 1     10.38                      9.91   0.47     4.16

DEGREE DAYS
 HEATING
  TODAY            0                         0      0        0
  MONTH TO DATE    0                         0      0        0
  SINCE JUN 1      8                        36    -28        0
  SINCE JUL 1      0                         4     -4        0

 COOLING
  TODAY            4                         7     -3       15
  MONTH TO DATE  197                       190      7      275
  SINCE JUN 1    669                       531    138      872
  SINCE JAN 1    741                       584    157      910
..................................................................


WIND (MPH)
  RESULTANT WIND SPEED   6   RESULTANT WIND DIRECTION   W (270)
  HIGHEST WIND SPEED    20   HIGHEST WIND DIRECTION     W (290)
  HIGHEST GUST SPEED    24   HIGHEST GUST DIRECTION    NW (300)
  AVERAGE WIND SPEED     7.8


SKY COVER
  POSSIBLE SUNSHINE  MM
  AVERAGE SKY COVER 0.5


WEATHER CONDITIONS
 THE FOLLOWING WEATHER WAS RECORDED TODAY.
  NO SIGNIFICANT WEATHER WAS OBSERVED.


RELATIVE HUMIDITY (PERCENT)
 HIGHEST    86          1200 AM
 LOWEST     39           200 PM
 AVERAGE    63

..........................................................


THE LIVERMORE AIRPORT CLIMATE NORMALS FOR TOMORROW
                         NORMAL    RECORD    YEAR
 MAXIMUM TEMPERATURE (F)   87       109      1944
 MINIMUM TEMPERATURE (F)   57        44      1955


SUNRISE AND SUNSET
AUGUST 26 2016........SUNRISE   633 AM PDT   SUNSET   744 PM PDT
AUGUST 27 2016........SUNRISE   634 AM PDT   SUNSET   743 PM PDT


-  INDICATES NEGATIVE NUMBERS.
R  INDICATES RECORD WAS SET OR TIED.
MM INDICATES DATA IS MISSING.
T  INDICATES TRACE AMOUNT.




$$
