000
CDUS46 KMTR 290036
CLILVK


CLIMATE REPORT
NATIONAL WEATHER SERVICE SAN FRANCISCO BAY AREA
436 PM PST FRI NOV 28 2014


...................................

...THE LIVERMORE AIRPORT CLIMATE SUMMARY FOR NOVEMBER 28 2014...
VALID TODAY AS OF 0400 PM LOCAL TIME.

CLIMATE NORMAL PERIOD 1981 TO 2010
CLIMATE RECORD PERIOD 1930 TO 2014


WEATHER ITEM   OBSERVED TIME   RECORD YEAR NORMAL DEPARTURE LAST
                VALUE   (LST)  VALUE       VALUE  FROM      YEAR
                                                  NORMAL
..................................................................
TEMPERATURE (F)
 TODAY
  MAXIMUM         69    309 PM  74    1958  59     10       70
  MINIMUM         36    458 AM  27    1952  40     -4       43
  AVERAGE         53                        50      3       57

PRECIPITATION (IN)
  TODAY            0.00          1.26 1970   0.06  -0.06     0.00
  MONTH TO DATE    0.84                      1.84  -1.00     1.52
  SINCE JUL 1      1.24                      2.99  -1.75     1.99
  SINCE JAN 1      6.12                     12.89  -6.77     4.11

DEGREE DAYS
 HEATING
  TODAY           12                        15     -3        8
  MONTH TO DATE  188                       312   -124      217
  SINCE SEP 1    218                       433   -215      296
  SINCE JUL 1    218                       440   -222      296

 COOLING
  TODAY            0                         0      0        0
  MONTH TO DATE    0                         0      0        0
  SINCE SEP 1    354                       204    150      215
  SINCE JAN 1   1268                       829    439     1039
..................................................................


WIND (MPH)
  RESULTANT WIND SPEED   1   RESULTANT WIND DIRECTION   E (70)
  HIGHEST WIND SPEED    12   HIGHEST WIND DIRECTION     W (270)
  HIGHEST GUST SPEED    14   HIGHEST GUST DIRECTION     W (280)
  AVERAGE WIND SPEED     1.9


SKY COVER
  POSSIBLE SUNSHINE  MM
  AVERAGE SKY COVER 0.2


WEATHER CONDITIONS
 THE FOLLOWING WEATHER WAS RECORDED TODAY.
  FOG
  HAZE


RELATIVE HUMIDITY (PERCENT)
 HIGHEST    86           900 AM
 LOWEST     40           300 PM
 AVERAGE    63

..........................................................


THE LIVERMORE AIRPORT CLIMATE NORMALS FOR TOMORROW
                         NORMAL    RECORD    YEAR
 MAXIMUM TEMPERATURE (F)   59        77      1995
 MINIMUM TEMPERATURE (F)   40        25      1975


SUNRISE AND SUNSET
NOVEMBER 28 2014......SUNRISE   701 AM PST   SUNSET   449 PM PST
NOVEMBER 29 2014......SUNRISE   702 AM PST   SUNSET   449 PM PST


-  INDICATES NEGATIVE NUMBERS.
R  INDICATES RECORD WAS SET OR TIED.
MM INDICATES DATA IS MISSING.
T  INDICATES TRACE AMOUNT.




$$
