000
CDUS45 KBYZ 010934
CLILVM


CLIMATE REPORT
NATIONAL WEATHER SERVICE BILLINGS MT
333 AM MDT WED OCT 1 2014


...................................

...THE LIVINGSTON MT CLIMATE SUMMARY FOR SEPTEMBER 30 2014...

CLIMATE NORMAL PERIOD 1981 TO 2010
CLIMATE RECORD PERIOD 1948 TO 2014


WEATHER ITEM   OBSERVED TIME   RECORD YEAR NORMAL DEPARTURE LAST
                VALUE   (LST)  VALUE       VALUE  FROM      YEAR
                                                  NORMAL
..................................................................
TEMPERATURE (F)
 YESTERDAY
  MAXIMUM         58   1157 AM  90    2011  65     -7       64
  MINIMUM         45   1159 PM  16    1985  35     10       41
  AVERAGE         52                        50      2       53

PRECIPITATION (IN)
  YESTERDAY        0.09          0.84 1949   0.04   0.05     0.17
  MONTH TO DATE    1.73                      1.21   0.52     2.31
  SINCE OCT 1     15.96                     14.81   1.15    12.09
  SINCE JAN 1     13.67                     12.44   1.23     9.79

DEGREE DAYS
 HEATING
  YESTERDAY       13                        15     -2       12
  MONTH TO DATE  244                       290    -46      173
  SINCE SEP 1    244                       291    -47      173
  SINCE JUL 1    313                       409    -96      173

 COOLING
  YESTERDAY        0                         0      0        0
  MONTH TO DATE   18                        14      4       56
  SINCE SEP 1     18                        14      4       56
  SINCE JAN 1    321                       229     92      495
..................................................................


WIND (MPH)
  HIGHEST WIND SPEED    26   HIGHEST WIND DIRECTION    SW (220)
  HIGHEST GUST SPEED    34   HIGHEST GUST DIRECTION    SW (220)
  AVERAGE WIND SPEED    16.4


SKY COVER
  POSSIBLE SUNSHINE  MM
  AVERAGE SKY COVER 1.0


WEATHER CONDITIONS
 THE FOLLOWING WEATHER WAS RECORDED YESTERDAY.
  HEAVY RAIN
  LIGHT RAIN
  FOG


RELATIVE HUMIDITY (PERCENT)
 HIGHEST    77           300 AM
 LOWEST     55          1200 AM
 AVERAGE    66

..........................................................


THE LIVINGSTON MT CLIMATE NORMALS FOR TODAY
                         NORMAL    RECORD    YEAR
 MAXIMUM TEMPERATURE (F)   65        91      2011
 MINIMUM TEMPERATURE (F)   35        10      1950


SUNRISE AND SUNSET
OCTOBER  1 2014.......SUNRISE   720 AM MDT   SUNSET   702 PM MDT
OCTOBER  2 2014.......SUNRISE   721 AM MDT   SUNSET   700 PM MDT


-  INDICATES NEGATIVE NUMBERS.
R  INDICATES RECORD WAS SET OR TIED.
MM INDICATES DATA IS MISSING.
T  INDICATES TRACE AMOUNT.





&&

THIS IS AN AUTOMATED...UNATTENDED WEATHER STATION AND MAY
UNDERESTIMATE WINTER PRECIPITATION.

$$
