000
CDUS45 KBYZ 242324
CLILVM


CLIMATE REPORT
NATIONAL WEATHER SERVICE BILLINGS MT
423 PM MST TUE JAN 24 2017


...................................

...THE LIVINGSTON MT CLIMATE SUMMARY FOR JANUARY 24 2017...
VALID TODAY AS OF 0400 PM LOCAL TIME.

CLIMATE NORMAL PERIOD 1981 TO 2010
CLIMATE RECORD PERIOD 1948 TO 2017


WEATHER ITEM   OBSERVED TIME   RECORD YEAR NORMAL DEPARTURE LAST
                VALUE   (LST)  VALUE       VALUE  FROM      YEAR
                                                  NORMAL
..................................................................
TEMPERATURE (F)
 TODAY
  MAXIMUM         25    236 PM  60    2005  37    -12       43
  MINIMUM         12    955 AM -30    1949  18     -6       31
  AVERAGE         19                        27     -8       37

PRECIPITATION (IN)
  TODAY            0.01          0.14 1996   0.01   0.00      T
  MONTH TO DATE    0.19                      0.38  -0.19     0.11
  SINCE OCT 1      4.12                      2.75   1.37     3.81
  SINCE JAN 1      0.19                      0.38  -0.19     0.11

DEGREE DAYS
 HEATING
  TODAY           46                        38      8       28
  MONTH TO DATE 1111                       916    195      860
  SINCE DEC 1   2540                      2122    418     1991
  SINCE JUL 1   4038                      4081    -43     3668

 COOLING
  TODAY            0                         0      0        0
  MONTH TO DATE    0                         0      0        0
  SINCE DEC 1      0                         0      0        0
  SINCE JAN 1      0                         0      0        0
..................................................................


WIND (MPH)
  HIGHEST WIND SPEED    13   HIGHEST WIND DIRECTION     E (80)
  HIGHEST GUST SPEED    15   HIGHEST GUST DIRECTION     E (80)
  AVERAGE WIND SPEED     8.1


SKY COVER
  POSSIBLE SUNSHINE  MM
  AVERAGE SKY COVER 0.7


WEATHER CONDITIONS
 THE FOLLOWING WEATHER WAS RECORDED TODAY.
  LIGHT SNOW
  FOG


RELATIVE HUMIDITY (PERCENT)
 HIGHEST    84          1200 AM
 LOWEST     59           200 PM
 AVERAGE    72

..........................................................


THE LIVINGSTON MT CLIMATE NORMALS FOR TOMORROW
                         NORMAL    RECORD    YEAR
 MAXIMUM TEMPERATURE (F)   37        59      2015
                                             2006
 MINIMUM TEMPERATURE (F)   18       -31      1957


SUNRISE AND SUNSET
JANUARY 24 2017.......SUNRISE   751 AM MST   SUNSET   517 PM MST
JANUARY 25 2017.......SUNRISE   750 AM MST   SUNSET   518 PM MST


-  INDICATES NEGATIVE NUMBERS.
R  INDICATES RECORD WAS SET OR TIED.
MM INDICATES DATA IS MISSING.
T  INDICATES TRACE AMOUNT.





&&

THIS IS AN AUTOMATED...UNATTENDED WEATHER STATION AND MAY
UNDERESTIMATE WINTER PRECIPITATION.

$$
