000
CDUS45 KBYZ 260935
CLILVM


CLIMATE REPORT
NATIONAL WEATHER SERVICE BILLINGS MT
334 AM MDT SUN MAR 26 2017


...................................

...THE LIVINGSTON MT CLIMATE SUMMARY FOR MARCH 25 2017...

CLIMATE NORMAL PERIOD 1981 TO 2010
CLIMATE RECORD PERIOD 1948 TO 2017


WEATHER ITEM   OBSERVED TIME   RECORD YEAR NORMAL DEPARTURE LAST
                VALUE   (LST)  VALUE       VALUE  FROM      YEAR
                                                  NORMAL
..................................................................
TEMPERATURE (F)
 YESTERDAY
  MAXIMUM         50    326 AM  73    1999  50      0       42
  MINIMUM         28   1010 PM -20    1955  26      2       30
  AVERAGE         39                        38      1       36

PRECIPITATION (IN)
  YESTERDAY        0.03          0.44 1985   0.03   0.00     0.01
  MONTH TO DATE    0.63                      0.62   0.01     0.66
  SINCE OCT 1      5.88                      3.98   1.90     4.68
  SINCE JAN 1      1.95                      1.61   0.34     0.98

DEGREE DAYS
 HEATING
  YESTERDAY       26                        27     -1       29
  MONTH TO DATE  591                       751   -160      630
  SINCE MAR 1    591                       751   -160      630
  SINCE JUL 1   5817                      6099   -282     5233

 COOLING
  YESTERDAY        0                         0      0        0
  MONTH TO DATE    0                         0      0        0
  SINCE MAR 1      0                         0      0        0
  SINCE JAN 1      0                         0      0        0
..................................................................


WIND (MPH)
  HIGHEST WIND SPEED    38   HIGHEST WIND DIRECTION    SW (230)
  HIGHEST GUST SPEED    49   HIGHEST GUST DIRECTION    SW (230)
  AVERAGE WIND SPEED    10.0


SKY COVER
  POSSIBLE SUNSHINE  MM
  AVERAGE SKY COVER 0.7


WEATHER CONDITIONS
 THE FOLLOWING WEATHER WAS RECORDED YESTERDAY.
  LIGHT RAIN


RELATIVE HUMIDITY (PERCENT)
 HIGHEST    85           700 AM
 LOWEST     42          1200 AM
 AVERAGE    64

..........................................................


THE LIVINGSTON MT CLIMATE NORMALS FOR TODAY
                         NORMAL    RECORD    YEAR
 MAXIMUM TEMPERATURE (F)   50        72      1999
 MINIMUM TEMPERATURE (F)   26       -12      1955


SUNRISE AND SUNSET
MARCH 26 2017.........SUNRISE   713 AM MDT   SUNSET   743 PM MDT
MARCH 27 2017.........SUNRISE   711 AM MDT   SUNSET   744 PM MDT


-  INDICATES NEGATIVE NUMBERS.
R  INDICATES RECORD WAS SET OR TIED.
MM INDICATES DATA IS MISSING.
T  INDICATES TRACE AMOUNT.





&&

THIS IS AN AUTOMATED...UNATTENDED WEATHER STATION AND MAY
UNDERESTIMATE WINTER PRECIPITATION.

$$
