333
CDUS45 KBYZ 202338
CLILVM


CLIMATE REPORT
NATIONAL WEATHER SERVICE BILLINGS MT
436 PM MST MON FEB 20 2017


...................................

...THE LIVINGSTON MT CLIMATE SUMMARY FOR FEBRUARY 20 2017...
VALID TODAY AS OF 0400 PM LOCAL TIME.

CLIMATE NORMAL PERIOD 1981 TO 2010
CLIMATE RECORD PERIOD 1948 TO 2017


WEATHER ITEM   OBSERVED TIME   RECORD YEAR NORMAL DEPARTURE LAST
                VALUE   (LST)  VALUE       VALUE  FROM      YEAR
                                                  NORMAL
..................................................................
TEMPERATURE (F)
 TODAY
  MAXIMUM         53    359 PM  70    1995  41     12       45
  MINIMUM         34    110 AM -10    1949  19     15       27
  AVERAGE         44                        30     14       36

PRECIPITATION (IN)
  TODAY            0.00          0.20 2011   0.02  -0.02      T
  MONTH TO DATE    0.79                      0.34   0.45     0.15
  SINCE OCT 1      5.13                      3.20   1.93     4.00
  SINCE JAN 1      1.20                      0.83   0.37     0.30

DEGREE DAYS
 HEATING
  TODAY           21                        35    -14       29
  MONTH TO DATE  677                       731    -54      491
  SINCE DEC 1   3439                      3113    326     2693
  SINCE JUL 1   4937                      5072   -135     4370

 COOLING
  TODAY            0                         0      0        0
  MONTH TO DATE    0                         0      0        0
  SINCE DEC 1      0                         0      0        0
  SINCE JAN 1      0                         0      0        0
..................................................................


WIND (MPH)
  HIGHEST WIND SPEED    46   HIGHEST WIND DIRECTION    SW (230)
  HIGHEST GUST SPEED    56   HIGHEST GUST DIRECTION    SW (220)
  AVERAGE WIND SPEED    25.7


SKY COVER
  POSSIBLE SUNSHINE  MM
  AVERAGE SKY COVER 0.5


WEATHER CONDITIONS
 THE FOLLOWING WEATHER WAS RECORDED TODAY.
  NO SIGNIFICANT WEATHER WAS OBSERVED.


RELATIVE HUMIDITY (PERCENT)
 HIGHEST    59          1200 AM
 LOWEST     39          1200 PM
 AVERAGE    49

..........................................................


THE LIVINGSTON MT CLIMATE NORMALS FOR TOMORROW
                         NORMAL    RECORD    YEAR
 MAXIMUM TEMPERATURE (F)   41        63      1995
 MINIMUM TEMPERATURE (F)   19       -10      1957


SUNRISE AND SUNSET
FEBRUARY 20 2017......SUNRISE   715 AM MST   SUNSET   556 PM MST
FEBRUARY 21 2017......SUNRISE   714 AM MST   SUNSET   558 PM MST


-  INDICATES NEGATIVE NUMBERS.
R  INDICATES RECORD WAS SET OR TIED.
MM INDICATES DATA IS MISSING.
T  INDICATES TRACE AMOUNT.





&&

THIS IS AN AUTOMATED...UNATTENDED WEATHER STATION AND MAY
UNDERESTIMATE WINTER PRECIPITATION.

$$
