000
CDUS45 KBYZ 111038
CLILVM


CLIMATE REPORT
NATIONAL WEATHER SERVICE BILLINGS MT
335 AM MST SUN DEC 11 2016


...................................

...THE LIVINGSTON MT CLIMATE SUMMARY FOR DECEMBER 10 2016...

CLIMATE NORMAL PERIOD 1981 TO 2010
CLIMATE RECORD PERIOD 1948 TO 2016


WEATHER ITEM   OBSERVED TIME   RECORD YEAR NORMAL DEPARTURE LAST
                VALUE   (LST)  VALUE       VALUE  FROM      YEAR
                                                  NORMAL
..................................................................
TEMPERATURE (F)
 YESTERDAY
  MAXIMUM         33    459 PM  61    1990  35     -2       41
  MINIMUM          7   1209 AM -19    1961  17    -10       26
  AVERAGE         20                        26     -6       34

PRECIPITATION (IN)
  YESTERDAY        0.12          0.17 1989   0.02   0.10     0.04
  MONTH TO DATE    0.23                      0.20   0.03     0.13
  SINCE OCT 1      3.80                      2.05   1.75     2.86
  SINCE JAN 1     13.79                     14.49  -0.70    14.21

DEGREE DAYS
 HEATING
  YESTERDAY       45                        39      6       31
  MONTH TO DATE  467                       381     86      254
  SINCE DEC 1    467                       381     86      254
  SINCE JUL 1   1965                      2340   -375     1931

 COOLING
  YESTERDAY        0                         0      0        0
  MONTH TO DATE    0                         0      0        0
  SINCE DEC 1      0                         0      0        0
  SINCE JAN 1    330                       230    100      393
..................................................................


WIND (MPH)
  HIGHEST WIND SPEED    22   HIGHEST WIND DIRECTION    SW (240)
  HIGHEST GUST SPEED    27   HIGHEST GUST DIRECTION    SW (240)
  AVERAGE WIND SPEED     4.0


SKY COVER
  POSSIBLE SUNSHINE  MM
  AVERAGE SKY COVER 0.7


WEATHER CONDITIONS
 THE FOLLOWING WEATHER WAS RECORDED YESTERDAY.
  HEAVY SNOW
  SNOW
  LIGHT SNOW
  FOG
  FOG W/VISIBILITY <= 1/4 MILE


RELATIVE HUMIDITY (PERCENT)
 HIGHEST    92           400 PM
 LOWEST     63           600 PM
 AVERAGE    78

..........................................................


THE LIVINGSTON MT CLIMATE NORMALS FOR TODAY
                         NORMAL    RECORD    YEAR
 MAXIMUM TEMPERATURE (F)   35        60      2004
                                             1993
 MINIMUM TEMPERATURE (F)   17       -24      2000


SUNRISE AND SUNSET
DECEMBER 11 2016......SUNRISE   753 AM MST   SUNSET   438 PM MST
DECEMBER 12 2016......SUNRISE   754 AM MST   SUNSET   438 PM MST


-  INDICATES NEGATIVE NUMBERS.
R  INDICATES RECORD WAS SET OR TIED.
MM INDICATES DATA IS MISSING.
T  INDICATES TRACE AMOUNT.





&&

THIS IS AN AUTOMATED...UNATTENDED WEATHER STATION AND MAY
UNDERESTIMATE WINTER PRECIPITATION.

$$
