000
CDUS45 KBYZ 022232
CLILVM


CLIMATE REPORT
NATIONAL WEATHER SERVICE BILLINGS MT
431 PM MDT MON MAY 2 2016


...................................

...THE LIVINGSTON MT CLIMATE SUMMARY FOR MAY 2 2016...
VALID TODAY AS OF 0400 PM LOCAL TIME.

CLIMATE NORMAL PERIOD 1981 TO 2010
CLIMATE RECORD PERIOD 1948 TO 2016


WEATHER ITEM   OBSERVED TIME   RECORD YEAR NORMAL DEPARTURE LAST
                VALUE   (LST)  VALUE       VALUE  FROM      YEAR
                                                  NORMAL
..................................................................
TEMPERATURE (F)
 TODAY
  MAXIMUM         71    318 PM  86    1985  61     10       72
  MINIMUM         28    535 AM  13    1954  33     -5       37
  AVERAGE         50                        47      3       55

PRECIPITATION (IN)
  TODAY            0.00          0.61 1960   0.07  -0.07     0.00
  MONTH TO DATE    0.00                      0.14  -0.14     0.00
  SINCE OCT 1      6.36                      6.11   0.25     4.48
  SINCE JAN 1      2.66                      3.74  -1.08     2.69

DEGREE DAYS
 HEATING
  TODAY           15                        18     -3       10
  MONTH TO DATE   33                        37     -4       20
  SINCE MAR 1   1332                      1637   -305     1248
  SINCE JUL 1   5935                      6985  -1050     5862

 COOLING
  TODAY            0                         0      0        0
  MONTH TO DATE    0                         0      0        0
  SINCE MAR 1      0                         0      0        0
  SINCE JAN 1      0                         0      0        0
..................................................................


WIND (MPH)
  HIGHEST WIND SPEED    17   HIGHEST WIND DIRECTION    NW (320)
  HIGHEST GUST SPEED    20   HIGHEST GUST DIRECTION    NW (320)
  AVERAGE WIND SPEED     6.8


SKY COVER
  POSSIBLE SUNSHINE  MM
  AVERAGE SKY COVER 0.0


WEATHER CONDITIONS
 THE FOLLOWING WEATHER WAS RECORDED TODAY.
  NO SIGNIFICANT WEATHER WAS OBSERVED.


RELATIVE HUMIDITY (PERCENT)
 HIGHEST    85           300 AM
 LOWEST     17           300 PM
 AVERAGE    51

..........................................................


THE LIVINGSTON MT CLIMATE NORMALS FOR TOMORROW
                         NORMAL    RECORD    YEAR
 MAXIMUM TEMPERATURE (F)   61        82      2000
                                             1966
 MINIMUM TEMPERATURE (F)   33        19      2001
                                             1967


SUNRISE AND SUNSET
MAY  2 2016...........SUNRISE   607 AM MDT   SUNSET   831 PM MDT
MAY  3 2016...........SUNRISE   606 AM MDT   SUNSET   832 PM MDT


-  INDICATES NEGATIVE NUMBERS.
R  INDICATES RECORD WAS SET OR TIED.
MM INDICATES DATA IS MISSING.
T  INDICATES TRACE AMOUNT.





&&

THIS IS AN AUTOMATED...UNATTENDED WEATHER STATION AND MAY
UNDERESTIMATE WINTER PRECIPITATION.

$$
