000
CDUS45 KBYZ 141039
CLILVM


CLIMATE REPORT
NATIONAL WEATHER SERVICE BILLINGS MT
338 AM MST SUN FEB 14 2016


...................................

...THE LIVINGSTON MT CLIMATE SUMMARY FOR FEBRUARY 13 2016...

CLIMATE NORMAL PERIOD 1981 TO 2010
CLIMATE RECORD PERIOD 1948 TO 2016


WEATHER ITEM   OBSERVED TIME   RECORD YEAR NORMAL DEPARTURE LAST
                VALUE   (LST)  VALUE       VALUE  FROM      YEAR
                                                  NORMAL
..................................................................
TEMPERATURE (F)
 YESTERDAY
  MAXIMUM         51   1206 AM  63    2015  39     12       63
                                      1996
  MINIMUM         33    736 PM -23    1949  18     15       47
  AVERAGE         42                        28     14       55

PRECIPITATION (IN)
  YESTERDAY        0.06          0.28 1954   0.02   0.04     0.00
  MONTH TO DATE    0.06                      0.21  -0.15     0.11
  SINCE OCT 1      3.91                      3.07   0.84     2.44
  SINCE JAN 1      0.21                      0.70  -0.49     0.65

DEGREE DAYS
 HEATING
  YESTERDAY       23                        36    -13       10
  MONTH TO DATE  350                       481   -131      264
  SINCE DEC 1   2552                      2863   -311     2307
  SINCE JUL 1   4229                      4822   -593     4045

 COOLING
  YESTERDAY        0                         0      0        0
  MONTH TO DATE    0                         0      0        0
  SINCE DEC 1      0                         0      0        0
  SINCE JAN 1      0                         0      0        0
..................................................................


WIND (MPH)
  HIGHEST WIND SPEED    40   HIGHEST WIND DIRECTION    SW (210)
  HIGHEST GUST SPEED    49   HIGHEST GUST DIRECTION    SW (210)
  AVERAGE WIND SPEED    23.5


SKY COVER
  POSSIBLE SUNSHINE  MM
  AVERAGE SKY COVER 0.4


WEATHER CONDITIONS
 THE FOLLOWING WEATHER WAS RECORDED YESTERDAY.
  LIGHT RAIN
  HEAVY SNOW
  SNOW
  LIGHT SNOW
  FOG


RELATIVE HUMIDITY (PERCENT)
 HIGHEST    89          1100 AM
 LOWEST     26          1200 AM
 AVERAGE    58

..........................................................


THE LIVINGSTON MT CLIMATE NORMALS FOR TODAY
                         NORMAL    RECORD    YEAR
 MAXIMUM TEMPERATURE (F)   39        64      2015
 MINIMUM TEMPERATURE (F)   18       -11      1990


SUNRISE AND SUNSET
FEBRUARY 14 2016......SUNRISE   726 AM MST   SUNSET   546 PM MST
FEBRUARY 15 2016......SUNRISE   724 AM MST   SUNSET   548 PM MST


-  INDICATES NEGATIVE NUMBERS.
R  INDICATES RECORD WAS SET OR TIED.
MM INDICATES DATA IS MISSING.
T  INDICATES TRACE AMOUNT.





&&

THIS IS AN AUTOMATED...UNATTENDED WEATHER STATION AND MAY
UNDERESTIMATE WINTER PRECIPITATION.

$$
