000
CDUS45 KBYZ 270933
CLILVM


CLIMATE REPORT
NATIONAL WEATHER SERVICE BILLINGS MT
332 AM MDT WED JUL 27 2016


...................................

...THE LIVINGSTON MT CLIMATE SUMMARY FOR JULY 26 2016...

CLIMATE NORMAL PERIOD 1981 TO 2010
CLIMATE RECORD PERIOD 1948 TO 2016


WEATHER ITEM   OBSERVED TIME   RECORD YEAR NORMAL DEPARTURE LAST
                VALUE   (LST)  VALUE       VALUE  FROM      YEAR
                                                  NORMAL
..................................................................
TEMPERATURE (F)
 YESTERDAY
  MAXIMUM         94    229 PM  98    2008  87      7       90
                                      1988
  MINIMUM         51    516 AM  42    1971  50      1       51
  AVERAGE         73                        68      5       71

PRECIPITATION (IN)
  YESTERDAY        T             0.71 1993   0.04  -0.04      T
  MONTH TO DATE    1.19                      1.28  -0.09     0.99
  SINCE OCT 1     10.69                     12.30  -1.61    10.47
  SINCE JAN 1      6.99                      9.93  -2.94     8.68

DEGREE DAYS
 HEATING
  YESTERDAY        0                         1     -1        0
  MONTH TO DATE   33                        45    -12        2
  SINCE JUN 1    111                       252   -141       56
  SINCE JUL 1     33                        45    -12        2

 COOLING
  YESTERDAY        8                         4      4        6
  MONTH TO DATE  115                        86     29      108
  SINCE JUN 1    185                       105     80      207
  SINCE JAN 1    185                       106     79      208
..................................................................


WIND (MPH)
  HIGHEST WIND SPEED    43   HIGHEST WIND DIRECTION     W (260)
  HIGHEST GUST SPEED    52   HIGHEST GUST DIRECTION     W (250)
  AVERAGE WIND SPEED     7.6


SKY COVER
  POSSIBLE SUNSHINE  MM
  AVERAGE SKY COVER 0.0


WEATHER CONDITIONS
 THE FOLLOWING WEATHER WAS RECORDED YESTERDAY.
  LIGHT RAIN


RELATIVE HUMIDITY (PERCENT)
 HIGHEST    77           400 AM
 LOWEST     13           200 PM
 AVERAGE    45

..........................................................


THE LIVINGSTON MT CLIMATE NORMALS FOR TODAY
                         NORMAL    RECORD    YEAR
 MAXIMUM TEMPERATURE (F)   87        99      2006
                                             1999
 MINIMUM TEMPERATURE (F)   50        40      1969


SUNRISE AND SUNSET
JULY 27 2016..........SUNRISE   600 AM MDT   SUNSET   856 PM MDT
JULY 28 2016..........SUNRISE   601 AM MDT   SUNSET   855 PM MDT


-  INDICATES NEGATIVE NUMBERS.
R  INDICATES RECORD WAS SET OR TIED.
MM INDICATES DATA IS MISSING.
T  INDICATES TRACE AMOUNT.





&&

THIS IS AN AUTOMATED...UNATTENDED WEATHER STATION AND MAY
UNDERESTIMATE WINTER PRECIPITATION.

$$
