000
CDUS45 KBYZ 030931
CLILVM


CLIMATE REPORT
NATIONAL WEATHER SERVICE BILLINGS MT
330 AM MDT MON AUG 3 2015


...................................

...THE LIVINGSTON MT CLIMATE SUMMARY FOR AUGUST 2 2015...

CLIMATE NORMAL PERIOD 1981 TO 2010
CLIMATE RECORD PERIOD 1948 TO 2015


WEATHER ITEM   OBSERVED TIME   RECORD YEAR NORMAL DEPARTURE LAST
                VALUE   (LST)  VALUE       VALUE  FROM      YEAR
                                                  NORMAL
..................................................................
TEMPERATURE (F)
 YESTERDAY
  MAXIMUM         93    219 PM  98    2003  87      6       91
                                      2000
  MINIMUM         50    305 AM  37    2002  50      0       51
  AVERAGE         72                        68      4       71

PRECIPITATION (IN)
  YESTERDAY        0.00          0.32 1948   0.03  -0.03     0.00
  MONTH TO DATE    0.00                      0.07  -0.07     0.00
  SINCE OCT 1     10.65                     12.56  -1.91    11.54
  SINCE JAN 1      8.86                     10.19  -1.33     9.25

DEGREE DAYS
 HEATING
  YESTERDAY        0                         1     -1        0
  MONTH TO DATE    0                         2     -2        0
  SINCE JUN 1     64                       259   -195      204
  SINCE JUL 1     10                        52    -42        9

 COOLING
  YESTERDAY        7                         4      3        6
  MONTH TO DATE   14                         8      6       13
  SINCE JUN 1    228                       136     92      188
  SINCE JAN 1    229                       137     92      193
..................................................................


WIND (MPH)
  HIGHEST WIND SPEED    16   HIGHEST WIND DIRECTION     E (70)
  HIGHEST GUST SPEED    23   HIGHEST GUST DIRECTION     E (80)
  AVERAGE WIND SPEED     9.1


SKY COVER
  POSSIBLE SUNSHINE  MM
  AVERAGE SKY COVER 0.0


WEATHER CONDITIONS
 THE FOLLOWING WEATHER WAS RECORDED YESTERDAY.
  NO SIGNIFICANT WEATHER WAS OBSERVED.


RELATIVE HUMIDITY (PERCENT)
 HIGHEST    68           400 AM
 LOWEST     12          1100 AM
 AVERAGE    40

..........................................................


THE LIVINGSTON MT CLIMATE NORMALS FOR TODAY
                         NORMAL    RECORD    YEAR
 MAXIMUM TEMPERATURE (F)   87       100      2001
 MINIMUM TEMPERATURE (F)   50        37      1982


SUNRISE AND SUNSET
AUGUST  3 2015........SUNRISE   607 AM MDT   SUNSET   848 PM MDT
AUGUST  4 2015........SUNRISE   608 AM MDT   SUNSET   847 PM MDT


-  INDICATES NEGATIVE NUMBERS.
R  INDICATES RECORD WAS SET OR TIED.
MM INDICATES DATA IS MISSING.
T  INDICATES TRACE AMOUNT.





&&

THIS IS AN AUTOMATED...UNATTENDED WEATHER STATION AND MAY
UNDERESTIMATE WINTER PRECIPITATION.

$$
