000
CDUS45 KBYZ 021032
CLILVM


CLIMATE REPORT
NATIONAL WEATHER SERVICE BILLINGS MT
331 AM MST MON MAR 2 2015


...................................

...THE LIVINGSTON MT CLIMATE SUMMARY FOR MARCH 1 2015...

CLIMATE NORMAL PERIOD 1981 TO 2010
CLIMATE RECORD PERIOD 1948 TO 2015


WEATHER ITEM   OBSERVED TIME   RECORD YEAR NORMAL DEPARTURE LAST
                VALUE   (LST)  VALUE       VALUE  FROM      YEAR
                                                  NORMAL
..................................................................
TEMPERATURE (F)
 YESTERDAY
  MAXIMUM         34    434 PM  64    1992  44    -10       -4
  MINIMUM          3    440 AM -14    2014  20    -17      -14
  AVERAGE         19                        32    -13       -9

PRECIPITATION (IN)
  YESTERDAY        0.00          0.52        0.02  -0.02      T
  MONTH TO DATE    0.00                      0.02  -0.02      T
  SINCE OCT 1      2.98                      3.38  -0.40     3.39
  SINCE JAN 1      1.19                      1.01   0.18     1.10

DEGREE DAYS
 HEATING
  YESTERDAY       46                        33     13       74
  MONTH TO DATE   46                        33     13       74
  SINCE MAR 1     46                        33     13       74
  SINCE JUL 1   4660                      5381   -721     5317

 COOLING
  YESTERDAY        0                         0      0        0
  MONTH TO DATE    0                         0      0        0
  SINCE MAR 1      0                         0      0        0
  SINCE JAN 1      0                         0      0        0
..................................................................


WIND (MPH)
  HIGHEST WIND SPEED    23   HIGHEST WIND DIRECTION     W (260)
  HIGHEST GUST SPEED    27   HIGHEST GUST DIRECTION     W (260)
  AVERAGE WIND SPEED     8.4


SKY COVER
  POSSIBLE SUNSHINE  MM
  AVERAGE SKY COVER 0.0


WEATHER CONDITIONS
 THE FOLLOWING WEATHER WAS RECORDED YESTERDAY.
  NO SIGNIFICANT WEATHER WAS OBSERVED.


RELATIVE HUMIDITY (PERCENT)
 HIGHEST    83           500 AM
 LOWEST     26           300 PM
 AVERAGE    55

..........................................................


THE LIVINGSTON MT CLIMATE NORMALS FOR TODAY
                         NORMAL    RECORD    YEAR
 MAXIMUM TEMPERATURE (F)   44        66      2009
 MINIMUM TEMPERATURE (F)   21       -20      1978


SUNRISE AND SUNSET
MARCH  2 2015.........SUNRISE   659 AM MST   SUNSET   610 PM MST
MARCH  3 2015.........SUNRISE   657 AM MST   SUNSET   611 PM MST


-  INDICATES NEGATIVE NUMBERS.
R  INDICATES RECORD WAS SET OR TIED.
MM INDICATES DATA IS MISSING.
T  INDICATES TRACE AMOUNT.





&&

THIS IS AN AUTOMATED...UNATTENDED WEATHER STATION AND MAY
UNDERESTIMATE WINTER PRECIPITATION.

$$
