000
CDUS41 KRNK 200913
CLILWB


CLIMATE REPORT
NATIONAL WEATHER SERVICE BLACKSBURG VA
511 AM EDT SUN APR 20 2014


...................................

...THE LEWISBURG WV CLIMATE SUMMARY FOR APRIL 19 2014...

CLIMATE NORMAL PERIOD 1981 TO 2010
CLIMATE RECORD PERIOD 1973 TO 2014


WEATHER ITEM   OBSERVED TIME   RECORD YEAR NORMAL DEPARTURE
                VALUE   (LST)  VALUE       VALUE  FROM
                                                  NORMAL
...............................................................
TEMPERATURE (F)
 YESTERDAY
  MAXIMUM         65    300 PM  85    1976  64      1
  MINIMUM         39    600 AM  23    2001  38      1
  AVERAGE         52                        51      1

PRECIPITATION (IN)
  YESTERDAY        0.00          0.41 2013   0.11  -0.11
  MONTH TO DATE    1.40                      2.06  -0.66
  SINCE MAR 1      3.25                      5.51  -2.26
  SINCE JAN 1      6.08                     11.54  -5.46

SNOWFALL (IN)
  YESTERDAY        0.0
  MONTH TO DATE    T
  SINCE MAR 1      9.5
  SINCE JUL 1     40.4
  SNOW DEPTH       0

DEGREE DAYS
 HEATING
  YESTERDAY       13                               -1
  MONTH TO DATE  278                              -46
  SINCE MAR 1   1143                               22
  SINCE JUL 1   4432                            -1114

 COOLING
  YESTERDAY        0                                0
  MONTH TO DATE    0                                0
  SINCE MAR 1      0                                0
  SINCE JAN 1      0                                0
...............................................................


WIND (MPH)
  HIGHEST WIND SPEED    13   HIGHEST WIND DIRECTION    NE (50)
  HIGHEST GUST SPEED    MM   HIGHEST GUST DIRECTION    MM
  AVERAGE WIND SPEED     3.4




RELATIVE HUMIDITY (PERCENT)
 HIGHEST    79
 LOWEST     29
 AVERAGE    54

..........................................................


THE LEWISBURG WV CLIMATE NORMALS FOR TODAY
                         NORMAL    RECORD    YEAR
 MAXIMUM TEMPERATURE (F)   65        86      1976
 MINIMUM TEMPERATURE (F)   38        27      1983


SUNRISE AND SUNSET
APRIL 20 2014.........SUNRISE   640 AM EDT   SUNSET   802 PM EDT
APRIL 21 2014.........SUNRISE   638 AM EDT   SUNSET   803 PM EDT


-  INDICATES NEGATIVE NUMBERS.
R  INDICATES RECORD WAS SET OR TIED.
MM INDICATES DATA IS MISSING.
T  INDICATES TRACE AMOUNT.

REMARKS:
THE SEASONAL SNOWFALL TOTAL...AND THE SEASONAL TOTAL AND
DEPARTURE FROM NORMAL FOR HDD ARE INVALID DUE TO INCOMPLETE DATA
BEFORE DECEMBER 1. ALSO...DUE TO MISSING PRECIPITATION ON JANUARY
25...THE ANNUAL TOTAL AND DEPARTURE FROM NORMAL FOR PRECIPITATION
WILL BE CALCULATED WITHOUT DATA FROM THAT DATE.


$$
