000
CDUS41 KRNK 012117
CLILWB


CLIMATE REPORT
NATIONAL WEATHER SERVICE BLACKSBURG VA
515 PM EDT FRI AUG 1 2014


...................................

...THE LEWISBURG WV CLIMATE SUMMARY FOR AUGUST 1 2014...
VALID TODAY AS OF 0500 PM LOCAL TIME.

CLIMATE NORMAL PERIOD 1981 TO 2010
CLIMATE RECORD PERIOD 1973 TO 2014


WEATHER ITEM   OBSERVED TIME   RECORD YEAR NORMAL DEPARTURE
                VALUE   (LST)  VALUE       VALUE  FROM
                                                  NORMAL
...............................................................
TEMPERATURE (F)
 TODAY
  MAXIMUM         73    335 PM  90    2011  82     -9
  MINIMUM         61    300 AM  48    1997  59      2
  AVERAGE         67                        70     -3

PRECIPITATION (IN)
  TODAY            0.00                      0.11  -0.11
  MONTH TO DATE    0.00                      0.11  -0.11
  SINCE JUN 1      5.01                      7.86  -2.85
  SINCE JAN 1     15.94                     25.04  -9.10

SNOWFALL (IN)
  TODAY            0.0
  MONTH TO DATE    0.0
  SINCE JUN 1      0.0
  SINCE JUL 1      0.0
  SNOW DEPTH       0

DEGREE DAYS
 HEATING
  TODAY            0                                0
  MONTH TO DATE    0                                0
  SINCE JUN 1     30                              -31
  SINCE JUL 1     17                                6

 COOLING
  TODAY            2                               -4
  MONTH TO DATE    2                               -4
  SINCE JUN 1    342                               56
  SINCE JAN 1    375                               63
...............................................................


WIND (MPH)
  HIGHEST WIND SPEED     7   HIGHEST WIND DIRECTION    SE (130)
  HIGHEST GUST SPEED    MM   HIGHEST GUST DIRECTION    MM
  AVERAGE WIND SPEED     2.9




RELATIVE HUMIDITY (PERCENT)
 HIGHEST    93
 LOWEST     59
 AVERAGE    76

..........................................................


THE LEWISBURG WV CLIMATE NORMALS FOR TOMORROW
                         NORMAL    RECORD    YEAR
 MAXIMUM TEMPERATURE (F)   82        90      2012
 MINIMUM TEMPERATURE (F)   59        48      1998


SUNRISE AND SUNSET
AUGUST  1 2014........SUNRISE   625 AM EDT   SUNSET   830 PM EDT
AUGUST  2 2014........SUNRISE   626 AM EDT   SUNSET   829 PM EDT


-  INDICATES NEGATIVE NUMBERS.
R  INDICATES RECORD WAS SET OR TIED.
MM INDICATES DATA IS MISSING.
T  INDICATES TRACE AMOUNT.


REMARKS:
DUE TO MISSING PRECIPITATION ON JANUARY 25...THE ANNUAL TOTAL
AND DEPARTURE FROM NORMAL FOR PRECIPITATION WILL BE CALCULATED
WITHOUT DATA FROM THAT DATE.


$$
