000
CDUS41 KRNK 230922
CLILWB


CLIMATE REPORT
NATIONAL WEATHER SERVICE BLACKSBURG VA
518 AM EDT WED APR 23 2014


...................................

...THE LEWISBURG WV CLIMATE SUMMARY FOR APRIL 22 2014...

CLIMATE NORMAL PERIOD 1981 TO 2010
CLIMATE RECORD PERIOD 1973 TO 2014


WEATHER ITEM   OBSERVED TIME   RECORD YEAR NORMAL DEPARTURE
                VALUE   (LST)  VALUE       VALUE  FROM
                                                  NORMAL
...............................................................
TEMPERATURE (F)
 YESTERDAY
  MAXIMUM         67    515 PM  85    1985  65      2
  MINIMUM         49    300 AM  28    1986  39     10
  AVERAGE         58                        52      6

PRECIPITATION (IN)
  YESTERDAY        0.00                      0.12  -0.12
  MONTH TO DATE    1.40                      2.41  -1.01
  SINCE MAR 1      3.25                      5.86  -2.61
  SINCE JAN 1      6.08                     11.89  -5.81

SNOWFALL (IN)
  YESTERDAY        0.0
  MONTH TO DATE    T
  SINCE MAR 1      9.5
  SINCE DEC 1     40.4
  SNOW DEPTH       0

DEGREE DAYS
 HEATING
  YESTERDAY        7                               -6
  MONTH TO DATE  306                              -58
  SINCE MAR 1   1171                               10
  SINCE DEC 1   4460                               MM

 COOLING
  YESTERDAY        0                                0
  MONTH TO DATE    0                                0
  SINCE MAR 1      0                                0
  SINCE JAN 1      0                                0
...............................................................


WIND (MPH)
  HIGHEST WIND SPEED    14   HIGHEST WIND DIRECTION     N (340)
  HIGHEST GUST SPEED    24   HIGHEST GUST DIRECTION     W (280)
  AVERAGE WIND SPEED     5.7




RELATIVE HUMIDITY (PERCENT)
 HIGHEST    66
 LOWEST     34
 AVERAGE    50

..........................................................


THE LEWISBURG WV CLIMATE NORMALS FOR TODAY
                         NORMAL    RECORD    YEAR
 MAXIMUM TEMPERATURE (F)   66        83      1985
 MINIMUM TEMPERATURE (F)   39        27      1994


SUNRISE AND SUNSET
APRIL 23 2014.........SUNRISE   636 AM EDT   SUNSET   805 PM EDT
APRIL 24 2014.........SUNRISE   634 AM EDT   SUNSET   806 PM EDT


-  INDICATES NEGATIVE NUMBERS.
R  INDICATES RECORD WAS SET OR TIED.
MM INDICATES DATA IS MISSING.
T  INDICATES TRACE AMOUNT.


REMARKS:
THE SEASONAL SNOWFALL TOTAL...AND THE SEASONAL TOTAL AND
DEPARTURE FROM NORMAL FOR HDD ARE INVALID DUE TO INCOMPLETE DATA
BEFORE DECEMBER 1. ALSO...DUE TO MISSING PRECIPITATION ON JANUARY
25...THE ANNUAL TOTAL AND DEPARTURE FROM NORMAL FOR PRECIPITATION
WILL BE CALCULATED WITHOUT DATA FROM THAT DATE.


$$
