000
CDUS41 KRNK 231010
CLILWB


CLIMATE REPORT
NATIONAL WEATHER SERVICE BLACKSBURG VA
506 AM EST SUN NOV 23 2014


...................................

...THE LEWISBURG WV CLIMATE SUMMARY FOR NOVEMBER 22 2014...

CLIMATE NORMAL PERIOD 1981 TO 2010
CLIMATE RECORD PERIOD 1973 TO 2014


WEATHER ITEM   OBSERVED TIME   RECORD YEAR NORMAL DEPARTURE
                VALUE   (LST)  VALUE       VALUE  FROM
                                                  NORMAL
...............................................................
TEMPERATURE (F)
 YESTERDAY
  MAXIMUM         55    400 PM  68    1979  50      5
  MINIMUM         16    500 AM  11    1984  27    -11
  AVERAGE         36                        39     -3

PRECIPITATION (IN)
  YESTERDAY        0.00          0.58 2011   0.10  -0.10
  MONTH TO DATE    0.80                      2.08  -1.28
  SINCE SEP 1      5.18                      7.93  -2.75
  SINCE JAN 1     23.87                     36.03 -12.16

SNOWFALL (IN)
  YESTERDAY        0.0
  MONTH TO DATE    T
  SINCE SEP 1      T
  SINCE JUL 1      T
  SNOW DEPTH       0

DEGREE DAYS
 HEATING
  YESTERDAY       29                                3
  MONTH TO DATE  589                               93
  SINCE SEP 1    994                              -71
  SINCE JUL 1   1016                              -77

 COOLING
  YESTERDAY        0                                0
  MONTH TO DATE    0                                0
  SINCE SEP 1    102                               53
  SINCE JAN 1    619                              120
...............................................................


WIND (MPH)
  HIGHEST WIND SPEED     7   HIGHEST WIND DIRECTION    SW (210)
  HIGHEST GUST SPEED    MM   HIGHEST GUST DIRECTION    MM
  AVERAGE WIND SPEED     1.3




RELATIVE HUMIDITY (PERCENT)
 HIGHEST    81
 LOWEST     23
 AVERAGE    52

..........................................................


THE LEWISBURG WV CLIMATE NORMALS FOR TODAY
                         NORMAL    RECORD    YEAR
 MAXIMUM TEMPERATURE (F)   50        64      2003
 MINIMUM TEMPERATURE (F)   27        12      1981


SUNRISE AND SUNSET
NOVEMBER 23 2014......SUNRISE   710 AM EST   SUNSET   505 PM EST
NOVEMBER 24 2014......SUNRISE   711 AM EST   SUNSET   505 PM EST


-  INDICATES NEGATIVE NUMBERS.
R  INDICATES RECORD WAS SET OR TIED.
MM INDICATES DATA IS MISSING.
T  INDICATES TRACE AMOUNT.

REMARKS:
DUE TO MISSING PRECIPITATION DATA ON JANUARY 25...THE ANNUAL
TOTAL AND DEPARTURE FROM NORMAL FOR PRECIPITATION WILL BE
CALCULATED WITHOUT DATA FROM THAT DATE.


$$
