000
CDUS41 KRNK 230910
CLILWB


CLIMATE REPORT
NATIONAL WEATHER SERVICE BLACKSBURG VA
506 AM EDT WED JUL 23 2014


...................................

...THE LEWISBURG WV CLIMATE SUMMARY FOR JULY 22 2014...

CLIMATE NORMAL PERIOD 1981 TO 2010
CLIMATE RECORD PERIOD 1973 TO 2014


WEATHER ITEM   OBSERVED TIME   RECORD YEAR NORMAL DEPARTURE
                VALUE   (LST)  VALUE       VALUE  FROM
                                                  NORMAL
...............................................................
TEMPERATURE (F)
 YESTERDAY
  MAXIMUM         87    500 PM  95    2011  82      5
  MINIMUM         63    600 AM  50    2007  59      4
  AVERAGE         75                        70      5

PRECIPITATION (IN)
  YESTERDAY        0.00          0.52 2013   0.14  -0.14
  MONTH TO DATE    0.44                      2.81  -2.37
  SINCE JUN 1      3.87                      6.54  -2.67
  SINCE JAN 1     14.80                     23.72  -8.92

SNOWFALL (IN)
  YESTERDAY        0.0
  MONTH TO DATE    0.0
  SINCE JUN 1      0.0
  SINCE JUL 1      0.0
  SNOW DEPTH       0

DEGREE DAYS
 HEATING
  YESTERDAY        0                                0
  MONTH TO DATE   10                               10
  SINCE JUN 1     23                              -27
  SINCE JUL 1     10                               10

 COOLING
  YESTERDAY       10                                4
  MONTH TO DATE  132                                4
  SINCE JUN 1    296                               64
  SINCE JAN 1    329                               71
...............................................................


WIND (MPH)
  HIGHEST WIND SPEED     7   HIGHEST WIND DIRECTION     S (160)
  HIGHEST GUST SPEED    MM   HIGHEST GUST DIRECTION    MM
  AVERAGE WIND SPEED     1.9




RELATIVE HUMIDITY (PERCENT)
 HIGHEST    97
 LOWEST     42
 AVERAGE    70

..........................................................


THE LEWISBURG WV CLIMATE NORMALS FOR TODAY
                         NORMAL    RECORD    YEAR
 MAXIMUM TEMPERATURE (F)   82        91      1991
 MINIMUM TEMPERATURE (F)   59        52      1981


SUNRISE AND SUNSET
JULY 23 2014..........SUNRISE   617 AM EDT   SUNSET   838 PM EDT
JULY 24 2014..........SUNRISE   618 AM EDT   SUNSET   837 PM EDT


-  INDICATES NEGATIVE NUMBERS.
R  INDICATES RECORD WAS SET OR TIED.
MM INDICATES DATA IS MISSING.
T  INDICATES TRACE AMOUNT.

REMARKS:
DUE TO MISSING PRECIPITATION ON JANUARY 25...THE ANNUAL
TOTAL AND DEPARTURE FROM NORMAL FOR PRECIPITATION WILL BE CALCULATED
WITHOUT DATA FROM THAT DATE.


$$
