000
CDUS41 KRNK 271240
CLILWB


CLIMATE REPORT...CORRECTED
NATIONAL WEATHER SERVICE BLACKSBURG VA
733 AM EST THU NOV 27 2014


...................................

...THE LEWISBURG WV CLIMATE SUMMARY FOR NOVEMBER 26 2014...

CLIMATE NORMAL PERIOD 1981 TO 2010
CLIMATE RECORD PERIOD 1973 TO 2014


WEATHER ITEM   OBSERVED TIME   RECORD YEAR NORMAL DEPARTURE
                VALUE   (LST)  VALUE       VALUE  FROM
                                                  NORMAL
...............................................................
TEMPERATURE (F)
 YESTERDAY
  MAXIMUM         42        MM  67    1990  48     -6
  MINIMUM         34        MM  13    1980  26      8
  AVERAGE         38                        37      1

PRECIPITATION (IN)
  YESTERDAY        0.42          0.42 2014   0.10   0.32
  MONTH TO DATE    1.32                      2.47  -1.15
  SINCE SEP 1      5.70                      8.32  -2.62
  SINCE JAN 1     24.39                     36.42 -12.03

SNOWFALL (IN)
  YESTERDAY        2.0
  MONTH TO DATE    2.0
  SINCE SEP 1      2.0
  SINCE JUL 1      2.0
  SNOW DEPTH       2

DEGREE DAYS
 HEATING
  YESTERDAY       27                               -1
  MONTH TO DATE  659                               54
  SINCE SEP 1   1064                             -110
  SINCE JUL 1   1086                             -116

 COOLING
  YESTERDAY        0                                0
  MONTH TO DATE    0                                0
  SINCE SEP 1    102                               53
  SINCE JAN 1    619                              120
...............................................................


WIND (MPH)
  HIGHEST WIND SPEED     5   HIGHEST WIND DIRECTION     N (20)
  HIGHEST GUST SPEED    MM   HIGHEST GUST DIRECTION    MM
  AVERAGE WIND SPEED     1.7




RELATIVE HUMIDITY (PERCENT)
 HIGHEST    96
 LOWEST     67
 AVERAGE    82

..........................................................


THE LEWISBURG WV CLIMATE NORMALS FOR TODAY
                         NORMAL    RECORD    YEAR
 MAXIMUM TEMPERATURE (F)   48        71      1990
 MINIMUM TEMPERATURE (F)   26        12      1991


SUNRISE AND SUNSET
NOVEMBER 27 2014......SUNRISE   714 AM EST   SUNSET   504 PM EST
NOVEMBER 28 2014......SUNRISE   715 AM EST   SUNSET   503 PM EST


-  INDICATES NEGATIVE NUMBERS.
R  INDICATES RECORD WAS SET OR TIED.
MM INDICATES DATA IS MISSING.
T  INDICATES TRACE AMOUNT.

REMARKS
DUE TO MISSING PRECIPITATION DATA ON JANUARY 25...THE ANNUAL
TOTAL AND DEPARTURE FROM NORMAL FOR PRECIPITATION WILL BE
CALCULATED WITHOUT DATA FROM THAT DATE.

$$

MBS
