000
CDUS41 KRNK 170916
CLILWB


CLIMATE REPORT
NATIONAL WEATHER SERVICE BLACKSBURG VA
513 AM EDT WED SEP 17 2014


...................................

...THE LEWISBURG WV CLIMATE SUMMARY FOR SEPTEMBER 16 2014...

CLIMATE NORMAL PERIOD 1981 TO 2010
CLIMATE RECORD PERIOD 1973 TO 2014


WEATHER ITEM   OBSERVED TIME   RECORD YEAR NORMAL DEPARTURE
                VALUE   (LST)  VALUE       VALUE  FROM
                                                  NORMAL
...............................................................
TEMPERATURE (F)
 YESTERDAY
  MAXIMUM         72    345 PM  87    1991  75     -3
  MINIMUM         53   1135 PM  34    2011  49      4
  AVERAGE         63                        62      1

PRECIPITATION (IN)
  YESTERDAY        0.00                      0.12  -0.12
  MONTH TO DATE    0.96                      1.72  -0.76
  SINCE SEP 1      0.96                      1.72  -0.76
  SINCE JAN 1     19.65                     29.82 -10.17

SNOWFALL (IN)
  YESTERDAY        0.0
  MONTH TO DATE    0.0
  SINCE SEP 1      0.0
  SINCE JUL 1      0.0
  SNOW DEPTH       0

DEGREE DAYS
 HEATING
  YESTERDAY        2                               -2
  MONTH TO DATE   22                              -17
  SINCE SEP 1     22                              -17
  SINCE JUL 1     44                              -23

 COOLING
  YESTERDAY        0                               -1
  MONTH TO DATE   89                               57
  SINCE SEP 1     89                               57
  SINCE JAN 1    606                              124
...............................................................


WIND (MPH)
  HIGHEST WIND SPEED     9   HIGHEST WIND DIRECTION     W (280)
  HIGHEST GUST SPEED    MM   HIGHEST GUST DIRECTION    MM
  AVERAGE WIND SPEED     2.3




RELATIVE HUMIDITY (PERCENT)
 HIGHEST    90
 LOWEST     57
 AVERAGE    74

..........................................................


THE LEWISBURG WV CLIMATE NORMALS FOR TODAY
                         NORMAL    RECORD    YEAR
 MAXIMUM TEMPERATURE (F)   74        86      1991
 MINIMUM TEMPERATURE (F)   49        34      1984


SUNRISE AND SUNSET
SEPTEMBER 17 2014.....SUNRISE   705 AM EDT   SUNSET   726 PM EDT
SEPTEMBER 18 2014.....SUNRISE   706 AM EDT   SUNSET   725 PM EDT


-  INDICATES NEGATIVE NUMBERS.
R  INDICATES RECORD WAS SET OR TIED.
MM INDICATES DATA IS MISSING.
T  INDICATES TRACE AMOUNT.


REMARKS:
DUE TO MISSING PRECIPITATION DATA ON JANUARY 25...THE ANNUAL
TOTAL AND DEPARTURE FROM NORMAL FOR PRECIPITATION WILL BE
CALCULATED WITHOUT DATA FROM THAT DATE.


$$
