000
CDUS43 KTOP 190631
CLILWC


CLIMATE REPORT
NATIONAL WEATHER SERVICE TOPEKA KS
131 AM CDT FRI SEP 19 2014


...................................

...THE LAWRENCE KS CLIMATE SUMMARY FOR SEPTEMBER 18 2014...

CLIMATE NORMAL PERIOD 1981 TO 2010
CLIMATE RECORD PERIOD 9999 TO 9999


WEATHER ITEM   OBSERVED NORMAL DEPARTURE LAST
                VALUE   VALUE  FROM      YEAR
                               NORMAL
...............................................
TEMPERATURE (F)
 YESTERDAY
  MAXIMUM         69     80    -11       92
  MINIMUM         56     54      2       67
  AVERAGE         63     67     -4       80

PRECIPITATION (IN)
  YESTERDAY        0.00   0.11  -0.11     0.00
  MONTH TO DATE    4.49   2.62   1.87     1.75
  SINCE SEP 1      4.49   2.62   1.87     1.75
  SINCE JAN 1     28.94  30.48  -1.54    22.03

DEGREE DAYS
 HEATING
  YESTERDAY        2      2      0        0
  MONTH TO DATE   62     15     47        3
  SINCE SEP 1     62     15     47        3
  SINCE JUL 1     63     18     45        3

 COOLING
  YESTERDAY        0      4     -4       15
  MONTH TO DATE   69    116    -47      195
  SINCE SEP 1     69    116    -47      195
  SINCE JAN 1   1376   1307     69     1416
...............................................


WIND (MPH)
  HIGHEST WIND SPEED    13   HIGHEST WIND DIRECTION     E (70)
  HIGHEST GUST SPEED    19   HIGHEST GUST DIRECTION     E (80)
  AVERAGE WIND SPEED     6.1


SKY COVER
  AVERAGE SKY COVER 0.8


WEATHER CONDITIONS
 THE FOLLOWING WEATHER WAS RECORDED YESTERDAY.
  FOG
  FOG W/VISIBILITY <= 1/4 MILE
  HAZE


RELATIVE HUMIDITY (PERCENT)
 HIGHEST   100
 LOWEST     76
 AVERAGE    88

..........................................................


THE LAWRENCE KS CLIMATE NORMALS FOR TODAY
                         NORMAL
 MAXIMUM TEMPERATURE (F)   80
 MINIMUM TEMPERATURE (F)   53


SUNRISE AND SUNSET
SEPTEMBER 19 2014.....SUNRISE   706 AM CDT   SUNSET   723 PM CDT
SEPTEMBER 20 2014.....SUNRISE   707 AM CDT   SUNSET   721 PM CDT


-  INDICATES NEGATIVE NUMBERS.
R  INDICATES RECORD WAS SET OR TIED.
MM INDICATES DATA IS MISSING.
T  INDICATES TRACE AMOUNT.




$$
