000
CDUS43 KTOP 270640
CLILWC


CLIMATE REPORT
NATIONAL WEATHER SERVICE TOPEKA KS
1239 AM CST SAT DEC 27 2014


...................................

...THE LAWRENCE KS CLIMATE SUMMARY FOR DECEMBER 26 2014...

CLIMATE NORMAL PERIOD 1981 TO 2010
CLIMATE RECORD PERIOD 9999 TO 9999


WEATHER ITEM   OBSERVED NORMAL DEPARTURE LAST
                VALUE   VALUE  FROM      YEAR
                               NORMAL
...............................................
TEMPERATURE (F)
 YESTERDAY
  MAXIMUM         48     39      9       50
  MINIMUM         36     19     17       13
  AVERAGE         42     29     13       32

PRECIPITATION (IN)
  YESTERDAY        T      0.05  -0.05     0.00
  MONTH TO DATE    1.85   1.23   0.62     0.46
  SINCE DEC 1      1.85   1.23   0.62     0.46
  SINCE JAN 1     36.86  38.31  -1.45    28.41

DEGREE DAYS
 HEATING
  YESTERDAY       23     36    -13       33
  MONTH TO DATE  720    856   -136      957
  SINCE DEC 1    720    856   -136      957
  SINCE JUL 1   1900   1864     36     1987

 COOLING
  YESTERDAY        0      0      0        0
  MONTH TO DATE    0      0      0        0
  SINCE DEC 1      0      0      0        0
  SINCE JAN 1   1426   1371     55     1492
...............................................


WIND (MPH)
  HIGHEST WIND SPEED    13   HIGHEST WIND DIRECTION     W (290)
  HIGHEST GUST SPEED    19   HIGHEST GUST DIRECTION     S (170)
  AVERAGE WIND SPEED     7.0


SKY COVER
  AVERAGE SKY COVER 0.6


WEATHER CONDITIONS
 THE FOLLOWING WEATHER WAS RECORDED YESTERDAY.
  LIGHT RAIN
  FOG
  HAZE


RELATIVE HUMIDITY (PERCENT)
 HIGHEST    85
 LOWEST     50
 AVERAGE    68

..........................................................


THE LAWRENCE KS CLIMATE NORMALS FOR TODAY
                         NORMAL
 MAXIMUM TEMPERATURE (F)   39
 MINIMUM TEMPERATURE (F)   19


SUNRISE AND SUNSET
DECEMBER 27 2014......SUNRISE   739 AM CST   SUNSET   505 PM CST
DECEMBER 28 2014......SUNRISE   739 AM CST   SUNSET   506 PM CST


-  INDICATES NEGATIVE NUMBERS.
R  INDICATES RECORD WAS SET OR TIED.
MM INDICATES DATA IS MISSING.
T  INDICATES TRACE AMOUNT.




$$
