000
CDUS43 KTOP 230635
CLILWC


CLIMATE REPORT
NATIONAL WEATHER SERVICE TOPEKA KS
134 AM CDT WED AUG 23 2017


...................................

...THE LAWRENCE KS CLIMATE SUMMARY FOR AUGUST 22 2017...

CLIMATE NORMAL PERIOD 1981 TO 2010
CLIMATE RECORD PERIOD 9999 TO 9999


WEATHER ITEM   OBSERVED NORMAL DEPARTURE LAST
                VALUE   VALUE  FROM      YEAR
                               NORMAL
...............................................
TEMPERATURE (F)
 YESTERDAY
  MAXIMUM         81     89     -8       84
  MINIMUM         58     64     -6       52
  AVERAGE         70     77     -7       68

PRECIPITATION (IN)
  YESTERDAY        0.79   0.18   0.61     0.00
  MONTH TO DATE    4.54   2.99   1.55     1.95
  SINCE JUN 1     13.84  12.63   1.21     7.90
  SINCE JAN 1     26.86  26.52   0.34    22.54

DEGREE DAYS
 HEATING
  YESTERDAY        0      0      0        0
  MONTH TO DATE    3      0      3        0
  SINCE JUN 1      6      9     -3        0
  SINCE JUL 1      3      1      2        0

 COOLING
  YESTERDAY        5     12     -7        3
  MONTH TO DATE  183    290   -107      274
  SINCE JUN 1    927    979    -52     1128
  SINCE JAN 1   1034   1098    -64     1208
...............................................


WIND (MPH)
  HIGHEST WIND SPEED    25   HIGHEST WIND DIRECTION    NE (30)
  HIGHEST GUST SPEED    38   HIGHEST GUST DIRECTION    NE (40)
  AVERAGE WIND SPEED     7.7


SKY COVER
  AVERAGE SKY COVER 0.2


WEATHER CONDITIONS
 THE FOLLOWING WEATHER WAS RECORDED YESTERDAY.
  THUNDERSTORM
  HEAVY RAIN
  RAIN
  LIGHT RAIN
  FOG


RELATIVE HUMIDITY (PERCENT)
 HIGHEST   100
 LOWEST     52
 AVERAGE    76

..........................................................


THE LAWRENCE KS CLIMATE NORMALS FOR TODAY
                         NORMAL
 MAXIMUM TEMPERATURE (F)   89
 MINIMUM TEMPERATURE (F)   64


SUNRISE AND SUNSET
AUGUST 23 2017........SUNRISE   642 AM CDT   SUNSET   804 PM CDT
AUGUST 24 2017........SUNRISE   643 AM CDT   SUNSET   803 PM CDT


-  INDICATES NEGATIVE NUMBERS.
R  INDICATES RECORD WAS SET OR TIED.
MM INDICATES DATA IS MISSING.
T  INDICATES TRACE AMOUNT.

$$
