000
CDUS43 KTOP 280653
CLILWC


CLIMATE REPORT
NATIONAL WEATHER SERVICE TOPEKA KS
1253 AM CST TUE FEB 28 2017


...................................

...THE LAWRENCE KS CLIMATE SUMMARY FOR FEBRUARY 27 2017...

CLIMATE NORMAL PERIOD 1981 TO 2010
CLIMATE RECORD PERIOD 9999 TO 9999


WEATHER ITEM   OBSERVED NORMAL DEPARTURE LAST
                VALUE   VALUE  FROM      YEAR
                               NORMAL
...............................................
TEMPERATURE (F)
 YESTERDAY
  MAXIMUM         66     50     16       75
  MINIMUM         21     26     -5       19
  AVERAGE         44     38      6       47

PRECIPITATION (IN)
  YESTERDAY        0.00   0.04  -0.04     0.00
  MONTH TO DATE    0.03   1.25  -1.22     0.44
  SINCE DEC 1      2.01   3.73  -1.72     4.33
  SINCE JAN 1      1.01   2.26  -1.25     1.12

DEGREE DAYS
 HEATING
  YESTERDAY       21     27     -6       18
  MONTH TO DATE  585    837   -252      735
  SINCE DEC 1   2630   2980   -350     2646
  SINCE JUL 1   3274   3988   -714     3469

 COOLING
  YESTERDAY        0      0      0        0
  MONTH TO DATE    0      0      0        0
  SINCE DEC 1      0      0      0        0
  SINCE JAN 1      0      0      0        0
...............................................


WIND (MPH)
  HIGHEST WIND SPEED    21   HIGHEST WIND DIRECTION    SE (130)
  HIGHEST GUST SPEED    26   HIGHEST GUST DIRECTION    SE (130)
  AVERAGE WIND SPEED     6.9


SKY COVER
  AVERAGE SKY COVER 0.3


WEATHER CONDITIONS
 THE FOLLOWING WEATHER WAS RECORDED YESTERDAY.
  FOG
  FOG W/VISIBILITY <= 1/4 MILE


RELATIVE HUMIDITY (PERCENT)
 HIGHEST   100
 LOWEST     39
 AVERAGE    70

..........................................................


THE LAWRENCE KS CLIMATE NORMALS FOR TODAY
                         NORMAL
 MAXIMUM TEMPERATURE (F)   50
 MINIMUM TEMPERATURE (F)   27


SUNRISE AND SUNSET
FEBRUARY 28 2017......SUNRISE   654 AM CST   SUNSET   613 PM CST
MARCH  1 2017.........SUNRISE   653 AM CST   SUNSET   614 PM CST


-  INDICATES NEGATIVE NUMBERS.
R  INDICATES RECORD WAS SET OR TIED.
MM INDICATES DATA IS MISSING.
T  INDICATES TRACE AMOUNT.




$$
