868
CDUS43 KTOP 200632
CLILWC


CLIMATE REPORT
NATIONAL WEATHER SERVICE TOPEKA KS
131 AM CDT FRI OCT 20 2017


...................................

...THE LAWRENCE KS CLIMATE SUMMARY FOR OCTOBER 19 2017...

CLIMATE NORMAL PERIOD 1981 TO 2010
CLIMATE RECORD PERIOD 9999 TO 9999


WEATHER ITEM   OBSERVED NORMAL DEPARTURE LAST
                VALUE   VALUE  FROM      YEAR
                               NORMAL
...............................................
TEMPERATURE (F)
 YESTERDAY
  MAXIMUM         80     68     12       70
  MINIMUM         44     42      2       48
  AVERAGE         62     55      7       59

PRECIPITATION (IN)
  YESTERDAY        0.00   0.08  -0.08     0.00
  MONTH TO DATE    1.08   2.01  -0.93     1.52
  SINCE SEP 1      4.55   6.17  -1.62     7.64
  SINCE JAN 1     31.69  34.03  -2.34    31.23

DEGREE DAYS
 HEATING
  YESTERDAY        3     10     -7        6
  MONTH TO DATE   82    149    -67       90
  SINCE SEP 1    101    209   -108      118
  SINCE JUL 1    104    212   -108      118

 COOLING
  YESTERDAY        0      0      0        0
  MONTH TO DATE   45     24     21       37
  SINCE SEP 1    248    177     71      258
  SINCE JAN 1   1327   1368    -41     1575
...............................................


WIND (MPH)
  HIGHEST WIND SPEED    16   HIGHEST WIND DIRECTION    SE (150)
  HIGHEST GUST SPEED    19   HIGHEST GUST DIRECTION     S (170)
  AVERAGE WIND SPEED     5.6


SKY COVER
  AVERAGE SKY COVER 0.0


WEATHER CONDITIONS
 THE FOLLOWING WEATHER WAS RECORDED YESTERDAY.
  FOG
  HAZE


RELATIVE HUMIDITY (PERCENT)
 HIGHEST   100
 LOWEST     39
 AVERAGE    70

..........................................................


THE LAWRENCE KS CLIMATE NORMALS FOR TODAY
                         NORMAL
 MAXIMUM TEMPERATURE (F)   67
 MINIMUM TEMPERATURE (F)   42


SUNRISE AND SUNSET
OCTOBER 20 2017.......SUNRISE   736 AM CDT   SUNSET   635 PM CDT
OCTOBER 21 2017.......SUNRISE   737 AM CDT   SUNSET   633 PM CDT


-  INDICATES NEGATIVE NUMBERS.
R  INDICATES RECORD WAS SET OR TIED.
MM INDICATES DATA IS MISSING.
T  INDICATES TRACE AMOUNT.




$$
