000
CDUS43 KTOP 020643
CLILWC


CLIMATE REPORT
NATIONAL WEATHER SERVICE TOPEKA KS
143 AM CDT TUE SEP 2 2014


...................................

...THE LAWRENCE KS CLIMATE SUMMARY FOR SEPTEMBER 1 2014...

CLIMATE NORMAL PERIOD 1981 TO 2010
CLIMATE RECORD PERIOD 9999 TO 9999


WEATHER ITEM   OBSERVED NORMAL DEPARTURE LAST
                VALUE   VALUE  FROM      YEAR
                               NORMAL
...............................................
TEMPERATURE (F)
 YESTERDAY
  MAXIMUM         MM     87     MM       89
  MINIMUM         MM     61     MM       64
  AVERAGE         MM     74     MM       77

PRECIPITATION (IN)
  YESTERDAY        1.00   0.18   0.82    MM
  MONTH TO DATE    1.00   0.18   0.82    MM
  SINCE SEP 1      1.00   0.18   0.82    MM
  SINCE JAN 1     25.45  28.04  -2.59    20.28

DEGREE DAYS
 HEATING
  YESTERDAY       MM      0     MM        0
  MONTH TO DATE   MM      0     MM        0
  SINCE SEP 1     MM      0     MM        0
  SINCE JUL 1      1      3     -2        0

 COOLING
  YESTERDAY       MM      9     MM       12
  MONTH TO DATE   MM      9     MM       12
  SINCE SEP 1     MM      9     MM       12
  SINCE JAN 1   1307   1200    107     1233
...............................................


WIND (MPH)
  HIGHEST WIND SPEED    17   HIGHEST WIND DIRECTION    SE (150)
  HIGHEST GUST SPEED    24   HIGHEST GUST DIRECTION     S (190)
  AVERAGE WIND SPEED     8.2


SKY COVER
  AVERAGE SKY COVER 0.7


WEATHER CONDITIONS
 THE FOLLOWING WEATHER WAS RECORDED YESTERDAY.
  THUNDERSTORM
  HEAVY RAIN
  LIGHT RAIN


RELATIVE HUMIDITY (PERCENT)
 HIGHEST    MM
 LOWEST     MM
 AVERAGE    MM

..........................................................


THE LAWRENCE KS CLIMATE NORMALS FOR TODAY
                         NORMAL
 MAXIMUM TEMPERATURE (F)   86
 MINIMUM TEMPERATURE (F)   61


SUNRISE AND SUNSET
SEPTEMBER  2 2014.....SUNRISE   651 AM CDT   SUNSET   750 PM CDT
SEPTEMBER  3 2014.....SUNRISE   651 AM CDT   SUNSET   748 PM CDT


-  INDICATES NEGATIVE NUMBERS.
R  INDICATES RECORD WAS SET OR TIED.
MM INDICATES DATA IS MISSING.
T  INDICATES TRACE AMOUNT.




$$
