000
CDUS43 KTOP 250633
CLILWC


CLIMATE REPORT
NATIONAL WEATHER SERVICE TOPEKA KS
1233 AM CST SUN JAN 25 2015


...................................

...THE LAWRENCE KS CLIMATE SUMMARY FOR JANUARY 24 2015...

CLIMATE NORMAL PERIOD 1981 TO 2010
CLIMATE RECORD PERIOD 9999 TO 9999


WEATHER ITEM   OBSERVED NORMAL DEPARTURE LAST
                VALUE   VALUE  FROM      YEAR
                               NORMAL
...............................................
TEMPERATURE (F)
 YESTERDAY
  MAXIMUM         62     41     21       47
  MINIMUM         21     19      2       -1
  AVERAGE         42     30     12       23

PRECIPITATION (IN)
  YESTERDAY        0.04   0.03   0.01     0.00
  MONTH TO DATE    0.04   0.71  -0.67     0.07
  SINCE DEC 1      1.90   2.18  -0.28     0.53
  SINCE JAN 1      0.04   0.71  -0.67     0.07

DEGREE DAYS
 HEATING
  YESTERDAY       23     35    -12       42
  MONTH TO DATE  901    861     40      929
  SINCE DEC 1   1835   1896    -61     2050
  SINCE JUL 1   3015   2904    111     3080

 COOLING
  YESTERDAY        0      0      0        0
  MONTH TO DATE    0      0      0        0
  SINCE DEC 1      0      0      0        0
  SINCE JAN 1      0      0      0        0
...............................................


WIND (MPH)
  HIGHEST WIND SPEED    24   HIGHEST WIND DIRECTION     W (280)
  HIGHEST GUST SPEED    35   HIGHEST GUST DIRECTION     W (270)
  AVERAGE WIND SPEED     8.4


SKY COVER
  AVERAGE SKY COVER 0.2


WEATHER CONDITIONS
 THE FOLLOWING WEATHER WAS RECORDED YESTERDAY.
  LIGHT RAIN


RELATIVE HUMIDITY (PERCENT)
 HIGHEST    92
 LOWEST     29
 AVERAGE    61

..........................................................


THE LAWRENCE KS CLIMATE NORMALS FOR TODAY
                         NORMAL
 MAXIMUM TEMPERATURE (F)   41
 MINIMUM TEMPERATURE (F)   19


SUNRISE AND SUNSET
JANUARY 25 2015.......SUNRISE   733 AM CST   SUNSET   534 PM CST
JANUARY 26 2015.......SUNRISE   732 AM CST   SUNSET   535 PM CST


-  INDICATES NEGATIVE NUMBERS.
R  INDICATES RECORD WAS SET OR TIED.
MM INDICATES DATA IS MISSING.
T  INDICATES TRACE AMOUNT.




$$
