109
CDUS43 KTOP 282135
CLILWC


CLIMATE REPORT
NATIONAL WEATHER SERVICE TOPEKA KS
434 PM CDT WED SEP 28 2016


...................................

...THE LAWRENCE KS CLIMATE SUMMARY FOR SEPTEMBER 28 2016...
VALID TODAY AS OF 0400 PM LOCAL TIME.

CLIMATE NORMAL PERIOD 1981 TO 2010
CLIMATE RECORD PERIOD 9999 TO 9999


WEATHER ITEM   OBSERVED NORMAL DEPARTURE LAST
                VALUE   VALUE  FROM      YEAR
                               NORMAL
...............................................
TEMPERATURE (F)
 TODAY
  MAXIMUM         69     76     -7       84
  MINIMUM         53     50      3       54
  AVERAGE         61     63     -2       69

PRECIPITATION (IN)
  TODAY            0.00   0.13  -0.13     0.00
  MONTH TO DATE    6.12   3.92   2.20     3.21
  SINCE SEP 1      6.12   3.92   2.20     3.21
  SINCE JAN 1     29.71  31.78  -2.07    33.13

DEGREE DAYS
 HEATING
  TODAY            4      5     -1        0
  MONTH TO DATE   16     49    -33       16
  SINCE SEP 1     16     49    -33       16
  SINCE JUL 1     16     52    -36       18

 COOLING
  TODAY            0      2     -2        4
  MONTH TO DATE  221    148     73      249
  SINCE SEP 1    221    148     73      249
  SINCE JAN 1   1538   1339    199     1378
...............................................


WIND (MPH)
  HIGHEST WIND SPEED    21   HIGHEST WIND DIRECTION     N (340)
  HIGHEST GUST SPEED    26   HIGHEST GUST DIRECTION     N (350)
  AVERAGE WIND SPEED     9.9



WEATHER CONDITIONS
 THE FOLLOWING WEATHER WAS RECORDED TODAY.
  NO SIGNIFICANT WEATHER WAS OBSERVED.


RELATIVE HUMIDITY (PERCENT)
 HIGHEST   100
 LOWEST     47
 AVERAGE    74

..........................................................


THE LAWRENCE KS CLIMATE NORMALS FOR TOMORROW
                         NORMAL
 MAXIMUM TEMPERATURE (F)   76
 MINIMUM TEMPERATURE (F)   49


SUNRISE AND SUNSET
SEPTEMBER 28 2016.....SUNRISE   714 AM CDT   SUNSET   707 PM CDT
SEPTEMBER 29 2016.....SUNRISE   715 AM CDT   SUNSET   706 PM CDT


-  INDICATES NEGATIVE NUMBERS.
R  INDICATES RECORD WAS SET OR TIED.
MM INDICATES DATA IS MISSING.
T  INDICATES TRACE AMOUNT.




$$
