000
CDUS43 KTOP 230646
CLILWC


CLIMATE REPORT
NATIONAL WEATHER SERVICE TOPEKA KS
1245 AM CST FRI FEB 23 2018


...................................

...THE LAWRENCE KS CLIMATE SUMMARY FOR FEBRUARY 22 2018...

CLIMATE NORMAL PERIOD 1981 TO 2010
CLIMATE RECORD PERIOD 9999 TO 9999


WEATHER ITEM   OBSERVED NORMAL DEPARTURE LAST
                VALUE   VALUE  FROM      YEAR
                               NORMAL
...............................................
TEMPERATURE (F)
 YESTERDAY
  MAXIMUM         33     48    -15       82
  MINIMUM         27     25      2       33
  AVERAGE         30     36     -6       58

PRECIPITATION (IN)
  YESTERDAY        0.08   0.05   0.03     0.00
  MONTH TO DATE    0.92   1.02  -0.10      T
  SINCE DEC 1      1.92   3.50  -1.58     1.98
  SINCE JAN 1      1.68   2.03  -0.35     0.98

DEGREE DAYS
 HEATING
  YESTERDAY       35     29      6        7
  MONTH TO DATE  775    699     76      461
  SINCE DEC 1   2915   2842     73     2506
  SINCE JUL 1   3805   3850    -45     3150

 COOLING
  YESTERDAY        0      0      0        0
  MONTH TO DATE    0      0      0        0
  SINCE DEC 1      0      0      0        0
  SINCE JAN 1      0      0      0        0
...............................................


WIND (MPH)
  HIGHEST WIND SPEED    14   HIGHEST WIND DIRECTION     E (90)
  HIGHEST GUST SPEED    17   HIGHEST GUST DIRECTION    NE (60)
  AVERAGE WIND SPEED     6.1


SKY COVER
  AVERAGE SKY COVER 1.0


WEATHER CONDITIONS
 THE FOLLOWING WEATHER WAS RECORDED YESTERDAY.
  LIGHT RAIN
  LT FREEZING RAIN
  FOG


RELATIVE HUMIDITY (PERCENT)
 HIGHEST   100
 LOWEST     92
 AVERAGE    96

..........................................................


THE LAWRENCE KS CLIMATE NORMALS FOR TODAY
                         NORMAL
 MAXIMUM TEMPERATURE (F)   48
 MINIMUM TEMPERATURE (F)   25


SUNRISE AND SUNSET
FEBRUARY 23 2018......SUNRISE   702 AM CST   SUNSET   607 PM CST
FEBRUARY 24 2018......SUNRISE   700 AM CST   SUNSET   608 PM CST


-  INDICATES NEGATIVE NUMBERS.
R  INDICATES RECORD WAS SET OR TIED.
MM INDICATES DATA IS MISSING.
T  INDICATES TRACE AMOUNT.




$$
