000
CDUS43 KTOP 300631
CLILWC


CLIMATE REPORT
NATIONAL WEATHER SERVICE TOPEKA KS
131 AM CDT SAT JUL 30 2016


...................................

...THE LAWRENCE KS CLIMATE SUMMARY FOR JULY 29 2016...

CLIMATE NORMAL PERIOD 1981 TO 2010
CLIMATE RECORD PERIOD 9999 TO 9999


WEATHER ITEM   OBSERVED NORMAL DEPARTURE LAST
                VALUE   VALUE  FROM      YEAR
                               NORMAL
...............................................
TEMPERATURE (F)
 YESTERDAY
  MAXIMUM         86     90     -4       86
  MINIMUM         65     68     -3       67
  AVERAGE         76     79     -3       77

PRECIPITATION (IN)
  YESTERDAY        0.00   0.11  -0.11     0.74
  MONTH TO DATE    4.70   3.90   0.80     8.41
  SINCE JUN 1      5.79   9.36  -3.57    12.72
  SINCE JAN 1     20.43  23.25  -2.82    27.00

DEGREE DAYS
 HEATING
  YESTERDAY        0      0      0        0
  MONTH TO DATE    0      0      0        1
  SINCE JUN 1      0      8     -8        4
  SINCE JUL 1      0      0      0        1

 COOLING
  YESTERDAY       11     14     -3       12
  MONTH TO DATE  421    387     34      399
  SINCE JUN 1    833    662    171      739
  SINCE JAN 1    913    781    132      815
...............................................


WIND (MPH)
  HIGHEST WIND SPEED    13   HIGHEST WIND DIRECTION     N (340)
  HIGHEST GUST SPEED    16   HIGHEST GUST DIRECTION     N (340)
  AVERAGE WIND SPEED     4.9


SKY COVER
  AVERAGE SKY COVER 0.2


WEATHER CONDITIONS
 THE FOLLOWING WEATHER WAS RECORDED YESTERDAY.
  NO SIGNIFICANT WEATHER WAS OBSERVED.


RELATIVE HUMIDITY (PERCENT)
 HIGHEST   100
 LOWEST     48
 AVERAGE    74

..........................................................


THE LAWRENCE KS CLIMATE NORMALS FOR TODAY
                         NORMAL
 MAXIMUM TEMPERATURE (F)   90
 MINIMUM TEMPERATURE (F)   68


SUNRISE AND SUNSET
JULY 30 2016..........SUNRISE   620 AM CDT   SUNSET   834 PM CDT
JULY 31 2016..........SUNRISE   621 AM CDT   SUNSET   833 PM CDT


-  INDICATES NEGATIVE NUMBERS.
R  INDICATES RECORD WAS SET OR TIED.
MM INDICATES DATA IS MISSING.
T  INDICATES TRACE AMOUNT.




$$
