000
CDUS43 KTOP 110632
CLILWC


CLIMATE REPORT
NATIONAL WEATHER SERVICE TOPEKA KS
1231 AM CST SUN DEC 11 2016


...................................

...THE LAWRENCE KS CLIMATE SUMMARY FOR DECEMBER 10 2016...

CLIMATE NORMAL PERIOD 1981 TO 2010
CLIMATE RECORD PERIOD 9999 TO 9999


WEATHER ITEM   OBSERVED NORMAL DEPARTURE LAST
                VALUE   VALUE  FROM      YEAR
                               NORMAL
...............................................
TEMPERATURE (F)
 YESTERDAY
  MAXIMUM         38     43     -5       65
  MINIMUM         19     22     -3       29
  AVERAGE         29     33     -4       47

PRECIPITATION (IN)
  YESTERDAY        0.00   0.05  -0.05     0.00
  MONTH TO DATE    0.66   0.42   0.24     0.00
  SINCE DEC 1      0.66   0.42   0.24     0.00
  SINCE JAN 1     32.25  37.50  -5.25    39.27

DEGREE DAYS
 HEATING
  YESTERDAY       36     32      4       18
  MONTH TO DATE  356    306     50      238
  SINCE DEC 1    356    306     50      238
  SINCE JUL 1   1000   1314   -314     1061

 COOLING
  YESTERDAY        0      0      0        0
  MONTH TO DATE    0      0      0        0
  SINCE DEC 1      0      0      0        0
  SINCE JAN 1   1599   1371    228     1407
...............................................


WIND (MPH)
  HIGHEST WIND SPEED    17   HIGHEST WIND DIRECTION    SE (130)
  HIGHEST GUST SPEED    21   HIGHEST GUST DIRECTION    SE (130)
  AVERAGE WIND SPEED     8.0


SKY COVER
  AVERAGE SKY COVER 0.8


WEATHER CONDITIONS
 THE FOLLOWING WEATHER WAS RECORDED YESTERDAY.
  NO SIGNIFICANT WEATHER WAS OBSERVED.


RELATIVE HUMIDITY (PERCENT)
 HIGHEST    84
 LOWEST     56
 AVERAGE    70

..........................................................


THE LAWRENCE KS CLIMATE NORMALS FOR TODAY
                         NORMAL
 MAXIMUM TEMPERATURE (F)   43
 MINIMUM TEMPERATURE (F)   22


SUNRISE AND SUNSET
DECEMBER 11 2016......SUNRISE   730 AM CST   SUNSET   459 PM CST
DECEMBER 12 2016......SUNRISE   731 AM CST   SUNSET   459 PM CST


-  INDICATES NEGATIVE NUMBERS.
R  INDICATES RECORD WAS SET OR TIED.
MM INDICATES DATA IS MISSING.
T  INDICATES TRACE AMOUNT.




$$
