000
CDUS43 KTOP 300636
CLILWC


CLIMATE REPORT
NATIONAL WEATHER SERVICE TOPEKA KS
134 AM CDT SAT MAY 30 2015


...................................

...THE LAWRENCE KS CLIMATE SUMMARY FOR MAY 29 2015...

CLIMATE NORMAL PERIOD 1981 TO 2010
CLIMATE RECORD PERIOD 9999 TO 9999


WEATHER ITEM   OBSERVED NORMAL DEPARTURE LAST
                VALUE   VALUE  FROM      YEAR
                               NORMAL
...............................................
TEMPERATURE (F)
 YESTERDAY
  MAXIMUM         73     81     -8       90
  MINIMUM         63     58      5       64
  AVERAGE         68     69     -1       77

PRECIPITATION (IN)
  YESTERDAY        0.53   0.17   0.36     0.00
  MONTH TO DATE    9.07   4.83   4.24     2.07
  SINCE MAR 1     12.59  11.22   1.37     6.61
  SINCE JAN 1     14.28  13.53   0.75     7.66

DEGREE DAYS
 HEATING
  YESTERDAY        0      1     -1        0
  MONTH TO DATE   88    103    -15      114
  SINCE MAR 1    931   1067   -136     1209
  SINCE JUL 1   5220   5082    138     5635

 COOLING
  YESTERDAY        3      5     -2       12
  MONTH TO DATE   71     84    -13      160
  SINCE MAR 1     76    107    -31      170
  SINCE JAN 1     76    107    -31      170
...............................................


WIND (MPH)
  HIGHEST WIND SPEED    17   HIGHEST WIND DIRECTION    SE (120)
  HIGHEST GUST SPEED    22   HIGHEST GUST DIRECTION    SE (120)
  AVERAGE WIND SPEED     6.6


SKY COVER
  AVERAGE SKY COVER 0.7


WEATHER CONDITIONS
 THE FOLLOWING WEATHER WAS RECORDED YESTERDAY.
  RAIN
  LIGHT RAIN
  FOG


RELATIVE HUMIDITY (PERCENT)
 HIGHEST    93
 LOWEST     79
 AVERAGE    86

..........................................................


THE LAWRENCE KS CLIMATE NORMALS FOR TODAY
                         NORMAL
 MAXIMUM TEMPERATURE (F)   81
 MINIMUM TEMPERATURE (F)   58


SUNRISE AND SUNSET
MAY 30 2015...........SUNRISE   558 AM CDT   SUNSET   839 PM CDT
MAY 31 2015...........SUNRISE   558 AM CDT   SUNSET   840 PM CDT


-  INDICATES NEGATIVE NUMBERS.
R  INDICATES RECORD WAS SET OR TIED.
MM INDICATES DATA IS MISSING.
T  INDICATES TRACE AMOUNT.




$$
