000
CDUS43 KTOP 040631
CLILWC


CLIMATE REPORT
NATIONAL WEATHER SERVICE TOPEKA KS
131 AM CDT FRI SEP 4 2015


...................................

...THE LAWRENCE KS CLIMATE SUMMARY FOR SEPTEMBER 3 2015...

CLIMATE NORMAL PERIOD 1981 TO 2010
CLIMATE RECORD PERIOD 9999 TO 9999


WEATHER ITEM   OBSERVED NORMAL DEPARTURE LAST
                VALUE   VALUE  FROM      YEAR
                               NORMAL
...............................................
TEMPERATURE (F)
 YESTERDAY
  MAXIMUM         93     86      7       88
  MINIMUM         71     60     11       64
  AVERAGE         82     73      9       76

PRECIPITATION (IN)
  YESTERDAY        0.00   0.17  -0.17     2.57
  MONTH TO DATE    0.06   0.53  -0.47     3.57
  SINCE SEP 1      0.06   0.53  -0.47     3.57
  SINCE JAN 1     29.98  28.39   1.59    28.02

DEGREE DAYS
 HEATING
  YESTERDAY        0      0      0        0
  MONTH TO DATE    0      0      0        0
  SINCE SEP 1      0      0      0        0
  SINCE JUL 1      2      3     -1        1

 COOLING
  YESTERDAY       17      8      9       11
  MONTH TO DATE   49     26     23       11
  SINCE SEP 1     49     26     23       11
  SINCE JAN 1   1178   1217    -39     1318
...............................................


WIND (MPH)
  HIGHEST WIND SPEED    21   HIGHEST WIND DIRECTION     S (180)
  HIGHEST GUST SPEED    25   HIGHEST GUST DIRECTION     S (160)
  AVERAGE WIND SPEED     9.3


SKY COVER
  AVERAGE SKY COVER 0.0


WEATHER CONDITIONS
 THE FOLLOWING WEATHER WAS RECORDED YESTERDAY.
  NO SIGNIFICANT WEATHER WAS OBSERVED.


RELATIVE HUMIDITY (PERCENT)
 HIGHEST    87
 LOWEST     44
 AVERAGE    66

..........................................................


THE LAWRENCE KS CLIMATE NORMALS FOR TODAY
                         NORMAL
 MAXIMUM TEMPERATURE (F)   86
 MINIMUM TEMPERATURE (F)   60


SUNRISE AND SUNSET
SEPTEMBER  4 2015.....SUNRISE   652 AM CDT   SUNSET   747 PM CDT
SEPTEMBER  5 2015.....SUNRISE   653 AM CDT   SUNSET   745 PM CDT


-  INDICATES NEGATIVE NUMBERS.
R  INDICATES RECORD WAS SET OR TIED.
MM INDICATES DATA IS MISSING.
T  INDICATES TRACE AMOUNT.




$$
