000
CDUS46 KOTX 180827
CLILWS


CLIMATE REPORT
NATIONAL WEATHER SERVICE SPOKANE, WA
126 AM PDT THU SEP 18 2014


...................................

...THE LEWISTON ID AIRPORT CLIMATE SUMMARY FOR SEPTEMBER 17 2014...

CLIMATE NORMAL PERIOD 1981 TO 2010
CLIMATE RECORD PERIOD 1881 TO 2014


WEATHER ITEM   OBSERVED TIME   RECORD YEAR NORMAL DEPARTURE LAST
                VALUE   (LST)  VALUE       VALUE  FROM      YEAR
                                                  NORMAL
..................................................................
TEMPERATURE (F)
 YESTERDAY
  MAXIMUM         89    227 PM 101    1938  78     11       71
  MINIMUM         58    537 AM  28    1965  51      7       54
  AVERAGE         74                        64     10       63

PRECIPITATION (IN)
  YESTERDAY        0.00          0.54 1947   0.03  -0.03     0.31
  MONTH TO DATE    T                         0.37  -0.37     0.73
  SINCE OCT 1      9.20                     12.01  -2.81    11.28
  SINCE JAN 1      7.67                      8.90  -1.23     7.12

SNOWFALL (IN)
  YESTERDAY        0.0           0.0  1998   0.0    0.0      0.0
  MONTH TO DATE    0.0                       0.0    0.0      0.0
  SINCE SEP 1      0.0                       0.0    0.0      0.0
  SINCE JUL 1      0.0                       0.0    0.0      0.0
  SNOW DEPTH       0

DEGREE DAYS
 HEATING
  YESTERDAY        0                         3     -3        2
  MONTH TO DATE   13                        31    -18        2
  SINCE SEP 1     13                        31    -18        2
  SINCE JUL 1     13                        46    -33        2

 COOLING
  YESTERDAY        9                         3      6        0
  MONTH TO DATE   57                        69    -12      179
  SINCE SEP 1     57                        69    -12      179
  SINCE JAN 1   1027                       786    241     1173
..................................................................


WIND (MPH)
  HIGHEST WIND SPEED     8   HIGHEST WIND DIRECTION     W (280)
  HIGHEST GUST SPEED    14   HIGHEST GUST DIRECTION     W (280)
  AVERAGE WIND SPEED     2.8


SKY COVER
  POSSIBLE SUNSHINE  MM
  AVERAGE SKY COVER 0.0


WEATHER CONDITIONS
 THE FOLLOWING WEATHER WAS RECORDED YESTERDAY.
  HAZE


RELATIVE HUMIDITY (PERCENT)
 HIGHEST    44           600 AM
 LOWEST     23           100 PM
 AVERAGE    34

..........................................................


THE LEWISTON ID AIRPORT CLIMATE NORMALS FOR TODAY
                         NORMAL    RECORD    YEAR
 MAXIMUM TEMPERATURE (F)   77       101      1938
 MINIMUM TEMPERATURE (F)   50        35      1965


SUNRISE AND SUNSET
SEPTEMBER 18 2014.....SUNRISE   630 AM PDT   SUNSET   653 PM PDT
SEPTEMBER 19 2014.....SUNRISE   631 AM PDT   SUNSET   651 PM PDT


-  INDICATES NEGATIVE NUMBERS.
R  INDICATES RECORD WAS SET OR TIED.
MM INDICATES DATA IS MISSING.
T  INDICATES TRACE AMOUNT.




$$
