000
CDUS46 KOTX 240448
CLILWS


CLIMATE REPORT
NATIONAL WEATHER SERVICE SPOKANE, WA
948 PM PDT WED AUG 23 2017


...................................

...THE LEWISTON ID AIRPORT CLIMATE SUMMARY FOR AUGUST 23 2017...
VALID TODAY AS OF 0800 PM LOCAL TIME.

CLIMATE NORMAL PERIOD 1981 TO 2010
CLIMATE RECORD PERIOD 1881 TO 2017


WEATHER ITEM   OBSERVED TIME   RECORD YEAR NORMAL DEPARTURE LAST
                VALUE   (LST)  VALUE       VALUE  FROM      YEAR
                                                  NORMAL
..................................................................
TEMPERATURE (F)
 TODAY
  MAXIMUM         86    504 PM 107    1901  87     -1       84
  MINIMUM         62    532 AM  42    1992  58      4       50
  AVERAGE         74                        72      2       67

PRECIPITATION (IN)
  TODAY            T             1.17 1989   0.02  -0.02     0.00
  MONTH TO DATE    0.02                      0.49  -0.47     0.24
  SINCE OCT 1     15.28                     11.44   3.84    13.09
  SINCE JAN 1     10.40                      8.33   2.07     9.64

DEGREE DAYS
 HEATING
  TODAY            0                         0      0        0
  MONTH TO DATE    0                         0      0        2
  SINCE JUN 1     37                        77    -40       68
  SINCE JUL 1      0                         7     -7       11

 COOLING
  TODAY            9                         8      1        2
  MONTH TO DATE  299                       232     67      247
  SINCE JUN 1    876                       630    246      697
  SINCE JAN 1    927                       662    265      737
..................................................................


WIND (MPH)
  HIGHEST WIND SPEED     7   HIGHEST WIND DIRECTION    NW (320)
  HIGHEST GUST SPEED    10   HIGHEST GUST DIRECTION     N (360)
  AVERAGE WIND SPEED     1.9


SKY COVER
  POSSIBLE SUNSHINE  MM
  AVERAGE SKY COVER 0.0


WEATHER CONDITIONS
 THE FOLLOWING WEATHER WAS RECORDED TODAY.
  LIGHT RAIN


RELATIVE HUMIDITY (PERCENT)
 HIGHEST    48           700 AM
 LOWEST     25           300 PM
 AVERAGE    37

..........................................................


THE LEWISTON ID AIRPORT CLIMATE NORMALS FOR TOMORROW
                         NORMAL    RECORD    YEAR
 MAXIMUM TEMPERATURE (F)   87       106      1966
 MINIMUM TEMPERATURE (F)   58        41      1992


SUNRISE AND SUNSET
AUGUST 23 2017........SUNRISE   557 AM PDT   SUNSET   743 PM PDT
AUGUST 24 2017........SUNRISE   559 AM PDT   SUNSET   741 PM PDT


-  INDICATES NEGATIVE NUMBERS.
R  INDICATES RECORD WAS SET OR TIED.
MM INDICATES DATA IS MISSING.
T  INDICATES TRACE AMOUNT.




$$
