000
CDUS46 KOTX 240835
CLILWS


CLIMATE REPORT
NATIONAL WEATHER SERVICE SPOKANE, WA
1235 AM PST FRI FEB 24 2017


...................................

...THE LEWISTON ID AIRPORT CLIMATE SUMMARY FOR FEBRUARY 23 2017...

CLIMATE NORMAL PERIOD 1981 TO 2010
CLIMATE RECORD PERIOD 1881 TO 2017


WEATHER ITEM   OBSERVED TIME   RECORD YEAR NORMAL DEPARTURE LAST
                VALUE   (LST)  VALUE       VALUE  FROM      YEAR
                                                  NORMAL
..................................................................
TEMPERATURE (F)
 YESTERDAY
  MAXIMUM         42    136 PM  66    1968  49     -7       52
  MINIMUM         27   1153 PM   9    1894  31     -4       27
  AVERAGE         35                        40     -5       40

PRECIPITATION (IN)
  YESTERDAY        0.00          0.64 1933   0.03  -0.03     0.00
  MONTH TO DATE    1.65                      0.63   1.02     0.47
  SINCE OCT 1      7.34                      4.82   2.52     4.85
  SINCE JAN 1      2.46                      1.71   0.75     1.40

SNOWFALL (IN)
  YESTERDAY        0.0           2.4  1910   0.0    0.0      0.0
  MONTH TO DATE    3.6                       1.8    1.8      0.2
  SINCE DEC 1     30.0                       7.7   22.3      6.4
  SINCE JUL 1     30.0                       9.5   20.5      6.4
  SNOW DEPTH       0

DEGREE DAYS
 HEATING
  YESTERDAY       30                        25      5       25
  MONTH TO DATE  615                       614      1      478
  SINCE DEC 1   2929                      2493    436     2151
  SINCE JUL 1   3878                      3733    145     3154

 COOLING
  YESTERDAY        0                         0      0        0
  MONTH TO DATE    0                         0      0        0
  SINCE DEC 1      0                         0      0        0
  SINCE JAN 1      0                         0      0        0
..................................................................


WIND (MPH)
  HIGHEST WIND SPEED    20   HIGHEST WIND DIRECTION    NW (320)
  HIGHEST GUST SPEED    23   HIGHEST GUST DIRECTION    NW (330)
  AVERAGE WIND SPEED     6.6


SKY COVER
  POSSIBLE SUNSHINE  MM
  AVERAGE SKY COVER 0.3


WEATHER CONDITIONS
 THE FOLLOWING WEATHER WAS RECORDED YESTERDAY.
  LIGHT RAIN


RELATIVE HUMIDITY (PERCENT)
 HIGHEST    82           200 AM
 LOWEST     50           400 PM
 AVERAGE    66

..........................................................


THE LEWISTON ID AIRPORT CLIMATE NORMALS FOR TODAY
                         NORMAL    RECORD    YEAR
 MAXIMUM TEMPERATURE (F)   49        72      1986
 MINIMUM TEMPERATURE (F)   32        13      1962


SUNRISE AND SUNSET
FEBRUARY 24 2017......SUNRISE   636 AM PST   SUNSET   527 PM PST
FEBRUARY 25 2017......SUNRISE   634 AM PST   SUNSET   529 PM PST


-  INDICATES NEGATIVE NUMBERS.
R  INDICATES RECORD WAS SET OR TIED.
MM INDICATES DATA IS MISSING.
T  INDICATES TRACE AMOUNT.




$$
