000
CDUS46 KOTX 220820
CLILWS


CLIMATE REPORT
NATIONAL WEATHER SERVICE SPOKANE, WA
1219 AM PST MON JAN 22 2018


...................................

...THE LEWISTON ID AIRPORT CLIMATE SUMMARY FOR JANUARY 21 2018...

CLIMATE NORMAL PERIOD 1981 TO 2010
CLIMATE RECORD PERIOD 1881 TO 2018


WEATHER ITEM   OBSERVED TIME   RECORD YEAR NORMAL DEPARTURE LAST
                VALUE   (LST)  VALUE       VALUE  FROM      YEAR
                                                  NORMAL
..................................................................
TEMPERATURE (F)
 YESTERDAY
  MAXIMUM         44   1129 PM  60    1934  42      2       46
  MINIMUM         32    726 AM -18    1937  30      2       35
  AVERAGE         38                        36      2       41

PRECIPITATION (IN)
  YESTERDAY        0.00          0.97 1913   0.03  -0.03      T
  MONTH TO DATE    1.24                      0.75   0.49     0.62
  SINCE OCT 1      6.80                      3.86   2.94     5.50
  SINCE JAN 1      1.24                      0.75   0.49     0.62

SNOWFALL (IN)
  YESTERDAY        0.0           9.5  1913   0.0    0.0      0.0
  MONTH TO DATE    0.0                       1.7   -1.7      4.1
  SINCE DEC 1     13.0                       5.2    7.8     23.8
  SINCE JUL 1     13.0                       7.0    6.0     23.8
  SNOW DEPTH       0

DEGREE DAYS
 HEATING
  YESTERDAY       27                        29     -2       24
  MONTH TO DATE  535                       630    -95      869
  SINCE DEC 1   1577                      1598    -21     1987
  SINCE JUL 1   2743                      2838    -95     2936

 COOLING
  YESTERDAY        0                         0      0        0
  MONTH TO DATE    0                         0      0        0
  SINCE DEC 1      0                         0      0        0
  SINCE JAN 1      0                         0      0        0
..................................................................


WIND (MPH)
  HIGHEST WIND SPEED    21   HIGHEST WIND DIRECTION     S (180)
  HIGHEST GUST SPEED    29   HIGHEST GUST DIRECTION     S (200)
  AVERAGE WIND SPEED     8.4


SKY COVER
  POSSIBLE SUNSHINE  MM
  AVERAGE SKY COVER 0.4


WEATHER CONDITIONS
 THE FOLLOWING WEATHER WAS RECORDED YESTERDAY.
  NO SIGNIFICANT WEATHER WAS OBSERVED.


RELATIVE HUMIDITY (PERCENT)
 HIGHEST    96          1200 AM
 LOWEST     57           100 PM
 AVERAGE    77

..........................................................


THE LEWISTON ID AIRPORT CLIMATE NORMALS FOR TODAY
                         NORMAL    RECORD    YEAR
 MAXIMUM TEMPERATURE (F)   43        60      1919
 MINIMUM TEMPERATURE (F)   30       -15      1930


SUNRISE AND SUNSET
JANUARY 22 2018.......SUNRISE   722 AM PST   SUNSET   438 PM PST
JANUARY 23 2018.......SUNRISE   721 AM PST   SUNSET   439 PM PST


-  INDICATES NEGATIVE NUMBERS.
R  INDICATES RECORD WAS SET OR TIED.
MM INDICATES DATA IS MISSING.
T  INDICATES TRACE AMOUNT.




$$
