000
CDUS46 KOTX 242336
CLILWS


CLIMATE REPORT
NATIONAL WEATHER SERVICE SPOKANE, WA
436 PM PDT SAT SEP 24 2016


...................................

...THE LEWISTON ID AIRPORT CLIMATE SUMMARY FOR SEPTEMBER 24 2016...
VALID AS OF 0400 PM LOCAL TIME.

CLIMATE NORMAL PERIOD 1981 TO 2010
CLIMATE RECORD PERIOD 1881 TO 2016


WEATHER ITEM   OBSERVED TIME   RECORD YEAR NORMAL DEPARTURE LAST
                VALUE   (LST)  VALUE       VALUE  FROM      YEAR
                                                  NORMAL
..................................................................
TEMPERATURE (F)
 TODAY
  MAXIMUM         72    255 PM 100    2011  75     -3       80
  MINIMUM         49    546 AM  27    1926  48      1       50
  AVERAGE         61                        61      0       65

PRECIPITATION (IN)
  TODAY            0.00          0.36 2013   0.02  -0.02     0.00
  MONTH TO DATE    0.52                      0.53  -0.01     0.65
  SINCE OCT 1     13.61                     12.17   1.44    10.96
  SINCE JAN 1     10.16                      9.06   1.10     6.77

SNOWFALL (IN)
  TODAY            0.0           0.0  1998   0.0    0.0      0.0
  MONTH TO DATE    0.0                       0.0    0.0      0.0
  SINCE SEP 1      0.0                       0.0    0.0      0.0
  SINCE JUL 1      0.0                       0.0    0.0      0.0
  SNOW DEPTH       0

DEGREE DAYS
 HEATING
  TODAY            4                         5     -1        0
  MONTH TO DATE   61                        62     -1       66
  SINCE SEP 1     61                        62     -1       66
  SINCE JUL 1     72                        77     -5       66

 COOLING
  TODAY            0                         1     -1        0
  MONTH TO DATE   19                        82    -63       55
  SINCE SEP 1     19                        82    -63       55
  SINCE JAN 1    835                       799     36     1204
..................................................................


WIND (MPH)
  HIGHEST WIND SPEED    12   HIGHEST WIND DIRECTION    NW (320)
  HIGHEST GUST SPEED    14   HIGHEST GUST DIRECTION    NW (320)
  AVERAGE WIND SPEED     3.7


SKY COVER
  POSSIBLE SUNSHINE  MM
  AVERAGE SKY COVER 0.3


WEATHER CONDITIONS
 THE FOLLOWING WEATHER WAS RECORDED TODAY.
  NO SIGNIFICANT WEATHER WAS OBSERVED.


RELATIVE HUMIDITY (PERCENT)
 HIGHEST    71
 LOWEST     29
 AVERAGE    50

..........................................................


THE LEWISTON ID AIRPORT CLIMATE NORMALS FOR TOMORROW
                         NORMAL    RECORD    YEAR
 MAXIMUM TEMPERATURE (F)   74        95      1943
 MINIMUM TEMPERATURE (F)   48        28      1926


SUNRISE AND SUNSET
SEPTEMBER 24 2016.....SUNRISE   638 AM PDT   SUNSET   641 PM PDT
SEPTEMBER 25 2016.....SUNRISE   640 AM PDT   SUNSET   639 PM PDT


-  INDICATES NEGATIVE NUMBERS.
R  INDICATES RECORD WAS SET OR TIED.
MM INDICATES DATA IS MISSING.
T  INDICATES TRACE AMOUNT.




$$
