000
CDUS45 KTFX 300838
CLILWT


CLIMATE REPORT
NATIONAL WEATHER SERVICE GREAT FALLS MT
237 AM MDT FRI SEP 30 2016


...................................

...THE LEWISTOWN MT CLIMATE SUMMARY FOR SEPTEMBER 29 2016...

CLIMATE NORMAL PERIOD 1981 TO 2010
CLIMATE RECORD PERIOD 1896 TO 2016


WEATHER ITEM   OBSERVED TIME   RECORD YEAR NORMAL DEPARTURE LAST
                VALUE   (LST)  VALUE       VALUE  FROM      YEAR
                                                  NORMAL
..................................................................
TEMPERATURE (F)
 YESTERDAY
  MAXIMUM         83   1148 AM  89    1967  63     20       76
  MINIMUM         43    551 AM  20    1912  36      7       38
  AVERAGE         63                        50     13       57

PRECIPITATION (IN)
  YESTERDAY        0.00          1.00 1905   0.04  -0.04     0.00
  MONTH TO DATE    2.41                      1.31   1.10     0.77
  SINCE OCT 1     18.11                     16.81   1.30    14.39
  SINCE JAN 1     16.03                     14.31   1.72    12.08

SNOWFALL (IN)
  YESTERDAY       MM
  SNOW DEPTH       0

DEGREE DAYS
 HEATING
  YESTERDAY        2                        15    -13        8
  MONTH TO DATE  311                       303      8      195
  SINCE SEP 1    311                       303      8      195
  SINCE JUL 1    422                       461    -39      297

 COOLING
  YESTERDAY        0                         0      0        0
  MONTH TO DATE   14                        13      1       25
  SINCE SEP 1     14                        13      1       25
  SINCE JAN 1    259                       209     50      339
..................................................................


WIND (MPH)
  HIGHEST WIND SPEED    22   HIGHEST WIND DIRECTION    SW (230)
  HIGHEST GUST SPEED    26   HIGHEST GUST DIRECTION    SW (220)
  AVERAGE WIND SPEED     6.0


SKY COVER
  AVERAGE SKY COVER 0.2


WEATHER CONDITIONS
 THE FOLLOWING WEATHER WAS RECORDED YESTERDAY.
  THUNDERSTORM


RELATIVE HUMIDITY (PERCENT)
 HIGHEST    92           400 AM
 LOWEST     26          1200 PM
 AVERAGE    59

..........................................................


THE LEWISTOWN MT CLIMATE NORMALS FOR TODAY
                         NORMAL    RECORD    YEAR
 MAXIMUM TEMPERATURE (F)   63        93      1906
 MINIMUM TEMPERATURE (F)   36        17      1985


SUNRISE AND SUNSET
SEPTEMBER 30 2016.....SUNRISE   716 AM MDT   SUNSET   658 PM MDT
OCTOBER  1 2016.......SUNRISE   717 AM MDT   SUNSET   656 PM MDT


-  INDICATES NEGATIVE NUMBERS.
R  INDICATES RECORD WAS SET OR TIED.
MM INDICATES DATA IS MISSING.
T  INDICATES TRACE AMOUNT.




$$
