000
CDUS45 KTFX 010802
CLILWT


CLIMATE REPORT
NATIONAL WEATHER SERVICE GREAT FALLS MT
201 AM MDT SUN MAY 1 2016


...................................

...THE LEWISTOWN MT CLIMATE SUMMARY FOR APRIL 30 2016...

CLIMATE NORMAL PERIOD 1981 TO 2010
CLIMATE RECORD PERIOD 1896 TO 2016


WEATHER ITEM   OBSERVED TIME   RECORD YEAR NORMAL DEPARTURE LAST
                VALUE   (LST)  VALUE       VALUE  FROM      YEAR
                                                  NORMAL
..................................................................
TEMPERATURE (F)
 YESTERDAY
  MAXIMUM         52    444 PM  83    1926  58     -6       62
  MINIMUM         39    304 AM   5    1909  33      6       41
  AVERAGE         46                        45      1       52

PRECIPITATION (IN)
  YESTERDAY        0.00          0.52 1951   0.06  -0.06     0.00
  MONTH TO DATE    1.51                      1.41   0.10     1.75
  SINCE OCT 1      5.79                      5.91  -0.12     6.36
  SINCE JAN 1      3.71                      3.41   0.30     4.05

SNOWFALL (IN)
  YESTERDAY       MM
  SNOW DEPTH       0

DEGREE DAYS
 HEATING
  YESTERDAY       19                        20     -1       13
  MONTH TO DATE  549                       709   -160      634
  SINCE MAR 1   1344                      1703   -359     1327
  SINCE JUL 1   6302                      7507  -1205     6525

 COOLING
  YESTERDAY        0                         0      0        0
  MONTH TO DATE    0                         0      0        0
  SINCE MAR 1      0                         0      0        0
  SINCE JAN 1      0                         0      0        0
..................................................................


WIND (MPH)
  HIGHEST WIND SPEED    17   HIGHEST WIND DIRECTION     E (90)
  HIGHEST GUST SPEED    23   HIGHEST GUST DIRECTION     E (90)
  AVERAGE WIND SPEED     7.6


SKY COVER
  AVERAGE SKY COVER 0.9


WEATHER CONDITIONS
 THE FOLLOWING WEATHER WAS RECORDED YESTERDAY.
  NO SIGNIFICANT WEATHER WAS OBSERVED.


RELATIVE HUMIDITY (PERCENT)
 HIGHEST    85           200 AM
 LOWEST     48           600 PM
 AVERAGE    67

..........................................................


THE LEWISTOWN MT CLIMATE NORMALS FOR TODAY
                         NORMAL    RECORD    YEAR
 MAXIMUM TEMPERATURE (F)   58        82      2000
 MINIMUM TEMPERATURE (F)   33        13      2013


SUNRISE AND SUNSET
MAY  1 2016...........SUNRISE   601 AM MDT   SUNSET   829 PM MDT
MAY  2 2016...........SUNRISE   600 AM MDT   SUNSET   831 PM MDT


-  INDICATES NEGATIVE NUMBERS.
R  INDICATES RECORD WAS SET OR TIED.
MM INDICATES DATA IS MISSING.
T  INDICATES TRACE AMOUNT.




$$
