000
CDUS45 KTFX 050900
CLILWT


CLIMATE REPORT
NATIONAL WEATHER SERVICE GREAT FALLS MT
158 AM MST THU MAR 5 2015


...................................

...THE LEWISTOWN MT CLIMATE SUMMARY FOR MARCH 4 2015...

CLIMATE NORMAL PERIOD 1981 TO 2010
CLIMATE RECORD PERIOD 1896 TO 2015


WEATHER ITEM   OBSERVED TIME   RECORD YEAR NORMAL DEPARTURE LAST
                VALUE   (LST)  VALUE       VALUE  FROM      YEAR
                                                  NORMAL
..................................................................
TEMPERATURE (F)
 YESTERDAY
  MAXIMUM         27    432 PM  69    1987  40    -13       43
  MINIMUM         -6    557 AM -26    1945  18    -24       33
  AVERAGE         11                        29    -18       38

PRECIPITATION (IN)
  YESTERDAY        0.00          0.38 2006   0.02  -0.02     0.00
  MONTH TO DATE    0.04                      0.08  -0.04     0.01
  SINCE OCT 1      3.85                      3.59   0.26     3.37
  SINCE JAN 1      1.54                      1.09   0.45     1.29

SNOWFALL (IN)
  YESTERDAY       MM
  SNOW DEPTH       2

DEGREE DAYS
 HEATING
  YESTERDAY       54                        36     18       27
  MONTH TO DATE  201                       145     56      223
  SINCE MAR 1    201                       145     56      223
  SINCE JUL 1   5399                      5949   -550     6279

 COOLING
  YESTERDAY        0                         0      0        0
  MONTH TO DATE    0                         0      0        0
  SINCE MAR 1      0                         0      0        0
  SINCE JAN 1      0                         0      0        0
..................................................................


WIND (MPH)
  HIGHEST WIND SPEED    15   HIGHEST WIND DIRECTION    SW (230)
  HIGHEST GUST SPEED    16   HIGHEST GUST DIRECTION    NW (300)
  AVERAGE WIND SPEED     6.9


SKY COVER
  AVERAGE SKY COVER 0.1


WEATHER CONDITIONS
 THE FOLLOWING WEATHER WAS RECORDED YESTERDAY.
  NO SIGNIFICANT WEATHER WAS OBSERVED.


RELATIVE HUMIDITY (PERCENT)
 HIGHEST    78           500 AM
 LOWEST     46           200 PM
 AVERAGE    62

..........................................................


THE LEWISTOWN MT CLIMATE NORMALS FOR TODAY
                         NORMAL    RECORD    YEAR
 MAXIMUM TEMPERATURE (F)   41        70      1987
 MINIMUM TEMPERATURE (F)   19       -28      1945


SUNRISE AND SUNSET
MARCH  5 2015.........SUNRISE   651 AM MST   SUNSET   609 PM MST
MARCH  6 2015.........SUNRISE   649 AM MST   SUNSET   610 PM MST


-  INDICATES NEGATIVE NUMBERS.
R  INDICATES RECORD WAS SET OR TIED.
MM INDICATES DATA IS MISSING.
T  INDICATES TRACE AMOUNT.




$$
