815
CDUS45 KTFX 301015
CLILWT


CLIMATE REPORT
NATIONAL WEATHER SERVICE GREAT FALLS MT
414 AM MDT THU MAR 30 2017


...................................

...THE LEWISTOWN MT CLIMATE SUMMARY FOR MARCH 29 2017...

CLIMATE NORMAL PERIOD 1981 TO 2010
CLIMATE RECORD PERIOD 1896 TO 2017


WEATHER ITEM   OBSERVED TIME   RECORD YEAR NORMAL DEPARTURE LAST
                VALUE   (LST)  VALUE       VALUE  FROM      YEAR
                                                  NORMAL
..................................................................
TEMPERATURE (F)
 YESTERDAY
  MAXIMUM         57    300 PM  70    1943  48      9       41
  MINIMUM         30    617 AM -17    1987  26      4       33
  AVERAGE         44                        37      7       37

PRECIPITATION (IN)
  YESTERDAY        0.00          1.13 1938   0.04  -0.04     0.01
  MONTH TO DATE    0.43                      0.90  -0.47     0.68
  SINCE OCT 1      5.86                      4.41   1.45     4.15
  SINCE JAN 1      1.46                      1.91  -0.45     2.07

SNOWFALL (IN)
  YESTERDAY       MM
  SNOW DEPTH       0

DEGREE DAYS
 HEATING
  YESTERDAY       21                        28     -7       28
  MONTH TO DATE  834                       939   -105      741
  SINCE MAR 1    834                       939   -105      741
  SINCE JUL 1   6645                      6743    -98     5699

 COOLING
  YESTERDAY        0                         0      0        0
  MONTH TO DATE    0                         0      0        0
  SINCE MAR 1      0                         0      0        0
  SINCE JAN 1      0                         0      0        0
..................................................................


WIND (MPH)
  HIGHEST WIND SPEED    25   HIGHEST WIND DIRECTION     W (260)
  HIGHEST GUST SPEED    32   HIGHEST GUST DIRECTION    SW (240)
  AVERAGE WIND SPEED     9.5


SKY COVER
  AVERAGE SKY COVER 0.4


WEATHER CONDITIONS
 THE FOLLOWING WEATHER WAS RECORDED YESTERDAY.
  NO SIGNIFICANT WEATHER WAS OBSERVED.


RELATIVE HUMIDITY (PERCENT)
 HIGHEST    72           600 AM
 LOWEST     30           100 PM
 AVERAGE    51

..........................................................


THE LEWISTOWN MT CLIMATE NORMALS FOR TODAY
                         NORMAL    RECORD    YEAR
 MAXIMUM TEMPERATURE (F)   48        76      2004
 MINIMUM TEMPERATURE (F)   26       -20      1936


SUNRISE AND SUNSET
MARCH 30 2017.........SUNRISE   700 AM MDT   SUNSET   745 PM MDT
MARCH 31 2017.........SUNRISE   658 AM MDT   SUNSET   746 PM MDT


-  INDICATES NEGATIVE NUMBERS.
R  INDICATES RECORD WAS SET OR TIED.
MM INDICATES DATA IS MISSING.
T  INDICATES TRACE AMOUNT.




$$
