000
CDUS45 KTFX 281011
CLILWT


CLIMATE REPORT
NATIONAL WEATHER SERVICE GREAT FALLS MT
409 AM MDT MON JUL 28 2014


...................................

...THE LEWISTOWN MT CLIMATE SUMMARY FOR JULY 27 2014...

CLIMATE NORMAL PERIOD 1981 TO 2010
CLIMATE RECORD PERIOD 1896 TO 2014


WEATHER ITEM   OBSERVED TIME   RECORD YEAR NORMAL DEPARTURE LAST
                VALUE   (LST)  VALUE       VALUE  FROM      YEAR
                                                  NORMAL
..................................................................
TEMPERATURE (F)
 YESTERDAY
  MAXIMUM         87    525 PM 100    1947  83      4       88
  MINIMUM         46    503 AM  38    1913  52     -6       53
  AVERAGE         67                        67      0       71

PRECIPITATION (IN)
  YESTERDAY        0.00          0.88 1909   0.05  -0.05     0.00
  MONTH TO DATE    0.89                      1.72  -0.83     1.37
  SINCE OCT 1     11.07                     13.56  -2.49    18.07
  SINCE JAN 1      8.99                     11.06  -2.07    15.56

SNOWFALL (IN)
  YESTERDAY        0.0
  SNOW DEPTH       0

DEGREE DAYS
 HEATING
  YESTERDAY        0                         1     -1        0
  MONTH TO DATE   10                        67    -57       11
  SINCE JUN 1    296                       294      2      231
  SINCE JUL 1     10                        67    -57       11

 COOLING
  YESTERDAY        2                         4     -2        6
  MONTH TO DATE  114                        76     38      107
  SINCE JUN 1    115                        96     19      123
  SINCE JAN 1    115                        98     17      126
..................................................................


WIND (MPH)
  HIGHEST WIND SPEED    18   HIGHEST WIND DIRECTION    SE (120)
  HIGHEST GUST SPEED    22   HIGHEST GUST DIRECTION     E (100)
  AVERAGE WIND SPEED     8.1


SKY COVER
  AVERAGE SKY COVER 0.0


WEATHER CONDITIONS
 THE FOLLOWING WEATHER WAS RECORDED YESTERDAY.
  NO SIGNIFICANT WEATHER WAS OBSERVED.


RELATIVE HUMIDITY (PERCENT)
 HIGHEST    76           500 AM
 LOWEST     17           300 PM
 AVERAGE    47

..........................................................


THE LEWISTOWN MT CLIMATE NORMALS FOR TODAY
                         NORMAL    RECORD    YEAR
 MAXIMUM TEMPERATURE (F)   83        99      1914
 MINIMUM TEMPERATURE (F)   52        35      1929


SUNRISE AND SUNSET
JULY 28 2014..........SUNRISE   552 AM MDT   SUNSET   856 PM MDT
JULY 29 2014..........SUNRISE   554 AM MDT   SUNSET   854 PM MDT


-  INDICATES NEGATIVE NUMBERS.
R  INDICATES RECORD WAS SET OR TIED.
MM INDICATES DATA IS MISSING.
T  INDICATES TRACE AMOUNT.




$$
