000
CDUS45 KTFX 041027
CLILWT


CLIMATE REPORT
NATIONAL WEATHER SERVICE GREAT FALLS MT
425 AM MDT SAT JUL 4 2015


...................................

...THE LEWISTOWN MT CLIMATE SUMMARY FOR JULY 3 2015...

CLIMATE NORMAL PERIOD 1981 TO 2010
CLIMATE RECORD PERIOD 1896 TO 2015


WEATHER ITEM   OBSERVED TIME   RECORD YEAR NORMAL DEPARTURE LAST
                VALUE   (LST)  VALUE       VALUE  FROM      YEAR
                                                  NORMAL
..................................................................
TEMPERATURE (F)
 YESTERDAY
  MAXIMUM         92    246 PM  97    1936  77     15       89
  MINIMUM         55    501 AM  34    1972  49      6       56
  AVERAGE         74                        63     11       73

PRECIPITATION (IN)
  YESTERDAY        0.00          1.30 1902   0.07  -0.07     0.01
  MONTH TO DATE    T                         0.22  -0.22     0.01
  SINCE OCT 1     10.61                     12.06  -1.45    10.19
  SINCE JAN 1      8.30                      9.56  -1.26     8.11

SNOWFALL (IN)
  YESTERDAY       MM
  SNOW DEPTH       0

DEGREE DAYS
 HEATING
  YESTERDAY        0                         4     -4        0
  MONTH TO DATE    0                        12    -12        4
  SINCE JUN 1     86                       239   -153      290
  SINCE JUL 1      0                        12    -12        4

 COOLING
  YESTERDAY        9                         2      7        8
  MONTH TO DATE   19                         6     13        8
  SINCE JUN 1     94                        26     68        9
  SINCE JAN 1     94                        28     66        9
..................................................................


WIND (MPH)
  HIGHEST WIND SPEED    12   HIGHEST WIND DIRECTION     N (360)
  HIGHEST GUST SPEED    15   HIGHEST GUST DIRECTION     N (350)
  AVERAGE WIND SPEED     5.9


SKY COVER
  AVERAGE SKY COVER 0.2


WEATHER CONDITIONS
 THE FOLLOWING WEATHER WAS RECORDED YESTERDAY.
  HAZE


RELATIVE HUMIDITY (PERCENT)
 HIGHEST    77           400 AM
 LOWEST     22           100 PM
 AVERAGE    50

..........................................................


THE LEWISTOWN MT CLIMATE NORMALS FOR TODAY
                         NORMAL    RECORD    YEAR
 MAXIMUM TEMPERATURE (F)   77        98      1937
 MINIMUM TEMPERATURE (F)   49        32      1915


SUNRISE AND SUNSET
JULY  4 2015..........SUNRISE   528 AM MDT   SUNSET   916 PM MDT
JULY  5 2015..........SUNRISE   529 AM MDT   SUNSET   915 PM MDT


-  INDICATES NEGATIVE NUMBERS.
R  INDICATES RECORD WAS SET OR TIED.
MM INDICATES DATA IS MISSING.
T  INDICATES TRACE AMOUNT.




$$
