000
CDUS45 KTFX 232232
CLILWT


CLIMATE REPORT
NATIONAL WEATHER SERVICE GREAT FALLS MT
430 PM MDT TUE AUG 23 2016


...................................

...THE LEWISTOWN MT CLIMATE SUMMARY FOR AUGUST 23 2016...
VALID TODAY AS OF 0400 PM LOCAL TIME.

CLIMATE NORMAL PERIOD 1981 TO 2010
CLIMATE RECORD PERIOD 1896 TO 2016


WEATHER ITEM   OBSERVED TIME   RECORD YEAR NORMAL DEPARTURE LAST
                VALUE   (LST)  VALUE       VALUE  FROM      YEAR
                                                  NORMAL
..................................................................
TEMPERATURE (F)
 TODAY
  MAXIMUM         72    103 PM 101    1969  79     -7       78
  MINIMUM         49    525 AM  33    2015  48      1       33
                                      1992
  AVERAGE         61                        64     -3       56

PRECIPITATION (IN)
  TODAY            0.00          3.34 2014   0.05  -0.05     0.00
  MONTH TO DATE    1.71                      1.29   0.42     0.87
  SINCE OCT 1     15.65                     15.06   0.59    13.37
  SINCE JAN 1     13.57                     12.56   1.01    11.06

DEGREE DAYS
 HEATING
  TODAY            4                         3      1        9
  MONTH TO DATE   34                        48    -14       66
  SINCE JUN 1    169                       348   -179      185
  SINCE JUL 1     79                       121    -42       99

 COOLING
  TODAY            0                         2     -2        0
  MONTH TO DATE   52                        75    -23       94
  SINCE JUN 1    213                       183     30      270
  SINCE JAN 1    213                       185     28      270
..................................................................


WIND (MPH)
  HIGHEST WIND SPEED    25   HIGHEST WIND DIRECTION    NW (300)
  HIGHEST GUST SPEED    34   HIGHEST GUST DIRECTION    NW (300)
  AVERAGE WIND SPEED    13.2


SKY COVER
  AVERAGE SKY COVER 0.1


WEATHER CONDITIONS
 THE FOLLOWING WEATHER WAS RECORDED TODAY.
  NO SIGNIFICANT WEATHER WAS OBSERVED.


RELATIVE HUMIDITY (PERCENT)
 HIGHEST    46
 LOWEST     25
 AVERAGE    36

..........................................................


THE LEWISTOWN MT CLIMATE NORMALS FOR TOMORROW
                         NORMAL    RECORD    YEAR
 MAXIMUM TEMPERATURE (F)   79       101      1969
 MINIMUM TEMPERATURE (F)   48        31      1934


SUNRISE AND SUNSET
AUGUST 23 2016........SUNRISE   626 AM MDT   SUNSET   813 PM MDT
AUGUST 24 2016........SUNRISE   627 AM MDT   SUNSET   812 PM MDT


-  INDICATES NEGATIVE NUMBERS.
R  INDICATES RECORD WAS SET OR TIED.
MM INDICATES DATA IS MISSING.
T  INDICATES TRACE AMOUNT.




$$
