000
CDUS45 KTFX 242343
CLILWT


CLIMATE REPORT
NATIONAL WEATHER SERVICE GREAT FALLS MT
442 PM MST WED DEC 24 2014


...................................

...THE LEWISTOWN MT CLIMATE SUMMARY FOR DECEMBER 24 2014...
VALID TODAY AS OF 0400 PM LOCAL TIME.

CLIMATE NORMAL PERIOD 1981 TO 2010
CLIMATE RECORD PERIOD 1896 TO 2014


WEATHER ITEM   OBSERVED TIME   RECORD YEAR NORMAL DEPARTURE LAST
                VALUE   (LST)  VALUE       VALUE  FROM      YEAR
                                                  NORMAL
..................................................................
TEMPERATURE (F)
 TODAY
  MAXIMUM         45    946 AM  55    1994  33     12       37
  MINIMUM         34    359 PM -42    1983  12     22       19
  AVERAGE         40                        22     18       28

PRECIPITATION (IN)
  TODAY            0.03          0.50 1902   0.03   0.00     0.03
  MONTH TO DATE    0.12                      0.51  -0.39     0.59
  SINCE OCT 1      1.67                      2.35  -0.68     2.01
  SINCE JAN 1     18.24                     16.70   1.54    22.42

SNOWFALL (IN)
  TODAY           MM
  SNOW DEPTH       0

DEGREE DAYS
 HEATING
  TODAY           25                        43    -18       37
  MONTH TO DATE  727                       997   -270     1179
  SINCE DEC 1    727                       997   -270     1179
  SINCE JUL 1   2644                      3125   -481     3157

 COOLING
  TODAY            0                         0      0        0
  MONTH TO DATE    0                         0      0        0
  SINCE DEC 1      0                         0      0        0
  SINCE JAN 1    295                       210     85      277
..................................................................


WIND (MPH)
  HIGHEST WIND SPEED    28   HIGHEST WIND DIRECTION    SW (230)
  HIGHEST GUST SPEED    35   HIGHEST GUST DIRECTION    SW (230)
  AVERAGE WIND SPEED    15.3


SKY COVER
  AVERAGE SKY COVER 1.0


WEATHER CONDITIONS
 THE FOLLOWING WEATHER WAS RECORDED TODAY.
  LIGHT RAIN
  SNOW
  LIGHT SNOW
  FOG


RELATIVE HUMIDITY (PERCENT)
 HIGHEST    92
 LOWEST     51
 AVERAGE    72

..........................................................


THE LEWISTOWN MT CLIMATE NORMALS FOR TOMORROW
                         NORMAL    RECORD    YEAR
 MAXIMUM TEMPERATURE (F)   33        53      1995
 MINIMUM TEMPERATURE (F)   12       -30      1983


SUNRISE AND SUNSET
DECEMBER 24 2014......SUNRISE   802 AM MST   SUNSET   433 PM MST
DECEMBER 25 2014......SUNRISE   803 AM MST   SUNSET   433 PM MST


-  INDICATES NEGATIVE NUMBERS.
R  INDICATES RECORD WAS SET OR TIED.
MM INDICATES DATA IS MISSING.
T  INDICATES TRACE AMOUNT.




$$
