000
CDUS45 KTFX 010940
CLILWT


CLIMATE REPORT
NATIONAL WEATHER SERVICE GREAT FALLS MT
339 AM MDT MON SEP 1 2014


...................................

...THE LEWISTOWN MT CLIMATE SUMMARY FOR AUGUST 31 2014...

CLIMATE NORMAL PERIOD 1981 TO 2010
CLIMATE RECORD PERIOD 1896 TO 2014


WEATHER ITEM   OBSERVED TIME   RECORD YEAR NORMAL DEPARTURE LAST
                VALUE   (LST)  VALUE       VALUE  FROM      YEAR
                                                  NORMAL
..................................................................
TEMPERATURE (F)
 YESTERDAY
  MAXIMUM         68    309 PM  98    1991  76     -8       76
  MINIMUM         49    628 AM  34    1930  46      3       47
  AVERAGE         59                        61     -2       62

PRECIPITATION (IN)
  YESTERDAY        T             0.72 1973   0.05  -0.05     0.00
  MONTH TO DATE    6.06                      1.73   4.33     2.20
  SINCE OCT 1     17.16                     15.50   1.66    20.57
  SINCE JAN 1     15.08                     13.00   2.08    18.06

SNOWFALL (IN)
  YESTERDAY       MM
  SNOW DEPTH       0

DEGREE DAYS
 HEATING
  YESTERDAY        6                         5      1        3
  MONTH TO DATE   71                        84    -13       18
  SINCE JUN 1    367                       385    -18      259
  SINCE JUL 1     81                       158    -77       39

 COOLING
  YESTERDAY        0                         1     -1        0
  MONTH TO DATE  127                        86     41      104
  SINCE JUN 1    281                       194     87      227
  SINCE JAN 1    281                       196     85      230
..................................................................


WIND (MPH)
  HIGHEST WIND SPEED    21   HIGHEST WIND DIRECTION     W (270)
  HIGHEST GUST SPEED    27   HIGHEST GUST DIRECTION     W (290)
  AVERAGE WIND SPEED     9.1


SKY COVER
  AVERAGE SKY COVER 0.5


WEATHER CONDITIONS
 THE FOLLOWING WEATHER WAS RECORDED YESTERDAY.
  NO SIGNIFICANT WEATHER WAS OBSERVED.


RELATIVE HUMIDITY (PERCENT)
 HIGHEST    83           300 AM
 LOWEST     40           100 PM
 AVERAGE    62

..........................................................


THE LEWISTOWN MT CLIMATE NORMALS FOR TODAY
                         NORMAL    RECORD    YEAR
 MAXIMUM TEMPERATURE (F)   75        97      1991
 MINIMUM TEMPERATURE (F)   46        26      1930


SUNRISE AND SUNSET
SEPTEMBER  1 2014.....SUNRISE   637 AM MDT   SUNSET   757 PM MDT
SEPTEMBER  2 2014.....SUNRISE   639 AM MDT   SUNSET   755 PM MDT


-  INDICATES NEGATIVE NUMBERS.
R  INDICATES RECORD WAS SET OR TIED.
MM INDICATES DATA IS MISSING.
T  INDICATES TRACE AMOUNT.




$$
