000
CDUS45 KTFX 042231
CLILWT


CLIMATE REPORT
NATIONAL WEATHER SERVICE GREAT FALLS MT
429 PM MDT FRI SEP 4 2015


...................................

...THE LEWISTOWN MT CLIMATE SUMMARY FOR SEPTEMBER 4 2015...
VALID TODAY AS OF 0400 PM LOCAL TIME.

CLIMATE NORMAL PERIOD 1981 TO 2010
CLIMATE RECORD PERIOD 1896 TO 2015


WEATHER ITEM   OBSERVED TIME   RECORD YEAR NORMAL DEPARTURE LAST
                VALUE   (LST)  VALUE       VALUE  FROM      YEAR
                                                  NORMAL
..................................................................
TEMPERATURE (F)
 TODAY
  MAXIMUM         60    245 PM  93    2007  74    -14       64
                                      1924
  MINIMUM         48    647 AM  20    1929  45      3       42
  AVERAGE         54                        59     -5       53

PRECIPITATION (IN)
  TODAY            0.02          0.80 1901   0.05  -0.03     0.00
  MONTH TO DATE    0.02                      0.19  -0.17     0.00
  SINCE OCT 1     13.64                     15.69  -2.05    17.16
  SINCE JAN 1     11.33                     13.19  -1.86    15.08

SNOWFALL (IN)
  TODAY           MM
  SNOW DEPTH       0

DEGREE DAYS
 HEATING
  TODAY           11                         7      4       12
  MONTH TO DATE   14                        25    -11       34
  SINCE SEP 1     14                        25    -11       34
  SINCE JUL 1    116                       183    -67      115

 COOLING
  TODAY            0                         1     -1        0
  MONTH TO DATE    7                         4      3        0
  SINCE SEP 1      7                         4      3        0
  SINCE JAN 1    321                       200    121      281
..................................................................


WIND (MPH)
  HIGHEST WIND SPEED    16   HIGHEST WIND DIRECTION     W (250)
  HIGHEST GUST SPEED    19   HIGHEST GUST DIRECTION     N (360)
  AVERAGE WIND SPEED     7.5


SKY COVER
  AVERAGE SKY COVER 0.8


WEATHER CONDITIONS
 THE FOLLOWING WEATHER WAS RECORDED TODAY.
  LIGHT RAIN


RELATIVE HUMIDITY (PERCENT)
 HIGHEST    93
 LOWEST     49
 AVERAGE    71

..........................................................


THE LEWISTOWN MT CLIMATE NORMALS FOR TOMORROW
                         NORMAL    RECORD    YEAR
 MAXIMUM TEMPERATURE (F)   74        96      1967
 MINIMUM TEMPERATURE (F)   44        28      1956


SUNRISE AND SUNSET
SEPTEMBER  4 2015.....SUNRISE   641 AM MDT   SUNSET   752 PM MDT
SEPTEMBER  5 2015.....SUNRISE   642 AM MDT   SUNSET   750 PM MDT


-  INDICATES NEGATIVE NUMBERS.
R  INDICATES RECORD WAS SET OR TIED.
MM INDICATES DATA IS MISSING.
T  INDICATES TRACE AMOUNT.




$$
