000
CDUS43 KILX 270636
CLILWV

CLIMATE REPORT
NATIONAL WEATHER SERVICE LINCOLN IL
131 AM CDT SAT MAY 27 2017

...................................

...THE LAWRENCEVILLE IL AIRPORT CLIMATE SUMMARY FOR MAY 26 2017...

CLIMATE NORMAL PERIOD 1981 TO 2010
CLIMATE RECORD PERIOD 9999 TO 9999


WEATHER ITEM   OBSERVED TIME   RECORD YEAR NORMAL DEPARTURE LAST
                VALUE   (LST)  VALUE       VALUE  FROM      YEAR
                                                  NORMAL
..................................................................
TEMPERATURE (F)
 YESTERDAY
  MAXIMUM         83    310 PM  MM      MM  80      3       78
  MINIMUM         55    507 AM  MM      MM  58     -3       66
  AVERAGE         69                        69      0       72

PRECIPITATION (IN)
  YESTERDAY        0.00         MM      MM   0.14  -0.14     0.28
  MONTH TO DATE    5.90                      4.96   0.94     4.17
  SINCE MAR 1     13.66                     12.55   1.11    13.43
  SINCE JAN 1     17.81                     16.94   0.87    17.67

DEGREE DAYS
 HEATING
  YESTERDAY        0                         1     -1        0
  MONTH TO DATE   92                        77     15      115
  SINCE MAR 1    826                       993   -167      842
  SINCE JUL 1   3881                      4668   -787     4069

 COOLING
  YESTERDAY        4                         5     -1        7
  MONTH TO DATE   90                        83      7       38
  SINCE MAR 1    137                       109     28       59
  SINCE JAN 1    137                       109     28       59
..................................................................


WIND (MPH)
  HIGHEST WIND SPEED    23   HIGHEST WIND DIRECTION     S (190)
  HIGHEST GUST SPEED    28   HIGHEST GUST DIRECTION     S (180)
  AVERAGE WIND SPEED     8.9


SKY COVER
  POSSIBLE SUNSHINE  MM
  AVERAGE SKY COVER 0.5


WEATHER CONDITIONS
 THE FOLLOWING WEATHER WAS RECORDED YESTERDAY.
  FOG


RELATIVE HUMIDITY (PERCENT)
 HIGHEST   100          1200 AM
 LOWEST     46           400 PM
 AVERAGE    73

..........................................................


THE LAWRENCEVILLE IL AIRPORT CLIMATE NORMALS FOR TODAY
                         NORMAL    RECORD    YEAR
 MAXIMUM TEMPERATURE (F)   80        MM        MM
 MINIMUM TEMPERATURE (F)   59        MM        MM


SUNRISE AND SUNSET
MAY 27 2017...........SUNRISE   530 AM CDT   SUNSET   806 PM CDT
MAY 28 2017...........SUNRISE   529 AM CDT   SUNSET   807 PM CDT


-  INDICATES NEGATIVE NUMBERS.
R  INDICATES RECORD WAS SET OR TIED.
MM INDICATES DATA IS MISSING.
T  INDICATES TRACE AMOUNT.

$$
