000
CDUS43 KILX 240635
CLILWV


CLIMATE REPORT
NATIONAL WEATHER SERVICE LINCOLN IL
135 AM CDT TUE MAY 24 2016


...................................

...THE LAWRENCEVILLE IL AIRPORT CLIMATE SUMMARY FOR MAY 23 2016...

CLIMATE NORMAL PERIOD 1981 TO 2010
CLIMATE RECORD PERIOD 9999 TO 9999


WEATHER ITEM   OBSERVED TIME   RECORD YEAR NORMAL DEPARTURE LAST
                VALUE   (LST)  VALUE       VALUE  FROM      YEAR
                                                  NORMAL
..................................................................
TEMPERATURE (F)
 YESTERDAY
  MAXIMUM         81    430 PM  MM      MM  79      2       79
  MINIMUM         52    503 AM  MM      MM  57     -5       58
  AVERAGE         67                        68     -1       69

PRECIPITATION (IN)
  YESTERDAY        0.00         MM      MM   0.16  -0.16     0.00
  MONTH TO DATE    3.89                      4.53  -0.64     2.25
  SINCE MAR 1     13.15                     12.12   1.03    13.32
  SINCE JAN 1     17.39                     16.51   0.88    15.82

DEGREE DAYS
 HEATING
  YESTERDAY        0                         2     -2        0
  MONTH TO DATE  115                        73     42       61
  SINCE MAR 1    842                       989   -147     1041
  SINCE JUL 1   4069                      4664   -595     5315

 COOLING
  YESTERDAY        2                         5     -3        4
  MONTH TO DATE   19                        68    -49       85
  SINCE MAR 1     40                        94    -54       92
  SINCE JAN 1     40                        94    -54       92
..................................................................


WIND (MPH)
  HIGHEST WIND SPEED    14   HIGHEST WIND DIRECTION     E (100)
  HIGHEST GUST SPEED    20   HIGHEST GUST DIRECTION     E (80)
  AVERAGE WIND SPEED     5.0


SKY COVER
  POSSIBLE SUNSHINE  MM
  AVERAGE SKY COVER 0.0


WEATHER CONDITIONS
 THE FOLLOWING WEATHER WAS RECORDED YESTERDAY.
  NO SIGNIFICANT WEATHER WAS OBSERVED.


RELATIVE HUMIDITY (PERCENT)
 HIGHEST    96           500 AM
 LOWEST     26           400 PM
 AVERAGE    61

..........................................................


THE LAWRENCEVILLE IL AIRPORT CLIMATE NORMALS FOR TODAY
                         NORMAL    RECORD    YEAR
 MAXIMUM TEMPERATURE (F)   79        MM        MM
 MINIMUM TEMPERATURE (F)   58        MM        MM


SUNRISE AND SUNSET
MAY 24 2016...........SUNRISE   531 AM CDT   SUNSET   804 PM CDT
MAY 25 2016...........SUNRISE   531 AM CDT   SUNSET   805 PM CDT


-  INDICATES NEGATIVE NUMBERS.
R  INDICATES RECORD WAS SET OR TIED.
MM INDICATES DATA IS MISSING.
T  INDICATES TRACE AMOUNT.




$$
