000
CDUS43 KILX 010631
CLILWV


CLIMATE REPORT
NATIONAL WEATHER SERVICE LINCOLN IL
130 AM CDT MON SEP 1 2014


...................................

...THE LAWRENCEVILLE IL AIRPORT CLIMATE SUMMARY FOR AUGUST 31 2014...

CLIMATE NORMAL PERIOD 1981 TO 2010
CLIMATE RECORD PERIOD 9999 TO 9999


WEATHER ITEM   OBSERVED TIME   RECORD YEAR NORMAL DEPARTURE LAST
                VALUE   (LST)  VALUE       VALUE  FROM      YEAR
                                                  NORMAL
..................................................................
TEMPERATURE (F)
 YESTERDAY
  MAXIMUM         85    338 PM  MM      MM  87     -2       99
  MINIMUM         71    208 AM  MM      MM  63      8       68
  AVERAGE         78                        75      3       84

PRECIPITATION (IN)
  YESTERDAY        0.00         MM      MM   0.10  -0.10     0.91
  MONTH TO DATE    4.76                      3.39   1.37     1.71
  SINCE JUN 1     13.19                     11.79   1.40    16.61
  SINCE JAN 1     28.80                     29.35  -0.55    41.64

DEGREE DAYS
 HEATING
  YESTERDAY        0                         0      0        0
  MONTH TO DATE    0                         0      0        4
  SINCE JUN 1      0                         8     -8        8
  SINCE JUL 1      0                         1     -1        5

 COOLING
  YESTERDAY       13                        10      3       19
  MONTH TO DATE  335                       356    -21      322
  SINCE JUN 1    882                      1044   -162      887
  SINCE JAN 1   1073                      1183   -110     1055
..................................................................


WIND (MPH)
  HIGHEST WIND SPEED    13   HIGHEST WIND DIRECTION     S (180)
  HIGHEST GUST SPEED    22   HIGHEST GUST DIRECTION     S (190)
  AVERAGE WIND SPEED     7.4


SKY COVER
  POSSIBLE SUNSHINE  MM
  AVERAGE SKY COVER 0.6


WEATHER CONDITIONS
 THE FOLLOWING WEATHER WAS RECORDED YESTERDAY.
  FOG


RELATIVE HUMIDITY (PERCENT)
 HIGHEST   100           200 AM
 LOWEST     61           200 PM
 AVERAGE    81

..........................................................


THE LAWRENCEVILLE IL AIRPORT CLIMATE NORMALS FOR TODAY
                         NORMAL    RECORD    YEAR
 MAXIMUM TEMPERATURE (F)   86        MM        MM
 MINIMUM TEMPERATURE (F)   63        MM        MM


SUNRISE AND SUNSET
SEPTEMBER  1 2014.....SUNRISE   619 AM CDT   SUNSET   721 PM CDT
SEPTEMBER  2 2014.....SUNRISE   620 AM CDT   SUNSET   719 PM CDT


-  INDICATES NEGATIVE NUMBERS.
R  INDICATES RECORD WAS SET OR TIED.
MM INDICATES DATA IS MISSING.
T  INDICATES TRACE AMOUNT.




$$
