000
CDUS41 KRNK 210613
CLILYH


CLIMATE REPORT
NATIONAL WEATHER SERVICE BLACKSBURG VA
213 AM EDT MON AUG 21 2017


...................................

...THE LYNCHBURG VA CLIMATE SUMMARY FOR AUGUST 20 2017...

CLIMATE NORMAL PERIOD 1981 TO 2010
CLIMATE RECORD PERIOD 1893 TO 2017


WEATHER ITEM   OBSERVED TIME   RECORD YEAR NORMAL DEPARTURE LAST
                VALUE   (LST)  VALUE       VALUE  FROM      YEAR
                                                  NORMAL
..................................................................
TEMPERATURE (F)
 YESTERDAY
  MAXIMUM         91    337 PM 102    1983  85      6       87
  MINIMUM         63    554 AM  50    1998  63      0       68
  AVERAGE         77                        74      3       78

PRECIPITATION (IN)
  YESTERDAY        0.00          1.24 1969   0.10  -0.10     0.01
  MONTH TO DATE    1.46                      2.09  -0.63     1.19
  SINCE JUN 1      6.85                     10.07  -3.22    13.46
  SINCE JAN 1     25.95                     26.76  -0.81    33.12

SNOWFALL (IN)
  YESTERDAY        0.0                                       0.0
  MONTH TO DATE    0.0                                       0.0
  SINCE JUN 1      0.0                                       0.0
  SINCE JUL 1      0.0                                       0.0
  SNOW DEPTH       0

DEGREE DAYS
 HEATING
  YESTERDAY        0                         0      0        0
  MONTH TO DATE    0                         0      0        0
  SINCE JUN 1      4                        15    -11        1
  SINCE JUL 1      0                         1     -1        0

 COOLING
  YESTERDAY       12                         9      3       13
  MONTH TO DATE  202                       194      8      253
  SINCE JUN 1    761                       726     35      875
  SINCE JAN 1    897                       808     89      946
..................................................................


WIND (MPH)
  HIGHEST WIND SPEED    10   HIGHEST WIND DIRECTION     S (190)
  HIGHEST GUST SPEED    12   HIGHEST GUST DIRECTION     S (190)
  AVERAGE WIND SPEED     2.7


SKY COVER
  AVERAGE SKY COVER 0.1


WEATHER CONDITIONS
 THE FOLLOWING WEATHER WAS RECORDED YESTERDAY.
  NO SIGNIFICANT WEATHER WAS OBSERVED.


RELATIVE HUMIDITY (PERCENT)
 HIGHEST   100           300 AM
 LOWEST     38           300 PM
 AVERAGE    69

..........................................................


THE LYNCHBURG VA CLIMATE NORMALS FOR TODAY
                         NORMAL    RECORD    YEAR
 MAXIMUM TEMPERATURE (F)   85       101      1983
 MINIMUM TEMPERATURE (F)   63        52      1998
                                             1922
                                             1918


SUNRISE AND SUNSET
AUGUST 21 2017........SUNRISE   638 AM EDT   SUNSET   801 PM EDT
AUGUST 22 2017........SUNRISE   639 AM EDT   SUNSET   759 PM EDT


-  INDICATES NEGATIVE NUMBERS.
R  INDICATES RECORD WAS SET OR TIED.
MM INDICATES DATA IS MISSING.
T  INDICATES TRACE AMOUNT.


REMARKS:
DUE TO MISSING TEMPERATURES ON FEBRUARY 23 AND JULY 24-25...ALL
TEMPERATURE AND DEGREE DAY INFORMATION WILL BE CALCULATED WITHOUT
DATA FROM THESE DATES.

$$
