000
CDUS41 KRNK 202116
CLILYH


CLIMATE REPORT
NATIONAL WEATHER SERVICE BLACKSBURG VA
514 PM EDT WED AUG 20 2014


...................................

...THE LYNCHBURG VA CLIMATE SUMMARY FOR AUGUST 20 2014...
VALID TODAY AS OF 0500 PM LOCAL TIME.

CLIMATE NORMAL PERIOD 1981 TO 2010
CLIMATE RECORD PERIOD 1893 TO 2014


WEATHER ITEM   OBSERVED TIME   RECORD YEAR NORMAL DEPARTURE LAST
                VALUE   (LST)  VALUE       VALUE  FROM      YEAR
                                                  NORMAL
..................................................................
TEMPERATURE (F)
 TODAY
  MAXIMUM         85    327 PM 102    1983  85      0       83
  MINIMUM         69    540 AM  50    1998  63      6       64
  AVERAGE         77                        74      3       74

PRECIPITATION (IN)
  TODAY            0.00          1.24 1969   0.10  -0.10     0.00
  MONTH TO DATE    4.27                      2.09   2.18     2.71
  SINCE JUN 1     12.46                     10.07   2.39    12.44
  SINCE JAN 1     33.48                     26.76   6.72    32.88

SNOWFALL (IN)
  TODAY            0.0
  MONTH TO DATE    0.0
  SINCE JUN 1      0.0
  SINCE JUL 1      0.0
  SNOW DEPTH       0

DEGREE DAYS
 HEATING
  TODAY            0                         0      0        0
  MONTH TO DATE    0                         0      0        5
  SINCE JUN 1      1                        15    -14        6
  SINCE JUL 1      0                         1     -1        5

 COOLING
  TODAY           12                         9      3        9
  MONTH TO DATE  119                       194    -75      168
  SINCE JUN 1    664                       726    -62      800
  SINCE JAN 1    778                       808    -30      935
..................................................................


WIND (MPH)
  HIGHEST WIND SPEED    10   HIGHEST WIND DIRECTION     S (190)
  HIGHEST GUST SPEED    14   HIGHEST GUST DIRECTION     S (190)
  AVERAGE WIND SPEED     2.4


SKY COVER
  POSSIBLE SUNSHINE  MM
  AVERAGE SKY COVER 0.8


WEATHER CONDITIONS
 THE FOLLOWING WEATHER WAS RECORDED TODAY.
  FOG


RELATIVE HUMIDITY (PERCENT)
 HIGHEST   100          1200 AM
 LOWEST     65           300 PM
 AVERAGE    83

..........................................................


THE LYNCHBURG VA CLIMATE NORMALS FOR TOMORROW
                         NORMAL    RECORD    YEAR
 MAXIMUM TEMPERATURE (F)   85       101      1983
 MINIMUM TEMPERATURE (F)   63        52      1998
                                             1922
                                             1918


SUNRISE AND SUNSET
AUGUST 20 2014........SUNRISE   637 AM EDT   SUNSET   802 PM EDT
AUGUST 21 2014........SUNRISE   638 AM EDT   SUNSET   801 PM EDT


-  INDICATES NEGATIVE NUMBERS.
R  INDICATES RECORD WAS SET OR TIED.
MM INDICATES DATA IS MISSING.
T  INDICATES TRACE AMOUNT.



$$
