000
CDUS41 KRNK 180922
CLILYH


CLIMATE REPORT
NATIONAL WEATHER SERVICE BLACKSBURG VA
515 AM EDT THU SEP 18 2014


...................................

...THE LYNCHBURG VA CLIMATE SUMMARY FOR SEPTEMBER 17 2014...

CLIMATE NORMAL PERIOD 1981 TO 2010
CLIMATE RECORD PERIOD 1893 TO 2014


WEATHER ITEM   OBSERVED TIME   RECORD YEAR NORMAL DEPARTURE LAST
                VALUE   (LST)  VALUE       VALUE  FROM      YEAR
                                                  NORMAL
..................................................................
TEMPERATURE (F)
 YESTERDAY
  MAXIMUM         74    153 PM  95    1991  78     -4       71
  MINIMUM         54   1046 PM  38    2000  55     -1       50
  AVERAGE         64                        67     -3       61

PRECIPITATION (IN)
  YESTERDAY        0.00          1.98 1957   0.14  -0.14     0.00
  MONTH TO DATE    0.95                      2.26  -1.31     0.02
  SINCE SEP 1      0.95                      2.26  -1.31     0.02
  SINCE JAN 1     34.94                     30.19   4.75    33.74

SNOWFALL (IN)
  YESTERDAY        0.0
  MONTH TO DATE    0.0
  SINCE SEP 1      0.0
  SINCE JUL 1      0.0
  SNOW DEPTH       0

DEGREE DAYS
 HEATING
  YESTERDAY        1                         2     -1        4
  MONTH TO DATE    7                        12     -5       11
  SINCE SEP 1      7                        12     -5       11
  SINCE JUL 1      7                        15     -8       16

 COOLING
  YESTERDAY        0                         3     -3        0
  MONTH TO DATE  108                        89     19      118
  SINCE SEP 1    108                        89     19      118
  SINCE JAN 1    938                       987    -49     1147
..................................................................


WIND (MPH)
  HIGHEST WIND SPEED    14   HIGHEST WIND DIRECTION    NE (40)
  HIGHEST GUST SPEED    17   HIGHEST GUST DIRECTION    NE (40)
  AVERAGE WIND SPEED     4.1


SKY COVER
  POSSIBLE SUNSHINE  MM
  AVERAGE SKY COVER 0.5


WEATHER CONDITIONS
 THE FOLLOWING WEATHER WAS RECORDED YESTERDAY.
  NO SIGNIFICANT WEATHER WAS OBSERVED.


RELATIVE HUMIDITY (PERCENT)
 HIGHEST   100          1000 PM
 LOWEST     53           200 PM
 AVERAGE    77

..........................................................


THE LYNCHBURG VA CLIMATE NORMALS FOR TODAY
                         NORMAL    RECORD    YEAR
 MAXIMUM TEMPERATURE (F)   78        96      1896
 MINIMUM TEMPERATURE (F)   55        41      1990


SUNRISE AND SUNSET
SEPTEMBER 18 2014.....SUNRISE   701 AM EDT   SUNSET   720 PM EDT
SEPTEMBER 19 2014.....SUNRISE   702 AM EDT   SUNSET   718 PM EDT


-  INDICATES NEGATIVE NUMBERS.
R  INDICATES RECORD WAS SET OR TIED.
MM INDICATES DATA IS MISSING.
T  INDICATES TRACE AMOUNT.


REMARKS:
DUE TO A SYSTEM FAILURE CAUSING MISSING TEMPERATURES ON
AUGUST 21-24...THE SEASONAL TOTAL AND DEPARTURE FROM NORMAL
FOR CDD WILL BE CALCULATED WITHOUT DATA FROM THOSE DATES.


$$
