000
CDUS41 KRNK 052113
CLILYH


CLIMATE REPORT
NATIONAL WEATHER SERVICE BLACKSBURG VA
512 PM EDT SUN JUL 5 2015


...................................

...THE LYNCHBURG VA CLIMATE SUMMARY FOR JULY 5 2015...
VALID TODAY AS OF 0500 PM LOCAL TIME.

CLIMATE NORMAL PERIOD 1981 TO 2010
CLIMATE RECORD PERIOD 1893 TO 2015


WEATHER ITEM   OBSERVED TIME   RECORD YEAR NORMAL DEPARTURE LAST
                VALUE   (LST)  VALUE       VALUE  FROM      YEAR
                                                  NORMAL
..................................................................
TEMPERATURE (F)
 TODAY
  MAXIMUM         80    308 PM  98    2012  87     -7       80
                                      1999
                                      1934
  MINIMUM         67    102 AM  51    1996  64      3       55
                                      1963
  AVERAGE         74                        75     -1       68

PRECIPITATION (IN)
  TODAY            0.00          1.78 1982   0.13  -0.13     0.00
  MONTH TO DATE    0.35                      0.62  -0.27     0.65
  SINCE JUN 1      5.94                      4.24   1.70     3.05
  SINCE JAN 1     19.32                     20.93  -1.61    24.07

SNOWFALL (IN)
  TODAY            0.0                                       0.0
  MONTH TO DATE    0.0                                       0.0
  SINCE JUN 1      0.0                                       0.0
  SINCE JUL 1      0.0                                       0.0
  SNOW DEPTH       0

DEGREE DAYS
 HEATING
  TODAY            0                         0      0        0
  MONTH TO DATE    0                         0      0        0
  SINCE JUN 1     13                        14     -1        1
  SINCE JUL 1      0                         0      0        0

 COOLING
  TODAY            9                        10     -1        3
  MONTH TO DATE   37                        50    -13       57
  SINCE JUN 1    315                       264     51      312
  SINCE JAN 1    463                       346    117      426
..................................................................


WIND (MPH)
  HIGHEST WIND SPEED    12   HIGHEST WIND DIRECTION    NE (50)
  HIGHEST GUST SPEED    14   HIGHEST GUST DIRECTION    NE (50)
  AVERAGE WIND SPEED     4.6


SKY COVER
  AVERAGE SKY COVER 0.8


WEATHER CONDITIONS
 THE FOLLOWING WEATHER WAS RECORDED TODAY.
  FOG
  FOG W/VISIBILITY <= 1/4 MILE


RELATIVE HUMIDITY (PERCENT)
 HIGHEST   100           200 AM
 LOWEST     76           100 PM
 AVERAGE    88

..........................................................


THE LYNCHBURG VA CLIMATE NORMALS FOR TOMORROW
                         NORMAL    RECORD    YEAR
 MAXIMUM TEMPERATURE (F)   87        98      2010
                                             1999
                                             1977
 MINIMUM TEMPERATURE (F)   64        52      2014
                                             1979


SUNRISE AND SUNSET
JULY  5 2015..........SUNRISE   602 AM EDT   SUNSET   841 PM EDT
JULY  6 2015..........SUNRISE   602 AM EDT   SUNSET   841 PM EDT


-  INDICATES NEGATIVE NUMBERS.
R  INDICATES RECORD WAS SET OR TIED.
MM INDICATES DATA IS MISSING.
T  INDICATES TRACE AMOUNT.




$$
