000
CDUS41 KRNK 302121
CLILYH


CLIMATE REPORT
NATIONAL WEATHER SERVICE BLACKSBURG VA
516 PM EDT MON MAR 30 2015


...................................

...THE LYNCHBURG VA CLIMATE SUMMARY FOR MARCH 30 2015...
VALID TODAY AS OF 0500 PM LOCAL TIME.

CLIMATE NORMAL PERIOD 1981 TO 2010
CLIMATE RECORD PERIOD 1893 TO 2015


WEATHER ITEM   OBSERVED TIME   RECORD YEAR NORMAL DEPARTURE LAST
                VALUE   (LST)  VALUE       VALUE  FROM      YEAR
                                                  NORMAL
..................................................................
TEMPERATURE (F)
 TODAY
  MAXIMUM         62    319 PM  86    1998  63     -1       53
                                      1910
  MINIMUM         39    448 AM  22    1964  38      1       40
  AVERAGE         51                        50      1       47

PRECIPITATION (IN)
  TODAY            0.01          1.03 2003   0.12  -0.11     0.02
  MONTH TO DATE    3.28                      3.46  -0.18     2.93
  SINCE MAR 1      3.28                      3.46  -0.18     2.93
  SINCE JAN 1      7.66                      9.53  -1.87    10.01

SNOWFALL (IN)
  TODAY            0.0
  MONTH TO DATE    2.5
  SINCE MAR 1      2.5
  SINCE JUL 1     22.9
  SNOW DEPTH       0

DEGREE DAYS
 HEATING
  TODAY           14                        15     -1       18
  MONTH TO DATE  598                       581     17      645
  SINCE MAR 1    598                       581     17      645
  SINCE JUL 1   4287                      4005    282     4159

 COOLING
  TODAY            0                         0      0        0
  MONTH TO DATE    0                         0      0        0
  SINCE MAR 1      0                         0      0        0
  SINCE JAN 1      0                         0      0        0
..................................................................


WIND (MPH)
  HIGHEST WIND SPEED    17   HIGHEST WIND DIRECTION    NW (310)
  HIGHEST GUST SPEED    29   HIGHEST GUST DIRECTION     W (280)
  AVERAGE WIND SPEED    10.9


SKY COVER
  POSSIBLE SUNSHINE  MM
  AVERAGE SKY COVER 0.6


WEATHER CONDITIONS
 THE FOLLOWING WEATHER WAS RECORDED TODAY.
  LIGHT RAIN


RELATIVE HUMIDITY (PERCENT)
 HIGHEST    64           500 AM
 LOWEST     25           300 PM
 AVERAGE    45

..........................................................


THE LYNCHBURG VA CLIMATE NORMALS FOR TOMORROW
                         NORMAL    RECORD    YEAR
 MAXIMUM TEMPERATURE (F)   63        87      1986
 MINIMUM TEMPERATURE (F)   38        21      1923


SUNRISE AND SUNSET
MARCH 30 2015.........SUNRISE   706 AM EDT   SUNSET   737 PM EDT
MARCH 31 2015.........SUNRISE   704 AM EDT   SUNSET   738 PM EDT


-  INDICATES NEGATIVE NUMBERS.
R  INDICATES RECORD WAS SET OR TIED.
MM INDICATES DATA IS MISSING.
T  INDICATES TRACE AMOUNT.


$$

PW
