877
CDUS44 KLZK 280636
CLILZK


CLIMATE REPORT
NATIONAL WEATHER SERVICE LITTLE ROCK AR
136 AM CDT THU JUL 28 2016


...................................

...THE NORTH LITTLE ROCK CLIMATE SUMMARY FOR JULY 27 2016...

CLIMATE NORMAL PERIOD 1981 TO 2010
CLIMATE RECORD PERIOD 1975 TO 2016


WEATHER ITEM   OBSERVED TIME   RECORD YEAR NORMAL DEPARTURE LAST
                VALUE   (LST)  VALUE       VALUE  FROM      YEAR
                                                  NORMAL
..................................................................
TEMPERATURE (F)
 YESTERDAY
  MAXIMUM         89        MM 101    1998  93     -4       98
  MINIMUM         75   1100 PM  63    2004  73      2       76
  AVERAGE         82                        83     -1       87

PRECIPITATION (IN)
  YESTERDAY        0.13          1.51 2001   0.11   0.02     0.00
  MONTH TO DATE    4.76                      3.35   1.41     2.11
  SINCE JUN 1      6.68                      6.66   0.02     4.52
  SINCE JAN 1     34.91                     28.26   6.65    35.58

SNOWFALL (IN)
  YESTERDAY        0.0          MM      MM   0.0    0.0      0.0
  MONTH TO DATE    0.0                       0.0    0.0      0.0
  SINCE JUN 1      0.0                       0.0    0.0      0.0
  SINCE JUL 1      0.0                       0.0    0.0      0.0
  SNOW DEPTH       0

DEGREE DAYS
 HEATING
  YESTERDAY        0                         0      0        0
  MONTH TO DATE    0                         0      0        0
  SINCE JUN 1      0                         1     -1        0
  SINCE JUL 1      0                         0      0        0

 COOLING
  YESTERDAY       17                        18     -1       22
  MONTH TO DATE  515                       472     43      510
  SINCE JUN 1    998                       885    113      960
  SINCE JAN 1   1226                      1181     45     1243
..................................................................


WIND (MPH)
  HIGHEST WIND SPEED     6   HIGHEST WIND DIRECTION     N (340)
  HIGHEST GUST SPEED    MM   HIGHEST GUST DIRECTION    MM
  AVERAGE WIND SPEED     1.7


SKY COVER
  POSSIBLE SUNSHINE  MM
  AVERAGE SKY COVER 0.0


WEATHER CONDITIONS
 THE FOLLOWING WEATHER WAS RECORDED YESTERDAY.
  NO SIGNIFICANT WEATHER WAS OBSERVED.


RELATIVE HUMIDITY (PERCENT)
 HIGHEST    94           500 AM
 LOWEST     70           900 AM
 AVERAGE    82

..........................................................


THE NORTH LITTLE ROCK CLIMATE NORMALS FOR TODAY
                         NORMAL    RECORD    YEAR
 MAXIMUM TEMPERATURE (F)   93       105      2012
                                             1986
 MINIMUM TEMPERATURE (F)   73        62      1994


SUNRISE AND SUNSET
JULY 28 2016..........SUNRISE   616 AM CDT   SUNSET   814 PM CDT
JULY 29 2016..........SUNRISE   617 AM CDT   SUNSET   814 PM CDT


-  INDICATES NEGATIVE NUMBERS.
R  INDICATES RECORD WAS SET OR TIED.
MM INDICATES DATA IS MISSING.
T  INDICATES TRACE AMOUNT.




$$
