000
CDUS44 KLZK 262102
CLILZK


CLIMATE REPORT
NATIONAL WEATHER SERVICE LITTLE ROCK AR
401 PM CDT SUN MAR 26 2017


...................................

...THE NORTH LITTLE ROCK CLIMATE SUMMARY FOR MARCH 26 2017...
VALID TODAY AS OF 0400 PM LOCAL TIME.

CLIMATE NORMAL PERIOD 1981 TO 2010
CLIMATE RECORD PERIOD 1975 TO 2017


WEATHER ITEM   OBSERVED TIME   RECORD YEAR NORMAL DEPARTURE LAST
                VALUE   (LST)  VALUE       VALUE  FROM      YEAR
                                                  NORMAL
..................................................................
TEMPERATURE (F)
 TODAY
  MAXIMUM         75        MM  83    1991  67      8       71
  MINIMUM         46        MM  29    2013  47     -1       39
  AVERAGE         61                        57      4       55

PRECIPITATION (IN)
  TODAY            0.00          1.50 1995   0.15  -0.15     0.00
  MONTH TO DATE    3.16                      3.98  -0.82     7.30
  SINCE MAR 1      3.16                      3.98  -0.82     7.30
  SINCE JAN 1      8.44                     11.06  -2.62    12.36

SNOWFALL (IN)
  TODAY            0.0          MM      MM   0.0    0.0      0.0
  MONTH TO DATE    T                         0.4   -0.4       T
  SINCE MAR 1      T                         0.4   -0.4       T
  SINCE JUL 1      0.8                       4.4   -3.6      7.2
  SNOW DEPTH       0

DEGREE DAYS
 HEATING
  TODAY            4                         9     -5       10
  MONTH TO DATE  262                       320    -58      221
  SINCE MAR 1    262                       320    -58      221
  SINCE JUL 1   2093                      2806   -713     2182

 COOLING
  TODAY            0                         1     -1        0
  MONTH TO DATE   19                        11      8       11
  SINCE MAR 1     19                        11      8       11
  SINCE JAN 1     36                        13     23       14
..................................................................


WIND (MPH)
  HIGHEST WIND SPEED     6   HIGHEST WIND DIRECTION    SW (220)
  HIGHEST GUST SPEED    MM   HIGHEST GUST DIRECTION    MM
  AVERAGE WIND SPEED     1.3


SKY COVER
  POSSIBLE SUNSHINE  MM
  AVERAGE SKY COVER 0.0


WEATHER CONDITIONS
 THE FOLLOWING WEATHER WAS RECORDED TODAY.
  NO SIGNIFICANT WEATHER WAS OBSERVED.


RELATIVE HUMIDITY (PERCENT)
 HIGHEST    93           600 AM
 LOWEST     47           100 PM
 AVERAGE    70

..........................................................


THE NORTH LITTLE ROCK CLIMATE NORMALS FOR TOMORROW
                         NORMAL    RECORD    YEAR
 MAXIMUM TEMPERATURE (F)   67        83      2012
 MINIMUM TEMPERATURE (F)   47        34      1996


SUNRISE AND SUNSET
MARCH 26 2017.........SUNRISE   704 AM CDT   SUNSET   726 PM CDT
MARCH 27 2017.........SUNRISE   703 AM CDT   SUNSET   727 PM CDT


-  INDICATES NEGATIVE NUMBERS.
R  INDICATES RECORD WAS SET OR TIED.
MM INDICATES DATA IS MISSING.
T  INDICATES TRACE AMOUNT.




$$
