000
CDUS44 KLZK 230833
CLILZK


CLIMATE REPORT
NATIONAL WEATHER SERVICE LITTLE ROCK AR
332 AM CDT FRI JUN 23 2017


...................................

...THE NORTH LITTLE ROCK CLIMATE SUMMARY FOR JUNE 22 2017...

CLIMATE NORMAL PERIOD 1981 TO 2010
CLIMATE RECORD PERIOD 1975 TO 2017


WEATHER ITEM   OBSERVED TIME   RECORD YEAR NORMAL DEPARTURE LAST
                VALUE   (LST)  VALUE       VALUE  FROM      YEAR
                                                  NORMAL
..................................................................
TEMPERATURE (F)
 YESTERDAY
  MAXIMUM         85        MM  99    2010  90     -5       95
                                      1998
  MINIMUM         73        MM  58    1992  71      2       77
  AVERAGE         79                        80     -1       86

PRECIPITATION (IN)
  YESTERDAY        0.77          2.29 2004   0.11   0.66     0.00
  MONTH TO DATE    5.55                      2.47   3.08     1.78
  SINCE JUN 1      5.55                      2.47   3.08     1.78
  SINCE JAN 1     31.54                     24.07   7.47    30.01

SNOWFALL (IN)
  YESTERDAY        0.0          MM      MM   0.0    0.0      0.0
  MONTH TO DATE    0.0                       0.0    0.0      0.0
  SINCE JUN 1      0.0                       0.0    0.0      0.0
  SINCE JUL 1      0.8                       4.4   -3.6      7.2
  SNOW DEPTH       0

DEGREE DAYS
 HEATING
  YESTERDAY        0                         0      0        0
  MONTH TO DATE    0                         0      0        0
  SINCE JUN 1      0                         0      0        0
  SINCE JUL 1   2198                      3005   -807     2321

 COOLING
  YESTERDAY       14                        15     -1       21
  MONTH TO DATE  260                       285    -25      332
  SINCE JUN 1    260                       285    -25      332
  SINCE JAN 1    563                       581    -18      560
..................................................................


WIND (MPH)
  HIGHEST WIND SPEED     9   HIGHEST WIND DIRECTION    SE (140)
  HIGHEST GUST SPEED    27   HIGHEST GUST DIRECTION    SE (140)
  AVERAGE WIND SPEED     7.8


SKY COVER
  POSSIBLE SUNSHINE  MM
  AVERAGE SKY COVER 0.0


WEATHER CONDITIONS
 THE FOLLOWING WEATHER WAS RECORDED YESTERDAY.
  HEAVY RAIN
  RAIN
  LIGHT RAIN


RELATIVE HUMIDITY (PERCENT)
 HIGHEST   100           700 PM
 LOWEST     80          1200 PM
 AVERAGE    90

..........................................................


THE NORTH LITTLE ROCK CLIMATE NORMALS FOR TODAY
                         NORMAL    RECORD    YEAR
 MAXIMUM TEMPERATURE (F)   90        99      2011
                                             1988
 MINIMUM TEMPERATURE (F)   71        63      1992


SUNRISE AND SUNSET
JUNE 23 2017..........SUNRISE   556 AM CDT   SUNSET   826 PM CDT
JUNE 24 2017..........SUNRISE   557 AM CDT   SUNSET   826 PM CDT


-  INDICATES NEGATIVE NUMBERS.
R  INDICATES RECORD WAS SET OR TIED.
MM INDICATES DATA IS MISSING.
T  INDICATES TRACE AMOUNT.




$$
