000
CDUS44 KLZK 210635
CLILZK


CLIMATE REPORT
NATIONAL WEATHER SERVICE LITTLE ROCK AR
1235 AM CST SAT JAN 21 2017


...................................

...THE NORTH LITTLE ROCK CLIMATE SUMMARY FOR JANUARY 20 2017...

CLIMATE NORMAL PERIOD 1981 TO 2010
CLIMATE RECORD PERIOD 1975 TO 2017


WEATHER ITEM   OBSERVED TIME   RECORD YEAR NORMAL DEPARTURE LAST
                VALUE   (LST)  VALUE       VALUE  FROM      YEAR
                                                  NORMAL
..................................................................
TEMPERATURE (F)
 YESTERDAY
  MAXIMUM         68        MM  70    2005  50     18       33
  MINIMUM         53        MM  -6    1985  33     20       29
  AVERAGE         61                        41     20       31

PRECIPITATION (IN)
  YESTERDAY        0.00          0.93 1982   0.10  -0.10     0.23
  MONTH TO DATE    1.77                      2.24  -0.47     1.93
  SINCE DEC 1      4.94                      7.25  -2.31    12.01
  SINCE JAN 1      1.77                      2.24  -0.47     1.93

SNOWFALL (IN)
  YESTERDAY        0.0           1.4  2011   0.1   -0.1      0.0
  MONTH TO DATE    0.8                       1.0   -0.2       T
  SINCE DEC 1      0.8                       1.5   -0.7       T
  SINCE JUL 1      0.8                       1.5   -0.7       T
  SNOW DEPTH       0

DEGREE DAYS
 HEATING
  YESTERDAY        4                        24    -20       34
  MONTH TO DATE  405                       480    -75      507
  SINCE DEC 1   1051                      1160   -109      918
  SINCE JUL 1   1345                      1672   -327     1271

 COOLING
  YESTERDAY        0                         0      0        0
  MONTH TO DATE    1                         0      1        0
  SINCE DEC 1      2                         1      1        7
  SINCE JAN 1      1                         0      1        0
..................................................................


WIND (MPH)
  HIGHEST WIND SPEED    12   HIGHEST WIND DIRECTION    SW (220)
  HIGHEST GUST SPEED    22   HIGHEST GUST DIRECTION    SW (220)
  AVERAGE WIND SPEED     6.2


SKY COVER
  POSSIBLE SUNSHINE  MM
  AVERAGE SKY COVER 0.0


WEATHER CONDITIONS
 THE FOLLOWING WEATHER WAS RECORDED YESTERDAY.
  NO SIGNIFICANT WEATHER WAS OBSERVED.


RELATIVE HUMIDITY (PERCENT)
 HIGHEST   100           400 AM
 LOWEST     55           300 PM
 AVERAGE    78

..........................................................


THE NORTH LITTLE ROCK CLIMATE NORMALS FOR TODAY
                         NORMAL    RECORD    YEAR
 MAXIMUM TEMPERATURE (F)   50        72      1999
                                             1986
 MINIMUM TEMPERATURE (F)   33         4      1985


SUNRISE AND SUNSET
JANUARY 21 2017.......SUNRISE   714 AM CST   SUNSET   527 PM CST
JANUARY 22 2017.......SUNRISE   713 AM CST   SUNSET   528 PM CST


-  INDICATES NEGATIVE NUMBERS.
R  INDICATES RECORD WAS SET OR TIED.
MM INDICATES DATA IS MISSING.
T  INDICATES TRACE AMOUNT.




$$
