000
CDUS44 KLZK 262158
CLILZK


CLIMATE REPORT
NATIONAL WEATHER SERVICE LITTLE ROCK AR
357 PM CST THU FEB 26 2015


...................................

...THE NORTH LITTLE ROCK CLIMATE SUMMARY FOR FEBRUARY 26 2015...
VALID TODAY AS OF 0300 PM LOCAL TIME.

CLIMATE NORMAL PERIOD 1981 TO 2010
CLIMATE RECORD PERIOD 1975 TO 2015


WEATHER ITEM   OBSERVED TIME   RECORD YEAR NORMAL DEPARTURE LAST
                VALUE   (LST)  VALUE       VALUE  FROM      YEAR
                                                  NORMAL
..................................................................
TEMPERATURE (F)
 TODAY
  MAXIMUM         38        MM  80    1986  58    -20       39
  MINIMUM         28        MM  17    1980  39    -11       27
  AVERAGE         33                        48    -15       33

PRECIPITATION (IN)
  TODAY            0.00          1.85 2000   0.14  -0.14     0.00
  MONTH TO DATE    4.07                      3.37   0.70     3.00
  SINCE DEC 1      9.98                     11.80  -1.82    12.63
  SINCE JAN 1      6.99                      6.79   0.20     5.31

SNOWFALL (IN)
  TODAY            0.0           1.9  1982   0.0    0.0      0.0
  MONTH TO DATE    3.6                       1.7    1.9      2.5
  SINCE DEC 1      3.6                       3.9   -0.3      3.6
  SINCE JUL 1      4.2                       3.9    0.3      3.6
  SNOW DEPTH       T

DEGREE DAYS
 HEATING
  TODAY           32                        17     15       32
  MONTH TO DATE  713                       521    192      635
  SINCE DEC 1   2106                      1942    164     2169
  SINCE JUL 1   2721                      2454    267     2775

 COOLING
  TODAY            0                         0      0        0
  MONTH TO DATE    0                         0      0        0
  SINCE DEC 1      0                         2     -2        1
  SINCE JAN 1      0                         1     -1        0
..................................................................


WIND (MPH)
  HIGHEST WIND SPEED    MM   HIGHEST WIND DIRECTION    MM
  HIGHEST GUST SPEED    MM   HIGHEST GUST DIRECTION    MM
  AVERAGE WIND SPEED    MM


SKY COVER
  POSSIBLE SUNSHINE  MM
  AVERAGE SKY COVER  MM


WEATHER CONDITIONS
 THE FOLLOWING WEATHER WAS RECORDED TODAY.
  FOG
  FOG W/VISIBILITY <= 1/4 MILE


RELATIVE HUMIDITY (PERCENT)
 HIGHEST    MM
 LOWEST     MM
 AVERAGE    MM

..........................................................


THE NORTH LITTLE ROCK CLIMATE NORMALS FOR TOMORROW
                         NORMAL    RECORD    YEAR
 MAXIMUM TEMPERATURE (F)   58        80      1996
                                             1981
 MINIMUM TEMPERATURE (F)   40        18      2002


SUNRISE AND SUNSET
FEBRUARY 26 2015......SUNRISE   642 AM CST   SUNSET   602 PM CST
FEBRUARY 27 2015......SUNRISE   641 AM CST   SUNSET   603 PM CST


-  INDICATES NEGATIVE NUMBERS.
R  INDICATES RECORD WAS SET OR TIED.
MM INDICATES DATA IS MISSING.
T  INDICATES TRACE AMOUNT.




$$
