000
CDUS44 KLZK 271009
CLILZK


CLIMATE REPORT
NATIONAL WEATHER SERVICE LITTLE ROCK AR
408 AM CST SAT DEC 27 2014


...................................

...THE NORTH LITTLE ROCK CLIMATE SUMMARY FOR DECEMBER 26 2014...

CLIMATE NORMAL PERIOD 1981 TO 2010
CLIMATE RECORD PERIOD 1975 TO 2014


WEATHER ITEM   OBSERVED TIME   RECORD YEAR NORMAL DEPARTURE LAST
                VALUE   (LST)  VALUE       VALUE  FROM      YEAR
                                                  NORMAL
..................................................................
TEMPERATURE (F)
 YESTERDAY
  MAXIMUM         53        MM  70    2008  49      4       49
  MINIMUM         42        MM   5    1983  33      9       32
  AVERAGE         48                        41      7       41

PRECIPITATION (IN)
  YESTERDAY        0.21          2.21 1987   0.15   0.06     0.00
  MONTH TO DATE    2.36                      4.33  -1.97     7.31
  SINCE DEC 1      2.36                      4.33  -1.97     7.31
  SINCE JAN 1     46.52                     49.35  -2.83    51.29

SNOWFALL (IN)
  YESTERDAY        0.0           1.7  2012   0.1   -0.1      0.0
  MONTH TO DATE    T                         0.4   -0.4      1.1
  SINCE DEC 1      T                         0.4   -0.4      1.1
  SINCE JUL 1      0.6                       0.4    0.2      1.1
  SNOW DEPTH       0

DEGREE DAYS
 HEATING
  YESTERDAY       17                        24     -7       24
  MONTH TO DATE  512                       561    -49      576
  SINCE DEC 1    512                       561    -49      576
  SINCE JUL 1   1127                      1073     54     1182

 COOLING
  YESTERDAY        0                         0      0        0
  MONTH TO DATE    0                         0      0        1
  SINCE DEC 1      0                         0      0        1
  SINCE JAN 1   1934                      2169   -235     2119
..................................................................


WIND (MPH)
  HIGHEST WIND SPEED    MM   HIGHEST WIND DIRECTION    MM
  HIGHEST GUST SPEED    MM   HIGHEST GUST DIRECTION    MM
  AVERAGE WIND SPEED    MM


SKY COVER
  POSSIBLE SUNSHINE  MM
  AVERAGE SKY COVER  MM


WEATHER CONDITIONS
 THE FOLLOWING WEATHER WAS RECORDED YESTERDAY.
  RAIN
  LIGHT RAIN
  FOG
  FOG W/VISIBILITY <= 1/4 MILE


RELATIVE HUMIDITY (PERCENT)
 HIGHEST    MM
 LOWEST     MM
 AVERAGE    MM

..........................................................


THE NORTH LITTLE ROCK CLIMATE NORMALS FOR TODAY
                         NORMAL    RECORD    YEAR
 MAXIMUM TEMPERATURE (F)   49        73      2005
 MINIMUM TEMPERATURE (F)   33        19      1983


SUNRISE AND SUNSET
DECEMBER 27 2014......SUNRISE   715 AM CST   SUNSET   505 PM CST
DECEMBER 28 2014......SUNRISE   716 AM CST   SUNSET   506 PM CST


-  INDICATES NEGATIVE NUMBERS.
R  INDICATES RECORD WAS SET OR TIED.
MM INDICATES DATA IS MISSING.
T  INDICATES TRACE AMOUNT.




$$
