826
CDUS44 KLZK 240652
CLILZK


CLIMATE REPORT
NATIONAL WEATHER SERVICE LITTLE ROCK AR
152 AM CDT MON APR 24 2017


...................................

...THE NORTH LITTLE ROCK CLIMATE SUMMARY FOR APRIL 23 2017...

CLIMATE NORMAL PERIOD 1981 TO 2010
CLIMATE RECORD PERIOD 1975 TO 2017


WEATHER ITEM   OBSERVED TIME   RECORD YEAR NORMAL DEPARTURE LAST
                VALUE   (LST)  VALUE       VALUE  FROM      YEAR
                                                  NORMAL
..................................................................
TEMPERATURE (F)
 YESTERDAY
  MAXIMUM         71        MM  87    2009  75     -4       79
                                      1999
                                      1980
  MINIMUM         49        MM  45    2012  55     -6       56
                                      1995
                                      1986
  AVERAGE         60                        65     -5       68

PRECIPITATION (IN)
  YESTERDAY        0.00          2.60 1979   0.17  -0.17     0.00
  MONTH TO DATE    3.13                      3.61  -0.48     2.89
  SINCE MAR 1      6.60                      8.38  -1.78    15.41
  SINCE JAN 1     11.88                     15.46  -3.58    20.47

SNOWFALL (IN)
  YESTERDAY        0.0          MM      MM   0.0    0.0      0.0
  MONTH TO DATE    0.0                       0.0    0.0      0.0
  SINCE MAR 1      T                         0.4   -0.4       T
  SINCE JUL 1      0.8                       4.4   -3.6      7.2
  SNOW DEPTH       0

DEGREE DAYS
 HEATING
  YESTERDAY        5                         3      2        0
  MONTH TO DATE   53                       120    -67       82
  SINCE MAR 1    324                       480   -156      326
  SINCE JUL 1   2155                      2966   -811     2287

 COOLING
  YESTERDAY        0                         3     -3        3
  MONTH TO DATE   68                        45     23       20
  SINCE MAR 1     95                        62     33       37
  SINCE JAN 1    112                        64     48       40
..................................................................


WIND (MPH)
  HIGHEST WIND SPEED     9   HIGHEST WIND DIRECTION     N (360)
  HIGHEST GUST SPEED    20   HIGHEST GUST DIRECTION     N (360)
  AVERAGE WIND SPEED     6.5


SKY COVER
  POSSIBLE SUNSHINE  MM
  AVERAGE SKY COVER 0.0


WEATHER CONDITIONS
 THE FOLLOWING WEATHER WAS RECORDED YESTERDAY.
  NO SIGNIFICANT WEATHER WAS OBSERVED.


RELATIVE HUMIDITY (PERCENT)
 HIGHEST    93
 LOWEST     33
 AVERAGE    63

..........................................................


THE NORTH LITTLE ROCK CLIMATE NORMALS FOR TODAY
                         NORMAL    RECORD    YEAR
 MAXIMUM TEMPERATURE (F)   75        86      2006
                                             2002
                                             1994
 MINIMUM TEMPERATURE (F)   55        40      2013
                                             2005


SUNRISE AND SUNSET
APRIL 24 2017.........SUNRISE   626 AM CDT   SUNSET   749 PM CDT
APRIL 25 2017.........SUNRISE   625 AM CDT   SUNSET   750 PM CDT


-  INDICATES NEGATIVE NUMBERS.
R  INDICATES RECORD WAS SET OR TIED.
MM INDICATES DATA IS MISSING.
T  INDICATES TRACE AMOUNT.




$$
