000
CDUS44 KLZK 110646
CLILZK


CLIMATE REPORT
NATIONAL WEATHER SERVICE LITTLE ROCK AR
1245 AM CST THU FEB 11 2016


...................................

...THE NORTH LITTLE ROCK CLIMATE SUMMARY FOR FEBRUARY 10 2016...

CLIMATE NORMAL PERIOD 1981 TO 2010
CLIMATE RECORD PERIOD 1975 TO 2016


WEATHER ITEM   OBSERVED TIME   RECORD YEAR NORMAL DEPARTURE LAST
                VALUE   (LST)  VALUE       VALUE  FROM      YEAR
                                                  NORMAL
..................................................................
TEMPERATURE (F)
 YESTERDAY
  MAXIMUM         52        MM  75    1976  53     -1       52
  MINIMUM         26        MM  12    2011  35     -9       33
  AVERAGE         39                        44     -5       43

PRECIPITATION (IN)
  YESTERDAY        0.00          3.06 1998   0.12  -0.12     0.00
  MONTH TO DATE    T                         1.21  -1.21     0.61
  SINCE DEC 1     13.31                      9.64   3.67     6.52
  SINCE JAN 1      3.23                      4.63  -1.40     3.53

SNOWFALL (IN)
  YESTERDAY        0.0           2.4  1986   0.1   -0.1      0.0
  MONTH TO DATE    0.0                       0.8   -0.8      0.0
  SINCE DEC 1      7.2                       3.0    4.2       T
  SINCE JUL 1      7.2                       3.0    4.2      0.6
  SNOW DEPTH       0

DEGREE DAYS
 HEATING
  YESTERDAY       26                        21      5       22
  MONTH TO DATE  190                       219    -29      216
  SINCE DEC 1   1325                      1640   -315     1609
  SINCE JUL 1   1678                      2152   -474     2224

 COOLING
  YESTERDAY        0                         0      0        0
  MONTH TO DATE    0                         0      0        0
  SINCE DEC 1      8                         2      6        0
  SINCE JAN 1      1                         1      0        0
..................................................................


WIND (MPH)
  HIGHEST WIND SPEED    MM   HIGHEST WIND DIRECTION    MM
  HIGHEST GUST SPEED    MM   HIGHEST GUST DIRECTION    MM
  AVERAGE WIND SPEED    MM


SKY COVER
  POSSIBLE SUNSHINE  MM
  AVERAGE SKY COVER  MM


WEATHER CONDITIONS
 THE FOLLOWING WEATHER WAS RECORDED YESTERDAY.
  NO SIGNIFICANT WEATHER WAS OBSERVED.


RELATIVE HUMIDITY (PERCENT)
 HIGHEST    MM
 LOWEST     MM
 AVERAGE    MM

..........................................................


THE NORTH LITTLE ROCK CLIMATE NORMALS FOR TODAY
                         NORMAL    RECORD    YEAR
 MAXIMUM TEMPERATURE (F)   53        76      1999
 MINIMUM TEMPERATURE (F)   35         5      1981


SUNRISE AND SUNSET
FEBRUARY 11 2016......SUNRISE   659 AM CST   SUNSET   548 PM CST
FEBRUARY 12 2016......SUNRISE   658 AM CST   SUNSET   549 PM CST


-  INDICATES NEGATIVE NUMBERS.
R  INDICATES RECORD WAS SET OR TIED.
MM INDICATES DATA IS MISSING.
T  INDICATES TRACE AMOUNT.




$$
