000
CDUS46 KHNX 260824
CLIMAE


CLIMATE REPORT
NATIONAL WEATHER SERVICE SAN JOAQUIN VALLEY, CA
123 AM PDT MON JUN 26 2017


...................................

...THE MADERA CA AIRPORT CLIMATE SUMMARY FOR JUNE 25 2017...

CLIMATE NORMAL PERIOD 1981 TO 2010
CLIMATE RECORD PERIOD 1998 TO 2017


WEATHER ITEM   OBSERVED TIME   RECORD YEAR NORMAL DEPARTURE
                VALUE   (LST)  VALUE       VALUE  FROM
                                                  NORMAL
...............................................................
TEMPERATURE (F)
 YESTERDAY
  MAXIMUM        100        MM 105    2006  94      6
  MINIMUM         68        MM  52    2007  60      8
  AVERAGE         84                        77      7

PRECIPITATION (IN)
  YESTERDAY        0.00          T    2001   0.00   0.00
  MONTH TO DATE    0.00                      0.18  -0.18
  SINCE OCT 1     14.18                     11.72   2.46
  SINCE JAN 1     10.11                      7.99   2.12

SNOWFALL (IN)
  YESTERDAY        0.0
  MONTH TO DATE    0.0
  SINCE JUN 1      0.0
  SINCE JUL 1      0.0
  SNOW DEPTH       0

DEGREE DAYS
 HEATING
  YESTERDAY        0
  MONTH TO DATE    6
  SINCE JUN 1      6
  SINCE JUL 1   2074

 COOLING
  YESTERDAY       19
  MONTH TO DATE  330
  SINCE JUN 1    330
  SINCE JAN 1    515
...............................................................


WIND (MPH)
  HIGHEST WIND SPEED    12   HIGHEST WIND DIRECTION    NW (310)
  HIGHEST GUST SPEED    MM   HIGHEST GUST DIRECTION    MM
  AVERAGE WIND SPEED     8.1




RELATIVE HUMIDITY (PERCENT)
 HIGHEST    84
 LOWEST     26
 AVERAGE    55

..........................................................


THE MADERA CA AIRPORT CLIMATE NORMALS FOR TODAY
                         NORMAL    RECORD    YEAR
 MAXIMUM TEMPERATURE (F)   94       106      2015
 MINIMUM TEMPERATURE (F)   60        54      2012
                                             1999


SUNRISE AND SUNSET
JUNE 26 2017..........SUNRISE   543 AM PDT   SUNSET   824 PM PDT
JUNE 27 2017..........SUNRISE   543 AM PDT   SUNSET   824 PM PDT


-  INDICATES NEGATIVE NUMBERS.
R  INDICATES RECORD WAS SET OR TIED.
MM INDICATES DATA IS MISSING.
T  INDICATES TRACE AMOUNT.




$$
