000
CDUS46 KHNX 050022
CLIMAE


CLIMATE REPORT
NATIONAL WEATHER SERVICE SAN JOAQUIN VALLEY, CA
422 PM PST SUN DEC 4 2016


...................................

...THE MADERA CA CLIMATE SUMMARY FOR DECEMBER 4 2016...
VALID AS OF 0400 PM LOCAL TIME.

CLIMATE NORMAL PERIOD 1981 TO 2010
CLIMATE RECORD PERIOD 1998 TO 2016


WEATHER ITEM   OBSERVED TIME   RECORD YEAR NORMAL DEPARTURE LAST
                VALUE   (LST)  VALUE       VALUE  FROM      YEAR
                                                  NORMAL
..................................................................
TEMPERATURE (F)
 TODAY
  MAXIMUM         61    138 PM  69    2014  57      4       63
  MINIMUM         35    718 AM  24    2013  37     -2       38
  AVERAGE         48                        47      1       51

PRECIPITATION (IN)
  TODAY            0.00          0.02 2010   0.03  -0.03     0.00
                                      2010
                                      2014
  MONTH TO DATE    0.00                      0.12  -0.12     0.01
  SINCE OCT 1      2.20                      2.15   0.05     2.24
  SINCE JAN 1     10.60                     10.44   0.16     4.56

SNOWFALL (IN)
  TODAY            0.0
  MONTH TO DATE    0.0
  SINCE DEC 1      0.0
  SINCE JUL 1      0.0
  SNOW DEPTH       0

DEGREE DAYS
 HEATING
  TODAY           17                                        14
  MONTH TO DATE   76                                        62
  SINCE DEC 1     76                                        62
  SINCE JUL 1    384                                       473

 COOLING
  TODAY            0                                         0
  MONTH TO DATE    0                                         0
  SINCE DEC 1      0                                         0
  SINCE JAN 1   1819                                      2056
..................................................................


WIND (MPH)
  HIGHEST WIND SPEED     7   HIGHEST WIND DIRECTION     E (90)
  HIGHEST GUST SPEED     8   HIGHEST GUST DIRECTION     W (280)
  AVERAGE WIND SPEED     2.5




RELATIVE HUMIDITY (PERCENT)
 HIGHEST    92
 LOWEST     46
 AVERAGE    69

..........................................................


THE MADERA CA CLIMATE NORMALS FOR TOMORROW
                         NORMAL    RECORD    YEAR
 MAXIMUM TEMPERATURE (F)   57        66      2014
 MINIMUM TEMPERATURE (F)   37        19      2013


SUNRISE AND SUNSET
DECEMBER  4 2016......SUNRISE   658 AM PST   SUNSET   444 PM PST
DECEMBER  5 2016......SUNRISE   659 AM PST   SUNSET   443 PM PST


-  INDICATES NEGATIVE NUMBERS.
R  INDICATES RECORD WAS SET OR TIED.
MM INDICATES DATA IS MISSING.
T  INDICATES TRACE AMOUNT.




$$
