000
CDUS46 KHNX 010827
CLIMAE


CLIMATE REPORT
NATIONAL WEATHER SERVICE SAN JOAQUIN VALLEY, CA
125 AM PDT SUN MAY 1 2016


...................................

...THE MADERA CA AIRPORT CLIMATE SUMMARY FOR APRIL 30 2016...

CLIMATE NORMAL PERIOD 1981 TO 2010
CLIMATE RECORD PERIOD 1998 TO 2016


WEATHER ITEM   OBSERVED TIME   RECORD YEAR NORMAL DEPARTURE
                VALUE   (LST)  VALUE       VALUE  FROM
                                                  NORMAL
...............................................................
TEMPERATURE (F)
 YESTERDAY
  MAXIMUM         83    352 PM  93    2015  80      3
  MINIMUM         52    411 AM  36    2011  48      4
  AVERAGE         68                        64      4

PRECIPITATION (IN)
  YESTERDAY        0.00          0.00   MM   0.02  -0.02
  MONTH TO DATE    1.59                      0.95   0.64
  SINCE OCT 1     12.96                     11.06   1.90
  SINCE JAN 1      8.40                      7.33   1.07

SNOWFALL (IN)
  YESTERDAY        0.0
  MONTH TO DATE    0.0
  SINCE MAR 1      0.0
  SINCE JUL 1      0.0
  SNOW DEPTH       0

DEGREE DAYS
 HEATING
  YESTERDAY        0
  MONTH TO DATE   72
  SINCE MAR 1    309
  SINCE JUL 1   2053

 COOLING
  YESTERDAY        3
  MONTH TO DATE   32
  SINCE MAR 1     32
  SINCE JAN 1     32
...............................................................


WIND (MPH)
  HIGHEST WIND SPEED    16   HIGHEST WIND DIRECTION    NW (300)
  HIGHEST GUST SPEED    22   HIGHEST GUST DIRECTION     W (290)
  AVERAGE WIND SPEED     7.0




RELATIVE HUMIDITY (PERCENT)
 HIGHEST    83
 LOWEST     20
 AVERAGE    52

..........................................................


THE MADERA CA AIRPORT CLIMATE NORMALS FOR TODAY
                         NORMAL    RECORD    YEAR
 MAXIMUM TEMPERATURE (F)   80        95      2014
 MINIMUM TEMPERATURE (F)   48        39      2008


SUNRISE AND SUNSET
MAY  1 2016...........SUNRISE   606 AM PDT   SUNSET   750 PM PDT
MAY  2 2016...........SUNRISE   604 AM PDT   SUNSET   751 PM PDT


-  INDICATES NEGATIVE NUMBERS.
R  INDICATES RECORD WAS SET OR TIED.
MM INDICATES DATA IS MISSING.
T  INDICATES TRACE AMOUNT.




$$
