860
CDUS46 KHNX 230823
CLIMAE


CLIMATE REPORT
NATIONAL WEATHER SERVICE SAN JOAQUIN VALLEY, CA
122 AM PDT SUN APR 23 2017


...................................

...THE MADERA CA AIRPORT CLIMATE SUMMARY FOR APRIL 22 2017...

CLIMATE NORMAL PERIOD 1981 TO 2010
CLIMATE RECORD PERIOD 1998 TO 2017


WEATHER ITEM   OBSERVED TIME   RECORD YEAR NORMAL DEPARTURE
                VALUE   (LST)  VALUE       VALUE  FROM
                                                  NORMAL
...............................................................
TEMPERATURE (F)
 YESTERDAY
  MAXIMUM         80    320 PM  97    2009  77      3
  MINIMUM         49    550 AM  35    2008  46      3
  AVERAGE         65                        61      4

PRECIPITATION (IN)
  YESTERDAY        0.00          0.17 2007   0.04  -0.04
  MONTH TO DATE    0.47                      0.72  -0.25
  SINCE OCT 1     14.17                     10.83   3.34
  SINCE JAN 1     10.10                      7.10   3.00

SNOWFALL (IN)
  YESTERDAY        0.0
  MONTH TO DATE    0.0
  SINCE MAR 1      0.0
  SINCE JUL 1      0.0
  SNOW DEPTH       0

DEGREE DAYS
 HEATING
  YESTERDAY        0
  MONTH TO DATE  107
  SINCE MAR 1    349
  SINCE JUL 1   2028

 COOLING
  YESTERDAY        0
  MONTH TO DATE    2
  SINCE MAR 1      8
  SINCE JAN 1      8
...............................................................


WIND (MPH)
  HIGHEST WIND SPEED    18   HIGHEST WIND DIRECTION     N (340)
  HIGHEST GUST SPEED    23   HIGHEST GUST DIRECTION     N (340)
  AVERAGE WIND SPEED     7.5




RELATIVE HUMIDITY (PERCENT)
 HIGHEST    93
 LOWEST     30
 AVERAGE    62

..........................................................


THE MADERA CA AIRPORT CLIMATE NORMALS FOR TODAY
                         NORMAL    RECORD    YEAR
 MAXIMUM TEMPERATURE (F)   77        88      2002
 MINIMUM TEMPERATURE (F)   46        39      1999


SUNRISE AND SUNSET
APRIL 23 2017.........SUNRISE   615 AM PDT   SUNSET   743 PM PDT
APRIL 24 2017.........SUNRISE   614 AM PDT   SUNSET   744 PM PDT


-  INDICATES NEGATIVE NUMBERS.
R  INDICATES RECORD WAS SET OR TIED.
MM INDICATES DATA IS MISSING.
T  INDICATES TRACE AMOUNT.




$$
