000
CDUS46 KHNX 230821
CLIMAE


CLIMATE REPORT
NATIONAL WEATHER SERVICE SAN JOAQUIN VALLEY, CA
120 AM PDT SAT MAY 23 2015


...................................

...THE MADERA CA AIRPORT CLIMATE SUMMARY FOR MAY 22 2015...

CLIMATE NORMAL PERIOD 1981 TO 2010
CLIMATE RECORD PERIOD 1998 TO 2015


WEATHER ITEM   OBSERVED TIME   RECORD YEAR NORMAL DEPARTURE
                VALUE   (LST)  VALUE       VALUE  FROM
                                                  NORMAL
...............................................................
TEMPERATURE (F)
 YESTERDAY
  MAXIMUM         75    252 PM  MM      MM  85    -10
  MINIMUM         54    418 AM  MM      MM  52      2
  AVERAGE         65                        69     -4

PRECIPITATION (IN)
  YESTERDAY        0.00         MM      MM   0.00   0.00
  MONTH TO DATE    0.45                      0.43   0.02
  SINCE OCT 1      5.71                     11.49  -5.78
  SINCE JAN 1      2.03                      7.76  -5.73

SNOWFALL (IN)
  YESTERDAY        0.0
  MONTH TO DATE    0.0
  SINCE MAR 1      0.0
  SINCE JUL 1      0.0
  SNOW DEPTH       0

DEGREE DAYS
 HEATING
  YESTERDAY        0
  MONTH TO DATE   27
  SINCE MAR 1    276
  SINCE JUL 1   1726

 COOLING
  YESTERDAY        0
  MONTH TO DATE   41
  SINCE MAR 1    117
  SINCE JAN 1    119
...............................................................


WIND (MPH)
  HIGHEST WIND SPEED    15   HIGHEST WIND DIRECTION    NW (330)
  HIGHEST GUST SPEED    20   HIGHEST GUST DIRECTION    NW (300)
  AVERAGE WIND SPEED     7.7




RELATIVE HUMIDITY (PERCENT)
 HIGHEST    77
 LOWEST     38
 AVERAGE    58

..........................................................


THE MADERA CA AIRPORT CLIMATE NORMALS FOR TODAY
                         NORMAL    RECORD    YEAR
 MAXIMUM TEMPERATURE (F)   85       100      2001
 MINIMUM TEMPERATURE (F)   52        43      2013
                                             2010


SUNRISE AND SUNSET
MAY 23 2015...........SUNRISE   547 AM PDT   SUNSET   808 PM PDT
MAY 24 2015...........SUNRISE   546 AM PDT   SUNSET   809 PM PDT


-  INDICATES NEGATIVE NUMBERS.
R  INDICATES RECORD WAS SET OR TIED.
MM INDICATES DATA IS MISSING.
T  INDICATES TRACE AMOUNT.




$$
