000
CDUS44 KMAF 240733
CLIMAF


CLIMATE REPORT
NATIONAL WEATHER SERVICE MIDLAND TX
233 AM CDT WED MAY 24 2017


...................................

...THE MIDLAND CLIMATE SUMMARY FOR MAY 23 2017...

CLIMATE NORMAL PERIOD 1981 TO 2010
CLIMATE RECORD PERIOD 1930 TO 2017


WEATHER ITEM   OBSERVED TIME   RECORD YEAR NORMAL DEPARTURE LAST
                VALUE   (LST)  VALUE       VALUE  FROM      YEAR
                                                  NORMAL
..................................................................
TEMPERATURE (F)
 YESTERDAY
  MAXIMUM         70    332 PM 106    1989  89    -19      101
  MINIMUM         56   1138 PM  47    1988  62     -6       75
  AVERAGE         63                        76    -13       88

PRECIPITATION (IN)
  YESTERDAY        0.00          2.72 1992   0.07  -0.07     0.00
  MONTH TO DATE    0.58                      1.15  -0.57     0.26
  SINCE MAR 1      3.54                      2.40   1.14     2.05
  SINCE JAN 1      5.38                      3.67   1.71     2.53

DEGREE DAYS
 COOLING
  YESTERDAY        0                        11    -11       23
  MONTH TO DATE  181                       187     -6      191
  SINCE MAR 1    440                       293    147      349
  SINCE JAN 1    457                       295    162      364
..................................................................


WIND (MPH)
  HIGHEST WIND SPEED    26   HIGHEST WIND DIRECTION     N (10)
  HIGHEST GUST SPEED    31   HIGHEST GUST DIRECTION     N (10)
  AVERAGE WIND SPEED    12.8


SKY COVER
  POSSIBLE SUNSHINE  MM
  AVERAGE SKY COVER 0.4


WEATHER CONDITIONS
 THE FOLLOWING WEATHER WAS RECORDED YESTERDAY.
  NO SIGNIFICANT WEATHER WAS OBSERVED.


RELATIVE HUMIDITY (PERCENT)
 HIGHEST    90           600 AM
 LOWEST     30           600 PM
 AVERAGE    60

..........................................................


THE MIDLAND CLIMATE NORMALS FOR TODAY
                         NORMAL    RECORD    YEAR
 MAXIMUM TEMPERATURE (F)   90       108      2000
                                             1989
 MINIMUM TEMPERATURE (F)   62        48      1940


SUNRISE AND SUNSET
MAY 24 2017...........SUNRISE   646 AM CDT   SUNSET   845 PM CDT
MAY 25 2017...........SUNRISE   646 AM CDT   SUNSET   846 PM CDT


-  INDICATES NEGATIVE NUMBERS.
R  INDICATES RECORD WAS SET OR TIED.
MM INDICATES DATA IS MISSING.
T  INDICATES TRACE AMOUNT.




$$
