000
CDUS44 KMAF 250831
CLIMAF


CLIMATE REPORT
NATIONAL WEATHER SERVICE MIDLAND TX
231 AM CST SUN FEB 25 2018


...................................

...THE MIDLAND CLIMATE SUMMARY FOR FEBRUARY 24 2018...

CLIMATE NORMAL PERIOD 1981 TO 2010
CLIMATE RECORD PERIOD 1930 TO 2018


WEATHER ITEM   OBSERVED TIME   RECORD YEAR NORMAL DEPARTURE LAST
                VALUE   (LST)  VALUE       VALUE  FROM      YEAR
                                                  NORMAL
..................................................................
TEMPERATURE (F)
 YESTERDAY
  MAXIMUM         71    252 PM  90    2009  65      6       68
  MINIMUM         37   1153 PM  14    1965  37      0       46
                                      1960
  AVERAGE         54                        51      3       57

PRECIPITATION (IN)
  YESTERDAY        0.00          0.66 1992   0.02  -0.02     0.00
  MONTH TO DATE    0.04                      0.61  -0.57     0.72
  SINCE DEC 1      0.44                      1.77  -1.33     2.25
  SINCE JAN 1      0.05                      1.17  -1.12     1.84

SNOWFALL (IN)
  YESTERDAY       MM
  MONTH TO DATE    T
  SINCE DEC 1      T
  SINCE JUL 1      T
  SNOW DEPTH       0

DEGREE DAYS
 HEATING
  YESTERDAY       11                        14     -3        8
  MONTH TO DATE  345                       409    -64      204
  SINCE DEC 1   1575                      1702   -127     1263
  SINCE JUL 1   1896                      2181   -285     1474
..................................................................


WIND (MPH)
  HIGHEST WIND SPEED    36   HIGHEST WIND DIRECTION     W (260)
  HIGHEST GUST SPEED    45   HIGHEST GUST DIRECTION     W (250)
  AVERAGE WIND SPEED    11.9


SKY COVER
  POSSIBLE SUNSHINE  MM
  AVERAGE SKY COVER 0.3


WEATHER CONDITIONS
 THE FOLLOWING WEATHER WAS RECORDED YESTERDAY.
  FOG
  FOG W/VISIBILITY <= 1/4 MILE
  SANDSTORM


RELATIVE HUMIDITY (PERCENT)
 HIGHEST    96           500 AM
 LOWEST      9           300 PM
 AVERAGE    53

..........................................................


THE MIDLAND CLIMATE NORMALS FOR TODAY
                         NORMAL    RECORD    YEAR
 MAXIMUM TEMPERATURE (F)   65        86      2009
 MINIMUM TEMPERATURE (F)   37        11      1960


SUNRISE AND SUNSET
FEBRUARY 25 2018......SUNRISE   720 AM CST   SUNSET   643 PM CST
FEBRUARY 26 2018......SUNRISE   719 AM CST   SUNSET   644 PM CST


-  INDICATES NEGATIVE NUMBERS.
R  INDICATES RECORD WAS SET OR TIED.
MM INDICATES DATA IS MISSING.
T  INDICATES TRACE AMOUNT.




$$
