000
CDUS44 KMAF 290731
CLIMAF


CLIMATE REPORT
NATIONAL WEATHER SERVICE MIDLAND/ODESSA TX
231 AM CDT SUN MAR 29 2015


...................................

...THE MIDLAND CLIMATE SUMMARY FOR MARCH 28 2015...

CLIMATE NORMAL PERIOD 1981 TO 2010
CLIMATE RECORD PERIOD 1930 TO 2015


WEATHER ITEM   OBSERVED TIME   RECORD YEAR NORMAL DEPARTURE LAST
                VALUE   (LST)  VALUE       VALUE  FROM      YEAR
                                                  NORMAL
..................................................................
TEMPERATURE (F)
 YESTERDAY
  MAXIMUM         87    510 PM  92    1963  74     13       80
  MINIMUM         51    705 AM  19    1931  44      7       52
  AVERAGE         69                        59     10       66

PRECIPITATION (IN)
  YESTERDAY        0.00          0.69 2006   0.02  -0.02     0.00
  MONTH TO DATE    1.65                      0.54   1.11     0.19
  SINCE MAR 1      1.65                      0.54   1.11     0.19
  SINCE JAN 1      4.34                      1.81   2.53     0.45

SNOWFALL (IN)
  YESTERDAY        0.0
  MONTH TO DATE    T
  SINCE MAR 1      T
  SINCE JUL 1      3.6
  SNOW DEPTH       0

DEGREE DAYS
 HEATING
  YESTERDAY        0                         7     -7        0
  MONTH TO DATE  338                       287     51      276
  SINCE MAR 1    338                       287     51      276
  SINCE JUL 1   2488                      2524    -36     2524

 COOLING
  YESTERDAY        4                         1      3        1
  MONTH TO DATE   14                        11      3       15
  SINCE MAR 1     14                        11      3       15
  SINCE JAN 1     15                        13      2       17
..................................................................


WIND (MPH)
  HIGHEST WIND SPEED    17   HIGHEST WIND DIRECTION     W (260)
  HIGHEST GUST SPEED    21   HIGHEST GUST DIRECTION     W (250)
  AVERAGE WIND SPEED    10.3


SKY COVER
  POSSIBLE SUNSHINE  MM
  AVERAGE SKY COVER 0.0


WEATHER CONDITIONS
 THE FOLLOWING WEATHER WAS RECORDED YESTERDAY.
  NO SIGNIFICANT WEATHER WAS OBSERVED.


RELATIVE HUMIDITY (PERCENT)
 HIGHEST    59           700 AM
 LOWEST     14           300 PM
 AVERAGE    37

..........................................................


THE MIDLAND CLIMATE NORMALS FOR TODAY
                         NORMAL    RECORD    YEAR
 MAXIMUM TEMPERATURE (F)   74        95      1963
 MINIMUM TEMPERATURE (F)   44        18      1944


SUNRISE AND SUNSET
MARCH 29 2015.........SUNRISE   741 AM CDT   SUNSET   806 PM CDT
MARCH 30 2015.........SUNRISE   740 AM CDT   SUNSET   807 PM CDT


-  INDICATES NEGATIVE NUMBERS.
R  INDICATES RECORD WAS SET OR TIED.
MM INDICATES DATA IS MISSING.
T  INDICATES TRACE AMOUNT.




$$
