000
CDUS44 KMAF 240740
CLIMAF


CLIMATE REPORT
NATIONAL WEATHER SERVICE MIDLAND TX
239 AM CDT TUE MAY 24 2016


...................................

...THE MIDLAND CLIMATE SUMMARY FOR MAY 23 2016...

CLIMATE NORMAL PERIOD 1981 TO 2010
CLIMATE RECORD PERIOD 1930 TO 2016


WEATHER ITEM   OBSERVED TIME   RECORD YEAR NORMAL DEPARTURE LAST
                VALUE   (LST)  VALUE       VALUE  FROM      YEAR
                                                  NORMAL
..................................................................
TEMPERATURE (F)
 YESTERDAY
  MAXIMUM        101    333 PM 106    1989  89     12       86
  MINIMUM         75   1159 PM  47    1988  62     13       60
  AVERAGE         88                        76     12       73

PRECIPITATION (IN)
  YESTERDAY        0.00          2.72 1992   0.07  -0.07     0.61
  MONTH TO DATE    0.26                      1.15  -0.89     2.83
  SINCE MAR 1      2.05                      2.40  -0.35     5.78
  SINCE JAN 1      2.53                      3.67  -1.14     8.47

DEGREE DAYS
 COOLING
  YESTERDAY       23                        11     12        8
  MONTH TO DATE  191                       187      4      164
  SINCE MAR 1    349                       293     56      297
  SINCE JAN 1    364                       295     69      298
..................................................................


WIND (MPH)
  HIGHEST WIND SPEED    35   HIGHEST WIND DIRECTION     S (170)
  HIGHEST GUST SPEED    39   HIGHEST GUST DIRECTION     S (170)
  AVERAGE WIND SPEED    15.2


SKY COVER
  POSSIBLE SUNSHINE  MM
  AVERAGE SKY COVER 0.4


WEATHER CONDITIONS
 THE FOLLOWING WEATHER WAS RECORDED YESTERDAY.
  THUNDERSTORM
  HAZE


RELATIVE HUMIDITY (PERCENT)
 HIGHEST    79           300 AM
 LOWEST      8           400 PM
 AVERAGE    44

..........................................................


THE MIDLAND CLIMATE NORMALS FOR TODAY
                         NORMAL    RECORD    YEAR
 MAXIMUM TEMPERATURE (F)   90       108      2000
                                             1989
 MINIMUM TEMPERATURE (F)   62        48      1940


SUNRISE AND SUNSET
MAY 24 2016...........SUNRISE   646 AM CDT   SUNSET   845 PM CDT
MAY 25 2016...........SUNRISE   646 AM CDT   SUNSET   846 PM CDT


-  INDICATES NEGATIVE NUMBERS.
R  INDICATES RECORD WAS SET OR TIED.
MM INDICATES DATA IS MISSING.
T  INDICATES TRACE AMOUNT.




$$
