000
CDUS44 KMAF 162113
CLIMAF


CLIMATE REPORT
NATIONAL WEATHER SERVICE MIDLAND/ODESSA TX
413 PM CDT WED APR 16 2014


...................................

...THE MIDLAND CLIMATE SUMMARY FOR APRIL 16 2014...
VALID TODAY AS OF 0400 PM LOCAL TIME.

CLIMATE NORMAL PERIOD 1981 TO 2010
CLIMATE RECORD PERIOD 1930 TO 2014


WEATHER ITEM   OBSERVED TIME   RECORD YEAR NORMAL DEPARTURE LAST
                VALUE   (LST)  VALUE       VALUE  FROM      YEAR
                                                  NORMAL
..................................................................
TEMPERATURE (F)
 TODAY
  MAXIMUM         81    312 PM  96    1937  79      2       94
  MINIMUM         48    710 AM  31    1999  49     -1       56
  AVERAGE         65                        64      1       75

PRECIPITATION (IN)
  TODAY            0.00          0.27 1971   0.01  -0.01     0.00
  MONTH TO DATE    T                         0.34  -0.34      T
  SINCE MAR 1      0.19                      0.94  -0.75      T
  SINCE JAN 1      0.45                      2.21  -1.76     1.53

SNOWFALL (IN)
  TODAY            0.0
  MONTH TO DATE    0.0
  SINCE MAR 1      0.0
  SINCE JUL 1      0.8
  SNOW DEPTH       0

DEGREE DAYS
 HEATING
  TODAY            0                         3     -3        0
  MONTH TO DATE   68                        80    -12       71
  SINCE MAR 1    350                       387    -37      309
  SINCE JUL 1   2598                      2624    -26     2281

 COOLING
  TODAY            0                         3     -3       10
  MONTH TO DATE   67                        33     34       58
  SINCE MAR 1     90                        49     41       93
  SINCE JAN 1     92                        51     41       93
..................................................................


WIND (MPH)
  HIGHEST WIND SPEED    22   HIGHEST WIND DIRECTION     S (180)
  HIGHEST GUST SPEED    30   HIGHEST GUST DIRECTION     S (170)
  AVERAGE WIND SPEED    16.8


SKY COVER
  POSSIBLE SUNSHINE  MM
  AVERAGE SKY COVER 0.0


WEATHER CONDITIONS
 THE FOLLOWING WEATHER WAS RECORDED TODAY.
  NO SIGNIFICANT WEATHER WAS OBSERVED.


RELATIVE HUMIDITY (PERCENT)
 HIGHEST    29           600 AM
 LOWEST     13           200 PM
 AVERAGE    21

..........................................................


THE MIDLAND CLIMATE NORMALS FOR TOMORROW
                         NORMAL    RECORD    YEAR
 MAXIMUM TEMPERATURE (F)   80        97      1975
 MINIMUM TEMPERATURE (F)   50        27      1947


SUNRISE AND SUNSET
APRIL 16 2014.........SUNRISE   719 AM CDT   SUNSET   819 PM CDT
APRIL 17 2014.........SUNRISE   718 AM CDT   SUNSET   819 PM CDT


-  INDICATES NEGATIVE NUMBERS.
R  INDICATES RECORD WAS SET OR TIED.
MM INDICATES DATA IS MISSING.
T  INDICATES TRACE AMOUNT.




$$
