000
CDUS44 KMAF 240733
CLIMAF


CLIMATE REPORT
NATIONAL WEATHER SERVICE MIDLAND TX
232 AM CDT SUN JUL 24 2016


...................................

...THE MIDLAND CLIMATE SUMMARY FOR JULY 23 2016...

CLIMATE NORMAL PERIOD 1981 TO 2010
CLIMATE RECORD PERIOD 1930 TO 2016


WEATHER ITEM   OBSERVED TIME   RECORD YEAR NORMAL DEPARTURE LAST
                VALUE   (LST)  VALUE       VALUE  FROM      YEAR
                                                  NORMAL
..................................................................
TEMPERATURE (F)
 YESTERDAY
  MAXIMUM        101    351 PM 105    1995  95      6      100
  MINIMUM         74    605 AM  53    1978  70      4       75
  AVERAGE         88                        82      6       88

PRECIPITATION (IN)
  YESTERDAY        0.00          1.94 1978   0.06  -0.06     0.00
  MONTH TO DATE    0.02                      1.37  -1.35     0.52
  SINCE JUN 1      3.18                      3.17   0.01     3.81
  SINCE JAN 1      6.92                      7.43  -0.51    12.80

DEGREE DAYS
 COOLING
  YESTERDAY       23                        17      6       23
  MONTH TO DATE  553                       391    162      435
  SINCE JUN 1   1039                       852    187      884
  SINCE JAN 1   1519                      1241    278     1242
..................................................................


WIND (MPH)
  HIGHEST WIND SPEED    21   HIGHEST WIND DIRECTION     S (160)
  HIGHEST GUST SPEED    31   HIGHEST GUST DIRECTION     S (180)
  AVERAGE WIND SPEED    10.7


SKY COVER
  POSSIBLE SUNSHINE  MM
  AVERAGE SKY COVER 0.0


WEATHER CONDITIONS
 THE FOLLOWING WEATHER WAS RECORDED YESTERDAY.
  NO SIGNIFICANT WEATHER WAS OBSERVED.


RELATIVE HUMIDITY (PERCENT)
 HIGHEST    57           600 AM
 LOWEST     22           200 PM
 AVERAGE    40

..........................................................


THE MIDLAND CLIMATE NORMALS FOR TODAY
                         NORMAL    RECORD    YEAR
 MAXIMUM TEMPERATURE (F)   95       106      1995
 MINIMUM TEMPERATURE (F)   70        62      1947


SUNRISE AND SUNSET
JULY 24 2016..........SUNRISE   659 AM CDT   SUNSET   851 PM CDT
JULY 25 2016..........SUNRISE   700 AM CDT   SUNSET   850 PM CDT


-  INDICATES NEGATIVE NUMBERS.
R  INDICATES RECORD WAS SET OR TIED.
MM INDICATES DATA IS MISSING.
T  INDICATES TRACE AMOUNT.




$$
