000
CDUS44 KMAF 180831
CLIMAF


CLIMATE REPORT
NATIONAL WEATHER SERVICE MIDLAND TX
230 AM CST WED JAN 18 2017


...................................

...THE MIDLAND CLIMATE SUMMARY FOR JANUARY 17 2017...

CLIMATE NORMAL PERIOD 1981 TO 2010
CLIMATE RECORD PERIOD 1930 TO 2017


WEATHER ITEM   OBSERVED TIME   RECORD YEAR NORMAL DEPARTURE LAST
                VALUE   (LST)  VALUE       VALUE  FROM      YEAR
                                                  NORMAL
..................................................................
TEMPERATURE (F)
 YESTERDAY
  MAXIMUM         46   1207 AM  84    1974  57    -11       66
  MINIMUM         35    630 AM  13    1987  30      5       32
  AVERAGE         41                        44     -3       49

PRECIPITATION (IN)
  YESTERDAY        0.16          0.71 1945   0.02   0.14     0.00
  MONTH TO DATE    1.12                      0.26   0.86     0.09
  SINCE DEC 1      1.53                      0.86   0.67     1.33
  SINCE JAN 1      1.12                      0.26   0.86     0.09

SNOWFALL (IN)
  YESTERDAY       MM
  MONTH TO DATE    T
  SINCE DEC 1      0.3
  SINCE JUL 1      0.3
  SNOW DEPTH       0

DEGREE DAYS
 HEATING
  YESTERDAY       24                        21      3       16
  MONTH TO DATE  322                       371    -49      371
  SINCE DEC 1    856                      1008   -152      897
  SINCE JUL 1   1067                      1487   -420     1249
..................................................................


WIND (MPH)
  HIGHEST WIND SPEED    17   HIGHEST WIND DIRECTION    NE (30)
  HIGHEST GUST SPEED    21   HIGHEST GUST DIRECTION    NE (30)
  AVERAGE WIND SPEED     7.8


SKY COVER
  POSSIBLE SUNSHINE  MM
  AVERAGE SKY COVER 0.6


WEATHER CONDITIONS
 THE FOLLOWING WEATHER WAS RECORDED YESTERDAY.
  THUNDERSTORM
  HEAVY RAIN
  RAIN
  LIGHT RAIN
  FOG
  HAZE


RELATIVE HUMIDITY (PERCENT)
 HIGHEST    92           700 AM
 LOWEST     76          1200 AM
 AVERAGE    84

..........................................................


THE MIDLAND CLIMATE NORMALS FOR TODAY
                         NORMAL    RECORD    YEAR
 MAXIMUM TEMPERATURE (F)   57        83      2000
 MINIMUM TEMPERATURE (F)   30         7      1949


SUNRISE AND SUNSET
JANUARY 18 2017.......SUNRISE   749 AM CST   SUNSET   610 PM CST
JANUARY 19 2017.......SUNRISE   748 AM CST   SUNSET   611 PM CST


-  INDICATES NEGATIVE NUMBERS.
R  INDICATES RECORD WAS SET OR TIED.
MM INDICATES DATA IS MISSING.
T  INDICATES TRACE AMOUNT.




$$
