000
CDUS44 KMAF 282315
CLIMAF


CLIMATE REPORT
NATIONAL WEATHER SERVICE MIDLAND/ODESSA TX
515 PM CST FRI NOV 28 2014


...................................

...THE MIDLAND CLIMATE SUMMARY FOR NOVEMBER 28 2014...
VALID TODAY AS OF 0500 PM LOCAL TIME.

CLIMATE NORMAL PERIOD 1981 TO 2010
CLIMATE RECORD PERIOD 1930 TO 2014


WEATHER ITEM   OBSERVED TIME   RECORD YEAR NORMAL DEPARTURE LAST
                VALUE   (LST)  VALUE       VALUE  FROM      YEAR
                                                  NORMAL
..................................................................
TEMPERATURE (F)
 TODAY
  MAXIMUM         74    404 PM  85    1949  62     12       57
  MINIMUM         40    645 AM  16    2001  34      6       31
                                      1976
                                      1938
  AVERAGE         57                        48      9       44

PRECIPITATION (IN)
  TODAY            0.00          0.93 1996   0.02  -0.02     0.00
  MONTH TO DATE    1.02                      0.65   0.37     0.57
  SINCE SEP 1      2.71                      4.24  -1.53     2.50
  SINCE JAN 1      7.45                     13.96  -6.51     7.07

SNOWFALL (IN)
  TODAY            0.0
  MONTH TO DATE    T
  SINCE SEP 1      T
  SINCE JUL 1      T
  SNOW DEPTH       0

DEGREE DAYS
 HEATING
  TODAY            8                        17     -9       21
  MONTH TO DATE  398                       335     63      385
  SINCE SEP 1    436                       444     -8      464
  SINCE JUL 1    436                       444     -8      464
..................................................................


WIND (MPH)
  HIGHEST WIND SPEED    17   HIGHEST WIND DIRECTION    SW (210)
  HIGHEST GUST SPEED    21   HIGHEST GUST DIRECTION    SW (220)
  AVERAGE WIND SPEED     9.9


SKY COVER
  POSSIBLE SUNSHINE  MM
  AVERAGE SKY COVER 0.0


WEATHER CONDITIONS
 THE FOLLOWING WEATHER WAS RECORDED TODAY.
  NO SIGNIFICANT WEATHER WAS OBSERVED.


RELATIVE HUMIDITY (PERCENT)
 HIGHEST    73           700 AM
 LOWEST     16           400 PM
 AVERAGE    45

..........................................................


THE MIDLAND CLIMATE NORMALS FOR TOMORROW
                         NORMAL    RECORD    YEAR
 MAXIMUM TEMPERATURE (F)   62        78      1975
                                             1946
 MINIMUM TEMPERATURE (F)   34        11      2001


SUNRISE AND SUNSET
NOVEMBER 28 2014......SUNRISE   729 AM CST   SUNSET   545 PM CST
NOVEMBER 29 2014......SUNRISE   730 AM CST   SUNSET   544 PM CST


-  INDICATES NEGATIVE NUMBERS.
R  INDICATES RECORD WAS SET OR TIED.
MM INDICATES DATA IS MISSING.
T  INDICATES TRACE AMOUNT.




$$
