000
CDUS44 KMAF 300730
CLIMAF


CLIMATE REPORT
NATIONAL WEATHER SERVICE MIDLAND TX
230 AM CDT TUE AUG 30 2016


...................................

...THE MIDLAND CLIMATE SUMMARY FOR AUGUST 29 2016...

CLIMATE NORMAL PERIOD 1981 TO 2010
CLIMATE RECORD PERIOD 1930 TO 2016


WEATHER ITEM   OBSERVED TIME   RECORD YEAR NORMAL DEPARTURE LAST
                VALUE   (LST)  VALUE       VALUE  FROM      YEAR
                                                  NORMAL
..................................................................
TEMPERATURE (F)
 YESTERDAY
  MAXIMUM         84   1219 PM 106    2011  92     -8       82
  MINIMUM         67    526 AM  57    1930  67      0       65
  AVERAGE         76                        80     -4       74

PRECIPITATION (IN)
  YESTERDAY        0.14          1.06 2003   0.07   0.07     0.02
  MONTH TO DATE    3.09                      1.71   1.38     1.01
  SINCE JUN 1      6.49                      5.33   1.16     5.02
  SINCE JAN 1     10.23                      9.59   0.64    14.01

DEGREE DAYS
 COOLING
  YESTERDAY       11                        14     -3        9
  MONTH TO DATE  514                       473     41      590
  SINCE JUN 1   1726                      1466    260     1659
  SINCE JAN 1   2206                      1855    351     2017
..................................................................


WIND (MPH)
  HIGHEST WIND SPEED    26   HIGHEST WIND DIRECTION     E (110)
  HIGHEST GUST SPEED    33   HIGHEST GUST DIRECTION     E (110)
  AVERAGE WIND SPEED    10.8


SKY COVER
  POSSIBLE SUNSHINE  MM
  AVERAGE SKY COVER 0.8


WEATHER CONDITIONS
 THE FOLLOWING WEATHER WAS RECORDED YESTERDAY.
  THUNDERSTORM
  RAIN
  LIGHT RAIN
  FOG


RELATIVE HUMIDITY (PERCENT)
 HIGHEST    90           700 AM
 LOWEST     58          1200 PM
 AVERAGE    74

..........................................................


THE MIDLAND CLIMATE NORMALS FOR TODAY
                         NORMAL    RECORD    YEAR
 MAXIMUM TEMPERATURE (F)   92       106      2011
 MINIMUM TEMPERATURE (F)   67        60      2012


SUNRISE AND SUNSET
AUGUST 30 2016........SUNRISE   723 AM CDT   SUNSET   815 PM CDT
AUGUST 31 2016........SUNRISE   724 AM CDT   SUNSET   813 PM CDT


-  INDICATES NEGATIVE NUMBERS.
R  INDICATES RECORD WAS SET OR TIED.
MM INDICATES DATA IS MISSING.
T  INDICATES TRACE AMOUNT.




$$
