276
CDUS44 KMAF 242332
CLIMAF


CLIMATE REPORT
NATIONAL WEATHER SERVICE MIDLAND TX
631 PM CDT MON APR 24 2017


...................................

...THE MIDLAND CLIMATE SUMMARY FOR APRIL 24 2017...
VALID TODAY AS OF 0500 PM LOCAL TIME.

CLIMATE NORMAL PERIOD 1981 TO 2010
CLIMATE RECORD PERIOD 1930 TO 2017


WEATHER ITEM   OBSERVED TIME   RECORD YEAR NORMAL DEPARTURE LAST
                VALUE   (LST)  VALUE       VALUE  FROM      YEAR
                                                  NORMAL
..................................................................
TEMPERATURE (F)
 TODAY
  MAXIMUM         95R   514 PM  95    2012  82     13       92
                                      1943
  MINIMUM         52    143 AM  33    2013  52      0       59
  AVERAGE         74                        67      7       76

PRECIPITATION (IN)
  TODAY            0.00          0.67 1980   0.02  -0.02     0.00
  MONTH TO DATE    2.51                      0.51   2.00     1.32
  SINCE MAR 1      2.99                      1.11   1.88     1.66
  SINCE JAN 1      4.83                      2.38   2.45     2.14

SNOWFALL (IN)
  TODAY            0.0
  MONTH TO DATE    0.0
  SINCE MAR 1      0.0
  SINCE JUL 1      0.3
  SNOW DEPTH       0

DEGREE DAYS
 HEATING
  TODAY            0                         2     -2        0
  MONTH TO DATE   46                       101    -55       54
  SINCE MAR 1    162                       408   -246      215
  SINCE JUL 1   1662                      2645   -983     2045

 COOLING
  TODAY            9                         4      5       11
  MONTH TO DATE  114                        61     53       74
  SINCE MAR 1    222                        77    145      109
  SINCE JAN 1    239                        79    160      124
..................................................................


WIND (MPH)
  HIGHEST WIND SPEED    25   HIGHEST WIND DIRECTION     S (170)
  HIGHEST GUST SPEED    30   HIGHEST GUST DIRECTION     S (180)
  AVERAGE WIND SPEED    13.0


SKY COVER
  POSSIBLE SUNSHINE  MM
  AVERAGE SKY COVER 0.0


WEATHER CONDITIONS
 THE FOLLOWING WEATHER WAS RECORDED TODAY.
  NO SIGNIFICANT WEATHER WAS OBSERVED.


RELATIVE HUMIDITY (PERCENT)
 HIGHEST    47           400 AM
 LOWEST     15           300 PM
 AVERAGE    31

..........................................................


THE MIDLAND CLIMATE NORMALS FOR TOMORROW
                         NORMAL    RECORD    YEAR
 MAXIMUM TEMPERATURE (F)   82       104      2012
 MINIMUM TEMPERATURE (F)   53        39      1937


SUNRISE AND SUNSET
APRIL 24 2017.........SUNRISE   710 AM CDT   SUNSET   824 PM CDT
APRIL 25 2017.........SUNRISE   709 AM CDT   SUNSET   825 PM CDT


-  INDICATES NEGATIVE NUMBERS.
R  INDICATES RECORD WAS SET OR TIED.
MM INDICATES DATA IS MISSING.
T  INDICATES TRACE AMOUNT.




$$
