000
CDUS44 KMAF 122211
CLIMAF


CLIMATE REPORT
NATIONAL WEATHER SERVICE MIDLAND TX
411 PM CST TUE DEC 12 2017


...................................

...THE MIDLAND CLIMATE SUMMARY FOR DECEMBER 12 2017...
VALID TODAY AS OF 0400 PM LOCAL TIME.

CLIMATE NORMAL PERIOD 1981 TO 2010
CLIMATE RECORD PERIOD 1930 TO 2017


WEATHER ITEM   OBSERVED TIME   RECORD YEAR NORMAL DEPARTURE LAST
                VALUE   (LST)  VALUE       VALUE  FROM      YEAR
                                                  NORMAL
..................................................................
TEMPERATURE (F)
 TODAY
  MAXIMUM         60    403 PM  80    1995  58      2       66
  MINIMUM         29    752 AM  10    1989  31     -2       33
  AVERAGE         45                        45      0       50

PRECIPITATION (IN)
  TODAY            0.00          0.34 1979   0.02  -0.02     0.00
  MONTH TO DATE    0.36                      0.24   0.12     0.35
  SINCE DEC 1      0.36                      0.24   0.12     0.35
  SINCE JAN 1     17.70                     14.24   3.46    15.12

SNOWFALL (IN)
  TODAY            0.0
  MONTH TO DATE    0.0
  SINCE DEC 1      0.0
  SINCE JUL 1      0.0
  SNOW DEPTH       0

DEGREE DAYS
 HEATING
  TODAY           20                        20      0       15
  MONTH TO DATE  181                       231    -50      237
  SINCE DEC 1    181                       231    -50      237
  SINCE JUL 1    502                       710   -208      448
..................................................................


WIND (MPH)
  HIGHEST WIND SPEED    13   HIGHEST WIND DIRECTION    NE (30)
  HIGHEST GUST SPEED    17   HIGHEST GUST DIRECTION    NE (30)
  AVERAGE WIND SPEED     7.3


SKY COVER
  POSSIBLE SUNSHINE  MM
  AVERAGE SKY COVER 0.0


WEATHER CONDITIONS
 THE FOLLOWING WEATHER WAS RECORDED TODAY.
  HAZE


RELATIVE HUMIDITY (PERCENT)
 HIGHEST    64           100 AM
 LOWEST     18           400 PM
 AVERAGE    41

..........................................................


THE MIDLAND CLIMATE NORMALS FOR TOMORROW
                         NORMAL    RECORD    YEAR
 MAXIMUM TEMPERATURE (F)   58        82      1995
                                             1933
 MINIMUM TEMPERATURE (F)   31        14      1985


SUNRISE AND SUNSET
DECEMBER 12 2017......SUNRISE   740 AM CST   SUNSET   545 PM CST
DECEMBER 13 2017......SUNRISE   741 AM CST   SUNSET   546 PM CST


-  INDICATES NEGATIVE NUMBERS.
R  INDICATES RECORD WAS SET OR TIED.
MM INDICATES DATA IS MISSING.
T  INDICATES TRACE AMOUNT.




$$
