000
CDUS44 KMAF 230734
CLIMAF


CLIMATE REPORT
NATIONAL WEATHER SERVICE MIDLAND TX
234 AM CDT WED AUG 23 2017


...................................

...THE MIDLAND CLIMATE SUMMARY FOR AUGUST 22 2017...

CLIMATE NORMAL PERIOD 1981 TO 2010
CLIMATE RECORD PERIOD 1930 TO 2017


WEATHER ITEM   OBSERVED TIME   RECORD YEAR NORMAL DEPARTURE LAST
                VALUE   (LST)  VALUE       VALUE  FROM      YEAR
                                                  NORMAL
..................................................................
TEMPERATURE (F)
 YESTERDAY
  MAXIMUM         98    252 PM 103    1985  93      5       88
  MINIMUM         70    937 PM  52    1947  68      2       71
  AVERAGE         84                        81      3       80

PRECIPITATION (IN)
  YESTERDAY        0.54          0.84 1958   0.07   0.47      T
  MONTH TO DATE    2.41                      1.25   1.16     2.62
  SINCE JUN 1      6.94                      4.87   2.07     6.02
  SINCE JAN 1     12.63                      9.13   3.50     9.76

DEGREE DAYS
 COOLING
  YESTERDAY       19                        16      3       15
  MONTH TO DATE  385                       368     17      413
  SINCE JUN 1   1568                      1361    207     1625
  SINCE JAN 1   2129                      1750    379     2105
..................................................................


WIND (MPH)
  HIGHEST WIND SPEED    53   HIGHEST WIND DIRECTION     N (360)
  HIGHEST GUST SPEED    60   HIGHEST GUST DIRECTION     N (10)
  AVERAGE WIND SPEED     9.5


SKY COVER
  POSSIBLE SUNSHINE  MM
  AVERAGE SKY COVER 0.2


WEATHER CONDITIONS
 THE FOLLOWING WEATHER WAS RECORDED YESTERDAY.
  THUNDERSTORM
  HEAVY RAIN
  RAIN
  FOG


RELATIVE HUMIDITY (PERCENT)
 HIGHEST    68           600 AM
 LOWEST     29           300 PM
 AVERAGE    49

..........................................................


THE MIDLAND CLIMATE NORMALS FOR TODAY
                         NORMAL    RECORD    YEAR
 MAXIMUM TEMPERATURE (F)   93       106      1977
 MINIMUM TEMPERATURE (F)   68        61      1961
                                             1940


SUNRISE AND SUNSET
AUGUST 23 2017........SUNRISE   719 AM CDT   SUNSET   823 PM CDT
AUGUST 24 2017........SUNRISE   719 AM CDT   SUNSET   822 PM CDT


-  INDICATES NEGATIVE NUMBERS.
R  INDICATES RECORD WAS SET OR TIED.
MM INDICATES DATA IS MISSING.
T  INDICATES TRACE AMOUNT.




$$
