000
CDUS42 KTAE 230632
CLIMAI


CLIMATE REPORT
NATIONAL WEATHER SERVICE TALLAHASSEE FL
132 AM EST MON JAN 23 2017


...................................

...THE MARIANNA CLIMATE SUMMARY FOR JANUARY 22 2017...

CLIMATE NORMAL PERIOD 1981 TO 2010
CLIMATE RECORD PERIOD 1950 TO 2017


WEATHER ITEM   OBSERVED NORMAL DEPARTURE LAST
                VALUE   VALUE  FROM      YEAR
                               NORMAL
...............................................
TEMPERATURE (F)
 YESTERDAY
  MAXIMUM         77     62     15       62
  MINIMUM         57     40     17       36
  AVERAGE         67     50     17       49

PRECIPITATION (IN)
  YESTERDAY        0.70   0.17   0.53     0.61
  MONTH TO DATE    6.54   3.33   3.21     4.36
  SINCE DEC 1     18.31   7.24  11.07    13.49
  SINCE JAN 1      6.54   3.33   3.21     4.36

DEGREE DAYS
 HEATING
  YESTERDAY        0           -15
  MONTH TO DATE  143          -192
  SINCE DEC 1    366          -370
  SINCE JUL 1    498          -476

 COOLING
  YESTERDAY        2             2
  MONTH TO DATE   27            27
  SINCE DEC 1     54            42
  SINCE JAN 1     27            27
...............................................


WIND (MPH)
  HIGHEST WIND SPEED    41   HIGHEST WIND DIRECTION     S (200)
  HIGHEST GUST SPEED    58   HIGHEST GUST DIRECTION     S (200)
  AVERAGE WIND SPEED    12.2




RELATIVE HUMIDITY (PERCENT)
 HIGHEST   100
 LOWEST     56
 AVERAGE    78

..........................................................




SUNRISE AND SUNSET
JANUARY 23 2017.......SUNRISE   637 AM CST   SUNSET   509 PM CST
JANUARY 24 2017.......SUNRISE   636 AM CST   SUNSET   510 PM CST


-  INDICATES NEGATIVE NUMBERS.
R  INDICATES RECORD WAS SET OR TIED.
MM INDICATES DATA IS MISSING.
T  INDICATES TRACE AMOUNT.




$$
