000
CDUS42 KTAE 180632
CLIMAI


CLIMATE REPORT
NATIONAL WEATHER SERVICE TALLAHASSEE FL
131 AM EST THU JAN 18 2018


...................................

...THE MARIANNA CLIMATE SUMMARY FOR JANUARY 17 2018...

CLIMATE NORMAL PERIOD 1981 TO 2010
CLIMATE RECORD PERIOD 1950 TO 2018


WEATHER ITEM   OBSERVED NORMAL DEPARTURE LAST
                VALUE   VALUE  FROM      YEAR
                               NORMAL
...............................................
TEMPERATURE (F)
 YESTERDAY
  MAXIMUM         42     61    -19       79
  MINIMUM         25     39    -14       51
  AVERAGE         34     50    -16       65

PRECIPITATION (IN)
  YESTERDAY        0.06   0.14  -0.08     0.00
  MONTH TO DATE    1.01   2.57  -1.56     4.34
  SINCE DEC 1      3.54   6.48  -2.94    16.11
  SINCE JAN 1      1.01   2.57  -1.56     4.34

DEGREE DAYS
 HEATING
  YESTERDAY       31            16
  MONTH TO DATE  348            88
  SINCE DEC 1    683            22
  SINCE JUL 1    864           -35

 COOLING
  YESTERDAY        0             0
  MONTH TO DATE    9             9
  SINCE DEC 1     37            25
  SINCE JAN 1      9             9
...............................................


WIND (MPH)
  HIGHEST WIND SPEED    20   HIGHEST WIND DIRECTION     N (340)
  HIGHEST GUST SPEED    26   HIGHEST GUST DIRECTION    NW (320)
  AVERAGE WIND SPEED    11.9




RELATIVE HUMIDITY (PERCENT)
 HIGHEST    92
 LOWEST     32
 AVERAGE    62

..........................................................




SUNRISE AND SUNSET
JANUARY 18 2018.......SUNRISE   638 AM CST   SUNSET   504 PM CST
JANUARY 19 2018.......SUNRISE   638 AM CST   SUNSET   505 PM CST


-  INDICATES NEGATIVE NUMBERS.
R  INDICATES RECORD WAS SET OR TIED.
MM INDICATES DATA IS MISSING.
T  INDICATES TRACE AMOUNT.




$$
