000
CDUS42 KTAE 290652
CLIMAI


CLIMATE REPORT
NATIONAL WEATHER SERVICE TALLAHASSEE FL
247 AM EDT TUE JUL 29 2014


...................................

...THE MARIANNA CLIMATE SUMMARY FOR JULY 28 2014...

CLIMATE NORMAL PERIOD 1981 TO 2010
CLIMATE RECORD PERIOD 1950 TO 2014


WEATHER ITEM   OBSERVED NORMAL DEPARTURE LAST
                VALUE   VALUE  FROM      YEAR
                               NORMAL
...............................................
TEMPERATURE (F)
 YESTERDAY
  MAXIMUM         96     91      5
  MINIMUM         72     73     -1
  AVERAGE         84     82      2

PRECIPITATION (IN)
  YESTERDAY        0.54   0.14   0.40     0.21
  MONTH TO DATE    4.83   4.67   0.16    11.21
  SINCE JUN 1      7.50  10.24  -2.74    15.31
  SINCE JAN 1     39.22  32.46   6.76    36.21

DEGREE DAYS
 HEATING
  YESTERDAY        0             0
  MONTH TO DATE    0             0
  SINCE JUN 1      0             0
  SINCE JUL 1      0             0

 COOLING
  YESTERDAY       19             2
  MONTH TO DATE  482             6
  SINCE JUN 1    979            44
  SINCE JAN 1   1413             8
...............................................


WIND (MPH)
  HIGHEST WIND SPEED    38   HIGHEST WIND DIRECTION     N (360)
  HIGHEST GUST SPEED    49   HIGHEST GUST DIRECTION     N (360)
  AVERAGE WIND SPEED     9.3




RELATIVE HUMIDITY (PERCENT)
 HIGHEST   100
 LOWEST     48
 AVERAGE    74

..........................................................




SUNRISE AND SUNSET
JULY 29 2014..........SUNRISE   556 AM CDT   SUNSET   738 PM CDT
JULY 30 2014..........SUNRISE   557 AM CDT   SUNSET   737 PM CDT


-  INDICATES NEGATIVE NUMBERS.
R  INDICATES RECORD WAS SET OR TIED.
MM INDICATES DATA IS MISSING.
T  INDICATES TRACE AMOUNT.




$$
