000
CDUS42 KTAE 190637
CLIMAI


CLIMATE REPORT
NATIONAL WEATHER SERVICE TALLAHASSEE FL
234 AM EDT SAT APR 19 2014

...................................

...THE MARIANNA CLIMATE SUMMARY FOR APRIL 18 2014...

CLIMATE NORMAL PERIOD 1981 TO 2010
CLIMATE RECORD PERIOD 1950 TO 2014


WEATHER ITEM   OBSERVED NORMAL DEPARTURE LAST
                VALUE   VALUE  FROM      YEAR
                               NORMAL
...............................................
TEMPERATURE (F)
 YESTERDAY
  MAXIMUM         60     80    -20
  MINIMUM         54     54      0
  AVERAGE         57     67    -10

PRECIPITATION (IN)
  YESTERDAY       MM      0.12  MM        0.00
  MONTH TO DATE    2.70   2.74  -0.04     2.00
  SINCE MAR 1     10.56   8.28   2.28     4.98
  SINCE JAN 1     17.89  18.26  -0.37    18.85

DEGREE DAYS
 HEATING
  YESTERDAY        8             6
  MONTH TO DATE   50            -1
  SINCE MAR 1    268            37
  SINCE JUL 1   1728            92

 COOLING
  YESTERDAY        0            -4
  MONTH TO DATE   34           -18
  SINCE MAR 1     37           -47
  SINCE JAN 1     46           -53
...............................................


WIND (MPH)
  HIGHEST WIND SPEED    24   HIGHEST WIND DIRECTION     N (20)
  HIGHEST GUST SPEED    33   HIGHEST GUST DIRECTION    NE (40)
  AVERAGE WIND SPEED    14.2



RELATIVE HUMIDITY (PERCENT)
 HIGHEST   100
 LOWEST     97
 AVERAGE    99

..........................................................



SUNRISE AND SUNSET
APRIL 19 2014.........SUNRISE   609 AM CDT   SUNSET   711 PM CDT
APRIL 20 2014.........SUNRISE   608 AM CDT   SUNSET   712 PM CDT


-  INDICATES NEGATIVE NUMBERS.
R  INDICATES RECORD WAS SET OR TIED.
MM INDICATES DATA IS MISSING.
T  INDICATES TRACE AMOUNT.


$$
