000
CDUS42 KTAE 230631
CLIMAI


CLIMATE REPORT
NATIONAL WEATHER SERVICE TALLAHASSEE FL
230 AM EDT THU MAR 23 2017


...................................

...THE MARIANNA CLIMATE SUMMARY FOR MARCH 22 2017...

CLIMATE NORMAL PERIOD 1981 TO 2010
CLIMATE RECORD PERIOD 1950 TO 2017


WEATHER ITEM   OBSERVED NORMAL DEPARTURE LAST
                VALUE   VALUE  FROM      YEAR
                               NORMAL
...............................................
TEMPERATURE (F)
 YESTERDAY
  MAXIMUM         89     74     15       72
  MINIMUM         62     49     13       35
  AVERAGE         76     61     15       54

PRECIPITATION (IN)
  YESTERDAY        0.00   0.19  -0.19     0.00
  MONTH TO DATE    0.84   3.66  -2.82     0.71
  SINCE MAR 1      0.84   3.66  -2.82     0.71
  SINCE JAN 1     11.24  13.64  -2.40     9.15

DEGREE DAYS
 HEATING
  YESTERDAY        0            -5
  MONTH TO DATE  128           -15
  SINCE MAR 1    128           -15
  SINCE JUL 1    817          -731

 COOLING
  YESTERDAY       11            10
  MONTH TO DATE   36            14
  SINCE MAR 1     36            14
  SINCE JAN 1     93            56
...............................................


WIND (MPH)
  HIGHEST WIND SPEED    16   HIGHEST WIND DIRECTION     N (350)
  HIGHEST GUST SPEED    19   HIGHEST GUST DIRECTION     N (350)
  AVERAGE WIND SPEED     7.3




RELATIVE HUMIDITY (PERCENT)
 HIGHEST   100
 LOWEST     26
 AVERAGE    63

..........................................................




SUNRISE AND SUNSET
MARCH 23 2017.........SUNRISE   641 AM CDT   SUNSET   654 PM CDT
MARCH 24 2017.........SUNRISE   639 AM CDT   SUNSET   655 PM CDT


-  INDICATES NEGATIVE NUMBERS.
R  INDICATES RECORD WAS SET OR TIED.
MM INDICATES DATA IS MISSING.
T  INDICATES TRACE AMOUNT.




$$
