000
CDUS42 KTAE 200634
CLIMAI


CLIMATE REPORT
NATIONAL WEATHER SERVICE TALLAHASSEE FL
134 AM EST MON NOV 20 2017


...................................

...THE MARIANNA CLIMATE SUMMARY FOR NOVEMBER 19 2017...

CLIMATE NORMAL PERIOD 1981 TO 2010
CLIMATE RECORD PERIOD 1950 TO 2017


WEATHER ITEM   OBSERVED NORMAL DEPARTURE LAST
                VALUE   VALUE  FROM      YEAR
                               NORMAL
...............................................
TEMPERATURE (F)
 YESTERDAY
  MAXIMUM         71     71      0       72
  MINIMUM         45     48     -3       46
  AVERAGE         58     59     -1       59

PRECIPITATION (IN)
  YESTERDAY        0.05   0.16  -0.11     0.00
  MONTH TO DATE    0.14   2.48  -2.34      T
  SINCE SEP 1      4.31   9.70  -5.39     4.04
  SINCE JAN 1     44.01  48.03  -4.02    37.83

DEGREE DAYS
 HEATING
  YESTERDAY        7             0
  MONTH TO DATE   58           -39
  SINCE SEP 1    110           -36
  SINCE JUL 1    110           -36

 COOLING
  YESTERDAY        0            -1
  MONTH TO DATE   45            16
  SINCE SEP 1    720           146
  SINCE JAN 1   2983           444
...............................................


WIND (MPH)
  HIGHEST WIND SPEED    26   HIGHEST WIND DIRECTION    NW (300)
  HIGHEST GUST SPEED    37   HIGHEST GUST DIRECTION    NW (310)
  AVERAGE WIND SPEED    11.1




RELATIVE HUMIDITY (PERCENT)
 HIGHEST    93
 LOWEST     26
 AVERAGE    60

..........................................................




SUNRISE AND SUNSET
NOVEMBER 20 2017......SUNRISE   612 AM CST   SUNSET   441 PM CST
NOVEMBER 21 2017......SUNRISE   613 AM CST   SUNSET   441 PM CST


-  INDICATES NEGATIVE NUMBERS.
R  INDICATES RECORD WAS SET OR TIED.
MM INDICATES DATA IS MISSING.
T  INDICATES TRACE AMOUNT.




$$
