000
CDUS43 KABR 270910
CLIMBG


CLIMATE REPORT
NATIONAL WEATHER SERVICE ABERDEEN SD
409 AM CDT THU APR 27 2017


...................................

...THE MOBRIDGE SD CLIMATE SUMMARY FOR APRIL 26 2017...

CLIMATE NORMAL PERIOD 1981 TO 2010
CLIMATE RECORD PERIOD 1911 TO 2017


WEATHER ITEM   OBSERVED TIME   RECORD YEAR NORMAL DEPARTURE LAST
                VALUE   (LST)  VALUE       VALUE  FROM      YEAR
                                                  NORMAL
..................................................................
TEMPERATURE (F)
 YESTERDAY
  MAXIMUM         49    351 PM  89    1952  63    -14       50
  MINIMUM         30   1001 PM  20    1950  36     -6       39
  AVERAGE         40                        50    -10       45

PRECIPITATION (IN)
  YESTERDAY        0.00          1.63 1915   0.08  -0.08     0.00
  MONTH TO DATE    0.48                      1.22  -0.74     2.97
  SINCE MAR 1      1.10                      2.12  -1.02     3.76
  SINCE JAN 1      1.86                      2.85  -0.99     4.98

SNOWFALL (IN)
  YESTERDAY        0.0
  MONTH TO DATE    0.0
  SINCE OCT 1     47.3
  SINCE JUL 1     47.3
  SNOW DEPTH       0

DEGREE DAYS
 HEATING
  YESTERDAY       25                        15     10       20
  MONTH TO DATE  443                       535    -92      422
  SINCE MAR 1   1378                      1562   -184     1156
  SINCE JUL 1   6815                      7537   -722     6031

 COOLING
  YESTERDAY        0                         0      0        0
  MONTH TO DATE    0                         0      0        2
  SINCE MAR 1      0                         0      0        2
  SINCE JAN 1      0                         0      0        2
..................................................................


WIND (MPH)
  HIGHEST WIND SPEED    22   HIGHEST WIND DIRECTION     N (360)
  HIGHEST GUST SPEED    30   HIGHEST GUST DIRECTION     N (10)
  AVERAGE WIND SPEED    14.1


SKY COVER
  POSSIBLE SUNSHINE  MM
  AVERAGE SKY COVER 0.8


WEATHER CONDITIONS
 THE FOLLOWING WEATHER WAS RECORDED YESTERDAY.
  NO SIGNIFICANT WEATHER WAS OBSERVED.


RELATIVE HUMIDITY (PERCENT)
 HIGHEST    72           900 PM
 LOWEST     42           400 PM
 AVERAGE    57

..........................................................


THE MOBRIDGE SD CLIMATE NORMALS FOR TODAY
                         NORMAL    RECORD    YEAR
 MAXIMUM TEMPERATURE (F)   63        94      1952
 MINIMUM TEMPERATURE (F)   37        19      1950


SUNRISE AND SUNSET
APRIL 27 2017.........SUNRISE   635 AM CDT   SUNSET   844 PM CDT
APRIL 28 2017.........SUNRISE   634 AM CDT   SUNSET   845 PM CDT


-  INDICATES NEGATIVE NUMBERS.
R  INDICATES RECORD WAS SET OR TIED.
MM INDICATES DATA IS MISSING.
T  INDICATES TRACE AMOUNT.




$$
