000
CDUS43 KABR 091453
CLIMBG


CLIMATE REPORT
NATIONAL WEATHER SERVICE ABERDEEN SD
853 AM CST TUE FEB 9 2016


...................................

...THE MOBRIDGE SD CLIMATE SUMMARY FOR FEBRUARY 8 2016...

CLIMATE NORMAL PERIOD 1981 TO 2010
CLIMATE RECORD PERIOD 1911 TO 2016


WEATHER ITEM   OBSERVED TIME   RECORD YEAR NORMAL DEPARTURE LAST
                VALUE   (LST)  VALUE       VALUE  FROM      YEAR
                                                  NORMAL
..................................................................
TEMPERATURE (F)
 YESTERDAY
  MAXIMUM         38    130 PM  66    1954  29      9       44
  MINIMUM         22   1159 PM -31    1933   8     14       30
  AVERAGE         30                        19     11       37

PRECIPITATION (IN)
  YESTERDAY        0.00          0.22 2009   0.02  -0.02     0.09
  MONTH TO DATE    0.03                      0.11  -0.08     0.12
  SINCE DEC 1      0.48                      0.84  -0.36     0.85
  SINCE JAN 1      0.15                      0.40  -0.25     0.43

SNOWFALL (IN)
  YESTERDAY        0.0
  MONTH TO DATE    0.3
  SINCE OCT 1     11.2
  SINCE JUL 1     11.2
  SNOW DEPTH       T

DEGREE DAYS
 HEATING
  YESTERDAY       35                        46    -11       28
  MONTH TO DATE  278                       375    -97      348
  SINCE DEC 1   2905                      3342   -437     2956
  SINCE JUL 1   4199                      5108   -909     4781

 COOLING
  YESTERDAY        0                         0      0        0
  MONTH TO DATE    0                         0      0        0
  SINCE DEC 1      0                         0      0        0
  SINCE JAN 1      0                         0      0        0
..................................................................


WIND (MPH)
  HIGHEST WIND SPEED    30   HIGHEST WIND DIRECTION     N (340)
  HIGHEST GUST SPEED    40   HIGHEST GUST DIRECTION    NW (330)
  AVERAGE WIND SPEED    18.8


SKY COVER
  POSSIBLE SUNSHINE  MM
  AVERAGE SKY COVER 0.3


WEATHER CONDITIONS
 THE FOLLOWING WEATHER WAS RECORDED YESTERDAY.
  NO SIGNIFICANT WEATHER WAS OBSERVED.


RELATIVE HUMIDITY (PERCENT)
 HIGHEST    74           900 AM
 LOWEST     44           200 PM
 AVERAGE    59

..........................................................


THE MOBRIDGE SD CLIMATE NORMALS FOR TODAY
                         NORMAL    RECORD    YEAR
 MAXIMUM TEMPERATURE (F)   30        58      1931
 MINIMUM TEMPERATURE (F)    8       -38      1994


SUNRISE AND SUNSET
FEBRUARY  9 2016......SUNRISE   753 AM CST   SUNSET   559 PM CST
FEBRUARY 10 2016......SUNRISE   752 AM CST   SUNSET   601 PM CST


-  INDICATES NEGATIVE NUMBERS.
R  INDICATES RECORD WAS SET OR TIED.
MM INDICATES DATA IS MISSING.
T  INDICATES TRACE AMOUNT.




$$
