000
CDUS43 KABR 152237
CLIMBG


CLIMATE REPORT
NATIONAL WEATHER SERVICE ABERDEEN SD
535 PM CDT TUE APR 15 2014


...................................

...THE MOBRIDGE SD CLIMATE SUMMARY FOR APRIL 15 2014...
VALID TODAY AS OF 0500 PM LOCAL TIME.

CLIMATE NORMAL PERIOD 1981 TO 2010
CLIMATE RECORD PERIOD 1911 TO 2014


WEATHER ITEM   OBSERVED TIME   RECORD YEAR NORMAL DEPARTURE LAST
                VALUE   (LST)  VALUE       VALUE  FROM      YEAR
                                                  NORMAL
..................................................................
TEMPERATURE (F)
 TODAY
  MAXIMUM         53    359 PM  88    2008  58     -5       34
  MINIMUM         15    136 AM  12    1944  32    -17       26
  AVERAGE         34                        45    -11       30

PRECIPITATION (IN)
  TODAY            0.00          0.94 1970   0.05  -0.05      T
  MONTH TO DATE    0.31                      0.55  -0.24     1.30
  SINCE MAR 1      0.82                      1.45  -0.63     1.68
  SINCE JAN 1      1.43                      2.18  -0.75     2.64

SNOWFALL (IN)
  TODAY            0.0
  MONTH TO DATE    3.5
  SINCE OCT 1     44.3
  SINCE JUL 1     44.3
  SNOW DEPTH       0

DEGREE DAYS
 HEATING
  TODAY           31                        20     11       35
  MONTH TO DATE  412                       344     68      479
  SINCE MAR 1   1556                      1371    185     1687
  SINCE JUL 1   8096                      7346    750     7503

 COOLING
  TODAY            0                         0      0        0
  MONTH TO DATE    0                         0      0        0
  SINCE MAR 1      0                         0      0        0
  SINCE JAN 1      0                         0      0        0
..................................................................


WIND (MPH)
  HIGHEST WIND SPEED    29   HIGHEST WIND DIRECTION    SE (150)
  HIGHEST GUST SPEED    34   HIGHEST GUST DIRECTION    SE (140)
  AVERAGE WIND SPEED    17.7


SKY COVER
  POSSIBLE SUNSHINE  MM
  AVERAGE SKY COVER 0.3


WEATHER CONDITIONS
 THE FOLLOWING WEATHER WAS RECORDED TODAY.
  NO SIGNIFICANT WEATHER WAS OBSERVED.


RELATIVE HUMIDITY (PERCENT)
 HIGHEST    80           300 AM
 LOWEST     26           400 PM
 AVERAGE    53

..........................................................


THE MOBRIDGE SD CLIMATE NORMALS FOR TOMORROW
                         NORMAL    RECORD    YEAR
 MAXIMUM TEMPERATURE (F)   59        88      1981
 MINIMUM TEMPERATURE (F)   33        13      1951


SUNRISE AND SUNSET
APRIL 15 2014.........SUNRISE   656 AM CDT   SUNSET   828 PM CDT
APRIL 16 2014.........SUNRISE   654 AM CDT   SUNSET   829 PM CDT


-  INDICATES NEGATIVE NUMBERS.
R  INDICATES RECORD WAS SET OR TIED.
MM INDICATES DATA IS MISSING.
T  INDICATES TRACE AMOUNT.




$$
