000
CDUS43 KABR 251041
CLIMBG


CLIMATE REPORT
NATIONAL WEATHER SERVICE ABERDEEN SD
440 AM CST TUE NOV 25 2014


...................................

...THE MOBRIDGE SD CLIMATE SUMMARY FOR NOVEMBER 24 2014...

CLIMATE NORMAL PERIOD 1981 TO 2010
CLIMATE RECORD PERIOD 1911 TO 2014


WEATHER ITEM   OBSERVED TIME   RECORD YEAR NORMAL DEPARTURE LAST
                VALUE   (LST)  VALUE       VALUE  FROM      YEAR
                                                  NORMAL
..................................................................
TEMPERATURE (F)
 YESTERDAY
  MAXIMUM         29    249 PM  76    1914  38     -9       52
  MINIMUM         15    826 PM -10    2003  16     -1       17
  AVERAGE         22                        27     -5       35

PRECIPITATION (IN)
  YESTERDAY        0.00          0.12 1993   0.00   0.00     0.00
  MONTH TO DATE    0.72                      0.45   0.27     0.04
  SINCE SEP 1      1.99                      3.49  -1.50     9.10
  SINCE JAN 1     21.31                     17.40   3.91    22.92

SNOWFALL (IN)
  YESTERDAY        0.0
  MONTH TO DATE    6.2
  SINCE OCT 1      6.2
  SINCE JUL 1      6.2
  SNOW DEPTH       T

DEGREE DAYS
 HEATING
  YESTERDAY       43                        38      5       30
  MONTH TO DATE  895                       752    143      816
  SINCE SEP 1   1486                      1493     -7     1565
  SINCE JUL 1   1533                      1526      7     1578

 COOLING
  YESTERDAY        0                         0      0        0
  MONTH TO DATE    0                         0      0        0
  SINCE SEP 1     68                        63      5      116
  SINCE JAN 1    471                       644   -173      700
..................................................................


WIND (MPH)
  HIGHEST WIND SPEED    30   HIGHEST WIND DIRECTION    NW (330)
  HIGHEST GUST SPEED    36   HIGHEST GUST DIRECTION    NW (330)
  AVERAGE WIND SPEED    15.0


SKY COVER
  POSSIBLE SUNSHINE  MM
  AVERAGE SKY COVER 0.4


WEATHER CONDITIONS
 THE FOLLOWING WEATHER WAS RECORDED YESTERDAY.
  NO SIGNIFICANT WEATHER WAS OBSERVED.


RELATIVE HUMIDITY (PERCENT)
 HIGHEST    84          1000 PM
 LOWEST     34           300 PM
 AVERAGE    59

..........................................................


THE MOBRIDGE SD CLIMATE NORMALS FOR TODAY
                         NORMAL    RECORD    YEAR
 MAXIMUM TEMPERATURE (F)   37        73      1960
 MINIMUM TEMPERATURE (F)   16       -10      1977


SUNRISE AND SUNSET
NOVEMBER 25 2014......SUNRISE   754 AM CST   SUNSET   503 PM CST
NOVEMBER 26 2014......SUNRISE   755 AM CST   SUNSET   502 PM CST


-  INDICATES NEGATIVE NUMBERS.
R  INDICATES RECORD WAS SET OR TIED.
MM INDICATES DATA IS MISSING.
T  INDICATES TRACE AMOUNT.




$$
