000
CDUS43 KABR 231041
CLIMBG


CLIMATE REPORT
NATIONAL WEATHER SERVICE ABERDEEN SD
540 AM CDT THU OCT 23 2014


...................................

...THE MOBRIDGE SD CLIMATE SUMMARY FOR OCTOBER 22 2014...

CLIMATE NORMAL PERIOD 1981 TO 2010
CLIMATE RECORD PERIOD 1911 TO 2014


WEATHER ITEM   OBSERVED TIME   RECORD YEAR NORMAL DEPARTURE LAST
                VALUE   (LST)  VALUE       VALUE  FROM      YEAR
                                                  NORMAL
..................................................................
TEMPERATURE (F)
 YESTERDAY
  MAXIMUM         67    451 PM  79    1992  57     10       40
  MINIMUM         39   1159 PM  16    1937  33      6       33
  AVERAGE         53                        45      8       37

PRECIPITATION (IN)
  YESTERDAY        0.12          0.85 1985   0.05   0.07      T
  MONTH TO DATE    0.56                      1.15  -0.59     5.57
  SINCE SEP 1      1.27                      2.69  -1.42     8.94
  SINCE JAN 1     20.59                     16.60   3.99    22.76

SNOWFALL (IN)
  YESTERDAY        0.0
  MONTH TO DATE    0.0
  SINCE OCT 1      0.0
  SINCE JUL 1      0.0
  SNOW DEPTH       0

DEGREE DAYS
 HEATING
  YESTERDAY       12                        20     -8       28
  MONTH TO DATE  272                       352    -80      421
  SINCE SEP 1    427                       539   -112      491
  SINCE JUL 1    474                       572    -98      504

 COOLING
  YESTERDAY        0                         0      0        0
  MONTH TO DATE    5                         0      5        0
  SINCE SEP 1     68                        60      8      116
  SINCE JAN 1    471                       641   -170      700
..................................................................


WIND (MPH)
  HIGHEST WIND SPEED    22   HIGHEST WIND DIRECTION    NW (310)
  HIGHEST GUST SPEED    27   HIGHEST GUST DIRECTION    NW (320)
  AVERAGE WIND SPEED     8.5


SKY COVER
  POSSIBLE SUNSHINE  MM
  AVERAGE SKY COVER 0.3


WEATHER CONDITIONS
 THE FOLLOWING WEATHER WAS RECORDED YESTERDAY.
  RAIN
  LIGHT RAIN
  FOG


RELATIVE HUMIDITY (PERCENT)
 HIGHEST    80           500 AM
 LOWEST     37           500 PM
 AVERAGE    59

..........................................................


THE MOBRIDGE SD CLIMATE NORMALS FOR TODAY
                         NORMAL    RECORD    YEAR
 MAXIMUM TEMPERATURE (F)   57        78      1927
 MINIMUM TEMPERATURE (F)   32         8      1917


SUNRISE AND SUNSET
OCTOBER 23 2014.......SUNRISE   809 AM CDT   SUNSET   642 PM CDT
OCTOBER 24 2014.......SUNRISE   810 AM CDT   SUNSET   641 PM CDT


-  INDICATES NEGATIVE NUMBERS.
R  INDICATES RECORD WAS SET OR TIED.
MM INDICATES DATA IS MISSING.
T  INDICATES TRACE AMOUNT.




$$
