000
CDUS43 KABR 201034
CLIMBG


CLIMATE REPORT
NATIONAL WEATHER SERVICE ABERDEEN SD
534 AM CDT FRI OCT 20 2017


...................................

...THE MOBRIDGE SD CLIMATE SUMMARY FOR OCTOBER 19 2017...

CLIMATE NORMAL PERIOD 1981 TO 2010
CLIMATE RECORD PERIOD 1911 TO 2017


WEATHER ITEM   OBSERVED TIME   RECORD YEAR NORMAL DEPARTURE LAST
                VALUE   (LST)  VALUE       VALUE  FROM      YEAR
                                                  NORMAL
..................................................................
TEMPERATURE (F)
 YESTERDAY
  MAXIMUM         75    247 PM  88    1958  59     16       48
  MINIMUM         45   1228 AM  13    1960  34     11       35
  AVERAGE         60                        46     14       42

PRECIPITATION (IN)
  YESTERDAY        0.00          0.62 1983   0.05  -0.05     0.04
  MONTH TO DATE    0.18                      1.00  -0.82     0.21
  SINCE SEP 1      2.12                      2.54  -0.42     0.81
  SINCE JAN 1     14.82                     16.45  -1.63    17.78

SNOWFALL (IN)
  YESTERDAY        0.0
  MONTH TO DATE    0.0
  SINCE OCT 1      0.0
  SINCE JUL 1      0.0
  SNOW DEPTH       0

DEGREE DAYS
 HEATING
  YESTERDAY        5                        19    -14       23
  MONTH TO DATE  230                       293    -63      236
  SINCE SEP 1    369                       480   -111      335
  SINCE JUL 1    375                       513   -138      349

 COOLING
  YESTERDAY        0                         0      0        0
  MONTH TO DATE    0                         0      0       17
  SINCE SEP 1     78                        60     18       83
  SINCE JAN 1    789                       641    148      961
..................................................................


WIND (MPH)
  HIGHEST WIND SPEED    22   HIGHEST WIND DIRECTION     S (170)
  HIGHEST GUST SPEED    27   HIGHEST GUST DIRECTION     S (170)
  AVERAGE WIND SPEED    11.5


SKY COVER
  POSSIBLE SUNSHINE  MM
  AVERAGE SKY COVER 0.0


WEATHER CONDITIONS
 THE FOLLOWING WEATHER WAS RECORDED YESTERDAY.
  NO SIGNIFICANT WEATHER WAS OBSERVED.


RELATIVE HUMIDITY (PERCENT)
 HIGHEST    71          1200 AM
 LOWEST     31           500 PM
 AVERAGE    51

..........................................................


THE MOBRIDGE SD CLIMATE NORMALS FOR TODAY
                         NORMAL    RECORD    YEAR
 MAXIMUM TEMPERATURE (F)   58        85      1947
 MINIMUM TEMPERATURE (F)   33        14      1916


SUNRISE AND SUNSET
OCTOBER 20 2017.......SUNRISE   805 AM CDT   SUNSET   647 PM CDT
OCTOBER 21 2017.......SUNRISE   806 AM CDT   SUNSET   645 PM CDT


-  INDICATES NEGATIVE NUMBERS.
R  INDICATES RECORD WAS SET OR TIED.
MM INDICATES DATA IS MISSING.
T  INDICATES TRACE AMOUNT.




$$
