000
CDUS43 KABR 221044
CLIMBG


CLIMATE REPORT
NATIONAL WEATHER SERVICE ABERDEEN SD
442 AM CST SUN JAN 22 2017


...................................

...THE MOBRIDGE SD CLIMATE SUMMARY FOR JANUARY 21 2017...

CLIMATE NORMAL PERIOD 1981 TO 2010
CLIMATE RECORD PERIOD 1911 TO 2017


WEATHER ITEM   OBSERVED TIME   RECORD YEAR NORMAL DEPARTURE LAST
                VALUE   (LST)  VALUE       VALUE  FROM      YEAR
                                                  NORMAL
..................................................................
TEMPERATURE (F)
 YESTERDAY
  MAXIMUM         29    420 PM  59    1942  26      3       22
  MINIMUM         14   1150 PM -33    1949   6      8       18
  AVERAGE         22                        16      6       20

PRECIPITATION (IN)
  YESTERDAY        T             0.60 1917   0.01  -0.01      T
  MONTH TO DATE    0.42                      0.20   0.22     0.06
  SINCE DEC 1      2.72                      0.64   2.08     0.39
  SINCE JAN 1      0.42                      0.20   0.22     0.06

SNOWFALL (IN)
  YESTERDAY        T
  MONTH TO DATE    7.7
  SINCE OCT 1     36.1
  SINCE JUL 1     36.1
  SNOW DEPTH      13

DEGREE DAYS
 HEATING
  YESTERDAY       43                        49     -6       45
  MONTH TO DATE 1239                      1029    210     1041
  SINCE DEC 1   2828                      2479    349     2276
  SINCE JUL 1   3979                      4245   -266     3570

 COOLING
  YESTERDAY        0                         0      0        0
  MONTH TO DATE    0                         0      0        0
  SINCE DEC 1      0                         0      0        0
  SINCE JAN 1      0                         0      0        0
..................................................................


WIND (MPH)
  HIGHEST WIND SPEED     9   HIGHEST WIND DIRECTION    NW (300)
  HIGHEST GUST SPEED    10   HIGHEST GUST DIRECTION    NW (300)
  AVERAGE WIND SPEED     4.1


SKY COVER
  POSSIBLE SUNSHINE  MM
  AVERAGE SKY COVER 0.9


WEATHER CONDITIONS
 THE FOLLOWING WEATHER WAS RECORDED YESTERDAY.
  LIGHT SNOW
  FOG
  FOG W/VISIBILITY <= 1/4 MILE
  HAZE


RELATIVE HUMIDITY (PERCENT)
 HIGHEST    92           500 AM
 LOWEST     78           400 AM
 AVERAGE    85

..........................................................


THE MOBRIDGE SD CLIMATE NORMALS FOR TODAY
                         NORMAL    RECORD    YEAR
 MAXIMUM TEMPERATURE (F)   26        56      1942
 MINIMUM TEMPERATURE (F)    6       -31      1927


SUNRISE AND SUNSET
JANUARY 22 2017.......SUNRISE   813 AM CST   SUNSET   534 PM CST
JANUARY 23 2017.......SUNRISE   812 AM CST   SUNSET   536 PM CST


-  INDICATES NEGATIVE NUMBERS.
R  INDICATES RECORD WAS SET OR TIED.
MM INDICATES DATA IS MISSING.
T  INDICATES TRACE AMOUNT.




$$
