000
CDUS43 KABR 291034
CLIMBG


CLIMATE REPORT
NATIONAL WEATHER SERVICE ABERDEEN SD
534 AM CDT THU JUN 29 2017


...................................

...THE MOBRIDGE SD CLIMATE SUMMARY FOR JUNE 28 2017...

CLIMATE NORMAL PERIOD 1981 TO 2010
CLIMATE RECORD PERIOD 1911 TO 2017


WEATHER ITEM   OBSERVED TIME   RECORD YEAR NORMAL DEPARTURE LAST
                VALUE   (LST)  VALUE       VALUE  FROM      YEAR
                                                  NORMAL
..................................................................
TEMPERATURE (F)
 YESTERDAY
  MAXIMUM         87    432 PM 110    1931  82      5       84
  MINIMUM         62   1119 PM  43    1951  57      5       59
  AVERAGE         75                        70      5       72

PRECIPITATION (IN)
  YESTERDAY        0.00          0.73 1941   0.07  -0.07     0.00
  MONTH TO DATE    1.45                      3.00  -1.55     2.38
  SINCE JUN 1      1.45                      3.00  -1.55     2.38
  SINCE JAN 1      3.98                      9.02  -5.04    12.76

DEGREE DAYS
 HEATING
  YESTERDAY        0                         1     -1        0
  MONTH TO DATE   27                        73    -46       12
  SINCE JUN 1     27                        73    -46       12
  SINCE JUL 1   7153                      7957   -804     6315

 COOLING
  YESTERDAY       10                         6      4        7
  MONTH TO DATE  179                        86     93      208
  SINCE JUN 1    179                        86     93      208
  SINCE JAN 1    199                       102     97      224
..................................................................


WIND (MPH)
  HIGHEST WIND SPEED    22   HIGHEST WIND DIRECTION    NW (330)
  HIGHEST GUST SPEED    29   HIGHEST GUST DIRECTION    NW (310)
  AVERAGE WIND SPEED    13.2


SKY COVER
  POSSIBLE SUNSHINE  MM
  AVERAGE SKY COVER 0.1


WEATHER CONDITIONS
 THE FOLLOWING WEATHER WAS RECORDED YESTERDAY.
  NO SIGNIFICANT WEATHER WAS OBSERVED.


RELATIVE HUMIDITY (PERCENT)
 HIGHEST    68           600 AM
 LOWEST     10           400 PM
 AVERAGE    39

..........................................................


THE MOBRIDGE SD CLIMATE NORMALS FOR TODAY
                         NORMAL    RECORD    YEAR
 MAXIMUM TEMPERATURE (F)   82       109      2002
 MINIMUM TEMPERATURE (F)   58        43      1950


SUNRISE AND SUNSET
JUNE 29 2017..........SUNRISE   556 AM CDT   SUNSET   934 PM CDT
JUNE 30 2017..........SUNRISE   556 AM CDT   SUNSET   934 PM CDT


-  INDICATES NEGATIVE NUMBERS.
R  INDICATES RECORD WAS SET OR TIED.
MM INDICATES DATA IS MISSING.
T  INDICATES TRACE AMOUNT.




$$
