000
CDUS43 KABR 101033
CLIMBG


CLIMATE REPORT
NATIONAL WEATHER SERVICE ABERDEEN SD
432 AM CST SAT DEC 10 2016


...................................

...THE MOBRIDGE SD CLIMATE SUMMARY FOR DECEMBER 9 2016...

CLIMATE NORMAL PERIOD 1981 TO 2010
CLIMATE RECORD PERIOD 1911 TO 2016


WEATHER ITEM   OBSERVED TIME   RECORD YEAR NORMAL DEPARTURE LAST
                VALUE   (LST)  VALUE       VALUE  FROM      YEAR
                                                  NORMAL
..................................................................
TEMPERATURE (F)
 YESTERDAY
  MAXIMUM          4    106 PM  67    1939  30    -26       57
  MINIMUM         -7   1159 PM -32    1917   9    -16       35
  AVERAGE         -1                        20    -21       46

PRECIPITATION (IN)
  YESTERDAY        T             0.30 1970   0.01  -0.01     0.00
  MONTH TO DATE    0.15                      0.07   0.08     0.09
  SINCE DEC 1      0.15                      0.07   0.08     0.09
  SINCE JAN 1     19.28                     17.50   1.78    23.09

SNOWFALL (IN)
  YESTERDAY       MM
  MONTH TO DATE    3.1
  SINCE OCT 1     14.5
  SINCE JUL 1     14.5
  SNOW DEPTH       4

DEGREE DAYS
 HEATING
  YESTERDAY       66                        45     21       19
  MONTH TO DATE  419                       393     26      262
  SINCE DEC 1    419                       393     26      262
  SINCE JUL 1   1570                      2159   -589     1556

 COOLING
  YESTERDAY        0                         0      0        0
  MONTH TO DATE    0                         0      0        0
  SINCE DEC 1      0                         0      0        0
  SINCE JAN 1    961                       644    317      860
..................................................................


WIND (MPH)
  HIGHEST WIND SPEED    12   HIGHEST WIND DIRECTION     N (10)
  HIGHEST GUST SPEED    16   HIGHEST GUST DIRECTION     N (20)
  AVERAGE WIND SPEED     6.0


SKY COVER
  POSSIBLE SUNSHINE  MM
  AVERAGE SKY COVER 0.8


WEATHER CONDITIONS
 THE FOLLOWING WEATHER WAS RECORDED YESTERDAY.
  LIGHT SNOW
  HAZE


RELATIVE HUMIDITY (PERCENT)
 HIGHEST    82           100 AM
 LOWEST     71           500 AM
 AVERAGE    77

..........................................................


THE MOBRIDGE SD CLIMATE NORMALS FOR TODAY
                         NORMAL    RECORD    YEAR
 MAXIMUM TEMPERATURE (F)   30        60      1979
 MINIMUM TEMPERATURE (F)    9       -41      1917


SUNRISE AND SUNSET
DECEMBER 10 2016......SUNRISE   811 AM CST   SUNSET   458 PM CST
DECEMBER 11 2016......SUNRISE   812 AM CST   SUNSET   458 PM CST


-  INDICATES NEGATIVE NUMBERS.
R  INDICATES RECORD WAS SET OR TIED.
MM INDICATES DATA IS MISSING.
T  INDICATES TRACE AMOUNT.




$$
