000
CDUS43 KABR 031031
CLIMBG


CLIMATE REPORT
NATIONAL WEATHER SERVICE ABERDEEN SD
530 AM CDT TUE MAY 3 2016


...................................

...THE MOBRIDGE SD CLIMATE SUMMARY FOR MAY 2 2016...

CLIMATE NORMAL PERIOD 1981 TO 2010
CLIMATE RECORD PERIOD 1911 TO 2016


WEATHER ITEM   OBSERVED TIME   RECORD YEAR NORMAL DEPARTURE LAST
                VALUE   (LST)  VALUE       VALUE  FROM      YEAR
                                                  NORMAL
..................................................................
TEMPERATURE (F)
 YESTERDAY
  MAXIMUM         65    557 PM  90    2015  65      0       90
                                      1955
  MINIMUM         38    110 AM  19    2013  39     -1       49
  AVERAGE         52                        52      0       70

PRECIPITATION (IN)
  YESTERDAY        0.42          1.22 1964   0.08   0.34     0.00
  MONTH TO DATE    0.42                      0.17   0.25     0.00
  SINCE MAR 1      5.83                      2.64   3.19     0.67
  SINCE JAN 1      7.05                      3.37   3.68     1.47

DEGREE DAYS
 HEATING
  YESTERDAY       13                        13      0        0
  MONTH TO DATE   29                        27      2        8
  SINCE MAR 1   1259                      1647   -388     1298
  SINCE JUL 1   6134                      7622  -1488     7057

 COOLING
  YESTERDAY        0                         0      0        5
  MONTH TO DATE    0                         0      0        5
  SINCE MAR 1      2                         1      1        5
  SINCE JAN 1      2                         1      1        5
..................................................................


WIND (MPH)
  HIGHEST WIND SPEED    14   HIGHEST WIND DIRECTION     S (200)
  HIGHEST GUST SPEED    17   HIGHEST GUST DIRECTION     S (190)
  AVERAGE WIND SPEED     4.7


SKY COVER
  POSSIBLE SUNSHINE  MM
  AVERAGE SKY COVER 0.4


WEATHER CONDITIONS
 THE FOLLOWING WEATHER WAS RECORDED YESTERDAY.
  RAIN
  LIGHT RAIN
  FOG


RELATIVE HUMIDITY (PERCENT)
 HIGHEST    93          1100 PM
 LOWEST     44           500 PM
 AVERAGE    69

..........................................................


THE MOBRIDGE SD CLIMATE NORMALS FOR TODAY
                         NORMAL    RECORD    YEAR
 MAXIMUM TEMPERATURE (F)   65        93      1918
 MINIMUM TEMPERATURE (F)   39        15      2005


SUNRISE AND SUNSET
MAY  3 2016...........SUNRISE   626 AM CDT   SUNSET   852 PM CDT
MAY  4 2016...........SUNRISE   624 AM CDT   SUNSET   853 PM CDT


-  INDICATES NEGATIVE NUMBERS.
R  INDICATES RECORD WAS SET OR TIED.
MM INDICATES DATA IS MISSING.
T  INDICATES TRACE AMOUNT.




$$
