000
CDUS43 KABR 012230
CLIMBG


CLIMATE REPORT
NATIONAL WEATHER SERVICE ABERDEEN SD
530 PM CDT MON SEP 1 2014


...................................

...THE MOBRIDGE SD CLIMATE SUMMARY FOR SEPTEMBER 1 2014...
VALID TODAY AS OF 0500 PM LOCAL TIME.

CLIMATE NORMAL PERIOD 1981 TO 2010
CLIMATE RECORD PERIOD 1911 TO 2014


WEATHER ITEM   OBSERVED TIME   RECORD YEAR NORMAL DEPARTURE LAST
                VALUE   (LST)  VALUE       VALUE  FROM      YEAR
                                                  NORMAL
..................................................................
TEMPERATURE (F)
 TODAY
  MAXIMUM         76    329 PM 105    1937  80     -4       79
  MINIMUM         49    627 AM  36    1946  54     -5       54
  AVERAGE         63                        67     -4       67

PRECIPITATION (IN)
  TODAY            0.00          1.82 1957   0.05  -0.05     0.00
  MONTH TO DATE    0.00                      0.05  -0.05     0.00
  SINCE SEP 1      0.00                      0.05  -0.05     0.00
  SINCE JAN 1     19.32                     13.96   5.36    13.82

DEGREE DAYS
 HEATING
  TODAY            2                         2      0        0
  MONTH TO DATE    2                         2      0        0
  SINCE SEP 1      2                         2      0        0
  SINCE JUL 1     49                        35     14       13

 COOLING
  TODAY            0                         5     -5        2
  MONTH TO DATE    0                         5     -5        2
  SINCE SEP 1      0                         5     -5        2
  SINCE JAN 1    403                       586   -183      586
..................................................................


WIND (MPH)
  HIGHEST WIND SPEED    16   HIGHEST WIND DIRECTION    NW (330)
  HIGHEST GUST SPEED    20   HIGHEST GUST DIRECTION    NW (320)
  AVERAGE WIND SPEED     6.6


SKY COVER
  POSSIBLE SUNSHINE  MM
  AVERAGE SKY COVER 0.1


WEATHER CONDITIONS
 THE FOLLOWING WEATHER WAS RECORDED TODAY.
  NO SIGNIFICANT WEATHER WAS OBSERVED.


RELATIVE HUMIDITY (PERCENT)
 HIGHEST   100           300 AM
 LOWEST     46           300 PM
 AVERAGE    73

..........................................................


THE MOBRIDGE SD CLIMATE NORMALS FOR TOMORROW
                         NORMAL    RECORD    YEAR
 MAXIMUM TEMPERATURE (F)   80        99      1971
 MINIMUM TEMPERATURE (F)   54        39      1974


SUNRISE AND SUNSET
SEPTEMBER  1 2014.....SUNRISE   703 AM CDT   SUNSET   819 PM CDT
SEPTEMBER  2 2014.....SUNRISE   704 AM CDT   SUNSET   817 PM CDT


-  INDICATES NEGATIVE NUMBERS.
R  INDICATES RECORD WAS SET OR TIED.
MM INDICATES DATA IS MISSING.
T  INDICATES TRACE AMOUNT.




$$
