000
CDUS43 KABR 271124
CLIMBG


CLIMATE REPORT
NATIONAL WEATHER SERVICE ABERDEEN SD
624 AM CDT FRI MAR 27 2015


...................................

...THE MOBRIDGE SD CLIMATE SUMMARY FOR MARCH 26 2015...

CLIMATE NORMAL PERIOD 1981 TO 2010
CLIMATE RECORD PERIOD 1911 TO 2015


WEATHER ITEM   OBSERVED TIME   RECORD YEAR NORMAL DEPARTURE LAST
                VALUE   (LST)  VALUE       VALUE  FROM      YEAR
                                                  NORMAL
..................................................................
TEMPERATURE (F)
 YESTERDAY
  MAXIMUM         42    422 PM  74    1918  48     -6       51
                                      1946
  MINIMUM         19    144 AM  -7    1996  25     -6       24
  AVERAGE         31                        36     -5       38

PRECIPITATION (IN)
  YESTERDAY        T             0.83 1950   0.02  -0.02     0.00
  MONTH TO DATE    0.01                      0.71  -0.70     0.35
  SINCE MAR 1      0.01                      0.71  -0.70     0.35
  SINCE JAN 1      0.81                      1.44  -0.63     0.96

SNOWFALL (IN)
  YESTERDAY        T
  MONTH TO DATE    T
  SINCE OCT 1     18.7
  SINCE JUL 1     18.7
  SNOW DEPTH       0

DEGREE DAYS
 HEATING
  YESTERDAY       34                        29      5       27
  MONTH TO DATE  725                       891   -166      983
  SINCE MAR 1    725                       891   -166      983
  SINCE JUL 1   6484                      6866   -382     7523

 COOLING
  YESTERDAY        0                         0      0        0
  MONTH TO DATE    0                         0      0        0
  SINCE MAR 1      0                         0      0        0
  SINCE JAN 1      0                         0      0        0
..................................................................


WIND (MPH)
  HIGHEST WIND SPEED    12   HIGHEST WIND DIRECTION     E (100)
  HIGHEST GUST SPEED    15   HIGHEST GUST DIRECTION     E (90)
  AVERAGE WIND SPEED     4.7


SKY COVER
  POSSIBLE SUNSHINE  MM
  AVERAGE SKY COVER 0.7


WEATHER CONDITIONS
 THE FOLLOWING WEATHER WAS RECORDED YESTERDAY.
  LIGHT SNOW
  FOG
  HAZE


RELATIVE HUMIDITY (PERCENT)
 HIGHEST    92           100 AM
 LOWEST     45           400 PM
 AVERAGE    69

..........................................................


THE MOBRIDGE SD CLIMATE NORMALS FOR TODAY
                         NORMAL    RECORD    YEAR
 MAXIMUM TEMPERATURE (F)   48        84      1946
 MINIMUM TEMPERATURE (F)   25        -5      1913


SUNRISE AND SUNSET
MARCH 27 2015.........SUNRISE   732 AM CDT   SUNSET   803 PM CDT
MARCH 28 2015.........SUNRISE   730 AM CDT   SUNSET   804 PM CDT


-  INDICATES NEGATIVE NUMBERS.
R  INDICATES RECORD WAS SET OR TIED.
MM INDICATES DATA IS MISSING.
T  INDICATES TRACE AMOUNT.




$$
