000
CDUS43 KDTX 240544
CLIMBS


CLIMATE REPORT
NATIONAL WEATHER SERVICE DETROIT/PONTIAC MI
1244 AM EST WED JAN 24 2018


...................................

...THE TRI CITIES MI CLIMATE SUMMARY FOR JANUARY 23 2018...

CLIMATE NORMAL PERIOD 1981 TO 2010
CLIMATE RECORD PERIOD 1898 TO 2018


WEATHER ITEM   OBSERVED TIME   NORMAL DEPARTURE LAST
                VALUE   (LST)  VALUE  FROM      YEAR
                                      NORMAL
......................................................
TEMPERATURE (F)
 YESTERDAY
  MAXIMUM         45    213 AM  29     16       38
  MINIMUM         25    744 PM  15     10       35
  AVERAGE         35            22     13

PRECIPITATION (IN)
  YESTERDAY        0.04          0.05  -0.01
  MONTH TO DATE    1.24          1.34  -0.10
  SINCE DEC 1      2.27          3.20  -0.93
  SINCE JAN 1      1.24          1.34  -0.10

SNOWFALL (IN)
  YESTERDAY        0.4
  MONTH TO DATE    3.9
  SINCE DEC 1     17.1
  SINCE JUL 1     17.1
  SNOW DEPTH       T

DEGREE DAYS
 HEATING
  YESTERDAY       30                  -13
  MONTH TO DATE 1003                   23
  SINCE DEC 1   2284                  137
  SINCE JUL 1   3515                 -105

 COOLING
  YESTERDAY        0                    0
  MONTH TO DATE    0                    0
  SINCE DEC 1      0                    0
  SINCE JAN 1      0                    0
......................................................


WIND (MPH)
  HIGHEST WIND SPEED    23   HIGHEST WIND DIRECTION    NW (330)
  HIGHEST GUST SPEED    28   HIGHEST GUST DIRECTION    SW (230)
  AVERAGE WIND SPEED    13.7



WEATHER CONDITIONS
 THE FOLLOWING WEATHER WAS RECORDED YESTERDAY.
  LIGHT RAIN
  SNOW
  LIGHT SNOW
  FOG
  FOG W/VISIBILITY <= 1/4 MILE


RELATIVE HUMIDITY (PERCENT)
 HIGHEST   100
 LOWEST     81
 AVERAGE    91

..........................................................


THE TRI CITIES MI CLIMATE NORMALS FOR TODAY
                         NORMAL
 MAXIMUM TEMPERATURE (F)   29
 MINIMUM TEMPERATURE (F)   15


SUNRISE AND SUNSET
JANUARY 24 2018.......SUNRISE   800 AM EST   SUNSET   537 PM EST
JANUARY 25 2018.......SUNRISE   759 AM EST   SUNSET   538 PM EST


-  INDICATES NEGATIVE NUMBERS.
R  INDICATES RECORD WAS SET OR TIED.
MM INDICATES DATA IS MISSING.
T  INDICATES TRACE AMOUNT.




$$
