000
CDUS43 KDTX 300542
CLIMBS


CLIMATE REPORT
NATIONAL WEATHER SERVICE DETROIT/PONTIAC MI
142 AM EDT SAT AUG 30 2014


...................................

...THE  TRI CITIES MI CLIMATE SUMMARY FOR AUGUST 29 2014...

CLIMATE NORMAL PERIOD 1981 TO 2010
CLIMATE RECORD PERIOD 1898 TO 2014


WEATHER ITEM   OBSERVED TIME   NORMAL DEPARTURE
                VALUE   (LST)  VALUE  FROM
                                      NORMAL
...................................................
TEMPERATURE (F)
 YESTERDAY
  MAXIMUM         75    137 PM  78     -3
  MINIMUM         59    339 AM  56      3
  AVERAGE         67            67      0

PRECIPITATION (IN)
  YESTERDAY        T             0.12  -0.12
  MONTH TO DATE    4.25          3.08   1.17
  SINCE JUN 1     10.08          8.64   1.44
  SINCE JAN 1     21.67         20.29   1.38

SNOWFALL (IN)
  YESTERDAY        0.0
  MONTH TO DATE    0.0
  SINCE JUN 1      0.0
  SINCE JUL 1      0.0
  SNOW DEPTH       0

DEGREE DAYS
 HEATING
  YESTERDAY        0                   -1
  MONTH TO DATE   11                  -16
  SINCE JUN 1     40                  -59
  SINCE JUL 1     26                  -14

 COOLING
  YESTERDAY        2                   -1
  MONTH TO DATE  134                   -7
  SINCE JUN 1    421                  -42
  SINCE JAN 1    465                  -34
...................................................


WIND (MPH)
  HIGHEST WIND SPEED    17   HIGHEST WIND DIRECTION     S (170)
  HIGHEST GUST SPEED    22   HIGHEST GUST DIRECTION     S (170)
  AVERAGE WIND SPEED     9.1




RELATIVE HUMIDITY (PERCENT)
 HIGHEST    78
 LOWEST     57
 AVERAGE    68

..........................................................


THE  TRI CITIES MI CLIMATE NORMALS FOR TODAY
                         NORMAL
 MAXIMUM TEMPERATURE (F)   78
 MINIMUM TEMPERATURE (F)   56


SUNRISE AND SUNSET
AUGUST 30 2014........SUNRISE   658 AM EDT   SUNSET   815 PM EDT
AUGUST 31 2014........SUNRISE   659 AM EDT   SUNSET   813 PM EDT


-  INDICATES NEGATIVE NUMBERS.
R  INDICATES RECORD WAS SET OR TIED.
MM INDICATES DATA IS MISSING.
T  INDICATES TRACE AMOUNT.




$$
