000
CDUS43 KDTX 162134
CLIMBS


CLIMATE REPORT
NATIONAL WEATHER SERVICE DETROIT/PONTIAC MI
430 PM EST MON JAN 16 2017


...................................

...THE TRI CITIES MI CLIMATE SUMMARY FOR JANUARY 16 2017...
VALID TODAY AS OF 0400 PM LOCAL TIME.

CLIMATE NORMAL PERIOD 1981 TO 2010
CLIMATE RECORD PERIOD 1898 TO 2017


WEATHER ITEM   OBSERVED TIME   NORMAL DEPARTURE LAST
                VALUE   (LST)  VALUE  FROM      YEAR
                                      NORMAL
......................................................
TEMPERATURE (F)
 TODAY
  MAXIMUM         33    359 PM  29      4       36
  MINIMUM         22    745 AM  15      7       26
  AVERAGE         28            22      6       31

PRECIPITATION (IN)
  TODAY            T             0.05  -0.05      T
  MONTH TO DATE    1.13          0.98   0.15     1.68
  SINCE DEC 1      2.50          2.84  -0.34     4.78
  SINCE JAN 1      1.13          0.98   0.15     1.68

SNOWFALL (IN)
  TODAY            0.0           0.4   -0.4       T
  MONTH TO DATE    7.4           6.3    1.1      7.3
  SINCE DEC 1     24.0          15.3    8.7     11.5
  SINCE JUL 1     25.6          19.2    6.4     15.0
  SNOW DEPTH       0

DEGREE DAYS
 HEATING
  TODAY           37            43     -6       34
  MONTH TO DATE  657           679    -22      605
  SINCE DEC 1   1824          1846    -22     1399
  SINCE JUL 1   2812          3319   -507     2410

 COOLING
  TODAY            0             0      0        0
  MONTH TO DATE    0             0      0        0
  SINCE DEC 1      0             0      0        0
  SINCE JAN 1      0             0      0        0
......................................................


WIND (MPH)
  HIGHEST WIND SPEED     8   HIGHEST WIND DIRECTION     S (200)
  HIGHEST GUST SPEED    11   HIGHEST GUST DIRECTION    SW (210)
  AVERAGE WIND SPEED     4.5


SKY COVER
  AVERAGE SKY COVER 0.3


WEATHER CONDITIONS
 THE FOLLOWING WEATHER WAS RECORDED TODAY.
  FOG
  HAZE


..........................................................


THE TRI CITIES MI CLIMATE NORMALS FOR TOMORROW
                         NORMAL
 MAXIMUM TEMPERATURE (F)   29
 MINIMUM TEMPERATURE (F)   15


SUNRISE AND SUNSET
JANUARY 16 2017.......SUNRISE   806 AM EST   SUNSET   527 PM EST
JANUARY 17 2017.......SUNRISE   805 AM EST   SUNSET   528 PM EST


-  INDICATES NEGATIVE NUMBERS.
R  INDICATES RECORD WAS SET OR TIED.
MM INDICATES DATA IS MISSING.
T  INDICATES TRACE AMOUNT.




$$
