000
CDUS43 KDTX 202127
CLIMBS


CLIMATE REPORT
NATIONAL WEATHER SERVICE DETROIT/PONTIAC MI
427 PM EST MON NOV 20 2017


...................................

...THE TRI CITIES MI CLIMATE SUMMARY FOR NOVEMBER 20 2017...
VALID TODAY AS OF 0400 PM LOCAL TIME.

CLIMATE NORMAL PERIOD 1981 TO 2010
CLIMATE RECORD PERIOD 1898 TO 2017


WEATHER ITEM   OBSERVED TIME   NORMAL DEPARTURE LAST
                VALUE   (LST)  VALUE  FROM      YEAR
                                      NORMAL
......................................................
TEMPERATURE (F)
 TODAY
  MAXIMUM         47    312 PM  44      3       35
  MINIMUM         28   1203 AM  30     -2       26
  AVERAGE         38            37      1       31

PRECIPITATION (IN)
  TODAY            0.00          0.08  -0.08     0.00
  MONTH TO DATE    1.97          1.87   0.10     0.73
  SINCE SEP 1      6.86          8.33  -1.47     6.30
  SINCE JAN 1     36.64         28.85   7.79    29.22

SNOWFALL (IN)
  TODAY            0.0           0.2   -0.2      0.0
  MONTH TO DATE    T             1.8   -1.8       T
  SINCE SEP 1      T             2.1   -2.1      1.4
  SINCE JUL 1      T             2.1   -2.1      1.4
  SNOW DEPTH       0

DEGREE DAYS
 HEATING
  TODAY           27            28     -1       34
  MONTH TO DATE  550           489     61      312
  SINCE SEP 1    947          1128   -181      718
  SINCE JUL 1    969          1168   -199      720

 COOLING
  TODAY            0             0      0        0
  MONTH TO DATE    0             0      0        0
  SINCE SEP 1    147            53     94       96
  SINCE JAN 1    665           557    108      844
......................................................


WIND (MPH)
  HIGHEST WIND SPEED    22   HIGHEST WIND DIRECTION    SW (220)
  HIGHEST GUST SPEED    26   HIGHEST GUST DIRECTION    SW (220)
  AVERAGE WIND SPEED    11.2


SKY COVER
  AVERAGE SKY COVER 0.4


WEATHER CONDITIONS
 THE FOLLOWING WEATHER WAS RECORDED TODAY.
  NO SIGNIFICANT WEATHER WAS OBSERVED.


..........................................................


THE TRI CITIES MI CLIMATE NORMALS FOR TOMORROW
                         NORMAL
 MAXIMUM TEMPERATURE (F)   43
 MINIMUM TEMPERATURE (F)   30


SUNRISE AND SUNSET
NOVEMBER 20 2017......SUNRISE   737 AM EST   SUNSET   507 PM EST
NOVEMBER 21 2017......SUNRISE   738 AM EST   SUNSET   506 PM EST


-  INDICATES NEGATIVE NUMBERS.
R  INDICATES RECORD WAS SET OR TIED.
MM INDICATES DATA IS MISSING.
T  INDICATES TRACE AMOUNT.




$$
