000
CDUS43 KDTX 280540
CLIMBS


CLIMATE REPORT
NATIONAL WEATHER SERVICE DETROIT/PONTIAC MI
140 AM EDT SAT MAR 28 2015


...................................

...THE TRI CITIES MI CLIMATE SUMMARY FOR MARCH 27 2015...

CLIMATE NORMAL PERIOD 1981 TO 2010
CLIMATE RECORD PERIOD 1898 TO 2015


WEATHER ITEM   OBSERVED TIME   NORMAL DEPARTURE LAST
                VALUE   (LST)  VALUE  FROM      YEAR
                                      NORMAL
......................................................
TEMPERATURE (F)
 YESTERDAY
  MAXIMUM         28    301 PM  47    -19       41
  MINIMUM         18   1159 PM  29    -11       31
  AVERAGE         23            38    -15

PRECIPITATION (IN)
  YESTERDAY        T             0.07  -0.07
  MONTH TO DATE    0.47          1.77  -1.30
  SINCE MAR 1      0.47          1.77  -1.30
  SINCE JAN 1      2.58          5.09  -2.51

SNOWFALL (IN)
  YESTERDAY        T
  MONTH TO DATE    2.4
  SINCE MAR 1      2.4
  SINCE JUL 1     34.3
  SNOW DEPTH       0

DEGREE DAYS
 HEATING
  YESTERDAY       42                   15
  MONTH TO DATE  892                   27
  SINCE MAR 1    892                   27
  SINCE JUL 1   6253                  289

 COOLING
  YESTERDAY        0                    0
  MONTH TO DATE    0                    0
  SINCE MAR 1      0                    0
  SINCE JAN 1      0                    0
......................................................


WIND (MPH)
  HIGHEST WIND SPEED    22   HIGHEST WIND DIRECTION    NW (320)
  HIGHEST GUST SPEED    27   HIGHEST GUST DIRECTION    NW (320)
  AVERAGE WIND SPEED    13.1



WEATHER CONDITIONS
 THE FOLLOWING WEATHER WAS RECORDED YESTERDAY.
  LIGHT SNOW


RELATIVE HUMIDITY (PERCENT)
 HIGHEST    67
 LOWEST     31
 AVERAGE    49

..........................................................


THE TRI CITIES MI CLIMATE NORMALS FOR TODAY
                         NORMAL
 MAXIMUM TEMPERATURE (F)   48
 MINIMUM TEMPERATURE (F)   29


SUNRISE AND SUNSET
MARCH 28 2015.........SUNRISE   726 AM EDT   SUNSET   758 PM EDT
MARCH 29 2015.........SUNRISE   724 AM EDT   SUNSET   759 PM EDT


-  INDICATES NEGATIVE NUMBERS.
R  INDICATES RECORD WAS SET OR TIED.
MM INDICATES DATA IS MISSING.
T  INDICATES TRACE AMOUNT.




$$
