000
CDUS46 KHNX 040823
CLIMCE


CLIMATE REPORT
NATIONAL WEATHER SERVICE SAN JOAQUIN VALLEY, CA
122 AM PDT WED MAY 4 2016


...................................

...THE MERCED  CA CLIMATE SUMMARY FOR MAY 3 2016...

CLIMATE NORMAL PERIOD 1981 TO 2010
CLIMATE RECORD PERIOD 1998 TO 2016


WEATHER ITEM   OBSERVED TIME   RECORD YEAR NORMAL DEPARTURE
                VALUE   (LST)  VALUE       VALUE  FROM
                                                  NORMAL
...............................................................
TEMPERATURE (F)
 YESTERDAY
  MAXIMUM         86    330 PM  98    2004  79      7
  MINIMUM         54    554 AM  42    2007  49      5
  AVERAGE         70                        64      6

PRECIPITATION (IN)
  YESTERDAY        0.00          0.60 2003   0.04  -0.04
  MONTH TO DATE    T                         0.10  -0.10
  SINCE OCT 1     14.55                     11.58   2.97
  SINCE JAN 1     10.83                      8.07   2.76

SNOWFALL (IN)
  YESTERDAY        0.0
  MONTH TO DATE    0.0
  SINCE MAR 1      0.0
  SINCE JUL 1      0.0
  SNOW DEPTH       0

DEGREE DAYS
 HEATING
  YESTERDAY        0
  MONTH TO DATE    0
  SINCE MAR 1    339
  SINCE JUL 1   2236

 COOLING
  YESTERDAY        5
  MONTH TO DATE   12
  SINCE MAR 1     41
  SINCE JAN 1     41
...............................................................


WIND (MPH)
  HIGHEST WIND SPEED    10   HIGHEST WIND DIRECTION     N (340)
  HIGHEST GUST SPEED    14   HIGHEST GUST DIRECTION    NW (330)
  AVERAGE WIND SPEED     4.6




RELATIVE HUMIDITY (PERCENT)
 HIGHEST    93
 LOWEST     29
 AVERAGE    61

..........................................................


THE MERCED  CA CLIMATE NORMALS FOR TODAY
                         NORMAL    RECORD    YEAR
 MAXIMUM TEMPERATURE (F)   79        95      2004
 MINIMUM TEMPERATURE (F)   49        38      1999


SUNRISE AND SUNSET
MAY  4 2016...........SUNRISE   604 AM PDT   SUNSET   755 PM PDT
MAY  5 2016...........SUNRISE   603 AM PDT   SUNSET   756 PM PDT


-  INDICATES NEGATIVE NUMBERS.
R  INDICATES RECORD WAS SET OR TIED.
MM INDICATES DATA IS MISSING.
T  INDICATES TRACE AMOUNT.




$$
