000
CDUS46 KHNX 230826
CLIMCE


CLIMATE REPORT
NATIONAL WEATHER SERVICE SAN JOAQUIN VALLEY, CA
1224 AM PST THU FEB 23 2017


...................................

...THE MERCED  CA CLIMATE SUMMARY FOR FEBRUARY 22 2017...

CLIMATE NORMAL PERIOD 1981 TO 2010
CLIMATE RECORD PERIOD 1998 TO 2017


WEATHER ITEM   OBSERVED TIME   RECORD YEAR NORMAL DEPARTURE
                VALUE   (LST)  VALUE       VALUE  FROM
                                                  NORMAL
...............................................................
TEMPERATURE (F)
 YESTERDAY
  MAXIMUM         57    214 PM  74    2002  62     -5
  MINIMUM         40   1107 PM  29    2006  40      0
  AVERAGE         49                        51     -2

PRECIPITATION (IN)
  YESTERDAY        0.00          0.51 2007   0.09  -0.09
  MONTH TO DATE    3.51                      1.80   1.71
  SINCE OCT 1     13.35                      7.92   5.43
  SINCE JAN 1      9.12                      4.41   4.71

SNOWFALL (IN)
  YESTERDAY        0.0
  MONTH TO DATE    0.0
  SINCE DEC 1      0.0
  SINCE JUL 1      0.0
  SNOW DEPTH       0

DEGREE DAYS
 HEATING
  YESTERDAY       16
  MONTH TO DATE  227
  SINCE DEC 1   1406
  SINCE JUL 1   1751

 COOLING
  YESTERDAY        0
  MONTH TO DATE    0
  SINCE DEC 1      0
  SINCE JAN 1      0
...............................................................


WIND (MPH)
  HIGHEST WIND SPEED    21   HIGHEST WIND DIRECTION     N (340)
  HIGHEST GUST SPEED    32   HIGHEST GUST DIRECTION    NW (310)
  AVERAGE WIND SPEED     9.5




RELATIVE HUMIDITY (PERCENT)
 HIGHEST    93
 LOWEST     43
 AVERAGE    68

..........................................................


THE MERCED  CA CLIMATE NORMALS FOR TODAY
                         NORMAL    RECORD    YEAR
 MAXIMUM TEMPERATURE (F)   62        74      2014
 MINIMUM TEMPERATURE (F)   40        30      2006


SUNRISE AND SUNSET
FEBRUARY 23 2017......SUNRISE   641 AM PST   SUNSET   551 PM PST
FEBRUARY 24 2017......SUNRISE   640 AM PST   SUNSET   552 PM PST


-  INDICATES NEGATIVE NUMBERS.
R  INDICATES RECORD WAS SET OR TIED.
MM INDICATES DATA IS MISSING.
T  INDICATES TRACE AMOUNT.




$$
