000
CDUS46 KHNX 060825
CLIMCE


CLIMATE REPORT
NATIONAL WEATHER SERVICE SAN JOAQUIN VALLEY, CA
1223 AM PST FRI MAR 6 2015


...................................

...THE MERCED  CA CLIMATE SUMMARY FOR MARCH 5 2015...

CLIMATE NORMAL PERIOD 1981 TO 2010
CLIMATE RECORD PERIOD 1998 TO 2015


WEATHER ITEM   OBSERVED TIME   RECORD YEAR NORMAL DEPARTURE
                VALUE   (LST)  VALUE       VALUE  FROM
                                                  NORMAL
...............................................................
TEMPERATURE (F)
 YESTERDAY
  MAXIMUM         72    325 PM  80    2012  64      8
  MINIMUM         32R   613 AM  32    1999  41     -9
  AVERAGE         52                        52      0

PRECIPITATION (IN)
  YESTERDAY        0.00          0.55 2001   0.08  -0.08
  MONTH TO DATE    0.08                      0.45  -0.37
  SINCE OCT 1      5.90                      8.91  -3.01
  SINCE JAN 1      1.15                      5.40  -4.25

SNOWFALL (IN)
  YESTERDAY       MM
  MONTH TO DATE    0.0
  SINCE MAR 1      0.0
  SINCE JUL 1      0.0
  SNOW DEPTH       0

DEGREE DAYS
 HEATING
  YESTERDAY       13
  MONTH TO DATE   44
  SINCE MAR 1     44
  SINCE JUL 1   1508

 COOLING
  YESTERDAY        0
  MONTH TO DATE    0
  SINCE MAR 1      0
  SINCE JAN 1      0
...............................................................


WIND (MPH)
  HIGHEST WIND SPEED    12   HIGHEST WIND DIRECTION    NW (320)
  HIGHEST GUST SPEED    14   HIGHEST GUST DIRECTION    NW (320)
  AVERAGE WIND SPEED     2.1




RELATIVE HUMIDITY (PERCENT)
 HIGHEST    92
 LOWEST     29
 AVERAGE    61

..........................................................


THE MERCED  CA CLIMATE NORMALS FOR TODAY
                         NORMAL    RECORD    YEAR
 MAXIMUM TEMPERATURE (F)   64        76      2007
 MINIMUM TEMPERATURE (F)   41        36      2003


SUNRISE AND SUNSET
MARCH  6 2015.........SUNRISE   627 AM PST   SUNSET   601 PM PST
MARCH  7 2015.........SUNRISE   625 AM PST   SUNSET   602 PM PST


-  INDICATES NEGATIVE NUMBERS.
R  INDICATES RECORD WAS SET OR TIED.
MM INDICATES DATA IS MISSING.
T  INDICATES TRACE AMOUNT.




$$
