897
CDUS46 KHNX 080028
CLIMCE


CLIMATE REPORT
NATIONAL WEATHER SERVICE SAN JOAQUIN VALLEY, CA
427 PM PST SUN FEB 7 2016


...................................

...THE MERCED  CA CLIMATE SUMMARY FOR FEBRUARY 7 2016...
VALID TODAY AS OF 0400 PM LOCAL TIME.

CLIMATE NORMAL PERIOD 1981 TO 2010
CLIMATE RECORD PERIOD 1998 TO 2016


WEATHER ITEM   OBSERVED TIME   RECORD YEAR NORMAL DEPARTURE LAST
                VALUE   (LST)  VALUE       VALUE  FROM      YEAR
                                                  NORMAL
..................................................................
TEMPERATURE (F)
 TODAY
  MAXIMUM         66    253 PM  70    2015  58      8       70
                                      2011
  MINIMUM         37    527 AM  31    2001  38     -1       56
  AVERAGE         52                        48      4       63

PRECIPITATION (IN)
  TODAY            0.00          0.43 2015   0.09  -0.09     0.43
  MONTH TO DATE    T                         0.53  -0.53     0.74
  SINCE OCT 1      8.21                      6.65   1.56     5.51
  SINCE JAN 1      4.49                      3.14   1.35     0.76

SNOWFALL (IN)
  TODAY            0.0
  MONTH TO DATE    0.0
  SINCE DEC 1      0.0
  SINCE JUL 1      0.0
  SNOW DEPTH       0

DEGREE DAYS
 HEATING
  TODAY           13                                         2
  MONTH TO DATE  129                                        60
  SINCE DEC 1   1232                                       946
  SINCE JUL 1   1685                                      1231

 COOLING
  TODAY            0                                         0
  MONTH TO DATE    0                                         0
  SINCE DEC 1      0                                         0
  SINCE JAN 1      0                                         0
..................................................................


WIND (MPH)
  HIGHEST WIND SPEED     9   HIGHEST WIND DIRECTION    SE (120)
  HIGHEST GUST SPEED    13   HIGHEST GUST DIRECTION     E (110)
  AVERAGE WIND SPEED     3.1




RELATIVE HUMIDITY (PERCENT)
 HIGHEST   100
 LOWEST     48
 AVERAGE    74

..........................................................


THE MERCED  CA CLIMATE NORMALS FOR TOMORROW
                         NORMAL    RECORD    YEAR
 MAXIMUM TEMPERATURE (F)   59        71      2015
 MINIMUM TEMPERATURE (F)   38        28      2003


SUNRISE AND SUNSET
FEBRUARY  7 2016......SUNRISE   700 AM PST   SUNSET   533 PM PST
FEBRUARY  8 2016......SUNRISE   659 AM PST   SUNSET   534 PM PST


-  INDICATES NEGATIVE NUMBERS.
R  INDICATES RECORD WAS SET OR TIED.
MM INDICATES DATA IS MISSING.
T  INDICATES TRACE AMOUNT.




$$
