000
CDUS46 KHNX 200821
CLIMCE


CLIMATE REPORT
NATIONAL WEATHER SERVICE SAN JOAQUIN VALLEY, CA
121 AM PDT MON OCT 20 2014


...................................

...THE MERCED  CA CLIMATE SUMMARY FOR OCTOBER 19 2014...

CLIMATE NORMAL PERIOD 1981 TO 2010
CLIMATE RECORD PERIOD 1998 TO 2014


WEATHER ITEM   OBSERVED TIME   RECORD YEAR NORMAL DEPARTURE
                VALUE   (LST)  VALUE       VALUE  FROM
                                                  NORMAL
...............................................................
TEMPERATURE (F)
 YESTERDAY
  MAXIMUM         84    423 PM  86    2003  77      7
  MINIMUM         50    602 AM  40    1998  48      2
  AVERAGE         67                        63      4

PRECIPITATION (IN)
  YESTERDAY        0.00          0.74 2004   0.03  -0.03
  MONTH TO DATE    0.00                      0.31  -0.31
  SINCE JUL 1      T                         0.62  -0.62
  SINCE JAN 1      3.96                      9.30  -5.34

SNOWFALL (IN)
  YESTERDAY        0.0
  MONTH TO DATE    0.0
  SINCE SEP 1      0.0
  SINCE JUL 1      0.0
  SNOW DEPTH       0

DEGREE DAYS
 HEATING
  YESTERDAY        0
  MONTH TO DATE    0
  SINCE SEP 1      0
  SINCE JUL 1      0

 COOLING
  YESTERDAY        2
  MONTH TO DATE  136
  SINCE SEP 1    492
  SINCE JAN 1   2140
...............................................................


WIND (MPH)
  HIGHEST WIND SPEED     9   HIGHEST WIND DIRECTION     W (270)
  HIGHEST GUST SPEED    12   HIGHEST GUST DIRECTION     W (270)
  AVERAGE WIND SPEED     2.3




RELATIVE HUMIDITY (PERCENT)
 HIGHEST    77
 LOWEST     24
 AVERAGE    51

..........................................................


THE MERCED  CA CLIMATE NORMALS FOR TODAY
                         NORMAL    RECORD    YEAR
 MAXIMUM TEMPERATURE (F)   77        89      2003
 MINIMUM TEMPERATURE (F)   48        43      1999


SUNRISE AND SUNSET
OCTOBER 20 2014.......SUNRISE   715 AM PDT   SUNSET   619 PM PDT
OCTOBER 21 2014.......SUNRISE   716 AM PDT   SUNSET   617 PM PDT


-  INDICATES NEGATIVE NUMBERS.
R  INDICATES RECORD WAS SET OR TIED.
MM INDICATES DATA IS MISSING.
T  INDICATES TRACE AMOUNT.




$$
