000
CDAK49 PAMC 312314
CLIMCG

CLIMATE REPORT
NATIONAL WEATHER SERVICE MCGRATH, AK
314 PM AKDT FRI JUL 31 2015

...................................
...THE MCGRATH AIRPORT CLIMATE SUMMARY FOR JULY 31 2015...
VALID TODAY AS OF 2:00 PM LOCAL TIME

CLIMATE NORMAL PERIOD  1981 TO  2010
CLIMATE RECORD PERIOD  1940 TO  2015

WEATHER ITEM   OBSERVED TIME    RECORD YEAR NORMAL DEPARTURE LAST
               VALUE    (LST)   VALUE       VALUE  FROM      YEAR
                                                   NORMAL
...................................................................
TEMPERATURE
TODAY
 MAXIMUM            72  0159 PM    83  2013     67       5     70
 MINIMUM            54  0606 AM    34  1959     49       5     50
 AVERAGE            63                          58       5     60

PRECIPITATION
(INCHES)
 TODAY               T           0.94  1954   0.09   -0.09   0.14
 MONTH TO DATE    3.86                        2.38    1.48   2.58
 SINCE JUN 1      4.94                        3.90    1.04   4.10
 SINCE JAN 1      6.28                        8.57   -2.29   6.83

SNOWFALL
(INCHES)
 TODAY             0.0            0.0  2015    0.0     0.0    0.0
 MONTH TO DATE     0.0                         0.0     0.0    0.0
 SINCE JUN 1       0.0                         0.0     0.0    0.0
 SINCE JUL 1       0.0                         0.0     0.0    0.0
 SNOW DEPTH (IN)     0                                          0

DEGREE DAYS
 HEATING
  TODAY              2                           7      -5      5
  MONTH TO DATE     MM                         172      MM    187
  SINCE JUN 1      964                         406     558    492
  SINCE JUL 1      771                         172     599    187

 COOLING
  TODAY              0                           0       0      0
  MONTH TO DATE     MM                          11      MM     11
  SINCE JUN 1       26                          16      10     11
  SINCE JAN 1       MM                          16      MM     11
...................................................................

WIND (MPH)
 HIGHEST WIND SPEED    18     HIGHEST WIND DIRECTION    290
 HIGHEST GUST SPEED    22     HIGHEST GUST DIRECTION    290

WEATHER CONDITIONS
 THE FOLLOWING WEATHER WAS RECORDED TODAY.
 RAIN
...................................................................

THE MCGRATH CLIMATE NORMALS FOR TOMORROW
                        NORMAL    RECORD   YEAR
 MAXIMUM TEMPERATURE      66        82     1962
 MINIMUM TEMPERATURE      49        37     2005

SUNRISE AND SUNSET
 JUL 31 2015..........SUNRISE  5:38 AM      SUNSET 11:19 PM
 AUG 1 2015..........SUNRISE  5:41 AM      SUNSET 11:16 PM

-  INDICATES NEGATIVE NUMBERS.
R  INDICATES RECORD HAS BEEN SET OR TIED.
MM INDICATES DATA IS MISSING.
T  INDICATES TRACE OF PRECIPITATION.

&&
-------------------------------------------------------------------

AMOUNT OF DAYLIGHT TODAY  (HOUR:MIN)........17 HOURS 41 MINUTES
LOSS SINCE YESTERDAY (HOUR:MIN:SEC)....-0:05:53

$$
ADJ JUL 15
