000
CDAK49 PAMC 210000
CLIMCG

CLIMATE REPORT
NATIONAL WEATHER SERVICE MCGRATH, AK
400 PM AKDT SUN APR 20 2014

...................................
...THE MCGRATH AIRPORT CLIMATE SUMMARY FOR APRIL 20 2014...
VALID TODAY AS OF 2:00 PM LOCAL TIME

CLIMATE NORMAL PERIOD  1981 TO  2010
CLIMATE RECORD PERIOD  1940 TO  2014

WEATHER ITEM   OBSERVED TIME    RECORD YEAR NORMAL DEPARTURE LAST
               VALUE    (LST)   VALUE       VALUE  FROM      YEAR
                                                   NORMAL
...................................................................
TEMPERATURE
TODAY
 MAXIMUM            51  0223 PM    57  2008     44       7     44
 MINIMUM            36  0642 AM   -12  1961     23      13      7
 AVERAGE            44                          33      11     26

PRECIPITATION
(INCHES)
 TODAY            0.00           0.22  1950   0.03   -0.03   0.00
 MONTH TO DATE    0.07                        0.48   -0.41   0.03
 SINCE MAR 1      0.11                        1.29   -1.18   0.52
 SINCE JAN 1      1.80                        3.32   -1.52   3.69

SNOWFALL
(INCHES)
 TODAY             0.0            2.8  2002    0.2    -0.2    0.0
 MONTH TO DATE     0.7                         4.0    -3.3    0.4
 SINCE MAR 1       1.1                        15.3   -14.2    7.6
 SINCE JUL 1      47.1                        95.3   -48.2   73.5
 SNOW DEPTH (IN)     6                                         26

DEGREE DAYS
 HEATING
  TODAY             21                          32     -11     39
  MONTH TO DATE    758                         777     -19   1023
  SINCE MAR 1     2358                        2433     -75   2739
  SINCE JUL 1    11162                       12671   -1509  13313

 COOLING
  TODAY              0                           0       0      0
  MONTH TO DATE      0                           0       0      0
  SINCE MAR 1        0                           0       0      0
  SINCE JAN 1        0                           0       0      0
...................................................................

WIND (MPH)
 HIGHEST WIND SPEED    13     HIGHEST WIND DIRECTION     20
 HIGHEST GUST SPEED    16     HIGHEST GUST DIRECTION     30
 AVERAGE WIND SPEED    MM

SKY COVER
  POSSIBLE SUNSHINE  MM            AVERAGE SKY COVER MM

WEATHER CONDITIONS
 THE FOLLOWING WEATHER WAS RECORDED TODAY.
 NONE.

RELATIVE HUMIDITY
 HIGHEST RH     MM PERCENT       MM
 LOWEST  RH     MM PERCENT       MM
 AVERAGE RH     MM PERCENT       MM
...................................................................

THE MCGRATH CLIMATE NORMALS FOR TOMORROW
                        NORMAL    RECORD   YEAR
 MAXIMUM TEMPERATURE      44        57     2007
 MINIMUM TEMPERATURE      23        -9     1966

SUNRISE AND SUNSET
 APR 20 2014..........SUNRISE  6:38 AM      SUNSET 10:07 PM
 APR 21 2014..........SUNRISE  6:35 AM      SUNSET 10:10 PM

-  INDICATES NEGATIVE NUMBERS.
R  INDICATES RECORD HAS BEEN SET OR TIED.
MM INDICATES DATA IS MISSING.
T  INDICATES TRACE OF PRECIPITATION.

&&
-------------------------------------------------------------------

AMOUNT OF DAYLIGHT TODAY  (HOUR:MIN)........15 HOURS 29 MINUTES
GAIN SINCE YESTERDAY (HOUR:MIN:SEC).........+0:06:13

$$

DT APR 14
