969
CDAK49 PAFG 080947
CLIMCG

CLIMATE REPORT
NATIONAL WEATHER SERVICE FAIRBANKS AK
1247 AM AKST THU DEC 8 2016


...................................

...THE MCGRATH AK CLIMATE SUMMARY FOR DECEMBER 7 2016...

CLIMATE NORMAL PERIOD 1981 TO 2010
CLIMATE RECORD PERIOD 1946 TO 2016


WEATHER ITEM   OBSERVED TIME   RECORD YEAR NORMAL DEPARTURE LAST
                VALUE   (LST)  VALUE       VALUE  FROM      YEAR
                                                  NORMAL
..................................................................
TEMPERATURE (F)
 YESTERDAY
  MAXIMUM          1    336 PM  34    1960   7     -6       MM
  MINIMUM        -14   1200 AM -58    1975 -10     -4       MM
  AVERAGE         -6                        -1     -5       MM

PRECIPITATION (IN)
  YESTERDAY        0.00          0.42 1971   0.04  -0.04    MM
  MONTH TO DATE    T                         0.28  -0.28    MM
  SINCE DEC 1      T                         0.28  -0.28    MM
  SINCE JAN 1     18.53                     16.99   1.54    MM

SNOWFALL (IN)
  YESTERDAY        0.0           7.3  1971   0.7   -0.7     MM
  MONTH TO DATE    0.1                       4.4   -4.3     MM
  SINCE DEC 1      0.1                       4.4   -4.3     MM
  SINCE JUL 1      8.4                      35.4  -27.0     MM
  SNOW DEPTH       5

DEGREE DAYS
 HEATING
  YESTERDAY       71                        66      5       MM
  MONTH TO DATE  585                       459    126       MM
  SINCE DEC 1    585                       459    126       MM
  SINCE JUL 1   4331                      4582   -251       MM

 COOLING
  YESTERDAY        0                         0      0       MM
  MONTH TO DATE    0                         0      0       MM
  SINCE DEC 1      0                         0      0       MM
  SINCE JAN 1     29                        20      9       MM
..................................................................


WIND (MPH)
  HIGHEST GUST SPEED    25   HIGHEST GUST DIRECTION     N (20)


SKY COVER
  AVERAGE SKY COVER 0.0


WEATHER CONDITIONS
 THE FOLLOWING WEATHER WAS RECORDED YESTERDAY.
  NO SIGNIFICANT WEATHER WAS OBSERVED.


RELATIVE HUMIDITY (PERCENT)
 HIGHEST    74
 LOWEST     51
 AVERAGE    63

..........................................................


THE MCGRATH AK CLIMATE NORMALS FOR TODAY
                         NORMAL    RECORD    YEAR
 MAXIMUM TEMPERATURE (F)    7        41      2005
 MINIMUM TEMPERATURE (F)  -10       -54      1975


SUNRISE AND SUNSET
DECEMBER 08 2016......SUNRISE  1044 AM AKST  SUNSET   346 PM AKST
DECEMBER 09 2016......SUNRISE  1045 AM AKST  SUNSET   345 PM AKST

-  INDICATES NEGATIVE NUMBERS.
R  INDICATES RECORD WAS SET OR TIED.
MM INDICATES DATA IS MISSING.
T  INDICATES TRACE AMOUNT.

&&

SNOW DEPTH IS MEASURED AT 3AM AKST/4AM AKDT.

----------------------------
AVAILABLE DAYLIGHT

AMOUNT OF DAYLIGHT TODAY  (HOUR:MIN)........5:03
GAIN/LOSS SINCE YESTERDAY (HOUR:MIN:SEC)....-0:02:58

$$
DEC 16
