000
CDAK49 PAFG 210046
CLIMCG

CLIMATE REPORT
NATIONAL WEATHER SERVICE FAIRBANKS AK
446 PM AKDT SUN AUG 20 2017


...................................

...THE MCGRATH AK CLIMATE SUMMARY FOR AUGUST 20 2017...
VALID TODAY AS OF 0400 PM LOCAL TIME.

CLIMATE NORMAL PERIOD 1981 TO 2010
CLIMATE RECORD PERIOD 1946 TO 2017


WEATHER ITEM   OBSERVED TIME   RECORD YEAR NORMAL DEPARTURE LAST
                VALUE   (LST)  VALUE       VALUE  FROM      YEAR
                                                  NORMAL
..................................................................
TEMPERATURE (F)
 TODAY
  MAXIMUM         58    210 PM  82    1977  63     -5       60
  MINIMUM         43    637 AM  30    2009  45     -2       54
                                      2006
  AVERAGE         51                        54     -3       57

PRECIPITATION (IN)
  TODAY            T             0.65 2016   0.09  -0.09     0.61
  MONTH TO DATE    3.00                      1.81   1.19     2.31
  SINCE JUN 1      6.01                      5.71   0.30     8.91
  SINCE JAN 1      9.00                     10.38  -1.38    11.56

SNOWFALL (IN)
  TODAY            0.0           0.0    MM   0.0    0.0      0.0
  MONTH TO DATE    0.0                       0.0    0.0      0.0
  SINCE JUN 1      T                         0.0    0.0      0.0
  SINCE JUL 1      0.0                       0.0    0.0      0.0
  SNOW DEPTH       0

DEGREE DAYS
 HEATING
  TODAY           14                        11      3        8
  MONTH TO DATE  151                       186    -35       87
  SINCE JUN 1    372                       587   -215      387
  SINCE JUL 1    213                       353   -140      197

 COOLING
  TODAY            0                         0      0        0
  MONTH TO DATE    5                         0      5        0
  SINCE JUN 1     37                        18     19       29
  SINCE JAN 1     37                        18     19       29
..................................................................


WIND (MPH)
  HIGHEST GUST SPEED    19   HIGHEST GUST DIRECTION    NE (40)


SKY COVER
  AVERAGE SKY COVER 0.8


WEATHER CONDITIONS
 THE FOLLOWING WEATHER WAS RECORDED TODAY.
  LIGHT RAIN


RELATIVE HUMIDITY (PERCENT)
 HIGHEST    89
 LOWEST     59
 AVERAGE    74

..........................................................


THE MCGRATH AK CLIMATE NORMALS FOR TOMORROW
                         NORMAL    RECORD    YEAR
 MAXIMUM TEMPERATURE (F)   63        89      1977
 MINIMUM TEMPERATURE (F)   45        32      1946


SUNRISE AND SUNSET
AUGUST 20 2017........SUNRISE   637 AM AKDT  SUNSET  1013 PM AKDT
AUGUST 21 2017........SUNRISE   640 AM AKDT  SUNSET  1010 PM AKDT

-  INDICATES NEGATIVE NUMBERS.
R  INDICATES RECORD WAS SET OR TIED.
MM INDICATES DATA IS MISSING.
T  INDICATES TRACE AMOUNT.

&&

SNOW DEPTH IS MEASURED AT 3AM AKST/4AM AKDT.

----------------------------
AVAILABLE DAYLIGHT

AMOUNT OF DAYLIGHT TODAY  (HOUR:MIN)........15:36
GAIN/LOSS SINCE YESTERDAY (HOUR:MIN:SEC)....-0:06:08

$$
HFL AUG 17
