000
CDAK49 PAMC 280006
CLIMCG

CLIMATE REPORT
NATIONAL WEATHER SERVICE MCGRATH, AK
406 PM AKDT SUN JUL 27 2014

...................................
...THE MCGRATH AIRPORT CLIMATE SUMMARY FOR JULY 27 2014...
VALID TODAY AS OF 2:00 PM LOCAL TIME

CLIMATE NORMAL PERIOD  1981 TO  2010
CLIMATE RECORD PERIOD  1940 TO  2014

WEATHER ITEM   OBSERVED TIME    RECORD YEAR NORMAL DEPARTURE LAST
               VALUE    (LST)   VALUE       VALUE  FROM      YEAR
                                                   NORMAL
...................................................................
TEMPERATURE
TODAY
 MAXIMUM            65   0159 PM    86  1953     67      -2     85
 MINIMUM            36R  0524 AM    36  2014     50     -14     51
 AVERAGE            51                           59      -8     68

PRECIPITATION
(INCHES)
 TODAY            0.00           1.45  2003   0.09   -0.09   0.00
 MONTH TO DATE    1.96                        2.03   -0.07   1.90
 SINCE JUN 1      3.48                        3.55   -0.07   2.76
 SINCE JAN 1      6.21                        8.22   -2.01   6.62

SNOWFALL
(INCHES)
 TODAY             0.0            0.0  2014    0.0     0.0    0.0
 MONTH TO DATE     0.0                         0.0     0.0    0.0
 SINCE JUN 1       0.0                         0.0     0.0    0.0
 SINCE JUL 1       0.0                         0.0     0.0    0.0
 SNOW DEPTH (IN)     0                                          0

DEGREE DAYS
 HEATING
  TODAY             14                           7       7      0
  MONTH TO DATE    163                         144      19    165
  SINCE JUN 1      468                         378      90    300
  SINCE JUL 1      163                         144      19    165

 COOLING
  TODAY              0                           0       0      3
  MONTH TO DATE     11                          11       0      7
  SINCE JUN 1       11                          16      -5     58
  SINCE JAN 1       11                          16      -5     67
...................................................................

WIND (MPH)
 HIGHEST WIND SPEED    10     HIGHEST WIND DIRECTION    340
 HIGHEST GUST SPEED    14     HIGHEST GUST DIRECTION    340
 AVERAGE WIND SPEED   0.0

WEATHER CONDITIONS
 THE FOLLOWING WEATHER WAS RECORDED TODAY.
 NO SIGNIFICANT WEATHER WAS OBSERVED.

...................................................................

THE MCGRATH CLIMATE NORMALS FOR TOMORROW
                        NORMAL    RECORD   YEAR
 MAXIMUM TEMPERATURE      67        85     2013
 MINIMUM TEMPERATURE      50        37     1941

SUNRISE AND SUNSET
 JUL 27 2014..........SUNRISE  5:27 AM      SUNSET 11:30 PM
 JUL 28 2014..........SUNRISE  5:30 AM      SUNSET 11:27 PM

-  INDICATES NEGATIVE NUMBERS.
R  INDICATES RECORD HAS BEEN SET OR TIED.
MM INDICATES DATA IS MISSING.
T  INDICATES TRACE OF PRECIPITATION.

&&
-------------------------------------------------------------------

AMOUNT OF DAYLIGHT TODAY  (HOUR:MIN)........18 HOURS 3 MINUTES
LOSS SINCE YESTERDAY (HOUR:MIN:SEC)....-0:05:44

$$
JCD JUL 14
