000
CDAK49 PAMC 260924
CLIMCG

CLIMATE REPORT
NATIONAL WEATHER SERVICE MCGRATH, AK
1224 AM AKST WED NOV 26 2014

...................................
...THE MCGRATH AIRPORT CLIMATE SUMMARY FOR NOVEMBER 25 2014...

CLIMATE NORMAL PERIOD  1981 TO  2010
CLIMATE RECORD PERIOD  1940 TO  2014

WEATHER ITEM   OBSERVED TIME    RECORD YEAR NORMAL DEPARTURE LAST
               VALUE    (LST)   VALUE       VALUE  FROM      YEAR
                                                   NORMAL
...................................................................
TEMPERATURE
YESTERDAY
 MAXIMUM            20  1159 PM    46  1943     10      10     17
 MINIMUM            14  0120 AM   -49  1948     -7      21      4
 AVERAGE            17                           2      15     11

PRECIPITATION
(INCHES)
 YESTERDAY           T           0.63  1990   0.05   -0.05   0.00
 MONTH TO DATE    0.32                        1.20   -0.88   1.41
 SINCE SEP 1      1.44                        5.13   -3.69  10.20
 SINCE JAN 1     10.01                       16.50   -6.49  19.43

SNOWFALL
(INCHES)
 YESTERDAY         0.4            9.3  1979    0.6    -0.2    0.0
 MONTH TO DATE     0.9                        16.1   -15.2   10.9
 SINCE SEP 1       4.6                        27.8   -23.2   12.4
 SINCE JUL 1       4.6                        27.8   -23.2   12.4
 SNOW DEPTH (IN)     T                                          5

DEGREE DAYS
 HEATING
  YESTERDAY         48                          64     -16     54
  MONTH TO DATE   1192                        1462    -270   1207
  SINCE SEP 1     2955                        3313    -358   2689
  SINCE JUL 1     3378                        3810    -432   3108

 COOLING
  YESTERDAY          0                           0       0      0
  MONTH TO DATE      0                           0       0      0
  SINCE SEP 1        0                           0       0      0
  SINCE JAN 1       11                          16      -5     78
...................................................................

WIND (MPH)
 HIGHEST WIND SPEED     6     HIGHEST WIND DIRECTION    330
 HIGHEST GUST SPEED     7     HIGHEST GUST DIRECTION    330
 AVERAGE WIND SPEED   2.1

WEATHER CONDITIONS
 THE FOLLOWING WEATHER WAS RECORDED YESTERDAY.
 SNOW
...................................................................

THE MCGRATH CLIMATE NORMALS FOR TODAY
                           NORMAL    RECORD   YEAR
 MAXIMUM TEMPERATURE (F)      9        42     1958
 MINIMUM TEMPERATURE (F)     -7       -43     1974

SUNRISE AND SUNSET
 NOV 26 2014..........SUNRISE 10:14 AM      SUNSET  4:06 PM
 NOV 27 2014..........SUNRISE 10:17 AM      SUNSET  4:04 PM

-  INDICATES NEGATIVE NUMBERS.
R  INDICATES RECORD HAS BEEN SET OR TIED.
MM INDICATES DATA IS MISSING.
T  INDICATES TRACE OF PRECIPITATION.

&&
-------------------------------------------------------------------

AMOUNT OF DAYLIGHT TODAY  (HOUR:MIN)........5 HOURS 52 MINUTES
LOSS SINCE YESTERDAY (HOUR:MIN:SEC)....-0:04:49

$$
ADJ NOV 14
