000
CDAK49 PAFG 290946
CLIMCG

CLIMATE REPORT
NATIONAL WEATHER SERVICE FAIRBANKS AK
146 AM AKDT WED MAR 29 2017


...................................

...THE MCGRATH AK CLIMATE SUMMARY FOR MARCH 28 2017...

CLIMATE NORMAL PERIOD 1981 TO 2010
CLIMATE RECORD PERIOD 1946 TO 2017


WEATHER ITEM   OBSERVED TIME   RECORD YEAR NORMAL DEPARTURE LAST
                VALUE   (LST)  VALUE       VALUE  FROM      YEAR
                                                  NORMAL
..................................................................
TEMPERATURE (F)
 YESTERDAY
  MAXIMUM         26    510 PM  51    1954  30     -4       36
  MINIMUM         -1    803 AM -32    2000   4     -5       22
  AVERAGE         13                        17     -4       29

PRECIPITATION (IN)
  YESTERDAY        0.00          0.19 1977   0.02  -0.02     0.06
  MONTH TO DATE    T                         0.74  -0.74     0.30
  SINCE MAR 1      T                         0.74  -0.74     0.30
  SINCE JAN 1      1.20                      2.77  -1.57     0.36

SNOWFALL (IN)
  YESTERDAY        0.0           3.8  1977   0.3   -0.3     MM
  MONTH TO DATE    T                        10.5  -10.5      0.0
  SINCE MAR 1      T                        10.5  -10.5      0.0
  SINCE JUL 1     48.7                      90.5  -41.8      0.0
  SNOW DEPTH      13

DEGREE DAYS
 HEATING
  YESTERDAY       52                        48      4       36
  MONTH TO DATE 1787                      1515    272     1374
  SINCE MAR 1   1787                      1515    272     1374
  SINCE JUL 1  11545                     11747   -202     2342

 COOLING
  YESTERDAY        0                         0      0        0
  MONTH TO DATE    0                         0      0        0
  SINCE MAR 1      0                         0      0        0
  SINCE JAN 1      0                         0      0        0
..................................................................


WIND (MPH)
  HIGHEST GUST SPEED    12   HIGHEST GUST DIRECTION     N (340)


SKY COVER
  AVERAGE SKY COVER 0.5


WEATHER CONDITIONS
 THE FOLLOWING WEATHER WAS RECORDED YESTERDAY.
  NO SIGNIFICANT WEATHER WAS OBSERVED.


RELATIVE HUMIDITY (PERCENT)
 HIGHEST    79
 LOWEST     50
 AVERAGE    65

..........................................................


THE MCGRATH AK CLIMATE NORMALS FOR TODAY
                         NORMAL    RECORD    YEAR
 MAXIMUM TEMPERATURE (F)   30        50      1954
 MINIMUM TEMPERATURE (F)    5       -35      1972


SUNRISE AND SUNSET
MARCH 29 2017.........SUNRISE   752 AM AKDT  SUNSET   905 PM AKDT
MARCH 30 2017.........SUNRISE   748 AM AKDT  SUNSET   908 PM AKDT

-  INDICATES NEGATIVE NUMBERS.
R  INDICATES RECORD WAS SET OR TIED.
MM INDICATES DATA IS MISSING.
T  INDICATES TRACE AMOUNT.

&&

SNOW DEPTH IS MEASURED AT 3AM AKST/4AM AKDT.

----------------------------
AVAILABLE DAYLIGHT

AMOUNT OF DAYLIGHT TODAY  (HOUR:MIN)........13:13
GAIN/LOSS SINCE YESTERDAY (HOUR:MIN:SEC)....+0:06:11

$$
MAR 17
