000
CDAK49 PAMC 061146
CLIMCG

CLIMATE REPORT
NATIONAL WEATHER SERVICE MCGRATH, AK
246 AM AKST SAT FEB 6 2016

...................................
...THE MCGRATH AIRPORT CLIMATE SUMMARY FOR FEBRUARY 5 2016...

CLIMATE NORMAL PERIOD  1981 TO  2010
CLIMATE RECORD PERIOD  1940 TO  2016

WEATHER ITEM   OBSERVED TIME    RECORD YEAR NORMAL DEPARTURE LAST
               VALUE    (LST)   VALUE       VALUE  FROM      YEAR
                                                   NORMAL
...................................................................
TEMPERATURE
YESTERDAY
 MAXIMUM            19  0348 PM    48  1995      8      11      1
 MINIMUM             0  0339 AM   -63  1947    -12      12    -27
 AVERAGE            10                          -2      12    -13

PRECIPITATION
(INCHES)
 YESTERDAY           T           0.45  1981   0.04   -0.04   0.00
 MONTH TO DATE       T                        0.17   -0.17   0.00
 SINCE DEC 1      0.55                        2.55   -2.00   1.67
 SINCE JAN 1      0.08                        1.26   -1.18   0.27

SNOWFALL
(INCHES)
 YESTERDAY         0.1            5.9  1981    0.5    -0.4    0.0
 MONTH TO DATE     0.1                         2.4    -2.3    0.0
 SINCE DEC 1      14.1                        38.3   -24.2   21.6
 SINCE JUL 1      61.1                        69.3    -8.2   31.3
 SNOW DEPTH (IN)    18                                         13

DEGREE DAYS
 HEATING
  YESTERDAY         55                          67     -12     78
  MONTH TO DATE    306                         339     -33    389
  SINCE DEC 1     4017                        4666    -649   4232
  SINCE JUL 1     8167                        8798    -631   7890

 COOLING
  YESTERDAY          0                           0       0      0
  MONTH TO DATE      0                           0       0      0
  SINCE DEC 1        0                           0       0      0
  SINCE JAN 1        0                           0       0      0
...................................................................

WIND (MPH)
 HIGHEST WIND SPEED     9     HIGHEST WIND DIRECTION    140
 HIGHEST GUST SPEED    10     HIGHEST GUST DIRECTION    350
 AVERAGE WIND SPEED   1.2

WEATHER CONDITIONS
 THE FOLLOWING WEATHER WAS RECORDED YESTERDAY.
 SNOW

...................................................................

THE MCGRATH CLIMATE NORMALS FOR TODAY
                           NORMAL    RECORD   YEAR
 MAXIMUM TEMPERATURE (F)      8        42     2003
 MINIMUM TEMPERATURE (F)    -12       -52     1990

SUNRISE AND SUNSET
 FEB 6 2016..........SUNRISE  9:41 AM      SUNSET  5:34 PM
 FEB 7 2016..........SUNRISE  9:38 AM      SUNSET  5:37 PM

-  INDICATES NEGATIVE NUMBERS.
R  INDICATES RECORD HAS BEEN SET OR TIED.
MM INDICATES DATA IS MISSING.
T  INDICATES TRACE OF PRECIPITATION.

&&
-------------------------------------------------------------------

AMOUNT OF DAYLIGHT TODAY  (HOUR:MIN)........7 HOURS 53 MINUTES
GAIN SINCE YESTERDAY (HOUR:MIN:SEC)....+0:06:02

$$
SBY FEB 16
