000
CDAK49 PAFG 230954
CLIMCG

CLIMATE REPORT
NATIONAL WEATHER SERVICE FAIRBANKS AK
154 AM AKDT FRI JUN 23 2017


...................................

...THE MCGRATH AK CLIMATE SUMMARY FOR JUNE 22 2017...

CLIMATE NORMAL PERIOD 1981 TO 2010
CLIMATE RECORD PERIOD 1946 TO 2017


WEATHER ITEM   OBSERVED TIME   RECORD YEAR NORMAL DEPARTURE LAST
                VALUE   (LST)  VALUE       VALUE  FROM      YEAR
                                                  NORMAL
..................................................................
TEMPERATURE (F)
 YESTERDAY
  MAXIMUM         76    511 PM  83    2001  70      6       76
  MINIMUM         47    423 AM  35    1949  49     -2       47
  AVERAGE         62                        60      2       62

PRECIPITATION (IN)
  YESTERDAY        0.00          0.49 1986   0.06  -0.06      T
  MONTH TO DATE    1.08                      1.05   0.03     2.09
  SINCE JUN 1      1.08                      1.05   0.03     2.09
  SINCE JAN 1      4.07                      5.72  -1.65     4.74

SNOWFALL (IN)
  YESTERDAY        0.0           0.0    MM   0.0    0.0      0.0
  MONTH TO DATE    T                         0.0    0.0      0.0
  SINCE JUN 1      T                         0.0    0.0      0.0
  SINCE JUL 1     51.3                      97.3  -46.0      0.0
  SNOW DEPTH       0

DEGREE DAYS
 HEATING
  YESTERDAY        3                         6     -3        3
  MONTH TO DATE  121                       192    -71      184
  SINCE JUN 1    121                       192    -71      184
  SINCE JUL 1  13150                     13705   -555     3834

 COOLING
  YESTERDAY        0                         0      0        0
  MONTH TO DATE    1                         0      1        2
  SINCE JUN 1      1                         0      1        2
  SINCE JAN 1      1                         0      1        2
..................................................................


WIND (MPH)
  HIGHEST GUST SPEED    16   HIGHEST GUST DIRECTION     S (200)


SKY COVER
  AVERAGE SKY COVER 0.2


WEATHER CONDITIONS
 THE FOLLOWING WEATHER WAS RECORDED YESTERDAY.
  NO SIGNIFICANT WEATHER WAS OBSERVED.


RELATIVE HUMIDITY (PERCENT)
 HIGHEST    93
 LOWEST     25
 AVERAGE    59

..........................................................


THE MCGRATH AK CLIMATE NORMALS FOR TODAY
                         NORMAL    RECORD    YEAR
 MAXIMUM TEMPERATURE (F)   70        87      1971
 MINIMUM TEMPERATURE (F)   49        35      1949


SUNRISE AND SUNSET
JUNE 23 2017..........SUNRISE   417 AM AKDT  SUNSET  1233 AM AKDT
JUNE 24 2017..........SUNRISE   418 AM AKDT  SUNSET  1233 AM AKDT

-  INDICATES NEGATIVE NUMBERS.
R  INDICATES RECORD WAS SET OR TIED.
MM INDICATES DATA IS MISSING.
T  INDICATES TRACE AMOUNT.

&&

SNOW DEPTH IS MEASURED AT 3AM AKST/4AM AKDT.

----------------------------
AVAILABLE DAYLIGHT

AMOUNT OF DAYLIGHT TODAY  (HOUR:MIN)........20:16
GAIN/LOSS SINCE YESTERDAY (HOUR:MIN:SEC)....-0:00:29

$$
CCC JUN 17
