000
CDUS43 KEAX 280044
CLIMCI

CLIMATE REPORT
NATIONAL WEATHER SERVICE KANSAS CITY/PLEASANT HILL MO
743 PM CDT THU JUL 27 2017


...................................

...THE KANSAS CITY INTERNATIONAL MO CLIMATE SUMMARY FOR JULY 27 2017...
VALID TODAY AS OF 0700 PM LOCAL TIME.

CLIMATE NORMAL PERIOD 1981 TO 2010
CLIMATE RECORD PERIOD 1888 TO 2017


WEATHER ITEM   OBSERVED TIME   RECORD YEAR NORMAL DEPARTURE LAST
                VALUE   (LST)  VALUE       VALUE  FROM      YEAR
                                                  NORMAL
..................................................................
TEMPERATURE (F)
 TODAY
  MAXIMUM         86    200 PM 108    1936  89     -3       90
  MINIMUM         73   1245 AM  55    2013  69      4       66
                                      1994
  AVERAGE         80                        79      1       78

PRECIPITATION (IN)
  TODAY            1.43          2.20 1981   0.11   1.32     0.00
  MONTH TO DATE    4.97                      3.96   1.01     7.74
  SINCE JUN 1     11.40                      9.19   2.21     8.72
  SINCE JAN 1     27.67                     23.02   4.65    29.25

SNOWFALL (IN)
  TODAY            0.0           0.0    MM   0.0    0.0      0.0
  MONTH TO DATE    0.0                       0.0    0.0      0.0
  SINCE JUN 1      0.0                       0.0    0.0      0.0
  SINCE JUL 1      0.0                       0.0    0.0      0.0
  SNOW DEPTH       0

DEGREE DAYS
 HEATING
  TODAY            0                         0      0        0
  MONTH TO DATE    0                         0      0        0
  SINCE JUN 1      1                         9     -8        0
  SINCE JUL 1      0                         0      0        0

 COOLING
  TODAY           15                        14      1       13
  MONTH TO DATE  410                       363     47      384
  SINCE JUN 1    709                       629     80      801
  SINCE JAN 1    820                       745     75      872
..................................................................


WIND (MPH)
  HIGHEST WIND SPEED    16   HIGHEST WIND DIRECTION    NE (40)
  HIGHEST GUST SPEED    19   HIGHEST GUST DIRECTION    NE (30)
  AVERAGE WIND SPEED     9.3


SKY COVER
  POSSIBLE SUNSHINE  MM
  AVERAGE SKY COVER 0.7


WEATHER CONDITIONS
 THE FOLLOWING WEATHER WAS RECORDED TODAY.
  THUNDERSTORM
  HEAVY RAIN
  LIGHT RAIN
  FOG


RELATIVE HUMIDITY (PERCENT)
 HIGHEST   100           400 AM
 LOWEST     65           200 PM
 AVERAGE    83

..........................................................


THE KANSAS CITY INTERNATIONAL MO CLIMATE NORMALS FOR TOMORROW
                         NORMAL    RECORD    YEAR
 MAXIMUM TEMPERATURE (F)   89       103      1983
                                             1957
                                             1935
 MINIMUM TEMPERATURE (F)   69        52      1994


SUNRISE AND SUNSET
JULY 27 2017..........SUNRISE   615 AM CDT   SUNSET   836 PM CDT
JULY 28 2017..........SUNRISE   616 AM CDT   SUNSET   835 PM CDT


-  INDICATES NEGATIVE NUMBERS.
R  INDICATES RECORD WAS SET OR TIED.
MM INDICATES DATA IS MISSING.
T  INDICATES TRACE AMOUNT.


&&

...MISCELLANEOUS CLIMATE DATA FROM TODAY...

LOCATION                HIGH    LOW      PRECIP
ST. JOSEPH               86      74       0.00
DOWNTOWN KANSAS CITY     76      74       1.87
OLATHE NEW CENTURY       85      74       2.14
OLATHE JO CO EXEC        85      72       4.30
LEES SUMMIT              85      72       3.48
KIRKSVILLE               86      74       0.16
CHILLICOTHE              87      74       0.01
SEDALIA                  86      72       1.59
NWS PLEASANT HILL MO     85      72       2.25


THIS PRODUCT...ALONG WITH OTHER WEATHER...HYDROLOGICAL AND CLIMATE
INFORMATION...IS AVAILABLE ON THE WEB AT HTTP://WWW.WEATHER.GOV/EAX
OR AT HTTP://WEATHER.GOV

$$
