000
CDUS43 KGLD 300746
CLIMCK

CLIMATE REPORT
NATIONAL WEATHER SERVICE GOODLAND
141 AM MDT THU OCT 30 2014


...................................

...THE MCCOOK NE CLIMATE SUMMARY FOR OCTOBER 29 2014...

CLIMATE NORMAL PERIOD 1981 TO 2010
CLIMATE RECORD PERIOD 1896 TO 2014


WEATHER ITEM   OBSERVED TIME   RECORD YEAR NORMAL DEPARTURE LAST
                VALUE   (LST)  VALUE       VALUE  FROM      YEAR
                                                  NORMAL
..................................................................
TEMPERATURE (F)
 YESTERDAY
  MAXIMUM         73    423 PM  87    2003  61     12       40
  MINIMUM         23    732 AM  -1    1913  32     -9       37
  AVERAGE         48                        46      2       39

PRECIPITATION (IN)
  YESTERDAY        0.00                      0.05  -0.05     0.03
  MONTH TO DATE    0.27                      1.70  -1.43     0.61
  SINCE SEP 1      1.95                      3.14  -1.19     2.96
  SINCE JAN 1     22.90                     20.85   2.05    12.13

..................................................................


THE MCCOOK NE CLIMATE NORMALS FOR TODAY
                         NORMAL    RECORD    YEAR
 MAXIMUM TEMPERATURE (F)   61        86      1935
 MINIMUM TEMPERATURE (F)   31         7      1925



-  INDICATES NEGATIVE NUMBERS.
R  INDICATES RECORD WAS SET OR TIED.
MM INDICATES DATA IS MISSING.
T  INDICATES TRACE AMOUNT.

$$
