000
CDUS42 KFFC 232041
CLIMCN


CLIMATE REPORT
NATIONAL WEATHER SERVICE PEACHTREE CITY GA
441 PM EDT WED APR 23 2014


...................................

...THE MACON CLIMATE SUMMARY FOR APRIL 23 2014...
VALID TODAY AS OF 0400 PM LOCAL TIME.

CLIMATE NORMAL PERIOD 1981 TO 2010
CLIMATE RECORD PERIOD 1899 TO 2014


WEATHER ITEM   OBSERVED TIME   RECORD YEAR NORMAL DEPARTURE LAST
                VALUE   (LST)  VALUE       VALUE  FROM      YEAR
                                                  NORMAL
..................................................................
TEMPERATURE (F)
 TODAY
  MAXIMUM         83    328 PM  94    1970  79      4       76
  MINIMUM         55    131 AM  34    1993  52      3       43
                                      1986
  AVERAGE         69                        65      4       60

PRECIPITATION (IN)
  TODAY            0.00          2.08 1945   0.08  -0.08     0.00
  MONTH TO DATE    6.48                      2.38   4.10     5.18
  SINCE MAR 1     10.41                      6.93   3.48     8.97
  SINCE JAN 1     18.24                     15.53   2.71    23.89

SNOWFALL (IN)
  TODAY            0.0           0.0  2002   0.0    0.0      0.0
                                      2001
                                      2000
  MONTH TO DATE    0.0                       0.0    0.0      0.0
  SINCE MAR 1      0.0                       0.2   -0.2      0.0
  SINCE JUL 1      2.1                       0.7    1.4      0.0
  SNOW DEPTH       0

DEGREE DAYS
 HEATING
  TODAY            0                         3     -3        5
  MONTH TO DATE  104                        98      6      114
  SINCE MAR 1    475                       370    105      552
  SINCE JUL 1   2608                      2295    313     2226

 COOLING
  TODAY            4                         3      1        0
  MONTH TO DATE   26                        40    -14       27
  SINCE MAR 1     26                        58    -32       31
  SINCE JAN 1     27                        61    -34       49
..................................................................


WIND (MPH)
  RESULTANT WIND SPEED   5   RESULTANT WIND DIRECTION   W (290)
  HIGHEST WIND SPEED    15   HIGHEST WIND DIRECTION     W (280)
  HIGHEST GUST SPEED    21   HIGHEST GUST DIRECTION     W (280)
  AVERAGE WIND SPEED     5.5


SKY COVER
  AVERAGE SKY COVER 0.3


WEATHER CONDITIONS
 THE FOLLOWING WEATHER WAS RECORDED TODAY.
  FOG
  FOG W/VISIBILITY <= 1/4 MILE


RELATIVE HUMIDITY (PERCENT)
 HIGHEST   100          1200 AM
 LOWEST     24           300 PM
 AVERAGE    62

..........................................................


THE MACON CLIMATE NORMALS FOR TOMORROW
                         NORMAL    RECORD    YEAR
 MAXIMUM TEMPERATURE (F)   79        94      1925
 MINIMUM TEMPERATURE (F)   52        34      1986


SUNRISE AND SUNSET
APRIL 23 2014.........SUNRISE   656 AM EDT   SUNSET   810 PM EDT
APRIL 24 2014.........SUNRISE   655 AM EDT   SUNSET   811 PM EDT


-  INDICATES NEGATIVE NUMBERS.
R  INDICATES RECORD WAS SET OR TIED.
MM INDICATES DATA IS MISSING.
T  INDICATES TRACE AMOUNT.




$$
