000
CDUS42 KFFC 120020
CLIMCN


CLIMATE REPORT
NATIONAL WEATHER SERVICE PEACHTREE CITY GA
720 PM EST THU FEB 11 2016


...................................

...THE MACON CLIMATE SUMMARY FOR FEBRUARY 11 2016...
VALID AS OF 0700 PM LOCAL TIME.

CLIMATE NORMAL PERIOD 1981 TO 2010
CLIMATE RECORD PERIOD 1899 TO 2016


WEATHER ITEM   OBSERVED TIME   RECORD YEAR NORMAL DEPARTURE LAST
                VALUE   (LST)  VALUE       VALUE  FROM      YEAR
                                                  NORMAL
..................................................................
TEMPERATURE (F)
 TODAY
  MAXIMUM         62    402 PM  80    1965  61      1       64
  MINIMUM         24    639 AM   9    1973  37    -13       30
  AVERAGE         43                        49     -6       47

PRECIPITATION (IN)
  TODAY            0.00          2.21 2013   0.15  -0.15     0.00
  MONTH TO DATE    2.21                      1.68   0.53     0.74
  SINCE DEC 1     17.35                      9.96   7.39     9.07
  SINCE JAN 1      4.73                      5.92  -1.19     3.18

SNOWFALL (IN)
  TODAY            0.0           0.0  2002   0.0    0.0      0.0
  MONTH TO DATE    T                         0.0    0.0      0.0
  SINCE DEC 1      T                         0.5   -0.5      0.0
  SINCE JUL 1      T                         0.5   -0.5      0.0
  SNOW DEPTH       0

DEGREE DAYS
 HEATING
  TODAY           22                        16      6       18
  MONTH TO DATE  194                       183     11      205
  SINCE DEC 1   1041                      1293   -252     1269
  SINCE JUL 1   1313                      1688   -375     1829
..................................................................


WIND (MPH)
  HIGHEST WIND SPEED    10   HIGHEST WIND DIRECTION    NE (40)
  HIGHEST GUST SPEED    14   HIGHEST GUST DIRECTION     W (270)
  AVERAGE WIND SPEED     3.0


SKY COVER
  AVERAGE SKY COVER 0.0


WEATHER CONDITIONS
 THE FOLLOWING WEATHER WAS RECORDED TODAY.
  HAZE


RELATIVE HUMIDITY (PERCENT)
 HIGHEST    81           400 AM
 LOWEST     34           400 PM

..........................................................


THE MACON CLIMATE NORMALS FOR TOMORROW
                         NORMAL    RECORD
 MAXIMUM TEMPERATURE (F)   61        80
 MINIMUM TEMPERATURE (F)   37        11


SUNRISE AND SUNSET
FEBRUARY 11 2016......SUNRISE   722 AM EST   SUNSET   616 PM EST
FEBRUARY 12 2016......SUNRISE   721 AM EST   SUNSET   617 PM EST


-  INDICATES NEGATIVE NUMBERS.
R  INDICATES RECORD WAS SET OR TIED.
MM INDICATES DATA IS MISSING.
T  INDICATES TRACE AMOUNT.




$$
