000
CDUS42 KFFC 190917
CLIMCN


CLIMATE REPORT
NATIONAL WEATHER SERVICE PEACHTREE CITY GA
417 AM EST MON FEB 19 2018


...................................

...THE MACON CLIMATE SUMMARY FOR FEBRUARY 18 2018...

CLIMATE NORMAL PERIOD 1981 TO 2010
CLIMATE RECORD PERIOD 1899 TO 2018


WEATHER ITEM   OBSERVED TIME   RECORD YEAR NORMAL DEPARTURE LAST
                VALUE   (LST)  VALUE       VALUE  FROM      YEAR
                                                  NORMAL
..................................................................
TEMPERATURE (F)
 YESTERDAY
  MAXIMUM         68    453 PM  80    1956  63      5       59
                                      1951
  MINIMUM         58   1010 PM  11    1900  39     19       47
  AVERAGE         63                        51     12       53

PRECIPITATION (IN)
  YESTERDAY        0.00          2.41 1995   0.16  -0.16     0.11
  MONTH TO DATE    2.79                      2.79   0.00     1.51
  SINCE DEC 1      8.19                     11.07  -2.88    18.72
  SINCE JAN 1      4.93                      7.03  -2.10    12.77

SNOWFALL (IN)
  YESTERDAY        0.0           0.0  2002   0.0    0.0      0.0
  MONTH TO DATE    0.0                       0.0    0.0      0.0
  SINCE DEC 1      1.0                       0.5    0.5      0.0
  SINCE JUL 1      1.0                       0.5    0.5      0.0
  SNOW DEPTH       0

DEGREE DAYS
 HEATING
  YESTERDAY        2                        14    -12       12
  MONTH TO DATE  162                       288   -126      168
  SINCE DEC 1   1280                      1398   -118      901
  SINCE JUL 1   1638                      1793   -155     1143

 COOLING
  YESTERDAY        0                         0      0        0
  MONTH TO DATE   12                         0     12        4
  SINCE DEC 1     14                         4     10       10
  SINCE JAN 1     12                         1     11        8
..................................................................


WIND (MPH)
  RESULTANT WIND SPEED   3   RESULTANT WIND DIRECTION   N (10)
  HIGHEST WIND SPEED    12   HIGHEST WIND DIRECTION    NW (310)
  HIGHEST GUST SPEED    15   HIGHEST GUST DIRECTION    NW (320)
  AVERAGE WIND SPEED     5.3


SKY COVER
  AVERAGE SKY COVER 0.9


WEATHER CONDITIONS
 THE FOLLOWING WEATHER WAS RECORDED YESTERDAY.
  NO SIGNIFICANT WEATHER WAS OBSERVED.


RELATIVE HUMIDITY (PERCENT)
 HIGHEST   100           900 PM
 LOWEST     68           100 AM
 AVERAGE    84

..........................................................


THE MACON CLIMATE NORMALS FOR TODAY
                         NORMAL    RECORD    YEAR
 MAXIMUM TEMPERATURE (F)   63        82      1956
 MINIMUM TEMPERATURE (F)   39        17      1958


SUNRISE AND SUNSET
FEBRUARY 19 2018......SUNRISE   714 AM EST   SUNSET   624 PM EST
FEBRUARY 20 2018......SUNRISE   712 AM EST   SUNSET   625 PM EST


-  INDICATES NEGATIVE NUMBERS.
R  INDICATES RECORD WAS SET OR TIED.
MM INDICATES DATA IS MISSING.
T  INDICATES TRACE AMOUNT.




$$
