000
CDUS42 KFFC 260036
CLIMCN


CLIMATE REPORT
NATIONAL WEATHER SERVICE PEACHTREE CITY GA
836 PM EDT SUN SEP 25 2016


...................................

...THE MACON CLIMATE SUMMARY FOR SEPTEMBER 25 2016...
VALID AS OF 0800 PM LOCAL TIME.

CLIMATE NORMAL PERIOD 1981 TO 2010
CLIMATE RECORD PERIOD 1899 TO 2016


WEATHER ITEM   OBSERVED TIME   RECORD YEAR NORMAL DEPARTURE LAST
                VALUE   (LST)  VALUE       VALUE  FROM      YEAR
                                                  NORMAL
..................................................................
TEMPERATURE (F)
 TODAY
  MAXIMUM         94    402 PM  96    1993  84     10       71
                                      1961
  MINIMUM         67    636 AM  45    1990  61      6       59
  AVERAGE         81                        72      9       65

PRECIPITATION (IN)
  TODAY            0.00          4.11 1956   0.10  -0.10     0.20
  MONTH TO DATE    2.18                      3.04  -0.86     1.64
  SINCE SEP 1      2.18                      3.04  -0.86     1.64
  SINCE JAN 1     26.40                     34.98  -8.58    28.55

DEGREE DAYS
 HEATING
  TODAY            0                         0      0        0
  MONTH TO DATE    0                         0      0        0
  SINCE SEP 1      0                         0      0        0
  SINCE JUL 1      0                         0      0        0

 COOLING
  TODAY           16                         7      9        0
  MONTH TO DATE  364                       272     92      246
  SINCE SEP 1    364                       272     92      246
  SINCE JAN 1   2391                      2016    375     2192
..................................................................


WIND (MPH)
  HIGHEST WIND SPEED    14   HIGHEST WIND DIRECTION     E (100)
  HIGHEST GUST SPEED    18   HIGHEST GUST DIRECTION    SE (130)
  AVERAGE WIND SPEED     3.3


SKY COVER
  AVERAGE SKY COVER 0.0


WEATHER CONDITIONS
 THE FOLLOWING WEATHER WAS RECORDED TODAY.
  FOG


RELATIVE HUMIDITY (PERCENT)
 HIGHEST    93           600 AM
 LOWEST     32           400 PM

..........................................................


THE MACON CLIMATE NORMALS FOR TOMORROW
                         NORMAL    RECORD
 MAXIMUM TEMPERATURE (F)   83        96
 MINIMUM TEMPERATURE (F)   60        46


SUNRISE AND SUNSET
SEPTEMBER 25 2016.....SUNRISE   725 AM EDT   SUNSET   727 PM EDT
SEPTEMBER 26 2016.....SUNRISE   726 AM EDT   SUNSET   725 PM EDT


-  INDICATES NEGATIVE NUMBERS.
R  INDICATES RECORD WAS SET OR TIED.
MM INDICATES DATA IS MISSING.
T  INDICATES TRACE AMOUNT.




$$
