000
CDUS42 KFFC 020822
CLIMCN


CLIMATE REPORT
NATIONAL WEATHER SERVICE PEACHTREE CITY GA
422 AM EDT THU JUL 2 2015


...................................

...THE MACON CLIMATE SUMMARY FOR JULY 1 2015...

CLIMATE NORMAL PERIOD 1981 TO 2010
CLIMATE RECORD PERIOD 1899 TO 2015


WEATHER ITEM   OBSERVED TIME   RECORD YEAR NORMAL DEPARTURE LAST
                VALUE   (LST)  VALUE       VALUE  FROM      YEAR
                                                  NORMAL
..................................................................
TEMPERATURE (F)
 YESTERDAY
  MAXIMUM         90    338 PM 108    2012  92     -2       94
  MINIMUM         69   1159 PM  59    1923  70     -1       68
  AVERAGE         80                        81     -1       81

PRECIPITATION (IN)
  YESTERDAY        0.03          2.89 2007   0.15  -0.12     0.00
  MONTH TO DATE    0.03                      0.15  -0.12     0.00
  SINCE JUN 1      3.81                      4.21  -0.40     5.65
  SINCE JAN 1     20.31                     23.04  -2.73    27.84

DEGREE DAYS
 HEATING
  YESTERDAY        0                         0      0        0
  MONTH TO DATE    0                         0      0        0
  SINCE JUN 1      0                         0      0        0
  SINCE JUL 1      0                         0      0        0

 COOLING
  YESTERDAY       15                        16     -1       16
  MONTH TO DATE   15                        16     -1       16
  SINCE JUN 1    496                       435     61      431
  SINCE JAN 1    881                       748    133      709
..................................................................


WIND (MPH)
  RESULTANT WIND SPEED   5   RESULTANT WIND DIRECTION   W (270)
  HIGHEST WIND SPEED    22   HIGHEST WIND DIRECTION    NW (330)
  HIGHEST GUST SPEED    28   HIGHEST GUST DIRECTION     N (340)
  AVERAGE WIND SPEED     6.5


SKY COVER
  AVERAGE SKY COVER 0.3


WEATHER CONDITIONS
 THE FOLLOWING WEATHER WAS RECORDED YESTERDAY.
  FOG


RELATIVE HUMIDITY (PERCENT)
 HIGHEST    97          1100 PM
 LOWEST     52           500 PM
 AVERAGE    75

..........................................................


THE MACON CLIMATE NORMALS FOR TODAY
                         NORMAL    RECORD    YEAR
 MAXIMUM TEMPERATURE (F)   92       103      1954
 MINIMUM TEMPERATURE (F)   70        58      2008
                                             1937


SUNRISE AND SUNSET
JULY  2 2015..........SUNRISE   631 AM EDT   SUNSET   846 PM EDT
JULY  3 2015..........SUNRISE   631 AM EDT   SUNSET   846 PM EDT


-  INDICATES NEGATIVE NUMBERS.
R  INDICATES RECORD WAS SET OR TIED.
MM INDICATES DATA IS MISSING.
T  INDICATES TRACE AMOUNT.




$$
