000
CDUS42 KFFC 230817
CLIMCN


CLIMATE REPORT
NATIONAL WEATHER SERVICE PEACHTREE CITY GA
417 AM EDT SAT JUL 23 2016


...................................

...THE MACON CLIMATE SUMMARY FOR JULY 22 2016...

CLIMATE NORMAL PERIOD 1981 TO 2010
CLIMATE RECORD PERIOD 1899 TO 2016


WEATHER ITEM   OBSERVED TIME   RECORD YEAR NORMAL DEPARTURE LAST
                VALUE   (LST)  VALUE       VALUE  FROM      YEAR
                                                  NORMAL
..................................................................
TEMPERATURE (F)
 YESTERDAY
  MAXIMUM         94    356 PM 102    1983  93      1      100
                                      1977
  MINIMUM         72    800 AM  61    1947  71      1       74
  AVERAGE         83                        82      1       87

PRECIPITATION (IN)
  YESTERDAY        0.00          3.19 1992   0.16  -0.16     0.00
  MONTH TO DATE    1.52                      3.58  -2.06     0.36
  SINCE JUN 1      3.41                      7.64  -4.23     4.14
  SINCE JAN 1     21.37                     26.47  -5.10    20.64

DEGREE DAYS
 HEATING
  YESTERDAY        0                         0      0        0
  MONTH TO DATE    0                         0      0        0
  SINCE JUN 1      0                         0      0        0
  SINCE JUL 1      0                         0      0        0

 COOLING
  YESTERDAY       18                        17      1       22
  MONTH TO DATE  427                       368     59      416
  SINCE JUN 1    922                       787    135      897
  SINCE JAN 1   1274                      1100    174     1282
..................................................................


WIND (MPH)
  RESULTANT WIND SPEED   2   RESULTANT WIND DIRECTION  SW (230)
  HIGHEST WIND SPEED     8   HIGHEST WIND DIRECTION    SW (240)
  HIGHEST GUST SPEED    11   HIGHEST GUST DIRECTION     W (250)
  AVERAGE WIND SPEED     2.7


SKY COVER
  AVERAGE SKY COVER 0.3


WEATHER CONDITIONS
 THE FOLLOWING WEATHER WAS RECORDED YESTERDAY.
  FOG
  HAZE


RELATIVE HUMIDITY (PERCENT)
 HIGHEST   100           600 AM
 LOWEST     44           500 PM
 AVERAGE    72

..........................................................


THE MACON CLIMATE NORMALS FOR TODAY
                         NORMAL    RECORD    YEAR
 MAXIMUM TEMPERATURE (F)   93       102      1987
                                             1952
                                             1907
 MINIMUM TEMPERATURE (F)   71        62      1966
                                             1947


SUNRISE AND SUNSET
JULY 23 2016..........SUNRISE   643 AM EDT   SUNSET   839 PM EDT
JULY 24 2016..........SUNRISE   644 AM EDT   SUNSET   838 PM EDT


-  INDICATES NEGATIVE NUMBERS.
R  INDICATES RECORD WAS SET OR TIED.
MM INDICATES DATA IS MISSING.
T  INDICATES TRACE AMOUNT.




$$
