000
CDUS42 KFFC 260021
CLIMCN


CLIMATE REPORT
NATIONAL WEATHER SERVICE PEACHTREE CITY GA
721 PM EST SUN JAN 25 2015


...................................

...THE MACON CLIMATE SUMMARY FOR JANUARY 25 2015...
VALID AS OF 0700 PM LOCAL TIME.

CLIMATE NORMAL PERIOD 1981 TO 2010
CLIMATE RECORD PERIOD 1899 TO 2015


WEATHER ITEM   OBSERVED TIME   RECORD YEAR NORMAL DEPARTURE LAST
                VALUE   (LST)  VALUE       VALUE  FROM      YEAR
                                                  NORMAL
..................................................................
TEMPERATURE (F)
 TODAY
  MAXIMUM         59    413 PM  82    1950  59      0       55
  MINIMUM         28    523 AM  13    2014  35     -7       13
  AVERAGE         44                        47     -3       34

PRECIPITATION (IN)
  TODAY            0.00          3.56 1978   0.14  -0.14     0.00
  MONTH TO DATE    2.44                      3.37  -0.93     2.68
  SINCE DEC 1      8.33                      7.41   0.92    11.72
  SINCE JAN 1      2.44                      3.37  -0.93     2.68

SNOWFALL (IN)
  TODAY            0.0           0.0  2002   0.0    0.0      0.0
  MONTH TO DATE    0.0                       0.4   -0.4      0.0
  SINCE DEC 1      0.0                       0.5   -0.5      0.0
  SINCE JUL 1      0.0                       0.5   -0.5      0.0
  SNOW DEPTH       0

DEGREE DAYS
 HEATING
  TODAY           21                        18      3       31
  MONTH TO DATE  503                       472     31      619
  SINCE DEC 1    930                      1002    -72     1076
  SINCE JUL 1   1490                      1397     93     1525
..................................................................


WIND (MPH)
  HIGHEST WIND SPEED    20   HIGHEST WIND DIRECTION     S (190)
  HIGHEST GUST SPEED    25   HIGHEST GUST DIRECTION     S (190)
  AVERAGE WIND SPEED     5.2


SKY COVER
  AVERAGE SKY COVER 0.0


WEATHER CONDITIONS
 THE FOLLOWING WEATHER WAS RECORDED TODAY.
  NO SIGNIFICANT WEATHER WAS OBSERVED.


RELATIVE HUMIDITY (PERCENT)
 HIGHEST   100           400 AM
 LOWEST     33           400 PM

..........................................................


THE MACON CLIMATE NORMALS FOR TOMORROW
                         NORMAL    RECORD
 MAXIMUM TEMPERATURE (F)   59        81
 MINIMUM TEMPERATURE (F)   35        12


SUNRISE AND SUNSET
JANUARY 25 2015.......SUNRISE   734 AM EST   SUNSET   601 PM EST
JANUARY 26 2015.......SUNRISE   733 AM EST   SUNSET   602 PM EST


-  INDICATES NEGATIVE NUMBERS.
R  INDICATES RECORD WAS SET OR TIED.
MM INDICATES DATA IS MISSING.
T  INDICATES TRACE AMOUNT.




$$
