000
CDUS42 KFFC 020817
CLIMCN


CLIMATE REPORT
NATIONAL WEATHER SERVICE PEACHTREE CITY GA
417 AM EDT THU OCT 2 2014


...................................

...THE MACON CLIMATE SUMMARY FOR OCTOBER 1 2014...

CLIMATE NORMAL PERIOD 1981 TO 2010
CLIMATE RECORD PERIOD 1899 TO 2014


WEATHER ITEM   OBSERVED TIME   RECORD YEAR NORMAL DEPARTURE LAST
                VALUE   (LST)  VALUE       VALUE  FROM      YEAR
                                                  NORMAL
..................................................................
TEMPERATURE (F)
 YESTERDAY
  MAXIMUM         86    329 PM  94    1954  82      4       83
  MINIMUM         57    639 AM  39    1993  58     -1       53
                                      1967
  AVERAGE         72                        70      2       68

PRECIPITATION (IN)
  YESTERDAY        0.00          6.44 1929   0.11  -0.11     0.00
  MONTH TO DATE    0.00                      0.11  -0.11     0.00
  SINCE SEP 1      2.79                      3.70  -0.91     1.77
  SINCE JAN 1     36.72                     35.64   1.08    59.90

DEGREE DAYS
 HEATING
  YESTERDAY        0                         1     -1        0
  MONTH TO DATE    0                         1     -1        0
  SINCE SEP 1      1                         7     -6        0
  SINCE JUL 1      1                         7     -6        0

 COOLING
  YESTERDAY        7                         6      1        3
  MONTH TO DATE    7                         6      1        3
  SINCE SEP 1    346                       312     34      293
  SINCE JAN 1   1944                      2056   -112     1768
..................................................................


WIND (MPH)
  RESULTANT WIND SPEED   1   RESULTANT WIND DIRECTION   E (110)
  HIGHEST WIND SPEED     8   HIGHEST WIND DIRECTION     E (100)
  HIGHEST GUST SPEED    13   HIGHEST GUST DIRECTION     S (180)
  AVERAGE WIND SPEED     1.3


SKY COVER
  AVERAGE SKY COVER 0.1


WEATHER CONDITIONS
 THE FOLLOWING WEATHER WAS RECORDED YESTERDAY.
  FOG


RELATIVE HUMIDITY (PERCENT)
 HIGHEST   100          1200 AM
 LOWEST     51           100 PM
 AVERAGE    76

..........................................................


THE MACON CLIMATE NORMALS FOR TODAY
                         NORMAL    RECORD    YEAR
 MAXIMUM TEMPERATURE (F)   81        94      1971
 MINIMUM TEMPERATURE (F)   58        39      1984


SUNRISE AND SUNSET
OCTOBER  2 2014.......SUNRISE   729 AM EDT   SUNSET   718 PM EDT
OCTOBER  3 2014.......SUNRISE   730 AM EDT   SUNSET   717 PM EDT


-  INDICATES NEGATIVE NUMBERS.
R  INDICATES RECORD WAS SET OR TIED.
MM INDICATES DATA IS MISSING.
T  INDICATES TRACE AMOUNT.




$$
