000
CDUS42 KFFC 310819
CLIMCN


CLIMATE REPORT
NATIONAL WEATHER SERVICE PEACHTREE CITY GA
419 AM EDT FRI JUL 31 2015


...................................

...THE MACON CLIMATE SUMMARY FOR JULY 30 2015...

CLIMATE NORMAL PERIOD 1981 TO 2010
CLIMATE RECORD PERIOD 1899 TO 2015


WEATHER ITEM   OBSERVED TIME   RECORD YEAR NORMAL DEPARTURE LAST
                VALUE   (LST)  VALUE       VALUE  FROM      YEAR
                                                  NORMAL
..................................................................
TEMPERATURE (F)
 YESTERDAY
  MAXIMUM         97    200 PM 103    1986  93      4       87
  MINIMUM         74    620 AM  59    2014  71      3       59
  AVERAGE         86                        82      4       73

PRECIPITATION (IN)
  YESTERDAY        0.01          2.31 1984   0.15  -0.14     0.00
  MONTH TO DATE    1.39                      4.80  -3.41     5.04
  SINCE JUN 1      5.17                      8.86  -3.69    10.69
  SINCE JAN 1     21.67                     27.69  -6.02    32.88

DEGREE DAYS
 HEATING
  YESTERDAY        0                         0      0        0
  MONTH TO DATE    0                         0      0        0
  SINCE JUN 1      0                         0      0        0
  SINCE JUL 1      0                         0      0        0

 COOLING
  YESTERDAY       21                        17      4        8
  MONTH TO DATE  571                       504     67      427
  SINCE JUN 1   1052                       923    129      842
  SINCE JAN 1   1437                      1236    201     1120
..................................................................


WIND (MPH)
  RESULTANT WIND SPEED   1   RESULTANT WIND DIRECTION   W (260)
  HIGHEST WIND SPEED    21   HIGHEST WIND DIRECTION     E (70)
  HIGHEST GUST SPEED    23   HIGHEST GUST DIRECTION     E (70)
  AVERAGE WIND SPEED     2.7


SKY COVER
  AVERAGE SKY COVER 0.1


WEATHER CONDITIONS
 THE FOLLOWING WEATHER WAS RECORDED YESTERDAY.
  FOG


RELATIVE HUMIDITY (PERCENT)
 HIGHEST   100           500 AM
 LOWEST     46           100 PM
 AVERAGE    73

..........................................................


THE MACON CLIMATE NORMALS FOR TODAY
                         NORMAL    RECORD    YEAR
 MAXIMUM TEMPERATURE (F)   93       105      1986
 MINIMUM TEMPERATURE (F)   71        61      1936


SUNRISE AND SUNSET
JULY 31 2015..........SUNRISE   648 AM EDT   SUNSET   834 PM EDT
AUGUST  1 2015........SUNRISE   648 AM EDT   SUNSET   833 PM EDT


-  INDICATES NEGATIVE NUMBERS.
R  INDICATES RECORD WAS SET OR TIED.
MM INDICATES DATA IS MISSING.
T  INDICATES TRACE AMOUNT.




$$
