000
CDUS42 KMLB 252032
CLIMCO


CLIMATE REPORT
NATIONAL WEATHER SERVICE MELBOURNE FL
430 PM EDT FRI JUL 25 2014


...................................

...THE ORLANDO  CLIMATE SUMMARY FOR JULY 25 2014...
VALID TODAY AS OF 400 PM LOCAL TIME.

CLIMATE NORMAL PERIOD 1981 TO 2010
CLIMATE RECORD PERIOD 1892 TO 2014


WEATHER ITEM   OBSERVED TIME   RECORD YEAR NORMAL DEPARTURE LAST
                VALUE   (LST)  VALUE       VALUE  FROM      YEAR
                                                  NORMAL
..................................................................
TEMPERATURE (F)
 TODAY
  MAXIMUM         92    154 PM  99    1962  92      0       86
                                      1914
  MINIMUM         75    603 AM  67    1918  74      1       72
  AVERAGE         84                        83      1       79

PRECIPITATION (IN)
  TODAY            0.01          8.19 1960   0.25  -0.24     1.44
  MONTH TO DATE    8.33                      5.83   2.50     7.02
  SINCE JUN 1     12.97                     13.41  -0.44    17.12
  SINCE JAN 1     30.32                     28.04   2.28    27.99

SNOWFALL (IN)
  TODAY            0.0
  MONTH TO DATE    0.0
  SINCE JUN 1      0.0
  SINCE JUL 1      0.0

DEGREE DAYS
 HEATING
  TODAY            0                         0      0        0
  MONTH TO DATE    0                         0      0        0
  SINCE JUN 1      0                         0      0        0
  SINCE JUL 1      0                         0      0        0

 COOLING
  TODAY           19                        18      1       14
  MONTH TO DATE  454                       442     12      418
  SINCE JUN 1    957                       932     25      927
  SINCE JAN 1   1891                      1733    158     1799
..................................................................


WIND (MPH)
  HIGHEST WIND SPEED    18   HIGHEST WIND DIRECTION     W (260)
  HIGHEST GUST SPEED    25   HIGHEST GUST DIRECTION     W (260)
  AVERAGE WIND SPEED     3.7


SKY COVER
  AVERAGE SKY COVER 0.3


WEATHER CONDITIONS
 THE FOLLOWING WEATHER WAS RECORDED TODAY.
  THUNDERSTORM
  LIGHT RAIN


RELATIVE HUMIDITY (PERCENT)
 HIGHEST    94           100 AM
 LOWEST     56           100 PM
 AVERAGE    75

..........................................................


THE ORLANDO  CLIMATE NORMALS FOR TOMORROW
                         NORMAL    RECORD    YEAR
 MAXIMUM TEMPERATURE (F)   92        98      1936
                                             1914
 MINIMUM TEMPERATURE (F)   74        66      1893


SUNRISE AND SUNSET
JULY 25 2014..........SUNRISE   643 AM EDT   SUNSET   820 PM EDT
JULY 26 2014..........SUNRISE   644 AM EDT   SUNSET   820 PM EDT


-  INDICATES NEGATIVE NUMBERS.
R  INDICATES RECORD WAS SET OR TIED.
MM INDICATES DATA IS MISSING.
T  INDICATES TRACE AMOUNT.




$$
