000
CDUS42 KMLB 070626
CLIMCO


CLIMATE REPORT
NATIONAL WEATHER SERVICE MELBOURNE FL
226 AM EDT TUE JUL 7 2015


...................................

...THE ORLANDO  CLIMATE SUMMARY FOR JULY 6 2015...

CLIMATE NORMAL PERIOD 1981 TO 2010
CLIMATE RECORD PERIOD 1892 TO 2015


WEATHER ITEM   OBSERVED TIME   RECORD YEAR NORMAL DEPARTURE LAST
                VALUE   (LST)  VALUE       VALUE  FROM      YEAR
                                                  NORMAL
..................................................................
TEMPERATURE (F)
 YESTERDAY
  MAXIMUM         94    359 PM  98    1980  91      3       90
                                      1960
  MINIMUM         72    538 AM  66    1938  73     -1       73
                                      1893
  AVERAGE         83                        82      1       82

PRECIPITATION (IN)
  YESTERDAY        T             2.19 1994   0.23  -0.23     1.96
  MONTH TO DATE    1.87                      1.40   0.47     3.16
  SINCE JUN 1      8.66                      8.98  -0.32     7.80
  SINCE JAN 1     22.65                     23.61  -0.96    25.15

SNOWFALL (IN)
  YESTERDAY        0.0
  MONTH TO DATE    0.0
  SINCE JUN 1      0.0
  SINCE JUL 1      0.0

DEGREE DAYS
 HEATING
  YESTERDAY        0                         0      0        0
  MONTH TO DATE    0                         0      0        0
  SINCE JUN 1      0                         0      0        0
  SINCE JUL 1      0                         0      0        0

 COOLING
  YESTERDAY       18                        17      1       17
  MONTH TO DATE  114                       102     12      112
  SINCE JUN 1    660                       592     68      615
  SINCE JAN 1   1840                      1393    447     1549
..................................................................


WIND (MPH)
  HIGHEST WIND SPEED    23   HIGHEST WIND DIRECTION     N (360)
  HIGHEST GUST SPEED    27   HIGHEST GUST DIRECTION     N (350)
  AVERAGE WIND SPEED     5.5


SKY COVER
  AVERAGE SKY COVER 0.8


WEATHER CONDITIONS
 THE FOLLOWING WEATHER WAS RECORDED YESTERDAY.
  THUNDERSTORM
  LIGHT RAIN


RELATIVE HUMIDITY (PERCENT)
 HIGHEST   100          1200 AM
 LOWEST     52           100 PM
 AVERAGE    76

..........................................................


THE ORLANDO  CLIMATE NORMALS FOR TODAY
                         NORMAL    RECORD    YEAR
 MAXIMUM TEMPERATURE (F)   92        97      2000
                                             1969
                                             1916
 MINIMUM TEMPERATURE (F)   73        66      1947
                                             1893


SUNRISE AND SUNSET
JULY  7 2015..........SUNRISE   634 AM EDT   SUNSET   826 PM EDT
JULY  8 2015..........SUNRISE   634 AM EDT   SUNSET   826 PM EDT


-  INDICATES NEGATIVE NUMBERS.
R  INDICATES RECORD WAS SET OR TIED.
MM INDICATES DATA IS MISSING.
T  INDICATES TRACE AMOUNT.




$$
