000
CDUS42 KMLB 280850 CCA
CLIMCO

CLIMATE REPORT...CORRECTED WIND SPEEDS
NATIONAL WEATHER SERVICE MELBOURNE FL
235 AM EDT TUE JUL 28 2015


...................................

...THE ORLANDO  CLIMATE SUMMARY FOR JULY 27 2015...

CLIMATE NORMAL PERIOD 1981 TO 2010
CLIMATE RECORD PERIOD 1892 TO 2015


WEATHER ITEM   OBSERVED TIME   RECORD YEAR NORMAL DEPARTURE LAST
                VALUE   (LST)  VALUE       VALUE  FROM      YEAR
                                                  NORMAL
..................................................................
TEMPERATURE (F)
 YESTERDAY
  MAXIMUM         89    1202 PM 100    1936  92     -3       92
                                       1914
  MINIMUM         76    1102 PM  66    1893  74      2       76
  AVERAGE         83                         83      0       84

PRECIPITATION (IN)
  YESTERDAY        0.42          2.16 1927   0.25   0.17     0.00
  MONTH TO DATE    4.83                      6.33  -1.50     8.33
  SINCE JUN 1     11.62                     13.91  -2.29    12.97
  SINCE JAN 1     25.61                     28.54  -2.93    30.32

SNOWFALL (IN)
  YESTERDAY        0.0
  MONTH TO DATE    0.0
  SINCE JUN 1      0.0
  SINCE JUL 1      0.0

DEGREE DAYS
 HEATING
  YESTERDAY        0                         0      0        0
  MONTH TO DATE    0                         0      0        0
  SINCE JUN 1      0                         0      0        0
  SINCE JUL 1      0                         0      0        0

 COOLING
  YESTERDAY       18                        18      0       19
  MONTH TO DATE  511                       478     33      493
  SINCE JUN 1   1057                       968     89      996
  SINCE JAN 1   2237                      1769    468     1930
..................................................................


WIND (MPH)
  HIGHEST WIND SPEED    23   HIGHEST WIND DIRECTION    SW (210)
  HIGHEST GUST SPEED    27   HIGHEST GUST DIRECTION    SW (210)
  AVERAGE WIND SPEED     8.5


SKY COVER
  AVERAGE SKY COVER 0.7


WEATHER CONDITIONS
 THE FOLLOWING WEATHER WAS RECORDED YESTERDAY.
  HEAVY RAIN
  RAIN
  LIGHT RAIN
  FOG


RELATIVE HUMIDITY (PERCENT)
 HIGHEST   100          1200 AM
 LOWEST     68          1200 PM
 AVERAGE    84

..........................................................


THE ORLANDO  CLIMATE NORMALS FOR TODAY
                         NORMAL    RECORD    YEAR
 MAXIMUM TEMPERATURE (F)   92       101      1936
 MINIMUM TEMPERATURE (F)   74        66      1893


SUNRISE AND SUNSET
JULY 28 2015..........SUNRISE   645 AM EDT   SUNSET   818 PM EDT
JULY 29 2015..........SUNRISE   645 AM EDT   SUNSET   818 PM EDT


-  INDICATES NEGATIVE NUMBERS.
R  INDICATES RECORD WAS SET OR TIED.
MM INDICATES DATA IS MISSING.
T  INDICATES TRACE AMOUNT.




$$
