000
CDUS42 KMLB 212017
CLIMCO


CLIMATE REPORT
NATIONAL WEATHER SERVICE MELBOURNE FL
417 PM EDT THU SEP 21 2017


...................................

...THE ORLANDO  CLIMATE SUMMARY FOR SEPTEMBER 21 2017...
VALID TODAY AS OF 0400 PM LOCAL TIME.

CLIMATE NORMAL PERIOD 1981 TO 2010
CLIMATE RECORD PERIOD 1892 TO 2017


WEATHER ITEM   OBSERVED TIME   RECORD YEAR NORMAL DEPARTURE LAST
                VALUE   (LST)  VALUE       VALUE  FROM      YEAR
                                                  NORMAL
..................................................................
TEMPERATURE (F)
 TODAY
  MAXIMUM         88    230 PM  97    1933  89     -1       92
                                      1921
                                      1919
  MINIMUM         72    610 AM  55    1938  72      0       76
  AVERAGE         80                        81     -1       84

PRECIPITATION (IN)
  TODAY            0.00          2.61 1969   0.19  -0.19      T
  MONTH TO DATE   13.31                      4.40   8.91     5.82
  SINCE SEP 1     13.31                      4.40   8.91     5.82
  SINCE JAN 1     41.73                     41.01   0.72    47.51

SNOWFALL (IN)
  TODAY            0.0
  MONTH TO DATE    0.0
  SINCE SEP 1      0.0
  SINCE JUL 1      0.0

DEGREE DAYS
 HEATING
  TODAY            0                         0      0        0
  MONTH TO DATE    0                         0      0        0
  SINCE SEP 1      0                         0      0        0
  SINCE JUL 1      0                         0      0        0

 COOLING
  TODAY           15                        16     -1       19
  MONTH TO DATE  335                       349    -14      368
  SINCE SEP 1    335                       349    -14      368
  SINCE JAN 1   2933                      2742    191     3041
..................................................................


WIND (MPH)
  HIGHEST WIND SPEED    16   HIGHEST WIND DIRECTION    NE (60)
  HIGHEST GUST SPEED    20   HIGHEST GUST DIRECTION    NE (60)
  AVERAGE WIND SPEED     6.0


SKY COVER
  AVERAGE SKY COVER 0.3


WEATHER CONDITIONS
 THE FOLLOWING WEATHER WAS RECORDED TODAY.
  NO SIGNIFICANT WEATHER WAS OBSERVED.


RELATIVE HUMIDITY (PERCENT)
 HIGHEST   100           700 AM
 LOWEST     55           100 PM
 AVERAGE    78

..........................................................


THE ORLANDO  CLIMATE NORMALS FOR TOMORROW
                         NORMAL    RECORD    YEAR
 MAXIMUM TEMPERATURE (F)   89        96      1990
                                             1987
                                             1933
 MINIMUM TEMPERATURE (F)   72        57      1897


SUNRISE AND SUNSET
SEPTEMBER 21 2017.....SUNRISE   713 AM EDT   SUNSET   723 PM EDT
SEPTEMBER 22 2017.....SUNRISE   714 AM EDT   SUNSET   721 PM EDT


-  INDICATES NEGATIVE NUMBERS.
R  INDICATES RECORD WAS SET OR TIED.
MM INDICATES DATA IS MISSING.
T  INDICATES TRACE AMOUNT.




$$
