000
CDUS42 KMLB 210633
CLIMCO


CLIMATE REPORT
NATIONAL WEATHER SERVICE MELBOURNE
232 AM EDT MON APR 21 2014


...................................

...THE ORLANDO  CLIMATE SUMMARY FOR APRIL 20 2014...

CLIMATE NORMAL PERIOD 1981 TO 2010
CLIMATE RECORD PERIOD 1892 TO 2014


WEATHER ITEM   OBSERVED TIME   RECORD YEAR NORMAL DEPARTURE LAST
                VALUE   (LST)  VALUE       VALUE  FROM      YEAR
                                                  NORMAL
..................................................................
TEMPERATURE (F)
 YESTERDAY
  MAXIMUM         73    345 PM  96    1908  83    -10       75
  MINIMUM         61   1051 PM  39    1936  61      0       61
  AVERAGE         67                        72     -5       68

PRECIPITATION (IN)
  YESTERDAY        T             1.16 1991   0.09  -0.09      T
  MONTH TO DATE    2.35                      1.91   0.44     1.13
  SINCE MAR 1      6.87                      5.68   1.19     2.40
  SINCE JAN 1     11.91                     10.41   1.50     3.31

SNOWFALL (IN)
  YESTERDAY        0.0
  MONTH TO DATE    0.0
  SINCE MAR 1      0.0
  SINCE JUL 1      0.0

DEGREE DAYS
 HEATING
  YESTERDAY        0                         0      0        0
  MONTH TO DATE    0                        11    -11        0
  SINCE MAR 1     42                        70    -28      149
  SINCE JUL 1    406                       569   -163      461

 COOLING
  YESTERDAY        2                         7     -5        3
  MONTH TO DATE  146                       118     28      194
  SINCE MAR 1    253                       236     17      245
  SINCE JAN 1    403                       340     63      445
..................................................................


WIND (MPH)
  HIGHEST WIND SPEED    17   HIGHEST WIND DIRECTION     N (350)
  HIGHEST GUST SPEED    21   HIGHEST GUST DIRECTION     N (360)
  AVERAGE WIND SPEED    10.5


SKY COVER
  AVERAGE SKY COVER 1.0


WEATHER CONDITIONS
 THE FOLLOWING WEATHER WAS RECORDED YESTERDAY.
  LIGHT RAIN


RELATIVE HUMIDITY (PERCENT)
 HIGHEST    93           200 AM
 LOWEST     57           400 PM
 AVERAGE    75

..........................................................


THE ORLANDO  CLIMATE NORMALS FOR TODAY
                         NORMAL    RECORD    YEAR
 MAXIMUM TEMPERATURE (F)   83        96      1935
                                             1908
 MINIMUM TEMPERATURE (F)   61        44      1953


SUNRISE AND SUNSET
APRIL 21 2014.........SUNRISE   654 AM EDT   SUNSET   754 PM EDT
APRIL 22 2014.........SUNRISE   653 AM EDT   SUNSET   755 PM EDT


-  INDICATES NEGATIVE NUMBERS.
R  INDICATES RECORD WAS SET OR TIED.
MM INDICATES DATA IS MISSING.
T  INDICATES TRACE AMOUNT.




$$
