533
CDUS42 KMLB 140632
CLIMCO


CLIMATE REPORT
NATIONAL WEATHER SERVICE MELBOURNE FL
132 AM EST SUN FEB 14 2016


...................................

...THE ORLANDO  CLIMATE SUMMARY FOR FEBRUARY 13 2016...

CLIMATE NORMAL PERIOD 1981 TO 2010
CLIMATE RECORD PERIOD 1892 TO 2016


WEATHER ITEM   OBSERVED TIME   RECORD YEAR NORMAL DEPARTURE LAST
                VALUE   (LST)  VALUE       VALUE  FROM      YEAR
                                                  NORMAL
..................................................................
TEMPERATURE (F)
 YESTERDAY
  MAXIMUM         70    331 PM  89    2013  74     -4       61
  MINIMUM         49   1159 PM  22    1899  52     -3       45
  AVERAGE         60                        63     -3       53

PRECIPITATION (IN)
  YESTERDAY        0.00          3.26 1947   0.09  -0.09     0.00
  MONTH TO DATE    0.67                      1.08  -0.41     2.34
  SINCE DEC 1      7.04                      6.01   1.03     7.45
  SINCE JAN 1      6.32                      3.43   2.89     5.86

SNOWFALL (IN)
  YESTERDAY        0.0
  MONTH TO DATE    0.0
  SINCE DEC 1      0.0
  SINCE JUL 1      0.0

DEGREE DAYS
 HEATING
  YESTERDAY        5                         4      1       12
  MONTH TO DATE   95                        63     32       67
  SINCE DEC 1    295                       400   -105      302
  SINCE JUL 1    304                       447   -143      384

 COOLING
  YESTERDAY        0                         2     -2        0
  MONTH TO DATE   30                        26      4        0
  SINCE DEC 1    268                       141    127      156
  SINCE JAN 1     45                        71    -26       52
..................................................................


WIND (MPH)
  HIGHEST WIND SPEED    15   HIGHEST WIND DIRECTION     N (360)
  HIGHEST GUST SPEED    22   HIGHEST GUST DIRECTION     N (360)
  AVERAGE WIND SPEED     8.7


SKY COVER
  AVERAGE SKY COVER 0.1


WEATHER CONDITIONS
 THE FOLLOWING WEATHER WAS RECORDED YESTERDAY.
  NO SIGNIFICANT WEATHER WAS OBSERVED.


RELATIVE HUMIDITY (PERCENT)
 HIGHEST    93           300 AM
 LOWEST     30           400 PM
 AVERAGE    62

..........................................................


THE ORLANDO  CLIMATE NORMALS FOR TODAY
                         NORMAL    RECORD    YEAR
 MAXIMUM TEMPERATURE (F)   74        89      1935
                                             1923
 MINIMUM TEMPERATURE (F)   52        20      1899


SUNRISE AND SUNSET
FEBRUARY 14 2016......SUNRISE   704 AM EST   SUNSET   615 PM EST
FEBRUARY 15 2016......SUNRISE   704 AM EST   SUNSET   615 PM EST


-  INDICATES NEGATIVE NUMBERS.
R  INDICATES RECORD WAS SET OR TIED.
MM INDICATES DATA IS MISSING.
T  INDICATES TRACE AMOUNT.




$$
