000
CDUS42 KMLB 302016
CLIMCO


CLIMATE REPORT
NATIONAL WEATHER SERVICE MELBOURNE FL
416 PM EDT MON MAY 30 2016


...................................

...THE ORLANDO  CLIMATE SUMMARY FOR MAY 30 2016...
VALID TODAY AS OF 0400 PM LOCAL TIME.

CLIMATE NORMAL PERIOD 1981 TO 2010
CLIMATE RECORD PERIOD 1892 TO 2016


WEATHER ITEM   OBSERVED TIME   RECORD YEAR NORMAL DEPARTURE LAST
                VALUE   (LST)  VALUE       VALUE  FROM      YEAR
                                                  NORMAL
..................................................................
TEMPERATURE (F)
 TODAY
  MAXIMUM         91    159 PM 100    1945  90      1       92
  MINIMUM         71    553 AM  59    1910  70      1       71
  AVERAGE         81                        80      1       82

PRECIPITATION (IN)
  TODAY            0.00          2.63 1979   0.19  -0.19      T
  MONTH TO DATE    5.08                      3.27   1.81     0.93
  SINCE MAR 1     11.66                      9.72   1.94     5.89
  SINCE JAN 1     19.00                     14.45   4.55    13.99

SNOWFALL (IN)
  TODAY            0.0
  MONTH TO DATE    0.0
  SINCE MAR 1      0.0
  SINCE JUL 1      0.0

DEGREE DAYS
 HEATING
  TODAY            0                         0      0        0
  MONTH TO DATE    0                         0      0        0
  SINCE MAR 1     16                        71    -55       16
  SINCE JUL 1    370                       570   -200      486

 COOLING
  TODAY           16                        15      1       17
  MONTH TO DATE  377                       366     11      438
  SINCE MAR 1    836                       683    153     1090
  SINCE JAN 1    898                       787    111     1164
..................................................................


WIND (MPH)
  HIGHEST WIND SPEED    15   HIGHEST WIND DIRECTION     S (200)
  HIGHEST GUST SPEED    17   HIGHEST GUST DIRECTION     S (200)
  AVERAGE WIND SPEED     4.7


SKY COVER
  AVERAGE SKY COVER 0.4


WEATHER CONDITIONS
 THE FOLLOWING WEATHER WAS RECORDED TODAY.
  NO SIGNIFICANT WEATHER WAS OBSERVED.


RELATIVE HUMIDITY (PERCENT)
 HIGHEST    93          1200 AM
 LOWEST     47           200 PM
 AVERAGE    70

..........................................................


THE ORLANDO  CLIMATE NORMALS FOR TOMORROW
                         NORMAL    RECORD    YEAR
 MAXIMUM TEMPERATURE (F)   90       102      1945
 MINIMUM TEMPERATURE (F)   70        56      1984


SUNRISE AND SUNSET
MAY 30 2016...........SUNRISE   628 AM EDT   SUNSET   818 PM EDT
MAY 31 2016...........SUNRISE   628 AM EDT   SUNSET   818 PM EDT


-  INDICATES NEGATIVE NUMBERS.
R  INDICATES RECORD WAS SET OR TIED.
MM INDICATES DATA IS MISSING.
T  INDICATES TRACE AMOUNT.




$$
