000
CDUS42 KMLB 100635
CLIMCO


CLIMATE REPORT
NATIONAL WEATHER SERVICE MELBOURNE FL
135 AM EST SAT DEC 10 2016


...................................

...THE ORLANDO  CLIMATE SUMMARY FOR DECEMBER 9 2016...

CLIMATE NORMAL PERIOD 1981 TO 2010
CLIMATE RECORD PERIOD 1892 TO 2016


WEATHER ITEM   OBSERVED TIME   RECORD YEAR NORMAL DEPARTURE LAST
                VALUE   (LST)  VALUE       VALUE  FROM      YEAR
                                                  NORMAL
..................................................................
TEMPERATURE (F)
 YESTERDAY
  MAXIMUM         63        MM  87    1978  74    -11       76
  MINIMUM         50        MM  29    1934  54     -4       61
  AVERAGE         57                        64     -7       69

PRECIPITATION (IN)
  YESTERDAY        T             2.75 1969   0.07  -0.07      T
  MONTH TO DATE    0.76                      0.73   0.03     0.20
  SINCE DEC 1      0.76                      0.73   0.03     0.20
  SINCE JAN 1     52.54                     48.88   3.66    53.56

SNOWFALL (IN)
  YESTERDAY        0.0
  MONTH TO DATE    0.0
  SINCE DEC 1      0.0
  SINCE JUL 1      0.0

DEGREE DAYS
 HEATING
  YESTERDAY        8                         4      4        0
  MONTH TO DATE    8                        30    -22        0
  SINCE DEC 1      8                        30    -22        0
  SINCE JUL 1     31                        77    -46        9

 COOLING
  YESTERDAY        0                         3     -3        4
  MONTH TO DATE   45                        27     18       44
  SINCE DEC 1     45                        27     18       44
  SINCE JAN 1   3749                      3381    368     4086
..................................................................


WIND (MPH)
  HIGHEST WIND SPEED    20   HIGHEST WIND DIRECTION     N (10)
  HIGHEST GUST SPEED    22   HIGHEST GUST DIRECTION     N (20)
  AVERAGE WIND SPEED    14.2


SKY COVER
  AVERAGE SKY COVER 0.9


WEATHER CONDITIONS
 THE FOLLOWING WEATHER WAS RECORDED YESTERDAY.
  LIGHT RAIN


RELATIVE HUMIDITY (PERCENT)
 HIGHEST    83           500 AM
 LOWEST     52           400 PM
 AVERAGE    68

..........................................................


THE ORLANDO  CLIMATE NORMALS FOR TODAY
                         NORMAL    RECORD    YEAR
 MAXIMUM TEMPERATURE (F)   74        88      1918
 MINIMUM TEMPERATURE (F)   54        28      1917


SUNRISE AND SUNSET
DECEMBER 10 2016......SUNRISE   707 AM EST   SUNSET   530 PM EST
DECEMBER 11 2016......SUNRISE   708 AM EST   SUNSET   530 PM EST


-  INDICATES NEGATIVE NUMBERS.
R  INDICATES RECORD WAS SET OR TIED.
MM INDICATES DATA IS MISSING.
T  INDICATES TRACE AMOUNT.




$$
