000
CDUS43 KDMX 160945
CLIMCW

CLIMATE REPORT
NATIONAL WEATHER SERVICE DES MOINES IA
159 AM CDT WED APR 16 2014

...................................

...THE MASON CITY IA CLIMATE SUMMARY FOR APRIL 15 2014...

CLIMATE NORMAL PERIOD 1981 TO 2010
CLIMATE RECORD PERIOD 1893 TO 2014

WEATHER ITEM   OBSERVED TIME   RECORD YEAR NORMAL DEPARTURE LAST
                VALUE   (LST)  VALUE       VALUE  FROM      YEAR
                                                  NORMAL
..................................................................
TEMPERATURE (F)
 YESTERDAY
  MAXIMUM         38    513 PM  91    2002  58    -20       45
  MINIMUM         18    548 AM   6    1928  35    -17       32
  AVERAGE         28                        46    -18       39

PRECIPITATION (IN)
  YESTERDAY        0.00          1.29 1992   0.13  -0.13     0.01
  MONTH TO DATE    1.75                      1.72   0.03     5.22
  SINCE MAR 1      2.96                      3.95  -0.99     8.60
  SINCE JAN 1      5.98                      5.77   0.21    10.31

SNOWFALL (IN)
  YESTERDAY        0.0           3.2  1993   0.1   -0.1      0.0
  MONTH TO DATE    5.0                       1.8    3.2      0.7
  SINCE MAR 1     11.9                       7.8    4.1     24.5
  SINCE JUL 1     58.0                      40.3   17.7     46.5
  SNOW DEPTH       0

DEGREE DAYS
 HEATING
  YESTERDAY       37                        19     18       26
  MONTH TO DATE  353                       327     26      400
  SINCE MAR 1   1547                      1321    226     1637
  SINCE JUL 1   8093                      7172    921     7198

 COOLING
  YESTERDAY        0                         0      0        0
  MONTH TO DATE    0                         0      0        0
  SINCE MAR 1      0                         0      0        0
  SINCE JAN 1      0                         0      0        0
..................................................................

WIND (MPH)
  HIGHEST WIND SPEED    18   HIGHEST WIND DIRECTION    SE (120)
  HIGHEST GUST SPEED    23   HIGHEST GUST DIRECTION    SE (120)
  AVERAGE WIND SPEED    10.4

SKY COVER
  POSSIBLE SUNSHINE  MM
  AVERAGE SKY COVER 0.2

WEATHER CONDITIONS
 THE FOLLOWING WEATHER WAS RECORDED YESTERDAY.
  NO SIGNIFICANT WEATHER WAS OBSERVED.

RELATIVE HUMIDITY (PERCENT)
 HIGHEST    74          1200 AM
 LOWEST     32           200 PM
 AVERAGE    53
..........................................................

THE MASON CITY IA CLIMATE NORMALS FOR TODAY
                         NORMAL    RECORD    YEAR
 MAXIMUM TEMPERATURE (F)   59        88      2004
                                             1964
 MINIMUM TEMPERATURE (F)   35        18      1928

SUNRISE AND SUNSET
APRIL 16 2014.........SUNRISE   630 AM CDT   SUNSET   757 PM CDT
APRIL 17 2014.........SUNRISE   628 AM CDT   SUNSET   758 PM CDT

-  INDICATES NEGATIVE NUMBERS.
R  INDICATES RECORD WAS SET OR TIED.
MM INDICATES DATA IS MISSING.
T  INDICATES TRACE AMOUNT.

$$

FAB
