000
CDUS43 KDMX 300640
CLIMCW

CLIMATE REPORT
NATIONAL WEATHER SERVICE DES MOINES IA
137 AM CDT TUE JUN 30 2015

...................................

...THE MASON CITY IA CLIMATE SUMMARY FOR JUNE 29 2015...

CLIMATE NORMAL PERIOD 1981 TO 2010
CLIMATE RECORD PERIOD 1893 TO 2015


WEATHER ITEM   OBSERVED TIME   RECORD YEAR NORMAL DEPARTURE LAST
                VALUE   (LST)  VALUE       VALUE  FROM      YEAR
                                                  NORMAL
..................................................................
TEMPERATURE (F)
 YESTERDAY
  MAXIMUM         82    300 PM 102    1970  83     -1       79
  MINIMUM         60    446 AM  40    1895  60      0       58
  AVERAGE         71                        72     -1       69

PRECIPITATION (IN)
  YESTERDAY        0.00          2.66 1969   0.16  -0.16     0.44
  MONTH TO DATE    5.04                      4.97   0.07     8.22
  SINCE JUN 1      5.04                      4.97   0.07     8.22
  SINCE JAN 1     16.04                     17.45  -1.41    22.26

SNOWFALL (IN)
  YESTERDAY        0.0          MM      MM   0.0    0.0      0.0
  MONTH TO DATE    0.0                       0.0    0.0      0.0
  SINCE JUN 1      0.0                       0.0    0.0      0.0
  SINCE JUL 1     40.0                      41.2   -1.2     58.0
  SNOW DEPTH       0

DEGREE DAYS
 HEATING
  YESTERDAY        0                         0      0        0
  MONTH TO DATE   12                        44    -32       13
  SINCE JUN 1     12                        44    -32       13
  SINCE JUL 1   7696                      7679     17     8624

 COOLING
  YESTERDAY        6                         7     -1        4
  MONTH TO DATE  132                       132      0      132
  SINCE JUN 1    132                       132      0      132
  SINCE JAN 1    162                       167     -5      185
..................................................................


WIND (MPH)
  HIGHEST WIND SPEED    18   HIGHEST WIND DIRECTION    NW (310)
  HIGHEST GUST SPEED    22   HIGHEST GUST DIRECTION     W (290)
  AVERAGE WIND SPEED     8.9


SKY COVER
  POSSIBLE SUNSHINE  MM
  AVERAGE SKY COVER 0.1


WEATHER CONDITIONS
 THE FOLLOWING WEATHER WAS RECORDED YESTERDAY.
  FOG


RELATIVE HUMIDITY (PERCENT)
 HIGHEST   100           400 AM
 LOWEST     54           100 PM
 AVERAGE    77

..........................................................


THE MASON CITY IA CLIMATE NORMALS FOR TODAY
                         NORMAL    RECORD    YEAR
 MAXIMUM TEMPERATURE (F)   83       101      1933
 MINIMUM TEMPERATURE (F)   60        42      1943


SUNRISE AND SUNSET
JUNE 30 2015..........SUNRISE   537 AM CDT   SUNSET   857 PM CDT
JULY  1 2015..........SUNRISE   537 AM CDT   SUNSET   857 PM CDT


-  INDICATES NEGATIVE NUMBERS.
R  INDICATES RECORD WAS SET OR TIED.
MM INDICATES DATA IS MISSING.
T  INDICATES TRACE AMOUNT.




$$
