000
CDUS43 KDMX 281418 CCA
CLIMCW

CLIMATE REPORT
NATIONAL WEATHER SERVICE DES MOINES IA
1227 AM CST FRI NOV 28 2014


...................................

...THE MASON CITY IA CLIMATE SUMMARY FOR NOVEMBER 27 2014...

CLIMATE NORMAL PERIOD 1981 TO 2010
CLIMATE RECORD PERIOD 1893 TO 2014


WEATHER ITEM   OBSERVED TIME   RECORD YEAR NORMAL DEPARTURE LAST
                VALUE   (LST)  VALUE       VALUE  FROM      YEAR
                                                  NORMAL
..................................................................
TEMPERATURE (F)
 YESTERDAY
  MAXIMUM         12   1221 AM  71    1998  36    -24       24
  MINIMUM         -9    809 AM -10    1897  18    -27        4
  AVERAGE          2                        27    -25       14

PRECIPITATION (IN)
  YESTERDAY        T             1.07 1935   0.05  -0.05     0.00
  MONTH TO DATE    0.55                      1.72  -1.17     1.44
  SINCE SEP 1      5.31                      7.44  -2.13     4.45
  SINCE JAN 1     33.96                     33.80   0.16    37.83

SNOWFALL (IN)
  YESTERDAY        T             4.3  1995   0.3   -0.3      0.0
  MONTH TO DATE    8.0                       3.6    4.4      1.5
  SINCE SEP 1      8.0                       4.0    4.0      1.5
  SINCE JUL 1      8.0                       4.0    4.0      1.5
  SNOW DEPTH       3

DEGREE DAYS
 HEATING
  YESTERDAY       63                        38     25       51
  MONTH TO DATE 1046                       824    222      885
  SINCE SEP 1   1750                      1526    224     1505
  SINCE JUL 1   1771                      1562    209     1543

 COOLING
  YESTERDAY        0                         0      0        0
  MONTH TO DATE    0                         0      0        0
  SINCE SEP 1     33                        60    -27      126
  SINCE JAN 1    544                       616    -72      718
..................................................................


WIND (MPH)
  HIGHEST WIND SPEED    22   HIGHEST WIND DIRECTION    NW (320)
  HIGHEST GUST SPEED    25   HIGHEST GUST DIRECTION    NW (320)
  AVERAGE WIND SPEED    10.3


SKY COVER
  POSSIBLE SUNSHINE  MM
  AVERAGE SKY COVER 0.3


WEATHER CONDITIONS
 THE FOLLOWING WEATHER WAS RECORDED YESTERDAY.
  LIGHT SNOW


RELATIVE HUMIDITY (PERCENT)
 HIGHEST    88           200 AM
 LOWEST     69          1000 PM
 AVERAGE    79

..........................................................


THE MASON CITY IA CLIMATE NORMALS FOR TODAY
                         NORMAL    RECORD    YEAR
 MAXIMUM TEMPERATURE (F)   35        63      2006
 MINIMUM TEMPERATURE (F)   18       -14      1897


SUNRISE AND SUNSET
NOVEMBER 28 2014......SUNRISE   722 AM CST   SUNSET   440 PM CST
NOVEMBER 29 2014......SUNRISE   723 AM CST   SUNSET   440 PM CST


-  INDICATES NEGATIVE NUMBERS.
R  INDICATES RECORD WAS SET OR TIED.
MM INDICATES DATA IS MISSING.
T  INDICATES TRACE AMOUNT.




$$
