460
CDUS43 KDMX 290644 RRA
CLIMCW

CLIMATE REPORT
NATIONAL WEATHER SERVICE DES MOINES IA
137 AM CDT WED MAR 29 2017


...................................

...THE MASON CITY IA CLIMATE SUMMARY FOR MARCH 28 2017...

CLIMATE NORMAL PERIOD 1981 TO 2010
CLIMATE RECORD PERIOD 1893 TO 2017


WEATHER ITEM   OBSERVED TIME   RECORD YEAR NORMAL DEPARTURE LAST
                VALUE   (LST)  VALUE       VALUE  FROM      YEAR
                                                  NORMAL
..................................................................
TEMPERATURE (F)
 YESTERDAY
  MAXIMUM         59    427 PM  79    1986  49     10       59
  MINIMUM         30    650 AM   2    1970  28      2       22
  AVERAGE         45                        38      7       41

PRECIPITATION (IN)
  YESTERDAY        0.00          0.76 1951   0.09  -0.09     0.00
  MONTH TO DATE    1.07                      1.94  -0.87     2.10
  SINCE MAR 1      1.07                      1.94  -0.87     2.10
  SINCE JAN 1      5.06                      3.76   1.30     3.39

SNOWFALL (IN)
  YESTERDAY        0.0          10.0  1911   0.1   -0.1      0.0
  MONTH TO DATE   10.0                       5.5    4.5      8.2
  SINCE MAR 1     10.0                       5.5    4.5      8.2
  SINCE JUL 1     49.4                      38.0   11.4     50.9
  SNOW DEPTH       0

DEGREE DAYS
 HEATING
  YESTERDAY       20                        27     -7       24
  MONTH TO DATE  944                       916     28      734
  SINCE MAR 1    944                       916     28      734
  SINCE JUL 1   5856                      6767   -911     5833

 COOLING
  YESTERDAY        0                         0      0        0
  MONTH TO DATE    0                         0      0        0
  SINCE MAR 1      0                         0      0        0
  SINCE JAN 1      0                         0      0        0
..................................................................


WIND (MPH)
  HIGHEST WIND SPEED    15   HIGHEST WIND DIRECTION    NE (60)
  HIGHEST GUST SPEED    21   HIGHEST GUST DIRECTION     E (80)
  AVERAGE WIND SPEED     6.5


SKY COVER
  POSSIBLE SUNSHINE  MM
  AVERAGE SKY COVER 0.5


WEATHER CONDITIONS
 THE FOLLOWING WEATHER WAS RECORDED YESTERDAY.
  FOG
  FOG W/VISIBILITY <= 1/4 MILE


RELATIVE HUMIDITY (PERCENT)
 HIGHEST   100          1200 AM
 LOWEST     47           200 PM
 AVERAGE    74

..........................................................


THE MASON CITY IA CLIMATE NORMALS FOR TODAY
                         NORMAL    RECORD    YEAR
 MAXIMUM TEMPERATURE (F)   49        84      1986
 MINIMUM TEMPERATURE (F)   28         1      1969


SUNRISE AND SUNSET
MARCH 29 2017.........SUNRISE   700 AM CDT   SUNSET   737 PM CDT
MARCH 30 2017.........SUNRISE   658 AM CDT   SUNSET   738 PM CDT


-  INDICATES NEGATIVE NUMBERS.
R  INDICATES RECORD WAS SET OR TIED.
MM INDICATES DATA IS MISSING.
T  INDICATES TRACE AMOUNT.

$$
