000
CDUS43 KDMX 230631
CLIMCW

CLIMATE REPORT
NATIONAL WEATHER SERVICE DES MOINES IA
130 AM CDT SAT AUG 23 2014


...................................

...THE MASON CITY IA CLIMATE SUMMARY FOR AUGUST 22 2014...

CLIMATE NORMAL PERIOD 1981 TO 2010
CLIMATE RECORD PERIOD 1893 TO 2014


WEATHER ITEM   OBSERVED TIME   RECORD YEAR NORMAL DEPARTURE LAST
                VALUE   (LST)  VALUE       VALUE  FROM      YEAR
                                                  NORMAL
..................................................................
TEMPERATURE (F)
 YESTERDAY
  MAXIMUM         88    349 PM  97    1947  80      8       82
  MINIMUM         68    548 AM  40    1923  57     11       63
  AVERAGE         78                        69      9       73

PRECIPITATION (IN)
  YESTERDAY        0.00          6.33 1954   0.12  -0.12     0.65
  MONTH TO DATE    0.38                      2.92  -2.54     2.26
  SINCE JUN 1      9.92                     12.76  -2.84    11.94
  SINCE JAN 1     23.96                     25.24  -1.28    33.38

SNOWFALL (IN)
  YESTERDAY        0.0          MM      MM   0.0    0.0      0.0
  MONTH TO DATE    0.0                       0.0    0.0      0.0
  SINCE JUN 1      0.0                       0.0    0.0      0.0
  SINCE JUL 1      0.0                       0.0    0.0      0.0
  SNOW DEPTH       0

DEGREE DAYS
 HEATING
  YESTERDAY        0                         1     -1        0
  MONTH TO DATE    0                        17    -17       18
  SINCE JUN 1     34                        70    -36       91
  SINCE JUL 1     21                        26     -5       38

 COOLING
  YESTERDAY       13                         5      8        8
  MONTH TO DATE  141                       124     17       61
  SINCE JUN 1    397                       483    -86      432
  SINCE JAN 1    450                       518    -68      469
..................................................................


WIND (MPH)
  HIGHEST WIND SPEED    13   HIGHEST WIND DIRECTION     N (20)
  HIGHEST GUST SPEED    15   HIGHEST GUST DIRECTION     N (10)
  AVERAGE WIND SPEED     4.6


SKY COVER
  POSSIBLE SUNSHINE  MM
  AVERAGE SKY COVER 0.4


WEATHER CONDITIONS
 THE FOLLOWING WEATHER WAS RECORDED YESTERDAY.
  FOG
  FOG W/VISIBILITY <= 1/4 MILE


RELATIVE HUMIDITY (PERCENT)
 HIGHEST   100          1200 AM
 LOWEST     59           200 PM
 AVERAGE    80

..........................................................


THE MASON CITY IA CLIMATE NORMALS FOR TODAY
                         NORMAL    RECORD    YEAR
 MAXIMUM TEMPERATURE (F)   80       100      1948
 MINIMUM TEMPERATURE (F)   57        44      1940


SUNRISE AND SUNSET
AUGUST 23 2014........SUNRISE   628 AM CDT   SUNSET   803 PM CDT
AUGUST 24 2014........SUNRISE   629 AM CDT   SUNSET   802 PM CDT


-  INDICATES NEGATIVE NUMBERS.
R  INDICATES RECORD WAS SET OR TIED.
MM INDICATES DATA IS MISSING.
T  INDICATES TRACE AMOUNT.




$$
