000
CDUS41 KCTP 090639
CLIMDT


CLIMATE REPORT
NATIONAL WEATHER SERVICE STATE COLLEGE PA
138 AM EST TUE FEB 9 2016


...................................

...THE HARRISBURG PA CLIMATE SUMMARY FOR FEBRUARY 8 2016...

CLIMATE NORMAL PERIOD 1981 TO 2010
CLIMATE RECORD PERIOD 1888 TO 2016


WEATHER ITEM   OBSERVED TIME   RECORD YEAR NORMAL DEPARTURE LAST
                VALUE   (LST)  VALUE       VALUE  FROM      YEAR
                                                  NORMAL
..................................................................
TEMPERATURE (F)
 YESTERDAY
  MAXIMUM         44    136 PM  65    1965  39      5       37
  MINIMUM         27    729 AM  -3    1934  24      3       28
  AVERAGE         36                        31      5       33

PRECIPITATION (IN)
  YESTERDAY        0.06          0.91 1890   0.08  -0.02     0.00
  MONTH TO DATE    1.22                      0.68   0.54     0.38
  SINCE DEC 1     10.14                      6.79   3.35     6.14
  SINCE JAN 1      5.85                      3.56   2.29     2.88

SNOWFALL (IN)
  YESTERDAY        0.2           5.0  1994   0.3   -0.1      0.0
  MONTH TO DATE    0.2                       3.1   -2.9      1.6
  SINCE DEC 1     30.8                      17.0   13.8     15.4
  SINCE JUL 1     30.8                      17.6   13.2     17.8
  SNOW DEPTH       T

DEGREE DAYS
 HEATING
  YESTERDAY       29                        34     -5       32
  MONTH TO DATE  231                       275    -44      310
  SINCE DEC 1   1924                      2325   -401     2371
  SINCE JUL 1   2699                      3364   -665     3384

 COOLING
  YESTERDAY        0                         0      0        0
  MONTH TO DATE    0                         0      0        0
  SINCE DEC 1      0                         0      0        0
  SINCE JAN 1      0                         0      0        0
..................................................................


WIND (MPH)
  HIGHEST WIND SPEED    15   HIGHEST WIND DIRECTION    SE (120)
  HIGHEST GUST SPEED    19   HIGHEST GUST DIRECTION     E (110)
  AVERAGE WIND SPEED     8.2


SKY COVER
  POSSIBLE SUNSHINE  MM
  AVERAGE SKY COVER 0.8


WEATHER CONDITIONS
 THE FOLLOWING WEATHER WAS RECORDED YESTERDAY.
  RAIN
  LIGHT RAIN
  LIGHT SNOW
  FOG
  HAZE


RELATIVE HUMIDITY (PERCENT)
 HIGHEST    81           700 AM
 LOWEST     53           200 PM
 AVERAGE    67

..........................................................


THE HARRISBURG PA CLIMATE NORMALS FOR TODAY
                         NORMAL    RECORD    YEAR
 MAXIMUM TEMPERATURE (F)   39        61      2001
 MINIMUM TEMPERATURE (F)   24       -11      1934


SUNRISE AND SUNSET
FEBRUARY  9 2016......SUNRISE   708 AM EST   SUNSET   535 PM EST
FEBRUARY 10 2016......SUNRISE   707 AM EST   SUNSET   536 PM EST


-  INDICATES NEGATIVE NUMBERS.
R  INDICATES RECORD WAS SET OR TIED.
MM INDICATES DATA IS MISSING.
T  INDICATES TRACE AMOUNT.




$$
