000
CDUS41 KCTP 292123
CLIMDT


CLIMATE REPORT
NATIONAL WEATHER SERVICE STATE COLLEGE PA
522 PM EDT FRI JUL 29 2016


...................................

...THE HARRISBURG PA CLIMATE SUMMARY FOR JULY 29 2016...
VALID TODAY AS OF 0500 PM LOCAL TIME.

CLIMATE NORMAL PERIOD 1981 TO 2010
CLIMATE RECORD PERIOD 1888 TO 2016


WEATHER ITEM   OBSERVED TIME   RECORD YEAR NORMAL DEPARTURE LAST
                VALUE   (LST)  VALUE       VALUE  FROM      YEAR
                                                  NORMAL
..................................................................
TEMPERATURE (F)
 TODAY
  MAXIMUM         91    407 PM  98    1940  85      6       91
                                      1930
  MINIMUM         71    520 AM  56    1978  66      5       71
  AVERAGE         81                        76      5       81

PRECIPITATION (IN)
  TODAY            0.14          1.86 1889   0.13   0.01     0.00
  MONTH TO DATE    4.69                      4.32   0.37     2.60
  SINCE JUN 1      9.15                      7.92   1.23     9.44
  SINCE JAN 1     26.34                     23.45   2.89    22.18

DEGREE DAYS
 HEATING
  TODAY            0                         0      0        0
  MONTH TO DATE    0                         0      0        0
  SINCE JUN 1      5                        18    -13       13
  SINCE JUL 1      0                         0      0        0

 COOLING
  TODAY           16                        11      5       16
  MONTH TO DATE  426                       317    109      319
  SINCE JUN 1    692                       530    162      580
  SINCE JAN 1    789                       595    194      754
..................................................................


WIND (MPH)
  HIGHEST WIND SPEED    13   HIGHEST WIND DIRECTION     N (340)
  HIGHEST GUST SPEED    16   HIGHEST GUST DIRECTION     N (340)
  AVERAGE WIND SPEED     4.2


SKY COVER
  POSSIBLE SUNSHINE  MM
  AVERAGE SKY COVER 0.7


WEATHER CONDITIONS
 THE FOLLOWING WEATHER WAS RECORDED TODAY.
  RAIN
  LIGHT RAIN
  FOG


RELATIVE HUMIDITY (PERCENT)
 HIGHEST   100          1200 AM
 LOWEST     52           300 PM
 AVERAGE    76

..........................................................


THE HARRISBURG PA CLIMATE NORMALS FOR TOMORROW
                         NORMAL    RECORD    YEAR
 MAXIMUM TEMPERATURE (F)   85        98      1940
 MINIMUM TEMPERATURE (F)   66        53      1956


SUNRISE AND SUNSET
JULY 29 2016..........SUNRISE   603 AM EDT   SUNSET   824 PM EDT
JULY 30 2016..........SUNRISE   604 AM EDT   SUNSET   823 PM EDT


-  INDICATES NEGATIVE NUMBERS.
R  INDICATES RECORD WAS SET OR TIED.
MM INDICATES DATA IS MISSING.
T  INDICATES TRACE AMOUNT.




$$
