000
CDUS41 KCTP 300633
CLIMDT


CLIMATE REPORT
NATIONAL WEATHER SERVICE STATE COLLEGE PA
133 AM EST FRI JAN 30 2015


...................................

...THE HARRISBURG PA CLIMATE SUMMARY FOR JANUARY 29 2015...

CLIMATE NORMAL PERIOD 1981 TO 2010
CLIMATE RECORD PERIOD 1888 TO 2015


WEATHER ITEM   OBSERVED TIME   RECORD YEAR NORMAL DEPARTURE LAST
                VALUE   (LST)  VALUE       VALUE  FROM      YEAR
                                                  NORMAL
..................................................................
TEMPERATURE (F)
 YESTERDAY
  MAXIMUM         31    446 PM  68    2002  37     -6       20
  MINIMUM         10    656 AM  -4    1963  23    -13        6
                                      1948
  AVERAGE         21                        30     -9       13

PRECIPITATION (IN)
  YESTERDAY        0.06          1.72 1990   0.09  -0.03     0.00
  MONTH TO DATE    2.49                      2.70  -0.21     2.44
  SINCE DEC 1      5.75                      5.93  -0.18     6.18
  SINCE JAN 1      2.49                      2.70  -0.21     2.44

SNOWFALL (IN)
  YESTERDAY        0.6           5.5  1945   0.4    0.2      0.0
  MONTH TO DATE   11.7                       8.1    3.6     11.8
  SINCE DEC 1     13.8                      13.2    0.6     21.0
  SINCE JUL 1     16.2                      13.8    2.4     21.0
  SNOW DEPTH       2

DEGREE DAYS
 HEATING
  YESTERDAY       44                        35      9       52
  MONTH TO DATE 1096                      1012     84     1200
  SINCE DEC 1   1976                      1974      2     2148
  SINCE JUL 1   2989                      3013    -24     3201

 COOLING
  YESTERDAY        0                         0      0        0
  MONTH TO DATE    0                         0      0        0
  SINCE DEC 1      0                         0      0        0
  SINCE JAN 1      0                         0      0        0
..................................................................


WIND (MPH)
  HIGHEST WIND SPEED    18   HIGHEST WIND DIRECTION     S (200)
  HIGHEST GUST SPEED    22   HIGHEST GUST DIRECTION    SW (210)
  AVERAGE WIND SPEED     6.8


SKY COVER
  POSSIBLE SUNSHINE  MM
  AVERAGE SKY COVER 0.7


WEATHER CONDITIONS
 THE FOLLOWING WEATHER WAS RECORDED YESTERDAY.
  LT FREEZING RAIN
  SNOW
  LIGHT SNOW
  SLEET
  FOG


RELATIVE HUMIDITY (PERCENT)
 HIGHEST    80           800 AM
 LOWEST     47           400 PM
 AVERAGE    64

..........................................................


THE HARRISBURG PA CLIMATE NORMALS FOR TODAY
                         NORMAL    RECORD    YEAR
 MAXIMUM TEMPERATURE (F)   37        70      1947
 MINIMUM TEMPERATURE (F)   23         2      2014


SUNRISE AND SUNSET
JANUARY 30 2015.......SUNRISE   718 AM EST   SUNSET   523 PM EST
JANUARY 31 2015.......SUNRISE   717 AM EST   SUNSET   524 PM EST


-  INDICATES NEGATIVE NUMBERS.
R  INDICATES RECORD WAS SET OR TIED.
MM INDICATES DATA IS MISSING.
T  INDICATES TRACE AMOUNT.




$$
