959
CDUS41 KCTP 260626
CLIMDT


CLIMATE REPORT
NATIONAL WEATHER SERVICE STATE COLLEGE PA
226 AM EDT WED APR 26 2017


...................................

...THE HARRISBURG PA CLIMATE SUMMARY FOR APRIL 25 2017...

CLIMATE NORMAL PERIOD 1981 TO 2010
CLIMATE RECORD PERIOD 1888 TO 2017


WEATHER ITEM   OBSERVED TIME   RECORD YEAR NORMAL DEPARTURE LAST
                VALUE   (LST)  VALUE       VALUE  FROM      YEAR
                                                  NORMAL
..................................................................
TEMPERATURE (F)
 YESTERDAY
  MAXIMUM         58    628 PM  93    1915  66     -8       77
  MINIMUM         51    538 AM  30    1956  45      6       48
  AVERAGE         55                        56     -1       63

PRECIPITATION (IN)
  YESTERDAY        0.19          1.28 1914   0.10   0.09     0.00
  MONTH TO DATE    2.91                      2.58   0.33     1.85
  SINCE MAR 1      7.63                      5.95   1.68     3.15
  SINCE JAN 1     12.01                     11.22   0.79    13.07

SNOWFALL (IN)
  YESTERDAY        0.0           T    1919   0.0    0.0      0.0
  MONTH TO DATE    0.0                       0.4   -0.4      1.2
  SINCE MAR 1     18.4                       5.6   12.8      1.4
  SINCE JUL 1     23.9                      30.6   -6.7     39.1
  SNOW DEPTH       0

DEGREE DAYS
 HEATING
  YESTERDAY       10                        10      0        2
  MONTH TO DATE  213                       348   -135      336
  SINCE MAR 1    975                      1071    -96      856
  SINCE JUL 1   4213                      5059   -846     4228

 COOLING
  YESTERDAY        0                         0      0        0
  MONTH TO DATE    7                         0      7        7
  SINCE MAR 1      7                         1      6        8
  SINCE JAN 1      7                         1      6        8
..................................................................


WIND (MPH)
  HIGHEST WIND SPEED    17   HIGHEST WIND DIRECTION     E (70)
  HIGHEST GUST SPEED    24   HIGHEST GUST DIRECTION     E (80)
  AVERAGE WIND SPEED     8.8


SKY COVER
  POSSIBLE SUNSHINE  MM
  AVERAGE SKY COVER 1.0


WEATHER CONDITIONS
 THE FOLLOWING WEATHER WAS RECORDED YESTERDAY.
  RAIN
  LIGHT RAIN
  FOG


RELATIVE HUMIDITY (PERCENT)
 HIGHEST    93          1000 AM
 LOWEST     55          1200 AM
 AVERAGE    74

..........................................................


THE HARRISBURG PA CLIMATE NORMALS FOR TODAY
                         NORMAL    RECORD    YEAR
 MAXIMUM TEMPERATURE (F)   66        91      1990
                                             1942
 MINIMUM TEMPERATURE (F)   45        32      1892


SUNRISE AND SUNSET
APRIL 26 2017.........SUNRISE   613 AM EDT   SUNSET   757 PM EDT
APRIL 27 2017.........SUNRISE   612 AM EDT   SUNSET   758 PM EDT


-  INDICATES NEGATIVE NUMBERS.
R  INDICATES RECORD WAS SET OR TIED.
MM INDICATES DATA IS MISSING.
T  INDICATES TRACE AMOUNT.




$$
