000
CDUS41 KCTP 240615
CLIMDT


CLIMATE REPORT
NATIONAL WEATHER SERVICE STATE COLLEGE PA
214 AM EDT WED AUG 24 2016


...................................

...THE HARRISBURG PA CLIMATE SUMMARY FOR AUGUST 23 2016...

CLIMATE NORMAL PERIOD 1981 TO 2010
CLIMATE RECORD PERIOD 1888 TO 2016


WEATHER ITEM   OBSERVED TIME   RECORD YEAR NORMAL DEPARTURE LAST
                VALUE   (LST)  VALUE       VALUE  FROM      YEAR
                                                  NORMAL
..................................................................
TEMPERATURE (F)
 YESTERDAY
  MAXIMUM         84    415 PM  97    1968  83      1       83
  MINIMUM         59    558 AM  50    1981  64     -5       60
  AVERAGE         72                        73     -1       72

PRECIPITATION (IN)
  YESTERDAY        0.00          4.66 1933   0.11  -0.11     0.00
  MONTH TO DATE    3.73                      2.38   1.35     2.22
  SINCE JUN 1     13.29                     10.59   2.70    11.75
  SINCE JAN 1     30.48                     26.12   4.36    24.49

DEGREE DAYS
 HEATING
  YESTERDAY        0                         0      0        0
  MONTH TO DATE    0                         0      0        0
  SINCE JUN 1      5                        18    -13       13
  SINCE JUL 1      0                         0      0        0

 COOLING
  YESTERDAY        7                         8     -1        7
  MONTH TO DATE  334                       218    116      267
  SINCE JUN 1   1055                       769    286      876
  SINCE JAN 1   1152                       834    318     1050
..................................................................


WIND (MPH)
  HIGHEST WIND SPEED     8   HIGHEST WIND DIRECTION     E (110)
  HIGHEST GUST SPEED    12   HIGHEST GUST DIRECTION     E (110)
  AVERAGE WIND SPEED     2.2


SKY COVER
  POSSIBLE SUNSHINE  MM
  AVERAGE SKY COVER 0.2


WEATHER CONDITIONS
 THE FOLLOWING WEATHER WAS RECORDED YESTERDAY.
  NO SIGNIFICANT WEATHER WAS OBSERVED.


RELATIVE HUMIDITY (PERCENT)
 HIGHEST   100           200 AM
 LOWEST     43           400 PM
 AVERAGE    72

..........................................................


THE HARRISBURG PA CLIMATE NORMALS FOR TODAY
                         NORMAL    RECORD    YEAR
 MAXIMUM TEMPERATURE (F)   83        96      1968
 MINIMUM TEMPERATURE (F)   64        49      1952
                                             1923


SUNRISE AND SUNSET
AUGUST 24 2016........SUNRISE   627 AM EDT   SUNSET   750 PM EDT
AUGUST 25 2016........SUNRISE   628 AM EDT   SUNSET   749 PM EDT


-  INDICATES NEGATIVE NUMBERS.
R  INDICATES RECORD WAS SET OR TIED.
MM INDICATES DATA IS MISSING.
T  INDICATES TRACE AMOUNT.




$$
