000
CDUS41 KCTP 292123
CLIMDT


CLIMATE REPORT
NATIONAL WEATHER SERVICE STATE COLLEGE PA
523 PM EDT FRI MAY 29 2015


...................................

...THE HARRISBURG PA CLIMATE SUMMARY FOR MAY 29 2015...
VALID TODAY AS OF 0500 PM LOCAL TIME.

CLIMATE NORMAL PERIOD 1981 TO 2010
CLIMATE RECORD PERIOD 1888 TO 2015


WEATHER ITEM   OBSERVED TIME   RECORD YEAR NORMAL DEPARTURE LAST
                VALUE   (LST)  VALUE       VALUE  FROM      YEAR
                                                  NORMAL
..................................................................
TEMPERATURE (F)
 TODAY
  MAXIMUM         86    354 PM  95    1969  76     10       59
  MINIMUM         61    453 AM  40    1949  57      4       54
  AVERAGE         74                        66      8       57

PRECIPITATION (IN)
  TODAY            0.00          2.45 1990   0.13  -0.13     0.19
  MONTH TO DATE    2.48                      3.52  -1.04     5.14
  SINCE MAR 1      8.11                      9.99  -1.88    14.93
  SINCE JAN 1     11.70                     15.26  -3.56    21.64

SNOWFALL (IN)
  TODAY            0.0           0.0  2002   0.0    0.0      0.0
                                      2001
  MONTH TO DATE    0.0                       0.0    0.0      0.0
  SINCE MAR 1     11.8                       5.6    6.2      1.4
  SINCE JUL 1     39.2                      30.6    8.6     44.0
  SNOW DEPTH       0

DEGREE DAYS
 HEATING
  TODAY            0                         2     -2        8
  MONTH TO DATE   45                       143    -98      106
  SINCE MAR 1   1284                      1258     26     1381
  SINCE JUL 1   5587                      5246    341     5725

 COOLING
  TODAY            9                         3      6        0
  MONTH TO DATE  145                        52     93       52
  SINCE MAR 1    145                        59     86       58
  SINCE JAN 1    145                        59     86       58
..................................................................


WIND (MPH)
  HIGHEST WIND SPEED    12   HIGHEST WIND DIRECTION    SE (140)
  HIGHEST GUST SPEED    17   HIGHEST GUST DIRECTION    SE (120)
  AVERAGE WIND SPEED     3.9


SKY COVER
  POSSIBLE SUNSHINE  MM
  AVERAGE SKY COVER 0.2


WEATHER CONDITIONS
 THE FOLLOWING WEATHER WAS RECORDED TODAY.
  NO SIGNIFICANT WEATHER WAS OBSERVED.


RELATIVE HUMIDITY (PERCENT)
 HIGHEST    78           400 AM
 LOWEST     50          1000 AM
 AVERAGE    64

..........................................................


THE HARRISBURG PA CLIMATE NORMALS FOR TOMORROW
                         NORMAL    RECORD    YEAR
 MAXIMUM TEMPERATURE (F)   76        95      1895
 MINIMUM TEMPERATURE (F)   57        41      1949


SUNRISE AND SUNSET
MAY 29 2015...........SUNRISE   541 AM EDT   SUNSET   828 PM EDT
MAY 30 2015...........SUNRISE   541 AM EDT   SUNSET   829 PM EDT


-  INDICATES NEGATIVE NUMBERS.
R  INDICATES RECORD WAS SET OR TIED.
MM INDICATES DATA IS MISSING.
T  INDICATES TRACE AMOUNT.




$$
