000
CDUS41 KCTP 280630
CLIMDT


CLIMATE REPORT
NATIONAL WEATHER SERVICE STATE COLLEGE PA
130 AM EST SUN DEC 28 2014


...................................

...THE HARRISBURG PA CLIMATE SUMMARY FOR DECEMBER 27 2014...

CLIMATE NORMAL PERIOD 1981 TO 2010
CLIMATE RECORD PERIOD 1888 TO 2014


WEATHER ITEM   OBSERVED TIME   RECORD YEAR NORMAL DEPARTURE LAST
                VALUE   (LST)  VALUE       VALUE  FROM      YEAR
                                                  NORMAL
..................................................................
TEMPERATURE (F)
 YESTERDAY
  MAXIMUM         57    323 PM  59    1936  38     19       45
  MINIMUM         27    805 AM   1    1914  25      2       19
  AVERAGE         42                        32     10       32

PRECIPITATION (IN)
  YESTERDAY        0.00          1.13 1930   0.10  -0.10     0.00
  MONTH TO DATE    3.20                      2.89   0.31     2.93
  SINCE DEC 1      3.20                      2.89   0.31     2.93
  SINCE JAN 1     43.59                     40.40   3.19    41.82

SNOWFALL (IN)
  YESTERDAY        0.0
  MONTH TO DATE    2.1
  SINCE DEC 1      2.1
  SINCE JUL 1      4.5
  SNOW DEPTH       0

DEGREE DAYS
 HEATING
  YESTERDAY       23                        34    -11       33
  MONTH TO DATE  755                       827    -72      829
  SINCE DEC 1    755                       827    -72      829
  SINCE JUL 1   1768                      1866    -98     1882

 COOLING
  YESTERDAY        0                         0      0        0
  MONTH TO DATE    0                         0      0        0
  SINCE DEC 1      0                         0      0        0
  SINCE JAN 1   1050                      1002     48     1105
..................................................................


WIND (MPH)
  HIGHEST WIND SPEED     8   HIGHEST WIND DIRECTION    SE (120)
  HIGHEST GUST SPEED    12   HIGHEST GUST DIRECTION     S (180)
  AVERAGE WIND SPEED     2.8


SKY COVER
  POSSIBLE SUNSHINE  MM
  AVERAGE SKY COVER 0.6


WEATHER CONDITIONS
 THE FOLLOWING WEATHER WAS RECORDED YESTERDAY.
  FOG
  HAZE


RELATIVE HUMIDITY (PERCENT)
 HIGHEST    96           900 AM
 LOWEST     43           300 PM
 AVERAGE    70

..........................................................


THE HARRISBURG PA CLIMATE NORMALS FOR TODAY
                         NORMAL    RECORD    YEAR
 MAXIMUM TEMPERATURE (F)   38        65      1982
                                             1946
 MINIMUM TEMPERATURE (F)   24         0      1960


SUNRISE AND SUNSET
DECEMBER 28 2014......SUNRISE   729 AM EST   SUNSET   449 PM EST
DECEMBER 29 2014......SUNRISE   729 AM EST   SUNSET   449 PM EST


-  INDICATES NEGATIVE NUMBERS.
R  INDICATES RECORD WAS SET OR TIED.
MM INDICATES DATA IS MISSING.
T  INDICATES TRACE AMOUNT.




$$
