000
CDUS43 KLOT 240634
CLIMDW


CLIMATE REPORT
NATIONAL WEATHER SERVICE CHICAGO IL
134 AM CDT SUN MAY 24 2015


...................................

...THE CHICAGO-MIDWAY CLIMATE SUMMARY FOR MAY 23 2015...

CLIMATE NORMAL PERIOD 1981 TO 2010
CLIMATE RECORD PERIOD 1928 TO 2015


WEATHER ITEM   OBSERVED TIME   RECORD YEAR NORMAL DEPARTURE LAST
                VALUE   (LST)  VALUE       VALUE  FROM      YEAR
                                                  NORMAL
..................................................................
TEMPERATURE (F)
 YESTERDAY
  MAXIMUM         83    428 PM  92    1977  72     11       68
                                      1964
  MINIMUM         53    436 AM  35    1931  54     -1       51
  AVERAGE         68                        63      5       60

PRECIPITATION (IN)
  YESTERDAY        0.00          1.41 1995   0.14  -0.14     0.00
  MONTH TO DATE    2.13                      3.00  -0.87     3.20
  SINCE MAR 1      5.55                      9.36  -3.81     7.54
  SINCE JAN 1      6.89                     13.36  -6.47    10.03

DEGREE DAYS
 HEATING
  YESTERDAY        0                         5     -5        5
  MONTH TO DATE  125                       160    -35      158
  SINCE MAR 1   1321                      1420    -99     1602
  SINCE JUL 1   6043                      5931    112     6804

 COOLING
  YESTERDAY        3                         3      0        0
  MONTH TO DATE   58                        36     22       63
  SINCE MAR 1     58                        49      9       68
  SINCE JAN 1     58                        49      9       68
..................................................................


WIND (MPH)
  RESULTANT WIND SPEED   5   RESULTANT WIND DIRECTION   S (160)
  HIGHEST WIND SPEED    15   HIGHEST WIND DIRECTION     S (200)
  HIGHEST GUST SPEED    21   HIGHEST GUST DIRECTION    SE (150)
  AVERAGE WIND SPEED     7.4



WEATHER CONDITIONS
 THE FOLLOWING WEATHER WAS RECORDED YESTERDAY.
  NO SIGNIFICANT WEATHER WAS OBSERVED.


..........................................................


THE CHICAGO-MIDWAY CLIMATE NORMALS FOR TODAY
                         NORMAL    RECORD    YEAR
 MAXIMUM TEMPERATURE (F)   73        93      1950
 MINIMUM TEMPERATURE (F)   54        36      1935


SUNRISE AND SUNSET
MAY 24 2015...........SUNRISE   524 AM CDT   SUNSET   813 PM CDT
MAY 25 2015...........SUNRISE   523 AM CDT   SUNSET   813 PM CDT


-  INDICATES NEGATIVE NUMBERS.
R  INDICATES RECORD WAS SET OR TIED.
MM INDICATES DATA IS MISSING.
T  INDICATES TRACE AMOUNT.




$$
