000
CDUS43 KLOT 292146
CLIMDW


CLIMATE REPORT
NATIONAL WEATHER SERVICE CHICAGO IL
441 PM CDT TUE JUL 29 2014


...................................

...THE CHICAGO-MIDWAY CLIMATE SUMMARY FOR JULY 29 2014...
VALID TODAY AS OF 0400 PM LOCAL TIME.

CLIMATE NORMAL PERIOD 1981 TO 2010
CLIMATE RECORD PERIOD 1928 TO 2014


WEATHER ITEM   OBSERVED TIME   RECORD YEAR NORMAL DEPARTURE
                VALUE   (LST)  VALUE       VALUE  FROM
                                                  NORMAL
...............................................................
TEMPERATURE (F)
 TODAY
  MAXIMUM         81    119 PM 101    1941  84     -3
  MINIMUM         60    519 AM  50    1981  68     -8
                                      1928
  AVERAGE         71                        76     -5

PRECIPITATION (IN)
  TODAY            0.00          1.47 1953   0.14  -0.14
  MONTH TO DATE    5.18                      3.72   1.46
  SINCE JUN 1     12.90                      7.78   5.12
  SINCE JAN 1     24.19                     22.27   1.92

DEGREE DAYS
 HEATING
  TODAY            0                         0      0
  MONTH TO DATE    1                         0      1
  SINCE JUN 1      3                        31    -28
  SINCE JUL 1      1                         0      1

 COOLING
  TODAY            6                        11     -5
  MONTH TO DATE  224                       317    -93
  SINCE JUN 1    475                       527    -52
  SINCE JAN 1    586                       601    -15
...............................................................


WIND (MPH)
  RESULTANT WIND SPEED   5   RESULTANT WIND DIRECTION  NW (300)
  HIGHEST WIND SPEED    18   HIGHEST WIND DIRECTION    NW (330)
  HIGHEST GUST SPEED    23   HIGHEST GUST DIRECTION    NW (310)
  AVERAGE WIND SPEED     7.3


SKY COVER
  POSSIBLE SUNSHINE  MM
  AVERAGE SKY COVER 0.4


WEATHER CONDITIONS
 THE FOLLOWING WEATHER WAS RECORDED TODAY.
  NO SIGNIFICANT WEATHER WAS OBSERVED.


..........................................................


THE CHICAGO-MIDWAY CLIMATE NORMALS FOR TOMORROW
                         NORMAL    RECORD    YEAR
 MAXIMUM TEMPERATURE (F)   84       104      1999
 MINIMUM TEMPERATURE (F)   68        51      1936


SUNRISE AND SUNSET
JULY 29 2014..........SUNRISE   542 AM CDT   SUNSET   812 PM CDT
JULY 30 2014..........SUNRISE   543 AM CDT   SUNSET   811 PM CDT


-  INDICATES NEGATIVE NUMBERS.
R  INDICATES RECORD WAS SET OR TIED.
MM INDICATES DATA IS MISSING.
T  INDICATES TRACE AMOUNT.




$$
