000
CDUS43 KLOT 200634
CLIMDW


CLIMATE REPORT
NATIONAL WEATHER SERVICE CHICAGO IL
1232 AM CST MON FEB 20 2017


...................................

...THE CHICAGO-MIDWAY CLIMATE SUMMARY FOR FEBRUARY 19 2017...

CLIMATE NORMAL PERIOD 1981 TO 2010
CLIMATE RECORD PERIOD 1928 TO 2017


WEATHER ITEM   OBSERVED TIME   RECORD YEAR NORMAL DEPARTURE LAST
                VALUE   (LST)  VALUE       VALUE  FROM      YEAR
                                                  NORMAL
..................................................................
TEMPERATURE (F)
 YESTERDAY
  MAXIMUM         67R   124 PM  65    2016  37     30       65
                                      1930
  MINIMUM         38    652 AM  -8    1936  23     15       42
  AVERAGE         53                        30     23       54

PRECIPITATION (IN)
  YESTERDAY        0.00          0.78 1994   0.07  -0.07     0.00
  MONTH TO DATE    0.55                      1.20  -0.65     0.04
  SINCE DEC 1      4.51                      5.83  -1.32     6.09
  SINCE JAN 1      3.26                      3.26   0.00     0.69

DEGREE DAYS
 HEATING
  YESTERDAY       12                        35    -23       11
  MONTH TO DATE  544                       713   -169      691
  SINCE DEC 1   2776                      3074   -298     2584
  SINCE JUL 1   3488                      4209   -721     3394

 COOLING
  YESTERDAY        0                         0      0        0
  MONTH TO DATE    0                         0      0        0
  SINCE DEC 1      0                         0      0        0
  SINCE JAN 1      0                         0      0        0
..................................................................


WIND (MPH)
  RESULTANT WIND SPEED   2   RESULTANT WIND DIRECTION   E (110)
  HIGHEST WIND SPEED    10   HIGHEST WIND DIRECTION     E (100)
  HIGHEST GUST SPEED    14   HIGHEST GUST DIRECTION     E (80)
  AVERAGE WIND SPEED     3.5



WEATHER CONDITIONS
 THE FOLLOWING WEATHER WAS RECORDED YESTERDAY.
  HAZE


..........................................................


THE CHICAGO-MIDWAY CLIMATE NORMALS FOR TODAY
                         NORMAL    RECORD    YEAR
 MAXIMUM TEMPERATURE (F)   37        65      1983
 MINIMUM TEMPERATURE (F)   23        -9      1929


SUNRISE AND SUNSET
FEBRUARY 20 2017......SUNRISE   639 AM CST   SUNSET   531 PM CST
FEBRUARY 21 2017......SUNRISE   638 AM CST   SUNSET   532 PM CST


-  INDICATES NEGATIVE NUMBERS.
R  INDICATES RECORD WAS SET OR TIED.
MM INDICATES DATA IS MISSING.
T  INDICATES TRACE AMOUNT.




$$
