000
CDUS43 KLOT 020643
CLIMDW


CLIMATE REPORT
NATIONAL WEATHER SERVICE CHICAGO IL
142 AM CDT THU OCT 2 2014


...................................

...THE CHICAGO-MIDWAY CLIMATE SUMMARY FOR OCTOBER 1 2014...

CLIMATE NORMAL PERIOD 1981 TO 2010
CLIMATE RECORD PERIOD 1928 TO 2014


WEATHER ITEM   OBSERVED TIME   RECORD YEAR NORMAL DEPARTURE LAST
                VALUE   (LST)  VALUE       VALUE  FROM      YEAR
                                                  NORMAL
..................................................................
TEMPERATURE (F)
 YESTERDAY
  MAXIMUM         73        MM  92    1971  69      4       79
  MINIMUM         52        MM  32    1974  51      1       62
  AVERAGE         63                        60      3       71

PRECIPITATION (IN)
  YESTERDAY        T             0.73 2009   0.10  -0.10     0.00
  MONTH TO DATE    T                         0.10  -0.10     0.00
  SINCE SEP 1      2.50                      3.41  -0.91     1.09
  SINCE JAN 1     36.00                     29.96   6.04    26.03

DEGREE DAYS
 HEATING
  YESTERDAY        2                         7     -5        0
  MONTH TO DATE    2                         7     -5        0
  SINCE SEP 1     88                        84      4       50
  SINCE JUL 1     89                        89      0       54

 COOLING
  YESTERDAY        0                         1     -1        6
  MONTH TO DATE    0                         1     -1        6
  SINCE SEP 1    126                       120      6      167
  SINCE JAN 1   1058                      1030     28     1063
..................................................................


WIND (MPH)
  RESULTANT WIND SPEED   8   RESULTANT WIND DIRECTION  SE (130)
  HIGHEST WIND SPEED    15   HIGHEST WIND DIRECTION    SE (130)
  HIGHEST GUST SPEED    MM   HIGHEST GUST DIRECTION    MM
  AVERAGE WIND SPEED     8.7



WEATHER CONDITIONS
 THE FOLLOWING WEATHER WAS RECORDED YESTERDAY.
  NO SIGNIFICANT WEATHER WAS OBSERVED.


..........................................................


THE CHICAGO-MIDWAY CLIMATE NORMALS FOR TODAY
                         NORMAL    RECORD    YEAR
 MAXIMUM TEMPERATURE (F)   68        91      1971
 MINIMUM TEMPERATURE (F)   50        28      1974


SUNRISE AND SUNSET
OCTOBER  2 2014.......SUNRISE   649 AM CDT   SUNSET   631 PM CDT
OCTOBER  3 2014.......SUNRISE   650 AM CDT   SUNSET   629 PM CDT


-  INDICATES NEGATIVE NUMBERS.
R  INDICATES RECORD WAS SET OR TIED.
MM INDICATES DATA IS MISSING.
T  INDICATES TRACE AMOUNT.




$$
