000
CDUS43 KLOT 302114
CLIMDW


CLIMATE REPORT
NATIONAL WEATHER SERVICE CHICAGO IL
412 PM CDT SAT APR 30 2016


...................................

...THE CHICAGO-MIDWAY CLIMATE SUMMARY FOR APRIL 29 2016...

CLIMATE NORMAL PERIOD 1981 TO 2010
CLIMATE RECORD PERIOD 1928 TO 2016


WEATHER ITEM   OBSERVED TIME   RECORD YEAR NORMAL DEPARTURE LAST
                VALUE   (LST)  VALUE       VALUE  FROM      YEAR
                                                  NORMAL
..................................................................
TEMPERATURE (F)
 YESTERDAY
  MAXIMUM         51    352 PM  89    1942  65    -14       64
  MINIMUM         44    825 AM  31    1958  46     -2       42
  AVERAGE         48                        56     -8       53

PRECIPITATION (IN)
  YESTERDAY        T             1.62 1963   0.13  -0.13      T
  MONTH TO DATE    1.79                      3.52  -1.73     2.94
  SINCE MAR 1      4.67                      6.24  -1.57     3.42
  SINCE JAN 1      5.45                     10.24  -4.79     4.76

DEGREE DAYS
 HEATING
  YESTERDAY       17                        10      7       12
  MONTH TO DATE  436                       439     -3      352
  SINCE MAR 1   1040                      1251   -211     1178
  SINCE JUL 1   4678                      5762  -1084     5900

 COOLING
  YESTERDAY        0                         1     -1        0
  MONTH TO DATE   12                        11      1        0
  SINCE MAR 1     13                        12      1        0
  SINCE JAN 1     13                        12      1        0
..................................................................


WIND (MPH)
  RESULTANT WIND SPEED   8   RESULTANT WIND DIRECTION   N (20)
  HIGHEST WIND SPEED    16   HIGHEST WIND DIRECTION    NE (30)
  HIGHEST GUST SPEED    19   HIGHEST GUST DIRECTION     N (20)
  AVERAGE WIND SPEED     9.6



WEATHER CONDITIONS
 THE FOLLOWING WEATHER WAS RECORDED YESTERDAY.
  LIGHT RAIN
  FOG


..........................................................


THE CHICAGO-MIDWAY CLIMATE NORMALS FOR TODAY
                         NORMAL    RECORD    YEAR
 MAXIMUM TEMPERATURE (F)   65        92      1942
 MINIMUM TEMPERATURE (F)   47        31      1931


SUNRISE AND SUNSET
APRIL 30 2016.........SUNRISE   548 AM CDT   SUNSET   749 PM CDT
MAY  1 2016...........SUNRISE   547 AM CDT   SUNSET   750 PM CDT


-  INDICATES NEGATIVE NUMBERS.
R  INDICATES RECORD WAS SET OR TIED.
MM INDICATES DATA IS MISSING.
T  INDICATES TRACE AMOUNT.




$$
