000
CDUS43 KLOT 010639
CLIMDW


CLIMATE REPORT
NATIONAL WEATHER SERVICE CHICAGO IL
139 AM CDT WED JUL 1 2015


...................................

...THE CHICAGO-MIDWAY CLIMATE SUMMARY FOR JUNE 30 2015...

CLIMATE NORMAL PERIOD 1981 TO 2010
CLIMATE RECORD PERIOD 1928 TO 2015


WEATHER ITEM   OBSERVED TIME   RECORD YEAR NORMAL DEPARTURE LAST
                VALUE   (LST)  VALUE       VALUE  FROM      YEAR
                                                  NORMAL
..................................................................
TEMPERATURE (F)
 YESTERDAY
  MAXIMUM         80    218 PM 101    1931  84     -4       88
  MINIMUM         61   1159 PM  45    1943  66     -5       68
  AVERAGE         71                        75     -4       78

PRECIPITATION (IN)
  YESTERDAY        0.00          2.59 1977   0.11  -0.11     2.06
  MONTH TO DATE    2.96                      4.06  -1.10     7.72
  SINCE JUN 1      2.96                      4.06  -1.10     7.72
  SINCE JAN 1     11.85                     18.55  -6.70    19.01

DEGREE DAYS
 HEATING
  YESTERDAY        0                         0      0        0
  MONTH TO DATE   20                        29     -9        2
  SINCE JUN 1     20                        31    -11        2
  SINCE JUL 1   6083                      5990     93     6809

 COOLING
  YESTERDAY        6                        10     -4       13
  MONTH TO DATE  182                       210    -28      251
  SINCE JUN 1    182                       210    -28      251
  SINCE JAN 1    288                       284      4      362
..................................................................


WIND (MPH)
  RESULTANT WIND SPEED   5   RESULTANT WIND DIRECTION   N (340)
  HIGHEST WIND SPEED    20   HIGHEST WIND DIRECTION    NE (30)
  HIGHEST GUST SPEED    30   HIGHEST GUST DIRECTION    NW (320)
  AVERAGE WIND SPEED     8.4



WEATHER CONDITIONS
 THE FOLLOWING WEATHER WAS RECORDED YESTERDAY.
  FOG


..........................................................


THE CHICAGO-MIDWAY CLIMATE NORMALS FOR TODAY
                         NORMAL    RECORD    YEAR
 MAXIMUM TEMPERATURE (F)   84       103      1956
 MINIMUM TEMPERATURE (F)   67        49      1982


SUNRISE AND SUNSET
JULY  1 2015..........SUNRISE   520 AM CDT   SUNSET   830 PM CDT
JULY  2 2015..........SUNRISE   520 AM CDT   SUNSET   829 PM CDT


-  INDICATES NEGATIVE NUMBERS.
R  INDICATES RECORD WAS SET OR TIED.
MM INDICATES DATA IS MISSING.
T  INDICATES TRACE AMOUNT.




$$
