000
CDUS44 KMEG 040646
CLIMEG


CLIMATE REPORT
NATIONAL WEATHER SERVICE MEMPHIS TN
146 AM CDT WED MAY 4 2016


...................................

...THE MEMPHIS/GERMANTOWN WFO CLIMATE SUMMARY FOR MAY 3 2016...

CLIMATE NORMAL PERIOD 1981 TO 2010
CLIMATE RECORD PERIOD 1988 TO 2016


WEATHER ITEM   OBSERVED TIME   RECORD YEAR NORMAL DEPARTURE LAST
                VALUE   (LST)  VALUE       VALUE  FROM      YEAR
                                                  NORMAL
..................................................................
TEMPERATURE (F)
 YESTERDAY
  MAXIMUM         66        MM  88    2006  77    -11       84
  MINIMUM         50        MM  37    2013  55     -5       51
  AVERAGE         58                        66     -8       68

PRECIPITATION (IN)
  YESTERDAY        0.00          2.16 2013   0.21  -0.21     0.00
  MONTH TO DATE    1.08                      0.63   0.45     0.00
  SINCE MAR 1     23.85                     10.90  12.95    10.08
  SINCE JAN 1     32.80                     19.53  13.27    16.16

SNOWFALL (IN)
  YESTERDAY        0.0          MM      MM   0.0    0.0      0.0
  MONTH TO DATE    0.0                       0.0    0.0      0.0
  SINCE MAR 1      T                         0.8   -0.8      4.1
  SINCE JUL 1      0.9                       2.4   -1.5      6.3
  SNOW DEPTH       0

DEGREE DAYS
 HEATING
  YESTERDAY        7                         3      4        0
  MONTH TO DATE   10                         9      1        9
  SINCE MAR 1    370                       636   -266      536
  SINCE JUL 1   2457                      3382   -925     3443

 COOLING
  YESTERDAY        0                         3     -3        3
  MONTH TO DATE    8                         9     -1        3
  SINCE MAR 1     81                        74      7       80
  SINCE JAN 1     81                        75      6       80
..................................................................







THE MEMPHIS/GERMANTOWN WFO CLIMATE NORMALS FOR TODAY
                         NORMAL    RECORD    YEAR
 MAXIMUM TEMPERATURE (F)   77        92      2012
 MINIMUM TEMPERATURE (F)   55        35      2013


SUNRISE AND SUNSET
MAY  4 2016...........SUNRISE   605 AM CDT   SUNSET   748 PM CDT
MAY  5 2016...........SUNRISE   604 AM CDT   SUNSET   749 PM CDT


-  INDICATES NEGATIVE NUMBERS.
R  INDICATES RECORD WAS SET OR TIED.
MM INDICATES DATA IS MISSING.
T  INDICATES TRACE AMOUNT.




$$
