000
CDUS44 KMEG 240731
CLIMEG


CLIMATE REPORT
NATIONAL WEATHER SERVICE MEMPHIS TN
131 AM CST FRI FEB 24 2017


...................................

...THE MEMPHIS/GERMANTOWN WFO CLIMATE SUMMARY FOR FEBRUARY 23 2017...

CLIMATE NORMAL PERIOD 1981 TO 2010
CLIMATE RECORD PERIOD 1988 TO 2017


WEATHER ITEM   OBSERVED TIME   RECORD YEAR NORMAL DEPARTURE LAST
                VALUE   (LST)  VALUE       VALUE  FROM      YEAR
                                                  NORMAL
..................................................................
TEMPERATURE (F)
 YESTERDAY
  MAXIMUM         78        MM  79    2012  56     22       53
  MINIMUM         54        MM  17    1989  35     19       43
  AVERAGE         66                        45     21       48

PRECIPITATION (IN)
  YESTERDAY        0.00          1.91 1994   0.17  -0.17     1.71
  MONTH TO DATE    1.27                      3.80  -2.53     5.95
  SINCE DEC 1     12.24                     13.70  -1.46    14.24
  SINCE JAN 1      4.93                      7.76  -2.83     8.69

SNOWFALL (IN)
  YESTERDAY        0.0           T    2015                   0.0
                                      2008
  MONTH TO DATE    0.0                                        T
  SINCE DEC 1      1.0                                       0.9
  SINCE JUL 1      1.0                                       0.9
  SNOW DEPTH       0

DEGREE DAYS
 HEATING
  YESTERDAY        0                        20    -20       17
  MONTH TO DATE  258                       522   -264      429
  SINCE DEC 1   1465                      2052   -587     1602
  SINCE JUL 1   1787                      2651   -864     1983

 COOLING
  YESTERDAY        1                         0      1        0
  MONTH TO DATE   13                         0     13        0
  SINCE DEC 1     18                         1     17       13
  SINCE JAN 1     13                         0     13        0
..................................................................







THE MEMPHIS/GERMANTOWN WFO CLIMATE NORMALS FOR TODAY
                         NORMAL    RECORD    YEAR
 MAXIMUM TEMPERATURE (F)   56        77      2000
 MINIMUM TEMPERATURE (F)   35        16      1989


SUNRISE AND SUNSET
FEBRUARY 24 2017......SUNRISE   635 AM CST   SUNSET   551 PM CST
FEBRUARY 25 2017......SUNRISE   633 AM CST   SUNSET   551 PM CST


-  INDICATES NEGATIVE NUMBERS.
R  INDICATES RECORD WAS SET OR TIED.
MM INDICATES DATA IS MISSING.
T  INDICATES TRACE AMOUNT.




$$
