000
CDUS44 KMEG 040736
CLIMEG


CLIMATE REPORT
NATIONAL WEATHER SERVICE MEMPHIS TN
135 AM CST SUN DEC 4 2016


...................................

...THE MEMPHIS/GERMANTOWN WFO CLIMATE SUMMARY FOR DECEMBER 3 2016...

CLIMATE NORMAL PERIOD 1981 TO 2010
CLIMATE RECORD PERIOD 1988 TO 2016


WEATHER ITEM   OBSERVED TIME   RECORD YEAR NORMAL DEPARTURE LAST
                VALUE   (LST)  VALUE       VALUE  FROM      YEAR
                                                  NORMAL
..................................................................
TEMPERATURE (F)
 YESTERDAY
  MAXIMUM         47        MM  75    2012  55     -8       51
  MINIMUM         41        MM  25    1988  35      6       32
  AVERAGE         44                        45     -1       42

PRECIPITATION (IN)
  YESTERDAY        0.37          2.75 1991   0.21   0.16     0.00
  MONTH TO DATE    0.37                      0.61  -0.24     0.10
  SINCE DEC 1      0.37                      0.61  -0.24     0.10
  SINCE JAN 1     56.93                     49.56   7.37    48.49

SNOWFALL (IN)
  YESTERDAY        0.0          MM      MM   0.0    0.0      0.0
  MONTH TO DATE    0.0                       0.0    0.0      0.0
  SINCE DEC 1      0.0                       0.0    0.0      0.0
  SINCE JUL 1      0.0                       0.0    0.0      0.0
  SNOW DEPTH       0

DEGREE DAYS
 HEATING
  YESTERDAY       21                        20      1       23
  MONTH TO DATE   58                        59     -1       62
  SINCE DEC 1     58                        59     -1       62
  SINCE JUL 1    380                       658   -278      443

 COOLING
  YESTERDAY        0                         0      0        0
  MONTH TO DATE    0                         0      0        0
  SINCE DEC 1      0                         0      0        0
  SINCE JAN 1   2423                      1926    497     2138
..................................................................







THE MEMPHIS/GERMANTOWN WFO CLIMATE NORMALS FOR TODAY
                         NORMAL    RECORD    YEAR
 MAXIMUM TEMPERATURE (F)   55        77      2001
 MINIMUM TEMPERATURE (F)   35        17      2006


SUNRISE AND SUNSET
DECEMBER  4 2016......SUNRISE   652 AM CST   SUNSET   447 PM CST
DECEMBER  5 2016......SUNRISE   653 AM CST   SUNSET   447 PM CST


-  INDICATES NEGATIVE NUMBERS.
R  INDICATES RECORD WAS SET OR TIED.
MM INDICATES DATA IS MISSING.
T  INDICATES TRACE AMOUNT.




$$
