000
CDUS44 KMEG 290646
CLIMEG


CLIMATE REPORT
NATIONAL WEATHER SERVICE MEMPHIS TN
146 AM CDT THU JUN 29 2017


...................................

...THE MEMPHIS/GERMANTOWN WFO CLIMATE SUMMARY FOR JUNE 28 2017...

CLIMATE NORMAL PERIOD 1981 TO 2010
CLIMATE RECORD PERIOD 1988 TO 2017


WEATHER ITEM   OBSERVED TIME   RECORD YEAR NORMAL DEPARTURE LAST
                VALUE   (LST)  VALUE       VALUE  FROM      YEAR
                                                  NORMAL
..................................................................
TEMPERATURE (F)
 YESTERDAY
  MAXIMUM         91        MM 100    2012  90      1       91
  MINIMUM         66        MM  59    1988  70     -4       69
  AVERAGE         79                        80     -1       80

PRECIPITATION (IN)
  YESTERDAY        0.00          1.35 2014   0.13  -0.13     0.00
  MONTH TO DATE    3.67                      3.42   0.25     4.11
  SINCE JUN 1      3.67                      3.42   0.25     4.11
  SINCE JAN 1     24.58                     27.91  -3.33    40.56

SNOWFALL (IN)
  YESTERDAY        0.0          MM      MM                   0.0
  MONTH TO DATE    0.0                                       0.0
  SINCE JUN 1      0.0                                       0.0
  SINCE JUL 1      1.4                                       0.9
  SNOW DEPTH       0

DEGREE DAYS
 HEATING
  YESTERDAY        0                         0      0        0
  MONTH TO DATE    0                         0      0        0
  SINCE JUN 1      0                         0      0        0
  SINCE JUL 1   2240                      3412  -1172     2485

 COOLING
  YESTERDAY       14                        15     -1       15
  MONTH TO DATE  338                       350    -12      449
  SINCE JUN 1    338                       350    -12      449
  SINCE JAN 1    683                       601     82      694
..................................................................







THE MEMPHIS/GERMANTOWN WFO CLIMATE NORMALS FOR TODAY
                         NORMAL    RECORD    YEAR
 MAXIMUM TEMPERATURE (F)   90       102      2012
 MINIMUM TEMPERATURE (F)   70        62      1992


SUNRISE AND SUNSET
JUNE 29 2017..........SUNRISE   548 AM CDT   SUNSET   818 PM CDT
JUNE 30 2017..........SUNRISE   548 AM CDT   SUNSET   818 PM CDT


-  INDICATES NEGATIVE NUMBERS.
R  INDICATES RECORD WAS SET OR TIED.
MM INDICATES DATA IS MISSING.
T  INDICATES TRACE AMOUNT.




$$
