000
CDUS44 KMEG 170739
CLIMEG


CLIMATE REPORT
NATIONAL WEATHER SERVICE MEMPHIS TN
138 AM CST TUE JAN 17 2017


...................................

...THE MEMPHIS/GERMANTOWN WFO CLIMATE SUMMARY FOR JANUARY 16 2017...

CLIMATE NORMAL PERIOD 1981 TO 2010
CLIMATE RECORD PERIOD 1988 TO 2017


WEATHER ITEM   OBSERVED TIME   RECORD YEAR NORMAL DEPARTURE LAST
                VALUE   (LST)  VALUE       VALUE  FROM      YEAR
                                                  NORMAL
..................................................................
TEMPERATURE (F)
 YESTERDAY
  MAXIMUM         68R   946 PM  67    2012  48     20       45
  MINIMUM         48    217 AM  10    2009  29     19       31
  AVERAGE         58                        39     19       38

PRECIPITATION (IN)
  YESTERDAY        0.06          1.37 1998   0.13  -0.07     0.00
  MONTH TO DATE    2.03                      2.06  -0.03     1.78
  SINCE DEC 1      9.34                      8.00   1.34     7.33
  SINCE JAN 1      2.03                      2.06  -0.03     1.78

SNOWFALL (IN)
  YESTERDAY        0.0           2.0  1998                   0.0
  MONTH TO DATE    1.0                                        T
  SINCE DEC 1      1.0                                        T
  SINCE JUL 1      1.0                                        T
  SNOW DEPTH       0

DEGREE DAYS
 HEATING
  YESTERDAY        7                        26    -19       27
  MONTH TO DATE  329                       416    -87      398
  SINCE DEC 1   1004                      1141   -137      795
  SINCE JUL 1   1326                      1740   -414     1176

 COOLING
  YESTERDAY        0                         0      0        0
  MONTH TO DATE    0                         0      0        0
  SINCE DEC 1      5                         1      4       13
  SINCE JAN 1      0                         0      0        0
..................................................................







THE MEMPHIS/GERMANTOWN WFO CLIMATE NORMALS FOR TODAY
                         NORMAL    RECORD    YEAR
 MAXIMUM TEMPERATURE (F)   48        71      2012
                                             1990
 MINIMUM TEMPERATURE (F)   29        10      1997


SUNRISE AND SUNSET
JANUARY 17 2017.......SUNRISE   706 AM CST   SUNSET   513 PM CST
JANUARY 18 2017.......SUNRISE   706 AM CST   SUNSET   514 PM CST


-  INDICATES NEGATIVE NUMBERS.
R  INDICATES RECORD WAS SET OR TIED.
MM INDICATES DATA IS MISSING.
T  INDICATES TRACE AMOUNT.


$$
