000
CDUS44 KMEG 250634
CLIMEG


CLIMATE REPORT
NATIONAL WEATHER SERVICE MEMPHIS TN
133 AM CDT MON JUL 25 2016


...................................

...THE MEMPHIS/GERMANTOWN WFO CLIMATE SUMMARY FOR JULY 24 2016...

CLIMATE NORMAL PERIOD 1981 TO 2010
CLIMATE RECORD PERIOD 1988 TO 2016


WEATHER ITEM   OBSERVED TIME   RECORD YEAR NORMAL DEPARTURE LAST
                VALUE   (LST)  VALUE       VALUE  FROM      YEAR
                                                  NORMAL
..................................................................
TEMPERATURE (F)
 YESTERDAY
  MAXIMUM         92    450 PM  98    2011  91      1       95
                                      2010
                                      2005
  MINIMUM         75    700 AM  61    2003  71      4       75
  AVERAGE         84                        81      3       85

PRECIPITATION (IN)
  YESTERDAY        0.11          1.01 1995   0.16  -0.05     0.00
  MONTH TO DATE    3.15                      3.56  -0.41     4.83
  SINCE JUN 1      7.26                      7.24   0.02     7.77
  SINCE JAN 1     43.71                     31.73  11.98    29.45

SNOWFALL (IN)
  YESTERDAY        0.0          MM      MM   0.0    0.0      0.0
  MONTH TO DATE    0.0                       0.0    0.0      0.0
  SINCE JUN 1      0.0                       0.0    0.0      0.0
  SINCE JUL 1      0.0                       0.0    0.0      0.0
  SNOW DEPTH       0

DEGREE DAYS
 HEATING
  YESTERDAY        0                         0      0        0
  MONTH TO DATE    0                         0      0        0
  SINCE JUN 1      0                         2     -2        0
  SINCE JUL 1      0                         0      0        0

 COOLING
  YESTERDAY       19                        16      3       20
  MONTH TO DATE  446                       382     64      429
  SINCE JUN 1    921                       763    158      881
  SINCE JAN 1   1166                      1014    152     1181
..................................................................







THE MEMPHIS/GERMANTOWN WFO CLIMATE NORMALS FOR TODAY
                         NORMAL    RECORD    YEAR
 MAXIMUM TEMPERATURE (F)   91        99      2005
 MINIMUM TEMPERATURE (F)   71        61      2014
                                             2000


SUNRISE AND SUNSET
JULY 25 2016..........SUNRISE   604 AM CDT   SUNSET   807 PM CDT
JULY 26 2016..........SUNRISE   604 AM CDT   SUNSET   807 PM CDT


-  INDICATES NEGATIVE NUMBERS.
R  INDICATES RECORD WAS SET OR TIED.
MM INDICATES DATA IS MISSING.
T  INDICATES TRACE AMOUNT.




$$
