000
CDUS44 KMEG 272151
CLIMEG


CLIMATE REPORT
NATIONAL WEATHER SERVICE MEMPHIS TN
451 PM CDT TUE SEP 27 2016


...................................

...THE MEMPHIS/GERMANTOWN WFO CLIMATE SUMMARY FOR SEPTEMBER 27 2016...
VALID TODAY AS OF 0400 PM LOCAL TIME.

CLIMATE NORMAL PERIOD 1981 TO 2010
CLIMATE RECORD PERIOD 1988 TO 2016


WEATHER ITEM   OBSERVED TIME   RECORD YEAR NORMAL DEPARTURE LAST
                VALUE   (LST)  VALUE       VALUE  FROM      YEAR
                                                  NORMAL
..................................................................
TEMPERATURE (F)
 TODAY
  MAXIMUM         82    318 PM  93    1998  81      1       84
  MINIMUM         54    505 AM  40    1991  57     -3       61
  AVERAGE         68                        68      0       73

PRECIPITATION (IN)
  TODAY            0.00          1.46 1996   0.12  -0.12     0.00
  MONTH TO DATE    0.56                      2.89  -2.33     1.32
  SINCE SEP 1      0.56                      2.89  -2.33     1.32
  SINCE JAN 1     51.80                     38.90  12.90    35.04

SNOWFALL (IN)
  TODAY            0.0

DEGREE DAYS
 HEATING
  TODAY            0                         2     -2        0
  MONTH TO DATE    0                        11    -11        2
  SINCE SEP 1      0                        11    -11        2
  SINCE JUL 1      0                        11    -11        2

 COOLING
  TODAY            3                         5     -2        8
  MONTH TO DATE  386                       244    142      286
  SINCE SEP 1    386                       244    142      286
  SINCE JAN 1   2222                      1839    383     2025
..................................................................







THE MEMPHIS/GERMANTOWN WFO CLIMATE NORMALS FOR TOMORROW
                         NORMAL    RECORD    YEAR
 MAXIMUM TEMPERATURE (F)   80        96      1998
 MINIMUM TEMPERATURE (F)   56        41      1991


SUNRISE AND SUNSET
SEPTEMBER 27 2016.....SUNRISE   651 AM CDT   SUNSET   648 PM CDT
SEPTEMBER 28 2016.....SUNRISE   652 AM CDT   SUNSET   647 PM CDT


-  INDICATES NEGATIVE NUMBERS.
R  INDICATES RECORD WAS SET OR TIED.
MM INDICATES DATA IS MISSING.
T  INDICATES TRACE AMOUNT.


$$
