615
CDUS44 KMEG 080733
CLIMEG


CLIMATE REPORT
NATIONAL WEATHER SERVICE MEMPHIS TN
133 AM CST MON FEB 8 2016


...................................

...THE MEMPHIS/GERMANTOWN WFO CLIMATE SUMMARY FOR FEBRUARY 7 2016...

CLIMATE NORMAL PERIOD 1981 TO 2010
CLIMATE RECORD PERIOD 1988 TO 2016


WEATHER ITEM   OBSERVED TIME   RECORD YEAR NORMAL DEPARTURE LAST
                VALUE   (LST)  VALUE       VALUE  FROM      YEAR
                                                  NORMAL
..................................................................
TEMPERATURE (F)
 YESTERDAY
  MAXIMUM         58        MM  71    2001  51      7       64
  MINIMUM         27        MM  17    2003  31     -4       37
  AVERAGE         43                        41      2       51

PRECIPITATION (IN)
  YESTERDAY        0.00          0.39 1999   0.16  -0.16     0.00
  MONTH TO DATE    1.98                      1.12   0.86     0.77
  SINCE DEC 1     10.27                     11.02  -0.75     4.68
  SINCE JAN 1      4.72                      5.08  -0.36     2.11

SNOWFALL (IN)
  YESTERDAY        0.0           2.0  1995   0.0    0.0      0.0
  MONTH TO DATE    0.0                       0.3   -0.3       T
  SINCE DEC 1      0.9                       0.7    0.2       T
  SINCE JUL 1      0.9                       0.7    0.2      0.3
  SNOW DEPTH       0

DEGREE DAYS
 HEATING
  YESTERDAY       22                        24     -2       14
  MONTH TO DATE  124                       171    -47      183
  SINCE DEC 1   1297                      1701   -404     1577
  SINCE JUL 1   1678                      2300   -622     2256

 COOLING
  YESTERDAY        0                         0      0        0
  MONTH TO DATE    0                         0      0        0
  SINCE DEC 1     13                         1     12        0
  SINCE JAN 1      0                         0      0        0
..................................................................







THE MEMPHIS/GERMANTOWN WFO CLIMATE NORMALS FOR TODAY
                         NORMAL    RECORD    YEAR
 MAXIMUM TEMPERATURE (F)   52        74      2001
 MINIMUM TEMPERATURE (F)   31        15      2003


SUNRISE AND SUNSET
FEBRUARY  8 2016......SUNRISE   653 AM CST   SUNSET   534 PM CST
FEBRUARY  9 2016......SUNRISE   652 AM CST   SUNSET   535 PM CST


-  INDICATES NEGATIVE NUMBERS.
R  INDICATES RECORD WAS SET OR TIED.
MM INDICATES DATA IS MISSING.
T  INDICATES TRACE AMOUNT.




$$
