000
CDUS44 KMEG 280636
CLIMEG


CLIMATE REPORT
NATIONAL WEATHER SERVICE MEMPHIS TN
134 AM CDT FRI APR 28 2017


...................................

...THE MEMPHIS/GERMANTOWN WFO CLIMATE SUMMARY FOR APRIL 27 2017...

CLIMATE NORMAL PERIOD 1981 TO 2010
CLIMATE RECORD PERIOD 1988 TO 2017


WEATHER ITEM   OBSERVED TIME   RECORD YEAR NORMAL DEPARTURE LAST
                VALUE   (LST)  VALUE       VALUE  FROM      YEAR
                                                  NORMAL
..................................................................
TEMPERATURE (F)
 YESTERDAY
  MAXIMUM         72    406 PM  88    1989  75     -3       78
  MINIMUM         50    404 AM  39    1992  53     -3       66
  AVERAGE         61                        64     -3       72

PRECIPITATION (IN)
  YESTERDAY        0.05          2.96 1999   0.18  -0.13     0.00
  MONTH TO DATE    3.97                      4.77  -0.80     4.10
  SINCE MAR 1      8.70                      9.72  -1.02    20.79
  SINCE JAN 1     13.91                     18.35  -4.44    29.74

SNOWFALL (IN)
  YESTERDAY        0.0          MM      MM                   0.0
  MONTH TO DATE    0.0                                       0.0
  SINCE MAR 1      0.4                                        T
  SINCE JUL 1      1.4                                       0.9
  SNOW DEPTH       0

DEGREE DAYS
 HEATING
  YESTERDAY        4                         4      0        0
  MONTH TO DATE   62                       181   -119      104
  SINCE MAR 1    369                       617   -248      358
  SINCE JUL 1   2210                      3363  -1153     2445

 COOLING
  YESTERDAY        0                         3     -3        7
  MONTH TO DATE   92                        46     46       45
  SINCE MAR 1    125                        57     68       58
  SINCE JAN 1    139                        58     81       58
..................................................................







THE MEMPHIS/GERMANTOWN WFO CLIMATE NORMALS FOR TODAY
                         NORMAL    RECORD    YEAR
 MAXIMUM TEMPERATURE (F)   76        89      2001
 MINIMUM TEMPERATURE (F)   53        35      1992


SUNRISE AND SUNSET
APRIL 28 2017.........SUNRISE   611 AM CDT   SUNSET   743 PM CDT
APRIL 29 2017.........SUNRISE   610 AM CDT   SUNSET   743 PM CDT


-  INDICATES NEGATIVE NUMBERS.
R  INDICATES RECORD WAS SET OR TIED.
MM INDICATES DATA IS MISSING.
T  INDICATES TRACE AMOUNT.




$$
