000
CDUS44 KJAN 230729
CLIMEI


CLIMATE REPORT
NATIONAL WEATHER SERVICE JACKSON MS
127 AM CST THU NOV 23 2017


...................................

...THE MERIDIAN CLIMATE SUMMARY FOR NOVEMBER 22 2017...

CLIMATE NORMAL PERIOD 1981 TO 2010
CLIMATE RECORD PERIOD 1889 TO 2017


WEATHER ITEM   OBSERVED TIME   RECORD YEAR NORMAL DEPARTURE LAST
                VALUE   (LST)  VALUE       VALUE  FROM      YEAR
                                                  NORMAL
..................................................................
TEMPERATURE (F)
 YESTERDAY
  MAXIMUM         63    237 PM  83    1973  66     -3       72
  MINIMUM         36   1159 PM  20    2008  40     -4       27
  AVERAGE         50                        53     -3       50

PRECIPITATION (IN)
  YESTERDAY        0.00          2.06 1916   0.17  -0.17     0.00
  MONTH TO DATE    1.37                      3.49  -2.12     0.21
  SINCE SEP 1      4.85                     10.68  -5.83     0.78
  SINCE JAN 1     57.73                     49.64   8.09    38.11

SNOWFALL (IN)
  YESTERDAY        0.0           0.0  2002   0.0    0.0      0.0
                                      2001
  MONTH TO DATE    0.0                       0.0    0.0      0.0
  SINCE SEP 1      0.0                       0.0    0.0      0.0
  SINCE JUL 1      0.0                       0.0    0.0      0.0

DEGREE DAYS
 HEATING
  YESTERDAY       15                        13      2       15
  MONTH TO DATE  146                       215    -69      130
  SINCE SEP 1    240                       339    -99      146
  SINCE JUL 1    240                       339    -99      146

 COOLING
  YESTERDAY        0                         0      0        0
  MONTH TO DATE   49                        13     36       22
  SINCE SEP 1    578                       406    172      745
  SINCE JAN 1   2542                      2026    516     2856
..................................................................


WIND (MPH)
  HIGHEST WIND SPEED    18   HIGHEST WIND DIRECTION     N (10)
  HIGHEST GUST SPEED    23   HIGHEST GUST DIRECTION     N (10)
  AVERAGE WIND SPEED     6.9


SKY COVER
  POSSIBLE SUNSHINE  MM
  AVERAGE SKY COVER 0.0


WEATHER CONDITIONS
 THE FOLLOWING WEATHER WAS RECORDED YESTERDAY.
  NO SIGNIFICANT WEATHER WAS OBSERVED.


RELATIVE HUMIDITY (PERCENT)
 HIGHEST   100          1200 AM
 LOWEST     36           300 PM
 AVERAGE    68

..........................................................


THE MERIDIAN CLIMATE NORMALS FOR TODAY
                         NORMAL    RECORD    YEAR
 MAXIMUM TEMPERATURE (F)   65        81      2004
                                             1973
 MINIMUM TEMPERATURE (F)   40        19      1956


SUNRISE AND SUNSET
NOVEMBER 23 2017......SUNRISE   632 AM CST   SUNSET   451 PM CST
NOVEMBER 24 2017......SUNRISE   633 AM CST   SUNSET   451 PM CST


-  INDICATES NEGATIVE NUMBERS.
R  INDICATES RECORD WAS SET OR TIED.
MM INDICATES DATA IS MISSING.
T  INDICATES TRACE AMOUNT.




$$
