000
CDUS44 KJAN 102210
CLIMEI


CLIMATE REPORT
NATIONAL WEATHER SERVICE JACKSON MS
409 PM CST WED FEB 10 2016


...................................

...THE MERIDIAN CLIMATE SUMMARY FOR FEBRUARY 10 2016...
VALID TODAY AS OF 0400 PM LOCAL TIME.

CLIMATE NORMAL PERIOD 1981 TO 2010
CLIMATE RECORD PERIOD 1889 TO 2016


WEATHER ITEM   OBSERVED TIME   RECORD YEAR NORMAL DEPARTURE LAST
                VALUE   (LST)  VALUE       VALUE  FROM      YEAR
                                                  NORMAL
..................................................................
TEMPERATURE (F)
 TODAY
  MAXIMUM         52    309 PM  82    1932  60     -8       55
  MINIMUM         23    617 AM  13    1971  35    -12       31
  AVERAGE         38                        48    -10       43

PRECIPITATION (IN)
  TODAY            0.00          3.48 2013   0.21  -0.21     0.00
  MONTH TO DATE    0.70                      2.05  -1.35     0.39
  SINCE DEC 1     10.02                     12.24  -2.22    15.78
  SINCE JAN 1      3.94                      7.18  -3.24     7.10

SNOWFALL (IN)
  TODAY            0.0           0.9  1958   0.0    0.0      0.0
  MONTH TO DATE    0.0                       0.0    0.0      0.0
  SINCE DEC 1      T                         0.3   -0.3      0.0
  SINCE JUL 1      T                         0.3   -0.3      0.0

DEGREE DAYS
 HEATING
  TODAY           27                        18      9       22
  MONTH TO DATE  181                       185     -4      193
  SINCE DEC 1   1087                      1372   -285     1268
  SINCE JUL 1   1338                      1822   -484     1817

 COOLING
  TODAY            0                         0      0        0
  MONTH TO DATE    4                         0      4        0
  SINCE DEC 1     47                         9     38        0
  SINCE JAN 1      4                         3      1        0
..................................................................


WIND (MPH)
  HIGHEST WIND SPEED    18   HIGHEST WIND DIRECTION    NW (310)
  HIGHEST GUST SPEED    24   HIGHEST GUST DIRECTION     W (260)
  AVERAGE WIND SPEED     5.8


SKY COVER
  POSSIBLE SUNSHINE  MM
  AVERAGE SKY COVER 0.0


WEATHER CONDITIONS
 THE FOLLOWING WEATHER WAS RECORDED TODAY.
  HAZE


RELATIVE HUMIDITY (PERCENT)
 HIGHEST    74           400 AM
 LOWEST     24           100 PM
 AVERAGE    49

..........................................................


THE MERIDIAN CLIMATE NORMALS FOR TOMORROW
                         NORMAL    RECORD    YEAR
 MAXIMUM TEMPERATURE (F)   60        82      1999
 MINIMUM TEMPERATURE (F)   36        14      2011


SUNRISE AND SUNSET
FEBRUARY 10 2016......SUNRISE   643 AM CST   SUNSET   536 PM CST
FEBRUARY 11 2016......SUNRISE   642 AM CST   SUNSET   537 PM CST


-  INDICATES NEGATIVE NUMBERS.
R  INDICATES RECORD WAS SET OR TIED.
MM INDICATES DATA IS MISSING.
T  INDICATES TRACE AMOUNT.




$$
