000
CDUS44 KJAN 240630
CLIMEI


CLIMATE REPORT
NATIONAL WEATHER SERVICE JACKSON MS
127 AM CDT SUN SEP 24 2017


...................................

...THE MERIDIAN CLIMATE SUMMARY FOR SEPTEMBER 23 2017...

CLIMATE NORMAL PERIOD 1981 TO 2010
CLIMATE RECORD PERIOD 1889 TO 2017


WEATHER ITEM   OBSERVED TIME   RECORD YEAR NORMAL DEPARTURE LAST
                VALUE   (LST)  VALUE       VALUE  FROM      YEAR
                                                  NORMAL
..................................................................
TEMPERATURE (F)
 YESTERDAY
  MAXIMUM         94    156 PM  99    2016  85      9       99
  MINIMUM         66    556 AM  40    1999  60      6       71
  AVERAGE         80                        72      8       85

PRECIPITATION (IN)
  YESTERDAY        0.06          3.85 1904   0.11  -0.05     0.00
  MONTH TO DATE    1.02                      2.60  -1.58     0.55
  SINCE SEP 1      1.02                      2.60  -1.58     0.55
  SINCE JAN 1     53.90                     41.56  12.34    37.88

SNOWFALL (IN)
  YESTERDAY        0.0           0.0  2002   0.0    0.0      0.0
                                      2001
  MONTH TO DATE    0.0                       0.0    0.0      0.0
  SINCE SEP 1      0.0                       0.0    0.0      0.0
  SINCE JUL 1      0.0                       0.0    0.0      0.0

DEGREE DAYS
 HEATING
  YESTERDAY        0                         0      0        0
  MONTH TO DATE    3                         0      3        0
  SINCE SEP 1      3                         0      3        0
  SINCE JUL 1      3                         0      3        0

 COOLING
  YESTERDAY       15                         8      7       20
  MONTH TO DATE  244                       257    -13      419
  SINCE SEP 1    244                       257    -13      419
  SINCE JAN 1   2208                      1877    331     2530
..................................................................


WIND (MPH)
  HIGHEST WIND SPEED    17   HIGHEST WIND DIRECTION    SE (150)
  HIGHEST GUST SPEED    24   HIGHEST GUST DIRECTION     E (110)
  AVERAGE WIND SPEED     2.4


SKY COVER
  POSSIBLE SUNSHINE  MM
  AVERAGE SKY COVER 0.1


WEATHER CONDITIONS
 THE FOLLOWING WEATHER WAS RECORDED YESTERDAY.
  THUNDERSTORM
  RAIN
  LIGHT RAIN


RELATIVE HUMIDITY (PERCENT)
 HIGHEST   100           200 AM
 LOWEST     41           200 PM
 AVERAGE    71

..........................................................


THE MERIDIAN CLIMATE NORMALS FOR TODAY
                         NORMAL    RECORD    YEAR
 MAXIMUM TEMPERATURE (F)   84       101      2016
 MINIMUM TEMPERATURE (F)   60        43      1990


SUNRISE AND SUNSET
SEPTEMBER 24 2017.....SUNRISE   645 AM CDT   SUNSET   649 PM CDT
SEPTEMBER 25 2017.....SUNRISE   645 AM CDT   SUNSET   647 PM CDT


-  INDICATES NEGATIVE NUMBERS.
R  INDICATES RECORD WAS SET OR TIED.
MM INDICATES DATA IS MISSING.
T  INDICATES TRACE AMOUNT.




$$
