000
CDUS44 KJAN 250702
CLIMEI


CLIMATE REPORT
NATIONAL WEATHER SERVICE JACKSON MS
101 AM CST SAT FEB 25 2017


...................................

...THE MERIDIAN CLIMATE SUMMARY FOR FEBRUARY 24 2017...

CLIMATE NORMAL PERIOD 1981 TO 2010
CLIMATE RECORD PERIOD 1889 TO 2017


WEATHER ITEM   OBSERVED TIME   RECORD YEAR NORMAL DEPARTURE LAST
                VALUE   (LST)  VALUE       VALUE  FROM      YEAR
                                                  NORMAL
..................................................................
TEMPERATURE (F)
 YESTERDAY
  MAXIMUM         82R   340 PM  80    2011  63     19       60
                                      1982
                                      1980
  MINIMUM         51    547 AM  18    1989  38     13       41
                                      1968
                                      1901
  AVERAGE         67                        51     16       51

PRECIPITATION (IN)
  YESTERDAY        0.00          2.10 1953   0.19  -0.19     0.05
  MONTH TO DATE    1.32                      4.83  -3.51     4.25
  SINCE DEC 1     12.59                     15.02  -2.43    13.57
  SINCE JAN 1      8.69                      9.96  -1.27     7.49

SNOWFALL (IN)
  YESTERDAY        0.0           T    2010   0.0    0.0      0.0
  MONTH TO DATE    0.0                       0.0    0.0      0.0
  SINCE DEC 1      0.8                       0.3    0.5       T
  SINCE JUL 1      0.8                       0.3    0.5       T

DEGREE DAYS
 HEATING
  YESTERDAY        0                        14    -14       14
  MONTH TO DATE  155                       405   -250      330
  SINCE DEC 1    885                      1592   -707     1236
  SINCE JUL 1   1094                      2042   -948     1487

 COOLING
  YESTERDAY        2                         0      2        0
  MONTH TO DATE   15                         0     15        5
  SINCE DEC 1     57                         9     48       48
  SINCE JAN 1     39                         3     36        5
..................................................................


WIND (MPH)
  HIGHEST WIND SPEED    25   HIGHEST WIND DIRECTION     S (180)
  HIGHEST GUST SPEED    31   HIGHEST GUST DIRECTION     S (170)
  AVERAGE WIND SPEED     9.7


SKY COVER
  POSSIBLE SUNSHINE  MM
  AVERAGE SKY COVER 0.4


WEATHER CONDITIONS
 THE FOLLOWING WEATHER WAS RECORDED YESTERDAY.
  FOG
  FOG W/VISIBILITY <= 1/4 MILE


RELATIVE HUMIDITY (PERCENT)
 HIGHEST   100           300 AM
 LOWEST     48           500 PM
 AVERAGE    74

..........................................................


THE MERIDIAN CLIMATE NORMALS FOR TODAY
                         NORMAL    RECORD    YEAR
 MAXIMUM TEMPERATURE (F)   64        85      1918
 MINIMUM TEMPERATURE (F)   39        20      1967
                                             1947


SUNRISE AND SUNSET
FEBRUARY 25 2017......SUNRISE   627 AM CST   SUNSET   550 PM CST
FEBRUARY 26 2017......SUNRISE   626 AM CST   SUNSET   550 PM CST


-  INDICATES NEGATIVE NUMBERS.
R  INDICATES RECORD WAS SET OR TIED.
MM INDICATES DATA IS MISSING.
T  INDICATES TRACE AMOUNT.




$$
