000
CDUS44 KJAN 202107
CLIMEI


CLIMATE REPORT
NATIONAL WEATHER SERVICE JACKSON MS
406 PM CDT SAT SEP 20 2014


...................................

...THE MERIDIAN CLIMATE SUMMARY FOR SEPTEMBER 20 2014...
VALID TODAY AS OF 0400 PM LOCAL TIME.

CLIMATE NORMAL PERIOD 1981 TO 2010
CLIMATE RECORD PERIOD 1889 TO 2014


WEATHER ITEM   OBSERVED TIME   RECORD YEAR NORMAL DEPARTURE LAST
                VALUE   (LST)  VALUE       VALUE  FROM      YEAR
                                                  NORMAL
..................................................................
TEMPERATURE (F)
 TODAY
  MAXIMUM         88    259 PM  99    1925  86      2       89
  MINIMUM         66    347 AM  42    1889  62      4       67
  AVERAGE         77                        74      3       78

PRECIPITATION (IN)
  TODAY            0.00          2.43 2002   0.11  -0.11     0.70
  MONTH TO DATE    1.69                      2.27  -0.58     0.70
  SINCE SEP 1      1.69                      2.27  -0.58     0.70
  SINCE JAN 1     40.05                     41.23  -1.18    50.22

SNOWFALL (IN)
  TODAY            0.0           0.0  2002   0.0    0.0      0.0
                                      2001
  MONTH TO DATE    0.0                       0.0    0.0      0.0
  SINCE SEP 1      0.0                       0.0    0.0      0.0
  SINCE JUL 1      0.0                       0.0    0.0      0.0

DEGREE DAYS
 HEATING
  TODAY            0                         0      0        0
  MONTH TO DATE    0                         0      0        0
  SINCE SEP 1      0                         0      0        0
  SINCE JUL 1      0                         0      0        0

 COOLING
  TODAY           12                         9      3       13
  MONTH TO DATE  291                       232     59      281
  SINCE SEP 1    291                       232     59      281
  SINCE JAN 1   1884                      1852     32     1861
..................................................................


WIND (MPH)
  HIGHEST WIND SPEED    12   HIGHEST WIND DIRECTION    NE (40)
  HIGHEST GUST SPEED    16   HIGHEST GUST DIRECTION     E (70)
  AVERAGE WIND SPEED     4.8


SKY COVER
  POSSIBLE SUNSHINE  MM
  AVERAGE SKY COVER 0.1


WEATHER CONDITIONS
 THE FOLLOWING WEATHER WAS RECORDED TODAY.
  NO SIGNIFICANT WEATHER WAS OBSERVED.


RELATIVE HUMIDITY (PERCENT)
 HIGHEST    90          1200 AM
 LOWEST     51           100 PM
 AVERAGE    71

..........................................................


THE MERIDIAN CLIMATE NORMALS FOR TOMORROW
                         NORMAL    RECORD    YEAR
 MAXIMUM TEMPERATURE (F)   85        99      1925
 MINIMUM TEMPERATURE (F)   61        45      1899


SUNRISE AND SUNSET
SEPTEMBER 20 2014.....SUNRISE   642 AM CDT   SUNSET   654 PM CDT
SEPTEMBER 21 2014.....SUNRISE   643 AM CDT   SUNSET   653 PM CDT


-  INDICATES NEGATIVE NUMBERS.
R  INDICATES RECORD WAS SET OR TIED.
MM INDICATES DATA IS MISSING.
T  INDICATES TRACE AMOUNT.




$$
