000
CDUS44 KJAN 042121
CLIMEI


CLIMATE REPORT
NATIONAL WEATHER SERVICE JACKSON MS
419 PM CDT WED MAY 4 2016


...................................

...THE MERIDIAN CLIMATE SUMMARY FOR MAY 4 2016...
VALID TODAY AS OF 0400 PM LOCAL TIME.

CLIMATE NORMAL PERIOD 1981 TO 2010
CLIMATE RECORD PERIOD 1889 TO 2016


WEATHER ITEM   OBSERVED TIME   RECORD YEAR NORMAL DEPARTURE LAST
                VALUE   (LST)  VALUE       VALUE  FROM      YEAR
                                                  NORMAL
..................................................................
TEMPERATURE (F)
 TODAY
  MAXIMUM         77    252 PM  91    1959  81     -4       83
                                      1952
  MINIMUM         50    531 AM  38    2013  55     -5       51
                                      1971
                                      1970
  AVERAGE         64                        68     -4       67

PRECIPITATION (IN)
  TODAY            0.00          2.92 1944   0.15  -0.15     0.00
  MONTH TO DATE    0.64                      0.59   0.05     0.00
  SINCE MAR 1     17.17                     10.79   6.38    10.06
  SINCE JAN 1     24.66                     21.52   3.14    20.90

SNOWFALL (IN)
  TODAY            0.0           0.0    MM   0.0    0.0      0.0
  MONTH TO DATE    0.0                       0.0    0.0      0.0
  SINCE MAR 1      0.0                       0.3   -0.3       T
  SINCE JUL 1      T                         0.6   -0.6       T

DEGREE DAYS
 HEATING
  TODAY            1                         1      0        0
  MONTH TO DATE    1                         5     -4        6
  SINCE MAR 1    246                       442   -196      263
  SINCE JUL 1   1808                      2539   -731     2504

 COOLING
  TODAY            0                         4     -4        2
  MONTH TO DATE   12                        15     -3        2
  SINCE MAR 1    108                        91     17      142
  SINCE JAN 1    113                        98     15      142
..................................................................


WIND (MPH)
  HIGHEST WIND SPEED    18   HIGHEST WIND DIRECTION    NW (300)
  HIGHEST GUST SPEED    26   HIGHEST GUST DIRECTION    NW (320)
  AVERAGE WIND SPEED     5.5


SKY COVER
  POSSIBLE SUNSHINE  MM
  AVERAGE SKY COVER 0.1


WEATHER CONDITIONS
 THE FOLLOWING WEATHER WAS RECORDED TODAY.
  NO SIGNIFICANT WEATHER WAS OBSERVED.


RELATIVE HUMIDITY (PERCENT)
 HIGHEST    93           300 AM
 LOWEST     35          1100 AM
 AVERAGE    64

..........................................................


THE MERIDIAN CLIMATE NORMALS FOR TOMORROW
                         NORMAL    RECORD    YEAR
 MAXIMUM TEMPERATURE (F)   81        94      1952
 MINIMUM TEMPERATURE (F)   55        39      2011


SUNRISE AND SUNSET
MAY  4 2016...........SUNRISE   605 AM CDT   SUNSET   739 PM CDT
MAY  5 2016...........SUNRISE   604 AM CDT   SUNSET   739 PM CDT


-  INDICATES NEGATIVE NUMBERS.
R  INDICATES RECORD WAS SET OR TIED.
MM INDICATES DATA IS MISSING.
T  INDICATES TRACE AMOUNT.




$$
