000
CDUS44 KJAN 030642
CLIMEI


CLIMATE REPORT
NATIONAL WEATHER SERVICE JACKSON MS
1241 AM CST SAT DEC 3 2016


...................................

...THE MERIDIAN CLIMATE SUMMARY FOR DECEMBER 2 2016...

CLIMATE NORMAL PERIOD 1981 TO 2010
CLIMATE RECORD PERIOD 1889 TO 2016


WEATHER ITEM   OBSERVED TIME   RECORD YEAR NORMAL DEPARTURE LAST
                VALUE   (LST)  VALUE       VALUE  FROM      YEAR
                                                  NORMAL
..................................................................
TEMPERATURE (F)
 YESTERDAY
  MAXIMUM         65    117 PM  81    1982  62      3       56
  MINIMUM         32    653 AM  21    1960  38     -6       44
  AVERAGE         49                        50     -1       50

PRECIPITATION (IN)
  YESTERDAY        0.00          3.04 1991   0.19  -0.19     0.08
  MONTH TO DATE    0.00                      0.38  -0.38     1.26
  SINCE DEC 1      0.00                      0.38  -0.38     1.26
  SINCE JAN 1     41.83                     51.48  -9.65    54.40

SNOWFALL (IN)
  YESTERDAY        0.0           0.0  2001   0.0    0.0      0.0
  MONTH TO DATE    0.0                       0.0    0.0      0.0
  SINCE DEC 1      0.0                       0.0    0.0      0.0
  SINCE JUL 1      0.0                       0.0    0.0      0.0

DEGREE DAYS
 HEATING
  YESTERDAY       16                        15      1       15
  MONTH TO DATE   32                        30      2       18
  SINCE DEC 1     32                        30      2       18
  SINCE JUL 1    241                       480   -239      269

 COOLING
  YESTERDAY        0                         0      0        0
  MONTH TO DATE    0                         0      0        0
  SINCE DEC 1      0                         0      0        0
  SINCE JAN 1   2856                      2029    827     2295
..................................................................


WIND (MPH)
  HIGHEST WIND SPEED    14   HIGHEST WIND DIRECTION    NE (40)
  HIGHEST GUST SPEED    18   HIGHEST GUST DIRECTION    NE (40)
  AVERAGE WIND SPEED     3.8


SKY COVER
  POSSIBLE SUNSHINE  MM
  AVERAGE SKY COVER 0.0


WEATHER CONDITIONS
 THE FOLLOWING WEATHER WAS RECORDED YESTERDAY.
  HAZE


RELATIVE HUMIDITY (PERCENT)
 HIGHEST    89          1200 AM
 LOWEST     21          1200 PM
 AVERAGE    55

..........................................................


THE MERIDIAN CLIMATE NORMALS FOR TODAY
                         NORMAL    RECORD    YEAR
 MAXIMUM TEMPERATURE (F)   62        82      1982
                                             1978
 MINIMUM TEMPERATURE (F)   38        18      1929


SUNRISE AND SUNSET
DECEMBER  3 2016......SUNRISE   640 AM CST   SUNSET   450 PM CST
DECEMBER  4 2016......SUNRISE   641 AM CST   SUNSET   450 PM CST


-  INDICATES NEGATIVE NUMBERS.
R  INDICATES RECORD WAS SET OR TIED.
MM INDICATES DATA IS MISSING.
T  INDICATES TRACE AMOUNT.




$$
