000
CDUS44 KJAN 310719
CLIMEI


CLIMATE REPORT
NATIONAL WEATHER SERVICE JACKSON MS
218 AM CDT MON AUG 31 2015


...................................

...THE MERIDIAN CLIMATE SUMMARY FOR AUGUST 30 2015...

CLIMATE NORMAL PERIOD 1981 TO 2010
CLIMATE RECORD PERIOD 1889 TO 2015


WEATHER ITEM   OBSERVED TIME   RECORD YEAR NORMAL DEPARTURE LAST
                VALUE   (LST)  VALUE       VALUE  FROM      YEAR
                                                  NORMAL
..................................................................
TEMPERATURE (F)
 YESTERDAY
  MAXIMUM         89    147 PM 104    2000  91     -2       92
  MINIMUM         72   1159 PM  50    1891  68      4       72
  AVERAGE         81                        79      2       82

PRECIPITATION (IN)
  YESTERDAY        0.90          3.17 2012   0.11   0.79     0.61
  MONTH TO DATE    4.10                      3.88   0.22     2.30
  SINCE JUN 1     12.64                     13.42  -0.78     6.64
  SINCE JAN 1     35.70                     38.85  -3.15    38.36

SNOWFALL (IN)
  YESTERDAY        0.0           0.0  2002   0.0    0.0      0.0
                                      2001
  MONTH TO DATE    0.0                       0.0    0.0      0.0
  SINCE JUN 1      0.0                       0.0    0.0      0.0
  SINCE JUL 1      0.0                       0.0    0.0      0.0

DEGREE DAYS
 HEATING
  YESTERDAY        0                         0      0        0
  MONTH TO DATE    0                         0      0        0
  SINCE JUN 1      0                         0      0        0
  SINCE JUL 1      0                         0      0        0

 COOLING
  YESTERDAY       16                        14      2       17
  MONTH TO DATE  482                       461     21      470
  SINCE JUN 1   1445                      1325    120     1305
  SINCE JAN 1   1810                      1608    202     1575
..................................................................


WIND (MPH)
  HIGHEST WIND SPEED    22   HIGHEST WIND DIRECTION     E (110)
  HIGHEST GUST SPEED    29   HIGHEST GUST DIRECTION     E (110)
  AVERAGE WIND SPEED     4.8


SKY COVER
  POSSIBLE SUNSHINE  MM
  AVERAGE SKY COVER 0.3


WEATHER CONDITIONS
 THE FOLLOWING WEATHER WAS RECORDED YESTERDAY.
  THUNDERSTORM
  HEAVY RAIN
  LIGHT RAIN
  FOG


RELATIVE HUMIDITY (PERCENT)
 HIGHEST    90           500 AM
 LOWEST     50          1200 PM
 AVERAGE    70

..........................................................


THE MERIDIAN CLIMATE NORMALS FOR TODAY
                         NORMAL    RECORD    YEAR
 MAXIMUM TEMPERATURE (F)   90       104      1951
 MINIMUM TEMPERATURE (F)   68        55      1968


SUNRISE AND SUNSET
AUGUST 31 2015........SUNRISE   629 AM CDT   SUNSET   721 PM CDT
SEPTEMBER  1 2015.....SUNRISE   630 AM CDT   SUNSET   720 PM CDT


-  INDICATES NEGATIVE NUMBERS.
R  INDICATES RECORD WAS SET OR TIED.
MM INDICATES DATA IS MISSING.
T  INDICATES TRACE AMOUNT.




$$
