000
CDUS44 KJAN 212119
CLIMEI


CLIMATE REPORT
NATIONAL WEATHER SERVICE JACKSON MS
418 PM CDT TUE OCT 21 2014


...................................

...THE MERIDIAN CLIMATE SUMMARY FOR OCTOBER 21 2014...
VALID TODAY AS OF 0400 PM LOCAL TIME.

CLIMATE NORMAL PERIOD 1981 TO 2010
CLIMATE RECORD PERIOD 1889 TO 2014


WEATHER ITEM   OBSERVED TIME   RECORD YEAR NORMAL DEPARTURE LAST
                VALUE   (LST)  VALUE       VALUE  FROM      YEAR
                                                  NORMAL
..................................................................
TEMPERATURE (F)
 TODAY
  MAXIMUM         79    225 PM  88    2004  76      3       68
                                      1963
                                      1941
  MINIMUM         45    612 AM  29    1976  49     -4       41
  AVERAGE         62                        62      0       55

PRECIPITATION (IN)
  TODAY            0.00          5.34 1984   0.13  -0.13     0.00
  MONTH TO DATE    2.29                      2.48  -0.19     2.30
  SINCE SEP 1      3.98                      5.91  -1.93     5.03
  SINCE JAN 1     42.34                     44.87  -2.53    54.55

SNOWFALL (IN)
  TODAY            0.0           0.0  2002   0.0    0.0      0.0
                                      2001
  MONTH TO DATE    0.0                       0.0    0.0      0.0
  SINCE SEP 1      0.0                       0.0    0.0      0.0
  SINCE JUL 1      0.0                       0.0    0.0      0.0

DEGREE DAYS
 HEATING
  TODAY            3                         5     -2       10
  MONTH TO DATE   38                        57    -19       32
  SINCE SEP 1     38                        64    -26       32
  SINCE JUL 1     38                        64    -26       32

 COOLING
  TODAY            0                         2     -2        0
  MONTH TO DATE  111                        74     37      106
  SINCE SEP 1    480                       377    103      446
  SINCE JAN 1   2073                      1997     76     2026
..................................................................


WIND (MPH)
  HIGHEST WIND SPEED    12   HIGHEST WIND DIRECTION     N (20)
  HIGHEST GUST SPEED    15   HIGHEST GUST DIRECTION     N (360)
  AVERAGE WIND SPEED     2.0


SKY COVER
  POSSIBLE SUNSHINE  MM
  AVERAGE SKY COVER 0.0


WEATHER CONDITIONS
 THE FOLLOWING WEATHER WAS RECORDED TODAY.
  NO SIGNIFICANT WEATHER WAS OBSERVED.


RELATIVE HUMIDITY (PERCENT)
 HIGHEST   100           200 AM
 LOWEST     42           200 PM
 AVERAGE    71

..........................................................


THE MERIDIAN CLIMATE NORMALS FOR TOMORROW
                         NORMAL    RECORD    YEAR
 MAXIMUM TEMPERATURE (F)   75        90      1963
                                             1941
                                             1939
 MINIMUM TEMPERATURE (F)   49        29      1987


SUNRISE AND SUNSET
OCTOBER 21 2014.......SUNRISE   703 AM CDT   SUNSET   616 PM CDT
OCTOBER 22 2014.......SUNRISE   704 AM CDT   SUNSET   614 PM CDT


-  INDICATES NEGATIVE NUMBERS.
R  INDICATES RECORD WAS SET OR TIED.
MM INDICATES DATA IS MISSING.
T  INDICATES TRACE AMOUNT.




$$
