000
CDUS44 KJAN 240632
CLIMEI


CLIMATE REPORT
NATIONAL WEATHER SERVICE JACKSON MS
1229 AM CST SAT FEB 24 2018


...................................

...THE MERIDIAN CLIMATE SUMMARY FOR FEBRUARY 23 2018...

CLIMATE NORMAL PERIOD 1981 TO 2010
CLIMATE RECORD PERIOD 1889 TO 2018


WEATHER ITEM   OBSERVED TIME   RECORD YEAR NORMAL DEPARTURE LAST
                VALUE   (LST)  VALUE       VALUE  FROM      YEAR
                                                  NORMAL
..................................................................
TEMPERATURE (F)
 YESTERDAY
  MAXIMUM         81    125 PM  85    1982  63     18       79
  MINIMUM         63    646 AM  16    1964  38     25       49
  AVERAGE         72                        51     21       64

PRECIPITATION (IN)
  YESTERDAY        0.10          2.71 1979   0.20  -0.10     0.00
  MONTH TO DATE    6.54                      4.64   1.90     1.32
  SINCE DEC 1     13.11                     14.83  -1.72    12.59
  SINCE JAN 1      9.02                      9.77  -0.75     8.69

SNOWFALL (IN)
  YESTERDAY        0.0           0.0  2002   0.0    0.0      0.0
                                      2001
  MONTH TO DATE    0.0                       0.0    0.0      0.0
  SINCE DEC 1      5.3                       0.3    5.0      0.8
  SINCE JUL 1      5.3                       0.3    5.0      0.8

DEGREE DAYS
 HEATING
  YESTERDAY        0                        14    -14        1
  MONTH TO DATE  181                       391   -210      155
  SINCE DEC 1   1400                      1578   -178      885
  SINCE JUL 1   1741                      2028   -287     1094

 COOLING
  YESTERDAY        7                         0      7        0
  MONTH TO DATE   51                         0     51       13
  SINCE DEC 1     56                         9     47       55
  SINCE JAN 1     53                         3     50       37
..................................................................


WIND (MPH)
  HIGHEST WIND SPEED    16   HIGHEST WIND DIRECTION     S (180)
  HIGHEST GUST SPEED    19   HIGHEST GUST DIRECTION     S (190)
  AVERAGE WIND SPEED     6.6


SKY COVER
  POSSIBLE SUNSHINE  MM
  AVERAGE SKY COVER 0.7


WEATHER CONDITIONS
 THE FOLLOWING WEATHER WAS RECORDED YESTERDAY.
  RAIN
  LIGHT RAIN
  FOG


RELATIVE HUMIDITY (PERCENT)
 HIGHEST   100           300 AM
 LOWEST     54          1200 PM
 AVERAGE    77

..........................................................


THE MERIDIAN CLIMATE NORMALS FOR TODAY
                         NORMAL    RECORD    YEAR
 MAXIMUM TEMPERATURE (F)   63        82      2017
 MINIMUM TEMPERATURE (F)   38        18      1989
                                             1968
                                             1901


SUNRISE AND SUNSET
FEBRUARY 24 2018......SUNRISE   628 AM CST   SUNSET   549 PM CST
FEBRUARY 25 2018......SUNRISE   627 AM CST   SUNSET   549 PM CST


-  INDICATES NEGATIVE NUMBERS.
R  INDICATES RECORD WAS SET OR TIED.
MM INDICATES DATA IS MISSING.
T  INDICATES TRACE AMOUNT.




$$
