000
CDUS44 KMEG 290643
CLIMEM


CLIMATE REPORT
NATIONAL WEATHER SERVICE MEMPHIS TN
143 AM CDT WED JUL 29 2015


...................................

...THE MEMPHIS CLIMATE SUMMARY FOR JULY 28 2015...

CLIMATE NORMAL PERIOD 1981 TO 2010
CLIMATE RECORD PERIOD 1872 TO 2015


WEATHER ITEM   OBSERVED TIME   RECORD YEAR NORMAL DEPARTURE LAST
                VALUE   (LST)  VALUE       VALUE  FROM      YEAR
                                                  NORMAL
..................................................................
TEMPERATURE (F)
 YESTERDAY
  MAXIMUM         98    220 PM 106    1952  92      6       86
                                      1930
  MINIMUM         81    550 AM  65    2004  74      7       73
                                      1920
                                      1891
  AVERAGE         90                        83      7       80

PRECIPITATION (IN)
  YESTERDAY        0.00          1.94 1998   0.14  -0.14     0.00
  MONTH TO DATE    5.17                      4.18   0.99     2.55
  SINCE JUN 1      9.64                      7.81   1.83    15.95
  SINCE JAN 1     29.86                     32.09  -2.23    41.91

SNOWFALL (IN)
  YESTERDAY        0.0          MM      MM   0.0    0.0      0.0
  MONTH TO DATE    0.0                       0.0    0.0      0.0
  SINCE JUN 1      0.0                       0.0    0.0      0.0
  SINCE JUL 1      0.0                       0.0    0.0      0.0
  SNOW DEPTH       0

DEGREE DAYS
 HEATING
  YESTERDAY        0                         0      0        0
  MONTH TO DATE    0                         0      0        0
  SINCE JUN 1      0                         0      0        0
  SINCE JUL 1      0                         0      0        0

 COOLING
  YESTERDAY       25                        18      7       15
  MONTH TO DATE  549                       500     49      378
  SINCE JUN 1   1026                       938     88      815
  SINCE JAN 1   1380                      1259    121     1126
..................................................................


WIND (MPH)
  HIGHEST WIND SPEED    10   HIGHEST WIND DIRECTION    SW (240)
  HIGHEST GUST SPEED    18   HIGHEST GUST DIRECTION     W (270)
  AVERAGE WIND SPEED     4.5


SKY COVER
  POSSIBLE SUNSHINE  MM
  AVERAGE SKY COVER 0.2


WEATHER CONDITIONS
 THE FOLLOWING WEATHER WAS RECORDED YESTERDAY.
  NO SIGNIFICANT WEATHER WAS OBSERVED.


RELATIVE HUMIDITY (PERCENT)
 HIGHEST    85           200 AM
 LOWEST     48           100 PM
 AVERAGE    67

..........................................................


THE MEMPHIS CLIMATE NORMALS FOR TODAY
                         NORMAL    RECORD    YEAR
 MAXIMUM TEMPERATURE (F)   92       104      1986
                                             1952
 MINIMUM TEMPERATURE (F)   74        64      2014


SUNRISE AND SUNSET
JULY 29 2015..........SUNRISE   607 AM CDT   SUNSET   806 PM CDT
JULY 30 2015..........SUNRISE   608 AM CDT   SUNSET   805 PM CDT


-  INDICATES NEGATIVE NUMBERS.
R  INDICATES RECORD WAS SET OR TIED.
MM INDICATES DATA IS MISSING.
T  INDICATES TRACE AMOUNT.




$$
