000
CDUS44 KMEG 242149
CLIMEM


CLIMATE REPORT
NATIONAL WEATHER SERVICE MEMPHIS TN
448 PM CDT WED AUG 24 2016


...................................

...THE MEMPHIS CLIMATE SUMMARY FOR AUGUST 24 2016...
VALID TODAY AS OF 0400 PM LOCAL TIME.

CLIMATE NORMAL PERIOD 1981 TO 2010
CLIMATE RECORD PERIOD 1872 TO 2016


WEATHER ITEM   OBSERVED TIME   RECORD YEAR NORMAL DEPARTURE LAST
                VALUE   (LST)  VALUE       VALUE  FROM      YEAR
                                                  NORMAL
..................................................................
TEMPERATURE (F)
 TODAY
  MAXIMUM         95    325 PM 100    2014  91      4       83
                                      2007
                                      1983
  MINIMUM         78    603 AM  53    1891  72      6       68
  AVERAGE         87                        82      5       76

PRECIPITATION (IN)
  TODAY            0.00          2.85 1979   0.07  -0.07     0.00
  MONTH TO DATE    4.12                      2.35   1.77     4.11
  SINCE JUN 1     13.31                     10.57   2.74    13.75
  SINCE JAN 1     48.40                     34.85  13.55    33.97

SNOWFALL (IN)
  TODAY            0.0

DEGREE DAYS
 HEATING
  TODAY            0                         0      0        0
  MONTH TO DATE    0                         0      0        0
  SINCE JUN 1      0                         0      0        0
  SINCE JUL 1      0                         0      0        0

 COOLING
  TODAY           22                        16      6       11
  MONTH TO DATE  466                       419     47      406
  SINCE JUN 1   1647                      1406    241     1496
  SINCE JAN 1   1952                      1727    225     1850
..................................................................


WIND (MPH)
  HIGHEST WIND SPEED    15   HIGHEST WIND DIRECTION     S (200)
  HIGHEST GUST SPEED    25   HIGHEST GUST DIRECTION     W (250)
  AVERAGE WIND SPEED     7.3


SKY COVER
  POSSIBLE SUNSHINE  MM
  AVERAGE SKY COVER 0.3


WEATHER CONDITIONS
 THE FOLLOWING WEATHER WAS RECORDED TODAY.
  NO SIGNIFICANT WEATHER WAS OBSERVED.


RELATIVE HUMIDITY (PERCENT)
 HIGHEST    85           100 AM
 LOWEST     52           100 PM
 AVERAGE    69

..........................................................


THE MEMPHIS CLIMATE NORMALS FOR TOMORROW
                         NORMAL    RECORD    YEAR
 MAXIMUM TEMPERATURE (F)   91       101      1943
 MINIMUM TEMPERATURE (F)   72        56      1891


SUNRISE AND SUNSET
AUGUST 24 2016........SUNRISE   627 AM CDT   SUNSET   737 PM CDT
AUGUST 25 2016........SUNRISE   628 AM CDT   SUNSET   735 PM CDT


-  INDICATES NEGATIVE NUMBERS.
R  INDICATES RECORD WAS SET OR TIED.
MM INDICATES DATA IS MISSING.
T  INDICATES TRACE AMOUNT.




$$
