000
CDUS44 KMEG 282152
CLIMEM


CLIMATE REPORT
NATIONAL WEATHER SERVICE MEMPHIS TN
451 PM CDT FRI APR 28 2017


...................................

...THE MEMPHIS CLIMATE SUMMARY FOR APRIL 28 2017...
VALID TODAY AS OF 0400 PM LOCAL TIME.

CLIMATE NORMAL PERIOD 1981 TO 2010
CLIMATE RECORD PERIOD 1872 TO 2017


WEATHER ITEM   OBSERVED TIME   RECORD YEAR NORMAL DEPARTURE LAST
                VALUE   (LST)  VALUE       VALUE  FROM      YEAR
                                                  NORMAL
..................................................................
TEMPERATURE (F)
 TODAY
  MAXIMUM         85    246 PM  87    2002  76      9       85
                                      1981
                                      1899
  MINIMUM         56    134 AM  39    1992  57     -1       65
  AVERAGE         71                        67      4       75

PRECIPITATION (IN)
  TODAY            0.00          2.58 1991   0.18  -0.18     0.00
  MONTH TO DATE    3.95                      5.13  -1.18     3.80
  SINCE MAR 1      7.56                     10.29  -2.73    20.00
  SINCE JAN 1     13.22                     18.66  -5.44    27.85

SNOWFALL (IN)
  TODAY            0.0

DEGREE DAYS
 HEATING
  TODAY            0                         2     -2        0
  MONTH TO DATE   57                       133    -76       80
  SINCE MAR 1    337                       491   -154      293
  SINCE JUL 1   2036                      2941   -905     2164

 COOLING
  TODAY            6                         4      2       10
  MONTH TO DATE   98                        68     30       74
  SINCE MAR 1    136                        85     51       95
  SINCE JAN 1    158                        88     70       98
..................................................................


WIND (MPH)
  HIGHEST WIND SPEED    24   HIGHEST WIND DIRECTION     S (190)
  HIGHEST GUST SPEED    34   HIGHEST GUST DIRECTION     S (200)
  AVERAGE WIND SPEED     9.4


SKY COVER
  POSSIBLE SUNSHINE  MM
  AVERAGE SKY COVER 0.6


WEATHER CONDITIONS
 THE FOLLOWING WEATHER WAS RECORDED TODAY.
  NO SIGNIFICANT WEATHER WAS OBSERVED.


RELATIVE HUMIDITY (PERCENT)
 HIGHEST    86           200 AM
 LOWEST     65           300 PM
 AVERAGE    76

..........................................................


THE MEMPHIS CLIMATE NORMALS FOR TOMORROW
                         NORMAL    RECORD    YEAR
 MAXIMUM TEMPERATURE (F)   77        91      1952
 MINIMUM TEMPERATURE (F)   57        39      1908


SUNRISE AND SUNSET
APRIL 28 2017.........SUNRISE   612 AM CDT   SUNSET   743 PM CDT
APRIL 29 2017.........SUNRISE   611 AM CDT   SUNSET   744 PM CDT


-  INDICATES NEGATIVE NUMBERS.
R  INDICATES RECORD WAS SET OR TIED.
MM INDICATES DATA IS MISSING.
T  INDICATES TRACE AMOUNT.




$$
