000
CDUS44 KMEG 180636
CLIMEM


CLIMATE REPORT
NATIONAL WEATHER SERVICE MEMPHIS TN
136 AM CDT WED OCT 18 2017


...................................

...THE MEMPHIS CLIMATE SUMMARY FOR OCTOBER 17 2017...

CLIMATE NORMAL PERIOD 1981 TO 2010
CLIMATE RECORD PERIOD 1872 TO 2017


WEATHER ITEM   OBSERVED TIME   RECORD YEAR NORMAL DEPARTURE LAST
                VALUE   (LST)  VALUE       VALUE  FROM      YEAR
                                                  NORMAL
..................................................................
TEMPERATURE (F)
 YESTERDAY
  MAXIMUM         71    334 PM  88    1953  74     -3       87
                                      1947
                                      1938
  MINIMUM         45    611 AM  30    1943  53     -8       67
  AVERAGE         58                        64     -6       77

PRECIPITATION (IN)
  YESTERDAY        0.00          3.40 1981   0.13  -0.13     0.00
  MONTH TO DATE    2.55                      2.05   0.50     1.18
  SINCE SEP 1      4.16                      5.14  -0.98     1.85
  SINCE JAN 1     40.82                     40.52   0.30    51.66

SNOWFALL (IN)
  YESTERDAY        0.0           0.0  2002   0.0    0.0      0.0
                                      2001
  MONTH TO DATE    0.0                       0.0    0.0      0.0
  SINCE SEP 1      0.0                       0.0    0.0      0.0
  SINCE JUL 1      0.0                       0.0    0.0      0.0
  SNOW DEPTH       0

DEGREE DAYS
 HEATING
  YESTERDAY        7                         4      3        0
  MONTH TO DATE   18                        42    -24        2
  SINCE SEP 1     21                        53    -32        2
  SINCE JUL 1     21                        53    -32        2

 COOLING
  YESTERDAY        0                         3     -3       12
  MONTH TO DATE  135                        67     68      124
  SINCE SEP 1    456                       383     73      594
  SINCE JAN 1   2272                      2218     54     2695
..................................................................


WIND (MPH)
  HIGHEST WIND SPEED    10   HIGHEST WIND DIRECTION     E (100)
  HIGHEST GUST SPEED    14   HIGHEST GUST DIRECTION    NE (60)
  AVERAGE WIND SPEED     2.9


SKY COVER
  POSSIBLE SUNSHINE  MM
  AVERAGE SKY COVER 0.2


WEATHER CONDITIONS
 THE FOLLOWING WEATHER WAS RECORDED YESTERDAY.
  NO SIGNIFICANT WEATHER WAS OBSERVED.


RELATIVE HUMIDITY (PERCENT)
 HIGHEST    83          1000 PM
 LOWEST     36           300 PM
 AVERAGE    60

..........................................................


THE MEMPHIS CLIMATE NORMALS FOR TODAY
                         NORMAL    RECORD    YEAR
 MAXIMUM TEMPERATURE (F)   74        90      2007
 MINIMUM TEMPERATURE (F)   53        29      1948


SUNRISE AND SUNSET
OCTOBER 18 2017.......SUNRISE   709 AM CDT   SUNSET   621 PM CDT
OCTOBER 19 2017.......SUNRISE   710 AM CDT   SUNSET   620 PM CDT


-  INDICATES NEGATIVE NUMBERS.
R  INDICATES RECORD WAS SET OR TIED.
MM INDICATES DATA IS MISSING.
T  INDICATES TRACE AMOUNT.




$$
