895
CDUS44 KMEG 030639
CLIMEM


CLIMATE REPORT
NATIONAL WEATHER SERVICE MEMPHIS TN
139 AM CDT TUE MAY 3 2016


...................................

...THE MEMPHIS CLIMATE SUMMARY FOR MAY 2 2016...

CLIMATE NORMAL PERIOD 1981 TO 2010
CLIMATE RECORD PERIOD 1872 TO 2016


WEATHER ITEM   OBSERVED TIME   RECORD YEAR NORMAL DEPARTURE LAST
                VALUE   (LST)  VALUE       VALUE  FROM      YEAR
                                                  NORMAL
..................................................................
TEMPERATURE (F)
 YESTERDAY
  MAXIMUM         72    132 AM  90    2012  77     -5       79
                                      1952
  MINIMUM         57    729 AM  43    1994  58     -1       51
                                      1961
  AVERAGE         65                        68     -3       65

PRECIPITATION (IN)
  YESTERDAY        0.30          3.05 2011   0.18   0.12     0.00
  MONTH TO DATE    0.32                      0.37  -0.05     0.00
  SINCE MAR 1     22.49                     11.03  11.46     8.55
  SINCE JAN 1     30.34                     19.40  10.94    14.20

SNOWFALL (IN)
  YESTERDAY        0.0          MM      MM   0.0    0.0      0.0
  MONTH TO DATE    0.0                       0.0    0.0      0.0
  SINCE MAR 1      0.0                       0.4   -0.4      3.6
  SINCE JUL 1      0.3                       3.8   -3.5      6.1
  SNOW DEPTH       0

DEGREE DAYS
 HEATING
  YESTERDAY        0                         1     -1        0
  MONTH TO DATE    0                         3     -3        3
  SINCE MAR 1    293                       498   -205      451
  SINCE JUL 1   2164                      2948   -784     3174

 COOLING
  YESTERDAY        0                         4     -4        0
  MONTH TO DATE    9                         8      1        0
  SINCE MAR 1    113                       100     13       90
  SINCE JAN 1    116                       103     13       90
..................................................................


WIND (MPH)
  HIGHEST WIND SPEED    21   HIGHEST WIND DIRECTION    NE (30)
  HIGHEST GUST SPEED    25   HIGHEST GUST DIRECTION    NE (30)
  AVERAGE WIND SPEED     7.1


SKY COVER
  POSSIBLE SUNSHINE  MM
  AVERAGE SKY COVER 0.9


WEATHER CONDITIONS
 THE FOLLOWING WEATHER WAS RECORDED YESTERDAY.
  THUNDERSTORM
  HEAVY RAIN
  RAIN
  LIGHT RAIN
  FOG


RELATIVE HUMIDITY (PERCENT)
 HIGHEST    93           900 AM
 LOWEST     56           500 AM
 AVERAGE    75

..........................................................


THE MEMPHIS CLIMATE NORMALS FOR TODAY
                         NORMAL    RECORD    YEAR
 MAXIMUM TEMPERATURE (F)   78        91      1952
 MINIMUM TEMPERATURE (F)   58        37      2013


SUNRISE AND SUNSET
MAY  3 2016...........SUNRISE   606 AM CDT   SUNSET   748 PM CDT
MAY  4 2016...........SUNRISE   605 AM CDT   SUNSET   748 PM CDT


-  INDICATES NEGATIVE NUMBERS.
R  INDICATES RECORD WAS SET OR TIED.
MM INDICATES DATA IS MISSING.
T  INDICATES TRACE AMOUNT.




$$
