000
CDUS41 KCLE 202223
CLIMFD


CLIMATE REPORT
NATIONAL WEATHER SERVICE CLEVELAND OH
515 PM EST TUE FEB 20 2018


...................................

...THE MANSFIELD OH CLIMATE SUMMARY FOR FEBRUARY 20 2018...
VALID TODAY AS OF 0500 PM LOCAL TIME.

CLIMATE NORMAL PERIOD 1981 TO 2010
CLIMATE RECORD PERIOD 1916 TO 2018


WEATHER ITEM   OBSERVED TIME   RECORD YEAR NORMAL DEPARTURE LAST
                VALUE   (LST)  VALUE       VALUE  FROM      YEAR
                                                  NORMAL
..................................................................
TEMPERATURE (F)
 TODAY
  MAXIMUM         72R   414 PM  66    2016  37     35       61
                                      1930
  MINIMUM         60    252 AM -12    1936  21     39       36
  AVERAGE         66                        29     37       49

PRECIPITATION (IN)
  TODAY            0.00                      0.08  -0.08     0.00
  MONTH TO DATE    2.64                      1.68   0.96     1.24
  SINCE DEC 1      7.00                      7.84  -0.84    10.29
  SINCE JAN 1      5.15                      4.55   0.60     7.15

SNOWFALL (IN)
  TODAY            0.0                       0.4   -0.4      0.0
  MONTH TO DATE    8.1                       8.1    0.0      3.8
  SINCE DEC 1     29.9                      31.9   -2.0     21.4
  SINCE JUL 1     30.0                      34.6   -4.6     21.6
  SNOW DEPTH       0

DEGREE DAYS
 HEATING
  TODAY            0                        36    -36       16
  MONTH TO DATE  681                       751    -70      572
  SINCE DEC 1   3082                      3070     12     2674
  SINCE JUL 1   4164                      4351   -187     3551

 COOLING
  TODAY            1                         0      1        0
  MONTH TO DATE    1                         0      1        0
  SINCE DEC 1      1                         0      1        0
  SINCE JAN 1      1                         0      1        0
..................................................................


WIND (MPH)
  HIGHEST WIND SPEED    38   HIGHEST WIND DIRECTION     S (200)
  HIGHEST GUST SPEED    50   HIGHEST GUST DIRECTION     S (180)


SKY COVER
  POSSIBLE SUNSHINE  MM
  AVERAGE SKY COVER 0.5


WEATHER CONDITIONS
 THE FOLLOWING WEATHER WAS RECORDED TODAY.
  NO SIGNIFICANT WEATHER WAS OBSERVED.


RELATIVE HUMIDITY (PERCENT)
 HIGHEST    78          1200 AM
 LOWEST     57           500 PM
 AVERAGE    68

..........................................................


THE MANSFIELD OH CLIMATE NORMALS FOR TOMORROW
                         NORMAL    RECORD    YEAR
 MAXIMUM TEMPERATURE (F)   38        68      1930
 MINIMUM TEMPERATURE (F)   22        -5      1963


SUNRISE AND SUNSET
FEBRUARY 20 2018......SUNRISE   717 AM EST   SUNSET   611 PM EST
FEBRUARY 21 2018......SUNRISE   716 AM EST   SUNSET   612 PM EST


-  INDICATES NEGATIVE NUMBERS.
R  INDICATES RECORD WAS SET OR TIED.
MM INDICATES DATA IS MISSING.
T  INDICATES TRACE AMOUNT.




$$
