000
CDUS41 KCLE 070533
CLIMFD


CLIMATE REPORT
NATIONAL WEATHER SERVICE CLEVELAND OH
1231 AM EST WED DEC 7 2016


...................................

...THE MANSFIELD OH CLIMATE SUMMARY FOR DECEMBER 6 2016...

CLIMATE NORMAL PERIOD 1981 TO 2010
CLIMATE RECORD PERIOD 1916 TO 2016


WEATHER ITEM   OBSERVED TIME   RECORD YEAR NORMAL DEPARTURE LAST
                VALUE   (LST)  VALUE       VALUE  FROM      YEAR
                                                  NORMAL
..................................................................
TEMPERATURE (F)
 YESTERDAY
  MAXIMUM         38    735 PM  67    1998  40     -2       50
                                      1956
  MINIMUM         29    211 AM   0    1977  26      3       25
  AVERAGE         34                        33      1       38

PRECIPITATION (IN)
  YESTERDAY        0.46                      0.11   0.35     0.00
  MONTH TO DATE    0.55                      0.66  -0.11     0.11
  SINCE DEC 1      0.55                      0.66  -0.11     0.11
  SINCE JAN 1     32.65                     41.56  -8.91    35.46

SNOWFALL (IN)
  YESTERDAY        0.0                       0.2   -0.2      0.0
  MONTH TO DATE    0.3                       1.4   -1.1       T
  SINCE DEC 1      0.3                       1.4   -1.1       T
  SINCE JUL 1      0.5                       4.1   -3.6       T
  SNOW DEPTH       0

DEGREE DAYS
 HEATING
  YESTERDAY       31                        32     -1       27
  MONTH TO DATE  183                       188     -5      162
  SINCE DEC 1    183                       188     -5      162
  SINCE JUL 1   1060                      1469   -409     1102

 COOLING
  YESTERDAY        0                         0      0        0
  MONTH TO DATE    0                         0      0        0
  SINCE DEC 1      0                         0      0        0
  SINCE JAN 1   1084                       632    452      778
..................................................................


WIND (MPH)
  HIGHEST WIND SPEED    21   HIGHEST WIND DIRECTION     S (180)
  HIGHEST GUST SPEED    28   HIGHEST GUST DIRECTION     W (270)
  AVERAGE WIND SPEED     9.8


SKY COVER
  POSSIBLE SUNSHINE  MM
  AVERAGE SKY COVER 0.6


WEATHER CONDITIONS
 THE FOLLOWING WEATHER WAS RECORDED YESTERDAY.
  RAIN
  LIGHT RAIN
  FOG


RELATIVE HUMIDITY (PERCENT)
 HIGHEST   100           100 PM
 LOWEST     82           700 AM
 AVERAGE    91

..........................................................


THE MANSFIELD OH CLIMATE NORMALS FOR TODAY
                         NORMAL    RECORD    YEAR
 MAXIMUM TEMPERATURE (F)   39        67      1998
 MINIMUM TEMPERATURE (F)   25         1      1977


SUNRISE AND SUNSET
DECEMBER  7 2016......SUNRISE   741 AM EST   SUNSET   502 PM EST
DECEMBER  8 2016......SUNRISE   742 AM EST   SUNSET   502 PM EST


-  INDICATES NEGATIVE NUMBERS.
R  INDICATES RECORD WAS SET OR TIED.
MM INDICATES DATA IS MISSING.
T  INDICATES TRACE AMOUNT.




$$
