000
CDUS41 KCLE 280530
CLIMFD


CLIMATE REPORT
NATIONAL WEATHER SERVICE CLEVELAND OH
1230 AM EST FRI NOV 28 2014


...................................

...THE MANSFIELD OH CLIMATE SUMMARY FOR NOVEMBER 27 2014...

CLIMATE NORMAL PERIOD 1981 TO 2010
CLIMATE RECORD PERIOD 1916 TO 2014


WEATHER ITEM   OBSERVED TIME   RECORD YEAR NORMAL DEPARTURE LAST
                VALUE   (LST)  VALUE       VALUE  FROM      YEAR
                                                  NORMAL
..................................................................
TEMPERATURE (F)
 YESTERDAY
  MAXIMUM         33    156 PM  70    1990  44    -11       30
  MINIMUM         26   1159 PM  -1    1930  29     -3       18
  AVERAGE         30                        36     -6       24

PRECIPITATION (IN)
  YESTERDAY        0.10                      0.12  -0.02     0.01
  MONTH TO DATE    1.93                      3.44  -1.51     2.25
  SINCE SEP 1      5.23                      9.70  -4.47     9.92
  SINCE JAN 1     34.45                     40.53  -6.08    38.84

SNOWFALL (IN)
  YESTERDAY        1.0                       0.1    0.9      0.1
  MONTH TO DATE    5.4                       1.8    3.6      1.6
  SINCE SEP 1      5.4                       2.3    3.1      1.6
  SINCE JUL 1      5.4                       2.3    3.1      1.6
  SNOW DEPTH       0

DEGREE DAYS
 HEATING
  YESTERDAY       35                        29      6       41
  MONTH TO DATE  789                       625    164      704
  SINCE SEP 1   1287                      1168    119     1192
  SINCE JUL 1   1314                      1193    121     1220

 COOLING
  YESTERDAY        0                         0      0        0
  MONTH TO DATE    0                         0      0        0
  SINCE SEP 1     69                        70     -1       99
  SINCE JAN 1    623                       632     -9      741
..................................................................


WIND (MPH)
  HIGHEST WIND SPEED    17   HIGHEST WIND DIRECTION     W (260)
  HIGHEST GUST SPEED    24   HIGHEST GUST DIRECTION     W (270)
  AVERAGE WIND SPEED     9.8


SKY COVER
  POSSIBLE SUNSHINE  MM
  AVERAGE SKY COVER 1.0


WEATHER CONDITIONS
 THE FOLLOWING WEATHER WAS RECORDED YESTERDAY.
  LIGHT SNOW
  FOG
  HAZE


RELATIVE HUMIDITY (PERCENT)
 HIGHEST    92          1200 AM
 LOWEST     61           200 PM
 AVERAGE    77

..........................................................


THE MANSFIELD OH CLIMATE NORMALS FOR TODAY
                         NORMAL    RECORD    YEAR
 MAXIMUM TEMPERATURE (F)   43        66      2005
                                             1998
                                             1990
 MINIMUM TEMPERATURE (F)   29         1      1930


SUNRISE AND SUNSET
NOVEMBER 28 2014......SUNRISE   732 AM EST   SUNSET   504 PM EST
NOVEMBER 29 2014......SUNRISE   733 AM EST   SUNSET   504 PM EST


-  INDICATES NEGATIVE NUMBERS.
R  INDICATES RECORD WAS SET OR TIED.
MM INDICATES DATA IS MISSING.
T  INDICATES TRACE AMOUNT.




$$
