000
CDUS44 KBRO 102227
CLIMFE


CLIMATE REPORT
NATIONAL WEATHER SERVICE BROWNSVILLE TX
427 PM CST WED FEB 10 2016


...................................

...THE MCALLEN CLIMATE SUMMARY FOR FEBRUARY 10 2016...
VALID TODAY AS OF 0400 PM LOCAL TIME.

CLIMATE NORMAL PERIOD 1981 TO 2010
CLIMATE RECORD PERIOD 1941 TO 2016


WEATHER ITEM   OBSERVED TIME   RECORD YEAR NORMAL DEPARTURE LAST
                VALUE   (LST)  VALUE       VALUE  FROM      YEAR
                                                  NORMAL
..................................................................
TEMPERATURE (F)
 TODAY
  MAXIMUM         84    321 PM  96    2013  74     10       82
  MINIMUM         43    705 AM  29    1973  53    -10       51
  AVERAGE         64                        64      0       67

PRECIPITATION (IN)
  TODAY            0.00          0.27 1968   0.03  -0.03     0.00
  MONTH TO DATE    0.00                      0.42  -0.42     0.37
  SINCE DEC 1      0.44                      2.66  -2.22     1.39
  SINCE JAN 1      0.40                      1.47  -1.07     0.54

SNOWFALL (IN)
  TODAY            0.0
  MONTH TO DATE    0.0
  SINCE DEC 1      0.0
  SINCE JUL 1      0.0
  SNOW DEPTH       0

DEGREE DAYS
 HEATING
  TODAY            1                         4     -3        0
  MONTH TO DATE   38                        49    -11       48
  SINCE DEC 1    273                       416   -143      454
  SINCE JUL 1    307                       476   -169      583

 COOLING
  TODAY            0                         3     -3        2
  MONTH TO DATE   17                        28    -11       19
  SINCE DEC 1    206                       173     33      119
  SINCE JAN 1     62                        90    -28       36
..................................................................


WIND (MPH)
  HIGHEST WIND SPEED    16   HIGHEST WIND DIRECTION     S (160)
  HIGHEST GUST SPEED    21   HIGHEST GUST DIRECTION    SE (140)
  AVERAGE WIND SPEED     5.4



WEATHER CONDITIONS
 THE FOLLOWING WEATHER WAS RECORDED TODAY.
  NO SIGNIFICANT WEATHER WAS OBSERVED.


..........................................................


THE MCALLEN CLIMATE NORMALS FOR TOMORROW
                         NORMAL    RECORD    YEAR
 MAXIMUM TEMPERATURE (F)   74        95      1995
 MINIMUM TEMPERATURE (F)   54        28      1973


SUNRISE AND SUNSET
FEBRUARY 10 2016......SUNRISE   712 AM CST   SUNSET   622 PM CST
FEBRUARY 11 2016......SUNRISE   712 AM CST   SUNSET   623 PM CST


-  INDICATES NEGATIVE NUMBERS.
R  INDICATES RECORD WAS SET OR TIED.
MM INDICATES DATA IS MISSING.
T  INDICATES TRACE AMOUNT.

$$
