000
CDUS44 KBRO 280727
CLIMFE


CLIMATE REPORT
NATIONAL WEATHER SERVICE BROWNSVILLE TX
126 AM CST FRI NOV 28 2014


...................................

...THE MCALLEN CLIMATE SUMMARY FOR NOVEMBER 27 2014...

CLIMATE NORMAL PERIOD 1981 TO 2010
CLIMATE RECORD PERIOD 1941 TO 2014


WEATHER ITEM   OBSERVED TIME   RECORD YEAR NORMAL DEPARTURE LAST
                VALUE   (LST)  VALUE       VALUE  FROM      YEAR
                                                  NORMAL
..................................................................
TEMPERATURE (F)
 YESTERDAY
  MAXIMUM         76    410 PM  95    1948  76      0       61
  MINIMUM         47    706 AM  36      MM  56     -9       39
                                      1911
  AVERAGE         62                        66     -4

PRECIPITATION (IN)
  YESTERDAY        0.00          1.07 1963   0.02  -0.02     0.00
  MONTH TO DATE    0.56                      0.81  -0.25     3.16
  SINCE SEP 1     12.41                      7.36   5.05     9.53
  SINCE JAN 1     19.27                     20.93  -1.66    15.47

SNOWFALL (IN)
  YESTERDAY        0.0
  MONTH TO DATE    0.0
  SINCE SEP 1      0.0
  SINCE JUL 1      0.0

DEGREE DAYS
 HEATING
  YESTERDAY        3                         3      0       15
  MONTH TO DATE  127                        46     81      108
  SINCE SEP 1    127                        51     76      108
  SINCE JUL 1    127                        51     76      108

 COOLING
  YESTERDAY        0                         4     -4        0
  MONTH TO DATE   65                       175   -110      169
  SINCE SEP 1   1029                      1106    -77     1147
  SINCE JAN 1   4224                      4357   -133     4534
..................................................................


WIND (MPH)
  HIGHEST WIND SPEED    15   HIGHEST WIND DIRECTION     E (100)
  HIGHEST GUST SPEED    21   HIGHEST GUST DIRECTION    SE (140)
  AVERAGE WIND SPEED     5.3



WEATHER CONDITIONS
 THE FOLLOWING WEATHER WAS RECORDED YESTERDAY.
  FOG


RELATIVE HUMIDITY (PERCENT)
 HIGHEST    96
 LOWEST     36
 AVERAGE    66

..........................................................


THE MCALLEN CLIMATE NORMALS FOR TODAY
                         NORMAL    RECORD    YEAR
 MAXIMUM TEMPERATURE (F)   76        93      1949
 MINIMUM TEMPERATURE (F)   55        35      1896


SUNRISE AND SUNSET
NOVEMBER 28 2014......SUNRISE   701 AM CST   SUNSET   541 PM CST
NOVEMBER 29 2014......SUNRISE   702 AM CST   SUNSET   541 PM CST


-  INDICATES NEGATIVE NUMBERS.
R  INDICATES RECORD WAS SET OR TIED.
MM INDICATES DATA IS MISSING.
T  INDICATES TRACE AMOUNT.




$$
