606
CDUS44 KBRO 270938 CCA
CLIMFE

CLIMATE REPORT...CORRECTED
NATIONAL WEATHER SERVICE BROWNSVILLE TX
434 AM CDT THU APR 27 2017

CORRECTED FOR PRECIPITATION VALUE
...................................

...THE MCALLEN CLIMATE SUMMARY FOR APRIL 26 2017...

CLIMATE NORMAL PERIOD 1981 TO 2010
CLIMATE RECORD PERIOD 1961 TO 2017


WEATHER ITEM   OBSERVED TIME   RECORD YEAR NORMAL DEPARTURE LAST
                VALUE   (LST)  VALUE       VALUE  FROM      YEAR
                                                  NORMAL
..................................................................
TEMPERATURE (F)
 YESTERDAY
  MAXIMUM        105    241 PM 107    1984  88     17       95
  MINIMUM         77    412 AM  58    2001  68      9       78
  AVERAGE         91                        78     13

PRECIPITATION (IN)
  YESTERDAY        0.00          0.48 1967   0.06  -0.06     0.00
  MONTH TO DATE    0.73                      1.10  -0.37     0.59
  SINCE MAR 1      3.25                      2.13   1.12     0.62
  SINCE JAN 1      4.88                      4.29   0.59     1.02

SNOWFALL (IN)
  YESTERDAY        0.0
  MONTH TO DATE    0.0
  SINCE MAR 1      0.0
  SINCE JUL 1      0.0

DEGREE DAYS
 HEATING
  YESTERDAY        0                         0      0        0
  MONTH TO DATE    0                         3     -3        1
  SINCE MAR 1      1                        41    -40        7
  SINCE JUL 1    189                       574   -385      318

 COOLING
  YESTERDAY       26                        13     13       22
  MONTH TO DATE  405                       299    106      372
  SINCE MAR 1    766                       517    249      733
  SINCE JAN 1   1247                       676    571      938
..................................................................


WIND (MPH)
  HIGHEST WIND SPEED    28   HIGHEST WIND DIRECTION     N (340)
  HIGHEST GUST SPEED    34   HIGHEST GUST DIRECTION     N (350)
  AVERAGE WIND SPEED    12.7



WEATHER CONDITIONS
 THE FOLLOWING WEATHER WAS RECORDED YESTERDAY.
  HAZE


RELATIVE HUMIDITY (PERCENT)
 HIGHEST    85
 LOWEST     18
 AVERAGE    52

..........................................................


THE MCALLEN CLIMATE NORMALS FOR TODAY
                         NORMAL    RECORD    YEAR
 MAXIMUM TEMPERATURE (F)   88       107      2014
 MINIMUM TEMPERATURE (F)   69        57      1997
                                             1980


SUNRISE AND SUNSET
APRIL 27 2017.........SUNRISE   659 AM CDT   SUNSET   803 PM CDT
APRIL 28 2017.........SUNRISE   658 AM CDT   SUNSET   803 PM CDT


-  INDICATES NEGATIVE NUMBERS.
R  INDICATES RECORD WAS SET OR TIED.
MM INDICATES DATA IS MISSING.
T  INDICATES TRACE AMOUNT.




$$
