236
CDUS44 KBRO 210729
CLIMFE


CLIMATE REPORT
NATIONAL WEATHER SERVICE BROWNSVILLE TX
129 AM CST SUN JAN 21 2018


...................................

...THE MCALLEN CLIMATE SUMMARY FOR JANUARY 20 2018...

CLIMATE NORMAL PERIOD 1981 TO 2010
CLIMATE RECORD PERIOD 1961 TO 2018


WEATHER ITEM   OBSERVED TIME   RECORD YEAR NORMAL DEPARTURE LAST
                VALUE   (LST)  VALUE       VALUE  FROM      YEAR
                                                  NORMAL
..................................................................
TEMPERATURE (F)
 YESTERDAY
  MAXIMUM         80    316 PM  88    2012  71      9       81
                                      1999
  MINIMUM         53    225 AM  31    1985  51      2       64
  AVERAGE         67                        61      6

PRECIPITATION (IN)
  YESTERDAY        0.00          0.80 1994   0.04  -0.04     0.03
  MONTH TO DATE    0.33                      0.66  -0.33     0.80
  SINCE DEC 1      1.56                      1.85  -0.29     1.43
  SINCE JAN 1      0.33                      0.66  -0.33     0.80

SNOWFALL (IN)
  YESTERDAY        0.0
  MONTH TO DATE    T
  SINCE DEC 1      0.3
  SINCE JUL 1      0.3

DEGREE DAYS
 HEATING
  YESTERDAY        0                         6     -6        0
  MONTH TO DATE  212                       131     81       60
  SINCE DEC 1    424                       308    116      146
  SINCE JUL 1    453                       368     85      153

 COOLING
  YESTERDAY        2                         2      0        8
  MONTH TO DATE   15                        40    -25      139
  SINCE DEC 1    103                       123    -20      322
  SINCE JAN 1     15                        40    -25      139
..................................................................


WIND (MPH)
  HIGHEST WIND SPEED    24   HIGHEST WIND DIRECTION    SE (150)
  HIGHEST GUST SPEED    31   HIGHEST GUST DIRECTION     S (160)
  AVERAGE WIND SPEED     9.4



WEATHER CONDITIONS
 THE FOLLOWING WEATHER WAS RECORDED YESTERDAY.
  FOG
  FOG W/VISIBILITY <= 1/4 MILE


RELATIVE HUMIDITY (PERCENT)
 HIGHEST   100
 LOWEST     54
 AVERAGE    77

..........................................................


THE MCALLEN CLIMATE NORMALS FOR TODAY
                         NORMAL    RECORD    YEAR
 MAXIMUM TEMPERATURE (F)   71        96      2017
 MINIMUM TEMPERATURE (F)   51        26      1985


SUNRISE AND SUNSET
JANUARY 21 2018.......SUNRISE   721 AM CST   SUNSET   608 PM CST
JANUARY 22 2018.......SUNRISE   721 AM CST   SUNSET   609 PM CST


-  INDICATES NEGATIVE NUMBERS.
R  INDICATES RECORD WAS SET OR TIED.
MM INDICATES DATA IS MISSING.
T  INDICATES TRACE AMOUNT.




$$
