000
CDUS44 KBRO 230628
CLIMFE


CLIMATE REPORT
NATIONAL WEATHER SERVICE BROWNSVILLE TX
127 AM CDT WED AUG 23 2017


...................................

...THE MCALLEN CLIMATE SUMMARY FOR AUGUST 22 2017...

CLIMATE NORMAL PERIOD 1981 TO 2010
CLIMATE RECORD PERIOD 1961 TO 2017


WEATHER ITEM   OBSERVED TIME   RECORD YEAR NORMAL DEPARTURE LAST
                VALUE   (LST)  VALUE       VALUE  FROM      YEAR
                                                  NORMAL
..................................................................
TEMPERATURE (F)
 YESTERDAY
  MAXIMUM         99    440 PM 104    2009  98      1      101
                                      1997
  MINIMUM         80    636 AM  68    1961  77      3       77
  AVERAGE         90                        87      3

PRECIPITATION (IN)
  YESTERDAY        T             1.25 1967   0.09  -0.09     0.00
  MONTH TO DATE    0.55                      1.26  -0.71     0.79
  SINCE JUN 1      0.91                      5.84  -4.93     1.28
  SINCE JAN 1      6.78                     12.62  -5.84     9.25

SNOWFALL (IN)
  YESTERDAY        0.0
  MONTH TO DATE    0.0
  SINCE JUN 1      0.0
  SINCE JUL 1      0.0

DEGREE DAYS
 HEATING
  YESTERDAY        0                         0      0        0
  MONTH TO DATE    0                         0      0        0
  SINCE JUN 1      0                         0      0        0
  SINCE JUL 1      0                         0      0        0

 COOLING
  YESTERDAY       25                        22      3       24
  MONTH TO DATE  577                       502     75      581
  SINCE JUN 1   2100                      1804    296     2059
  SINCE JAN 1   4039                      3059    980     3677
..................................................................


WIND (MPH)
  HIGHEST WIND SPEED    21   HIGHEST WIND DIRECTION     E (110)
  HIGHEST GUST SPEED    31   HIGHEST GUST DIRECTION    SE (140)
  AVERAGE WIND SPEED     8.3



WEATHER CONDITIONS
 THE FOLLOWING WEATHER WAS RECORDED YESTERDAY.
  LIGHT RAIN


RELATIVE HUMIDITY (PERCENT)
 HIGHEST    85
 LOWEST     39
 AVERAGE    62

..........................................................


THE MCALLEN CLIMATE NORMALS FOR TODAY
                         NORMAL    RECORD    YEAR
 MAXIMUM TEMPERATURE (F)   98       106      2009
 MINIMUM TEMPERATURE (F)   77        69      1961


SUNRISE AND SUNSET
AUGUST 23 2017........SUNRISE   709 AM CDT   SUNSET   801 PM CDT
AUGUST 24 2017........SUNRISE   710 AM CDT   SUNSET   800 PM CDT


-  INDICATES NEGATIVE NUMBERS.
R  INDICATES RECORD WAS SET OR TIED.
MM INDICATES DATA IS MISSING.
T  INDICATES TRACE AMOUNT.




$$
