518
CDUS44 KBRO 220626
CLIMFE


CLIMATE REPORT
NATIONAL WEATHER SERVICE BROWNSVILLE TX
126 AM CDT FRI MAY 22 2015


...................................

...THE MCALLEN CLIMATE SUMMARY FOR MAY 21 2015...

CLIMATE NORMAL PERIOD 1981 TO 2010
CLIMATE RECORD PERIOD 1941 TO 2015


WEATHER ITEM   OBSERVED TIME   RECORD YEAR NORMAL DEPARTURE LAST
                VALUE   (LST)  VALUE       VALUE  FROM      YEAR
                                                  NORMAL
..................................................................
TEMPERATURE (F)
 YESTERDAY
  MAXIMUM         85   1001 AM 100    1957  93     -8       92
  MINIMUM         75    208 PM  63    1972  73      2       75
                                      1986
                                      1995
  AVERAGE         80                        83     -3

PRECIPITATION (IN)
  YESTERDAY        0.11          0.64 1964   0.07   0.04      T
  MONTH TO DATE    2.70                      1.51   1.19     0.50
  SINCE MAR 1      8.68                      3.88   4.80     1.70
  SINCE JAN 1      9.27                      6.04   3.23     2.58

SNOWFALL (IN)
  YESTERDAY        0.0
  MONTH TO DATE    0.0
  SINCE MAR 1      0.0
  SINCE JUL 1      0.0

DEGREE DAYS
 HEATING
  YESTERDAY        0                         0      0        0
  MONTH TO DATE    0                         0      0        0
  SINCE MAR 1     66                        46     20      107
  SINCE JUL 1    756                       579    177      883

 COOLING
  YESTERDAY       15                        18     -3       19
  MONTH TO DATE  378                       336     42      242
  SINCE MAR 1    974                       908     66      727
  SINCE JAN 1   1059                      1067     -8      855
..................................................................


WIND (MPH)
  HIGHEST WIND SPEED    28   HIGHEST WIND DIRECTION     E (110)
  HIGHEST GUST SPEED    34   HIGHEST GUST DIRECTION    SE (120)
  AVERAGE WIND SPEED     8.7



WEATHER CONDITIONS
 THE FOLLOWING WEATHER WAS RECORDED YESTERDAY.
  THUNDERSTORM
  HEAVY RAIN
  RAIN
  LIGHT RAIN
  FOG
  HAZE


RELATIVE HUMIDITY (PERCENT)
 HIGHEST    85
 LOWEST     65
 AVERAGE    75

..........................................................


THE MCALLEN CLIMATE NORMALS FOR TODAY
                         NORMAL    RECORD    YEAR
 MAXIMUM TEMPERATURE (F)   93       101      2008
                                             1944
 MINIMUM TEMPERATURE (F)   73        60      1879


SUNRISE AND SUNSET
MAY 22 2015...........SUNRISE   643 AM CDT   SUNSET   816 PM CDT
MAY 23 2015...........SUNRISE   643 AM CDT   SUNSET   816 PM CDT


-  INDICATES NEGATIVE NUMBERS.
R  INDICATES RECORD WAS SET OR TIED.
MM INDICATES DATA IS MISSING.
T  INDICATES TRACE AMOUNT.




$$
