000
CDUS44 KBRO 010625
CLIMFE


CLIMATE REPORT
NATIONAL WEATHER SERVICE BROWNSVILLE TX
125 AM CDT TUE SEP 1 2015


...................................

...THE MCALLEN CLIMATE SUMMARY FOR AUGUST 31 2015...

CLIMATE NORMAL PERIOD 1981 TO 2010
CLIMATE RECORD PERIOD 1941 TO 2015


WEATHER ITEM   OBSERVED TIME   RECORD YEAR NORMAL DEPARTURE LAST
                VALUE   (LST)  VALUE       VALUE  FROM      YEAR
                                                  NORMAL
..................................................................
TEMPERATURE (F)
 YESTERDAY
  MAXIMUM         97    105 PM 103    2012  96      1       95
                                      2005
  MINIMUM         77    434 AM  69    1947  76      1       78
                                      1960
  AVERAGE         87                        86      1

PRECIPITATION (IN)
  YESTERDAY        T             2.44 2001   0.12  -0.12     0.00
  MONTH TO DATE    2.65                      2.21   0.44     3.08
  SINCE JUN 1      8.29                      6.79   1.50     3.98
  SINCE JAN 1     19.76                     13.57   6.19     6.86

SNOWFALL (IN)
  YESTERDAY        0.0
  MONTH TO DATE    0.0
  SINCE JUN 1      0.0
  SINCE JUL 1      0.0

DEGREE DAYS
 HEATING
  YESTERDAY        0                         0      0        0
  MONTH TO DATE    0                         0      0        0
  SINCE JUN 1      0                         0      0        0
  SINCE JUL 1      0                         0      0        0

 COOLING
  YESTERDAY       22                        21      1       22
  MONTH TO DATE  788                       694     94      757
  SINCE JUN 1   2182                      1996    186     2139
  SINCE JAN 1   3427                      3251    176     3195
..................................................................


WIND (MPH)
  HIGHEST WIND SPEED    29   HIGHEST WIND DIRECTION     E (110)
  HIGHEST GUST SPEED    36   HIGHEST GUST DIRECTION     E (110)
  AVERAGE WIND SPEED    10.4



WEATHER CONDITIONS
 THE FOLLOWING WEATHER WAS RECORDED YESTERDAY.
  THUNDERSTORM
  LIGHT RAIN


RELATIVE HUMIDITY (PERCENT)
 HIGHEST    88
 LOWEST     46
 AVERAGE    67

..........................................................


THE MCALLEN CLIMATE NORMALS FOR TODAY
                         NORMAL    RECORD    YEAR
 MAXIMUM TEMPERATURE (F)   96       101      2006
                                             1959
                                             2000
 MINIMUM TEMPERATURE (F)   76        69      1975


SUNRISE AND SUNSET
SEPTEMBER  1 2015.....SUNRISE   713 AM CDT   SUNSET   753 PM CDT
SEPTEMBER  2 2015.....SUNRISE   713 AM CDT   SUNSET   752 PM CDT


-  INDICATES NEGATIVE NUMBERS.
R  INDICATES RECORD WAS SET OR TIED.
MM INDICATES DATA IS MISSING.
T  INDICATES TRACE AMOUNT.




$$
