756
CDUS44 KBRO 290626
CLIMFE


CLIMATE REPORT
NATIONAL WEATHER SERVICE BROWNSVILLE TX
125 AM CDT FRI APR 29 2016


...................................

...THE MCALLEN CLIMATE SUMMARY FOR APRIL 28 2016...

CLIMATE NORMAL PERIOD 1981 TO 2010
CLIMATE RECORD PERIOD 1961 TO 2016


WEATHER ITEM   OBSERVED TIME   RECORD YEAR NORMAL DEPARTURE LAST
                VALUE   (LST)  VALUE       VALUE  FROM      YEAR
                                                  NORMAL
..................................................................
TEMPERATURE (F)
 YESTERDAY
  MAXIMUM         95    329 PM 104    1964  89      6       83
  MINIMUM         74    100 AM  50    1997  69      5       64
  AVERAGE         85                        79      6

PRECIPITATION (IN)
  YESTERDAY        0.00          1.60 1972   0.06  -0.06     0.00
  MONTH TO DATE    0.59                      1.22  -0.63     4.59
  SINCE MAR 1      0.62                      2.25  -1.63     5.98
  SINCE JAN 1      1.02                      4.41  -3.39     6.57

SNOWFALL (IN)
  YESTERDAY        0.0
  MONTH TO DATE    0.0
  SINCE MAR 1      0.0
  SINCE JUL 1      0.0

DEGREE DAYS
 HEATING
  YESTERDAY        0                         0      0        0
  MONTH TO DATE    1                         3     -2        0
  SINCE MAR 1      7                        41    -34       66
  SINCE JUL 1    318                       574   -256      756

 COOLING
  YESTERDAY       20                        14      6        9
  MONTH TO DATE  415                       326     89      420
  SINCE MAR 1    776                       544    232      586
  SINCE JAN 1    981                       703    278      671
..................................................................


WIND (MPH)
  HIGHEST WIND SPEED    23   HIGHEST WIND DIRECTION    SE (120)
  HIGHEST GUST SPEED    28   HIGHEST GUST DIRECTION    SE (140)
  AVERAGE WIND SPEED    12.5



WEATHER CONDITIONS
 THE FOLLOWING WEATHER WAS RECORDED YESTERDAY.
  FOG
  FOG W/VISIBILITY <= 1/4 MILE
  HAZE


RELATIVE HUMIDITY (PERCENT)
 HIGHEST    91
 LOWEST     52
 AVERAGE    72

..........................................................


THE MCALLEN CLIMATE NORMALS FOR TODAY
                         NORMAL    RECORD    YEAR
 MAXIMUM TEMPERATURE (F)   89       102      2014
 MINIMUM TEMPERATURE (F)   69        53      2008


SUNRISE AND SUNSET
APRIL 29 2016.........SUNRISE   657 AM CDT   SUNSET   804 PM CDT
APRIL 30 2016.........SUNRISE   656 AM CDT   SUNSET   804 PM CDT


-  INDICATES NEGATIVE NUMBERS.
R  INDICATES RECORD WAS SET OR TIED.
MM INDICATES DATA IS MISSING.
T  INDICATES TRACE AMOUNT.




$$
