000
CDUS44 KBRO 300631
CLIMFE


CLIMATE REPORT
NATIONAL WEATHER SERVICE BROWNSVILLE TX
131 AM CDT THU OCT 30 2014


...................................

...THE MCALLEN CLIMATE SUMMARY FOR OCTOBER 29 2014...

CLIMATE NORMAL PERIOD 1981 TO 2010
CLIMATE RECORD PERIOD 1941 TO 2014


WEATHER ITEM   OBSERVED TIME   RECORD YEAR NORMAL DEPARTURE LAST
                VALUE   (LST)  VALUE       VALUE  FROM      YEAR
                                                  NORMAL
..................................................................
TEMPERATURE (F)
 YESTERDAY
  MAXIMUM         88    230 PM  94    2004  85      3       91
  MINIMUM         67    600 AM  47    1976  64      3       75
  AVERAGE         78                        74      4

PRECIPITATION (IN)
  YESTERDAY        T             1.67 1976   0.05  -0.05     0.00
  MONTH TO DATE    0.62                      1.97  -1.35     0.14
  SINCE SEP 1     11.85                      6.44   5.41     6.36
  SINCE JAN 1     18.71                     20.01  -1.30    12.30

SNOWFALL (IN)
  YESTERDAY        0.0
  MONTH TO DATE    0.0
  SINCE SEP 1      0.0
  SINCE JUL 1      0.0

DEGREE DAYS
 HEATING
  YESTERDAY        0                         0      0        0
  MONTH TO DATE    0                         0      0        0
  SINCE SEP 1      0                         0      0        0
  SINCE JUL 1      0                         0      0        0

 COOLING
  YESTERDAY       13                        10      3       18
  MONTH TO DATE  416                       364     52      392
  SINCE SEP 1    943                       912     31      937
  SINCE JAN 1   4138                      4163    -25     4324
..................................................................


WIND (MPH)
  HIGHEST WIND SPEED    13   HIGHEST WIND DIRECTION     E (80)
  HIGHEST GUST SPEED    MM   HIGHEST GUST DIRECTION    MM
  AVERAGE WIND SPEED     4.3



WEATHER CONDITIONS
 THE FOLLOWING WEATHER WAS RECORDED YESTERDAY.
  NO SIGNIFICANT WEATHER WAS OBSERVED.


RELATIVE HUMIDITY (PERCENT)
 HIGHEST    93
 LOWEST     51
 AVERAGE    72

..........................................................


THE MCALLEN CLIMATE NORMALS FOR TODAY
                         NORMAL    RECORD    YEAR
 MAXIMUM TEMPERATURE (F)   85        95      1942
 MINIMUM TEMPERATURE (F)   64        45      1970


SUNRISE AND SUNSET
OCTOBER 30 2014.......SUNRISE   741 AM CDT   SUNSET   652 PM CDT
OCTOBER 31 2014.......SUNRISE   741 AM CDT   SUNSET   652 PM CDT


-  INDICATES NEGATIVE NUMBERS.
R  INDICATES RECORD WAS SET OR TIED.
MM INDICATES DATA IS MISSING.
T  INDICATES TRACE AMOUNT.




$$
