000
CDUS44 KBRO 020627
CLIMFE


CLIMATE REPORT
NATIONAL WEATHER SERVICE BROWNSVILLE TX
126 AM CDT THU JUL 2 2015


...................................

...THE MCALLEN CLIMATE SUMMARY FOR JULY 1 2015...

CLIMATE NORMAL PERIOD 1981 TO 2010
CLIMATE RECORD PERIOD 1941 TO 2015


WEATHER ITEM   OBSERVED TIME   RECORD YEAR NORMAL DEPARTURE LAST
                VALUE   (LST)  VALUE       VALUE  FROM      YEAR
                                                  NORMAL
..................................................................
TEMPERATURE (F)
 YESTERDAY
  MAXIMUM         84    609 PM 102    1992  97    -13       97
  MINIMUM         73    825 AM  68    1979  76     -3       76
                                      1985
  AVERAGE         79                        86     -7

PRECIPITATION (IN)
  YESTERDAY        0.25          1.36 1948   0.07   0.18     0.00
  MONTH TO DATE    0.25                      0.07   0.18     0.00
  SINCE JUN 1      5.64                      2.65   2.99     0.30
  SINCE JAN 1     17.11                      9.43   7.68     3.18

SNOWFALL (IN)
  YESTERDAY        0.0
  MONTH TO DATE    0.0
  SINCE JUN 1      0.0
  SINCE JUL 1      0.0

DEGREE DAYS
 HEATING
  YESTERDAY        0                         0      0        0
  MONTH TO DATE    0                         0      0        0
  SINCE JUN 1      0                         0      0        0
  SINCE JUL 1      0                         0      0        0

 COOLING
  YESTERDAY       14                        21     -7       22
  MONTH TO DATE   14                        21     -7       22
  SINCE JUN 1    655                       649      6      692
  SINCE JAN 1   1900                      1904     -4     1748
..................................................................


WIND (MPH)
  HIGHEST WIND SPEED    26   HIGHEST WIND DIRECTION    SE (150)
  HIGHEST GUST SPEED    36   HIGHEST GUST DIRECTION     S (160)
  AVERAGE WIND SPEED    10.0



WEATHER CONDITIONS
 THE FOLLOWING WEATHER WAS RECORDED YESTERDAY.
  HEAVY RAIN
  RAIN
  LIGHT RAIN
  FOG


RELATIVE HUMIDITY (PERCENT)
 HIGHEST    85
 LOWEST     55
 AVERAGE    70

..........................................................


THE MCALLEN CLIMATE NORMALS FOR TODAY
                         NORMAL    RECORD    YEAR
 MAXIMUM TEMPERATURE (F)   97       103      1946
 MINIMUM TEMPERATURE (F)   76        69      1961
                                             1979
                                             2001


SUNRISE AND SUNSET
JULY  2 2015..........SUNRISE   645 AM CDT   SUNSET   829 PM CDT
JULY  3 2015..........SUNRISE   645 AM CDT   SUNSET   829 PM CDT


-  INDICATES NEGATIVE NUMBERS.
R  INDICATES RECORD WAS SET OR TIED.
MM INDICATES DATA IS MISSING.
T  INDICATES TRACE AMOUNT.




$$
