898
CDUS46 KMFR 171206
CLIMFR

CLIMATE REPORT
NATIONAL WEATHER SERVICE MEDFORD, OR
406 AM PST TUE JAN 17 2017


...................................

...THE MEDFORD OR CLIMATE SUMMARY FOR JANUARY 16 2017...

CLIMATE NORMAL PERIOD 1981 TO 2010
CLIMATE RECORD PERIOD 1911 TO 2017


WEATHER ITEM   OBSERVED TIME   RECORD YEAR NORMAL DEPARTURE LAST
                VALUE   (LST)  VALUE       VALUE  FROM      YEAR
                                                  NORMAL
..................................................................
TEMPERATURE (F)
 YESTERDAY
  MAXIMUM         49    343 PM  62    1944  48      1       52
  MINIMUM         27    823 AM  15    1987  33     -6       36
                                      1949
  AVERAGE         38                        40     -2       44

PRECIPITATION (IN)
  YESTERDAY        0.00          1.21 1970   0.08  -0.08     0.34
  MONTH TO DATE    3.69                      1.41   2.28     1.32
  SINCE OCT 1     15.38                      9.05   6.33    11.08
  SINCE JAN 1      3.69                      1.41   2.28     1.32

SNOWFALL (IN)
  YESTERDAY        0.0                       0.0    0.0      0.0
  MONTH TO DATE   11.4                       0.7   10.7      0.0
  SINCE JUL 1     11.8                       2.4    9.4      0.7
  SNOW DEPTH       0

DEGREE DAYS
 HEATING
  YESTERDAY       27                        25      2       21
  MONTH TO DATE  509                       409    100      384
  SINCE DEC 1   1361                      1206    155     1084
  SINCE JUL 1   2134                      2175    -41     1888

 COOLING
  YESTERDAY        0                         0      0        0
  MONTH TO DATE    0                         0      0        0
  SINCE DEC 1      0                         0      0        0
  SINCE JAN 1      0                         0      0        0
..................................................................


WIND (MPH)
  HIGHEST WIND SPEED     8   HIGHEST WIND DIRECTION     N (20)
  HIGHEST GUST SPEED     9   HIGHEST GUST DIRECTION     N (20)
  AVERAGE WIND SPEED     1.3


SKY COVER
  POSSIBLE SUNSHINE  MM
  AVERAGE SKY COVER 0.2


WEATHER CONDITIONS
 THE FOLLOWING WEATHER WAS RECORDED YESTERDAY.
  FOG
  FOG W/VISIBILITY <= 1/4 MILE


RELATIVE HUMIDITY (PERCENT)
 HIGHEST   100           100 AM
 LOWEST     61           300 PM
 AVERAGE    81

..........................................................


THE MEDFORD OR CLIMATE NORMALS FOR TODAY
                         NORMAL    RECORD    YEAR
 MAXIMUM TEMPERATURE (F)   48        65      1981
 MINIMUM TEMPERATURE (F)   33         9      1952


SUNRISE AND SUNSET
JANUARY 17 2017.......SUNRISE   737 AM PST   SUNSET   507 PM PST
JANUARY 18 2017.......SUNRISE   736 AM PST   SUNSET   508 PM PST


-  INDICATES NEGATIVE NUMBERS.
R  INDICATES RECORD WAS SET OR TIED.
MM INDICATES DATA IS MISSING.
T  INDICATES TRACE AMOUNT.

&&

LOW TEMPERATURE THIS MORNING...27 DEGREES
24-HOUR PRECIPITATION..........NONE

$$
