000
CDUS46 KMFR 170036
CLIMFR


CLIMATE REPORT
NATIONAL WEATHER SERVICE MEDFORD, OR
535 PM PDT MON OCT 16 2017


...................................

...THE MEDFORD OR CLIMATE SUMMARY FOR OCTOBER 16 2017...
VALID TODAY AS OF 0500 PM LOCAL TIME.

CLIMATE NORMAL PERIOD 1981 TO 2010
CLIMATE RECORD PERIOD 1911 TO 2017


WEATHER ITEM   OBSERVED TIME   RECORD YEAR NORMAL DEPARTURE LAST
                VALUE   (LST)  VALUE       VALUE  FROM      YEAR
                                                  NORMAL
..................................................................
TEMPERATURE (F)
 TODAY
  MAXIMUM         76    304 PM  87    2015  70      6       50
  MINIMUM         37    703 AM  27    1999  42     -5       47
                                      1938
  AVERAGE         57                        56      1       49

PRECIPITATION (IN)
  TODAY            0.00          1.12 2016   0.04  -0.04     1.12
  MONTH TO DATE    T                         0.41  -0.41     3.73
  SINCE OCT 1      T                         0.41  -0.41     3.73
  SINCE JAN 1     13.52                     11.12   2.40    13.75

SNOWFALL (IN)
  TODAY            0.0                       0.0    0.0      0.0
  MONTH TO DATE    0.0                       0.0    0.0      0.0
  SINCE JUL 1      0.0                       0.0    0.0      0.0
  SNOW DEPTH       0

DEGREE DAYS
 HEATING
  TODAY            8                         9     -1       16
  MONTH TO DATE  173                       105     68      102
  SINCE SEP 1    246                       164     82      141
  SINCE JUL 1    246                       174     72      143

 COOLING
  TODAY            0                         0      0        0
  MONTH TO DATE    0                         8     -8        4
  SINCE SEP 1    156                       120     36      113
  SINCE JAN 1   1281                       827    454     1058
..................................................................


WIND (MPH)
  HIGHEST WIND SPEED     5   HIGHEST WIND DIRECTION    NW (320)
  HIGHEST GUST SPEED     7   HIGHEST GUST DIRECTION     N (20)
  AVERAGE WIND SPEED     0.5


SKY COVER
  POSSIBLE SUNSHINE  MM
  AVERAGE SKY COVER 0.0


WEATHER CONDITIONS
 THE FOLLOWING WEATHER WAS RECORDED TODAY.
  NO SIGNIFICANT WEATHER WAS OBSERVED.


RELATIVE HUMIDITY (PERCENT)
 HIGHEST    76           500 AM
 LOWEST     16           300 PM
 AVERAGE    46

..........................................................


THE MEDFORD OR CLIMATE NORMALS FOR TOMORROW
                         NORMAL    RECORD    YEAR
 MAXIMUM TEMPERATURE (F)   70        87      1936
 MINIMUM TEMPERATURE (F)   42        26      1917


SUNRISE AND SUNSET
OCTOBER 16 2017.......SUNRISE   726 AM PDT   SUNSET   627 PM PDT
OCTOBER 17 2017.......SUNRISE   727 AM PDT   SUNSET   626 PM PDT


-  INDICATES NEGATIVE NUMBERS.
R  INDICATES RECORD WAS SET OR TIED.
MM INDICATES DATA IS MISSING.
T  INDICATES TRACE AMOUNT.




$$
