000
CDUS46 KMFR 240836
CLIMFR


CLIMATE REPORT
NATIONAL WEATHER SERVICE MEDFORD, OR
136 AM PDT FRI OCT 24 2014


...................................

...THE MEDFORD OR CLIMATE SUMMARY FOR OCTOBER 23 2014...

CLIMATE NORMAL PERIOD 1981 TO 2010
CLIMATE RECORD PERIOD 1911 TO 2014


WEATHER ITEM   OBSERVED TIME   RECORD YEAR NORMAL DEPARTURE LAST
                VALUE   (LST)  VALUE       VALUE  FROM      YEAR
                                                  NORMAL
..................................................................
TEMPERATURE (F)
 YESTERDAY
  MAXIMUM         63    112 AM  82    1929  66     -3       77
  MINIMUM         54   1159 PM  25    1916  40     14       39
  AVERAGE         59                        53      6       58

PRECIPITATION (IN)
  YESTERDAY        0.38          1.09 1951   0.05   0.33     0.00
  MONTH TO DATE    1.30                      0.69   0.61     0.19
  SINCE SEP 1      3.34                      1.26   2.08     2.95
  SINCE JAN 1     14.73                     11.40   3.33     7.50

SNOWFALL (IN)
  YESTERDAY        0.0                       0.0    0.0      0.0
  MONTH TO DATE    0.0                       0.0    0.0      0.0
  SINCE JUL 1      0.0                       0.0    0.0      0.0
  SNOW DEPTH       0

DEGREE DAYS
 HEATING
  YESTERDAY        6                        12     -6        7
  MONTH TO DATE   79                       181   -102      252
  SINCE SEP 1     91                       240   -149      336
  SINCE JUL 1     91                       250   -159      336

 COOLING
  YESTERDAY        0                         0      0        0
  MONTH TO DATE   21                         8     13        0
  SINCE SEP 1    224                       120    104      142
  SINCE JAN 1   1238                       827    411     1057
..................................................................


WIND (MPH)
  HIGHEST WIND SPEED    14   HIGHEST WIND DIRECTION     S (170)
  HIGHEST GUST SPEED    20   HIGHEST GUST DIRECTION     S (170)
  AVERAGE WIND SPEED     4.0


SKY COVER
  POSSIBLE SUNSHINE  MM
  AVERAGE SKY COVER 0.9


WEATHER CONDITIONS
 THE FOLLOWING WEATHER WAS RECORDED YESTERDAY.
  HEAVY RAIN
  LIGHT RAIN
  FOG
  HAZE


RELATIVE HUMIDITY (PERCENT)
 HIGHEST   100          1000 AM
 LOWEST     60           100 AM
 AVERAGE    80

..........................................................


THE MEDFORD OR CLIMATE NORMALS FOR TODAY
                         NORMAL    RECORD    YEAR
 MAXIMUM TEMPERATURE (F)   65        80      1965
                                             1929
 MINIMUM TEMPERATURE (F)   40        26      1954
                                             1919


SUNRISE AND SUNSET
OCTOBER 24 2014.......SUNRISE   735 AM PDT   SUNSET   616 PM PDT
OCTOBER 25 2014.......SUNRISE   736 AM PDT   SUNSET   614 PM PDT


-  INDICATES NEGATIVE NUMBERS.
R  INDICATES RECORD WAS SET OR TIED.
MM INDICATES DATA IS MISSING.
T  INDICATES TRACE AMOUNT.




$$
