000
CDUS46 KMFR 270038
CLIMFR


CLIMATE REPORT
NATIONAL WEATHER SERVICE MEDFORD, OR
537 PM PDT MON JUN 26 2017


...................................

...THE MEDFORD OR CLIMATE SUMMARY FOR JUNE 26 2017...
VALID TODAY AS OF 0500 PM LOCAL TIME.

CLIMATE NORMAL PERIOD 1981 TO 2010
CLIMATE RECORD PERIOD 1911 TO 2017


WEATHER ITEM   OBSERVED TIME   RECORD YEAR NORMAL DEPARTURE LAST
                VALUE   (LST)  VALUE       VALUE  FROM      YEAR
                                                  NORMAL
..................................................................
TEMPERATURE (F)
 TODAY
  MAXIMUM         94    331 PM 107    2015  85      9       95
  MINIMUM         62    508 AM  38    1976  54      8       56
  AVERAGE         78                        70      8       76

PRECIPITATION (IN)
  TODAY            0.00          0.40 1982   0.01  -0.01     0.00
                                      1931
  MONTH TO DATE    0.50                      0.57  -0.07     0.57
  SINCE OCT 1     24.77                     17.05   7.72    19.32
  SINCE JAN 1     13.08                      9.41   3.67     9.56

SNOWFALL (IN)
  TODAY            0.0                       0.0    0.0      0.0
  MONTH TO DATE    0.0                       0.0    0.0      0.0
  SINCE JUL 1     11.8                       4.1    7.7      1.9
  SNOW DEPTH       0

DEGREE DAYS
 HEATING
  TODAY            0                         1     -1        0
  MONTH TO DATE   45                        51     -6       40
  SINCE JUN 1     45                        51     -6       40
  SINCE JUL 1   4063                      4248   -185     3460

 COOLING
  TODAY           13                         5      8       11
  MONTH TO DATE  172                        83     89      152
  SINCE JUN 1    172                        83     89      152
  SINCE JAN 1    259                       121    138      213
..................................................................


WIND (MPH)
  HIGHEST WIND SPEED    16   HIGHEST WIND DIRECTION    NW (300)
  HIGHEST GUST SPEED    24   HIGHEST GUST DIRECTION     W (270)
  AVERAGE WIND SPEED     5.9


SKY COVER
  POSSIBLE SUNSHINE  MM
  AVERAGE SKY COVER 0.1


WEATHER CONDITIONS
 THE FOLLOWING WEATHER WAS RECORDED TODAY.
  HAZE


RELATIVE HUMIDITY (PERCENT)
 HIGHEST    93           500 AM
 LOWEST     28           100 PM
 AVERAGE    61

..........................................................


THE MEDFORD OR CLIMATE NORMALS FOR TOMORROW
                         NORMAL    RECORD    YEAR
 MAXIMUM TEMPERATURE (F)   85       104      2015
 MINIMUM TEMPERATURE (F)   54        34      1965


SUNRISE AND SUNSET
JUNE 26 2017..........SUNRISE   536 AM PDT   SUNSET   852 PM PDT
JUNE 27 2017..........SUNRISE   537 AM PDT   SUNSET   852 PM PDT


-  INDICATES NEGATIVE NUMBERS.
R  INDICATES RECORD WAS SET OR TIED.
MM INDICATES DATA IS MISSING.
T  INDICATES TRACE AMOUNT.




$$
