000
CDUS46 KMFR 270835
CLIMFR


CLIMATE REPORT
NATIONAL WEATHER SERVICE MEDFORD, OR
135 AM PDT MON MAR 27 2017


...................................

...THE MEDFORD OR CLIMATE SUMMARY FOR MARCH 26 2017...

CLIMATE NORMAL PERIOD 1981 TO 2010
CLIMATE RECORD PERIOD 1911 TO 2017


WEATHER ITEM   OBSERVED TIME   RECORD YEAR NORMAL DEPARTURE LAST
                VALUE   (LST)  VALUE       VALUE  FROM      YEAR
                                                  NORMAL
..................................................................
TEMPERATURE (F)
 YESTERDAY
  MAXIMUM         56    417 PM  80    2015  61     -5       52
                                      1923
  MINIMUM         40   1239 AM  23    1914  38      2       40
  AVERAGE         48                        50     -2       46

PRECIPITATION (IN)
  YESTERDAY        0.13          1.57 1940   0.05   0.08     0.01
  MONTH TO DATE    1.56                      1.45   0.11     2.45
  SINCE OCT 1     22.26                     13.53   8.73    17.46
  SINCE JAN 1     10.57                      5.89   4.68     7.70

SNOWFALL (IN)
  YESTERDAY        0.0                       0.0    0.0      0.0
  MONTH TO DATE    T                         0.5   -0.5      0.0
  SINCE JUL 1     11.8                       4.1    7.7      1.9
  SNOW DEPTH       0

DEGREE DAYS
 HEATING
  YESTERDAY       17                        15      2       19
  MONTH TO DATE  397                       443    -46      374
  SINCE MAR 1    397                       443    -46      374
  SINCE JUL 1   3442                      3557   -115     3048

 COOLING
  YESTERDAY        0                         0      0        0
  MONTH TO DATE    0                         0      0        0
  SINCE MAR 1      0                         0      0        0
  SINCE JAN 1      0                         0      0        0
..................................................................


WIND (MPH)
  HIGHEST WIND SPEED    12   HIGHEST WIND DIRECTION     S (190)
  HIGHEST GUST SPEED    15   HIGHEST GUST DIRECTION     S (200)
  AVERAGE WIND SPEED     3.4


SKY COVER
  POSSIBLE SUNSHINE  MM
  AVERAGE SKY COVER 0.9


WEATHER CONDITIONS
 THE FOLLOWING WEATHER WAS RECORDED YESTERDAY.
  RAIN
  LIGHT RAIN
  FOG


RELATIVE HUMIDITY (PERCENT)
 HIGHEST    96           600 AM
 LOWEST     80          1100 AM
 AVERAGE    88

..........................................................


THE MEDFORD OR CLIMATE NORMALS FOR TODAY
                         NORMAL    RECORD    YEAR
 MAXIMUM TEMPERATURE (F)   61        83      1994
 MINIMUM TEMPERATURE (F)   38        24      1944


SUNRISE AND SUNSET
MARCH 27 2017.........SUNRISE   702 AM PDT   SUNSET   732 PM PDT
MARCH 28 2017.........SUNRISE   700 AM PDT   SUNSET   733 PM PDT


-  INDICATES NEGATIVE NUMBERS.
R  INDICATES RECORD WAS SET OR TIED.
MM INDICATES DATA IS MISSING.
T  INDICATES TRACE AMOUNT.




$$
