370
CDUS46 KMFR 241821
CLIMFR


CLIMATE REPORT
NATIONAL WEATHER SERVICE MEDFORD, OR
1021 AM PST FRI FEB 24 2017


...................................

...THE MEDFORD OR CLIMATE SUMMARY FOR FEBRUARY 23 2017...

CLIMATE NORMAL PERIOD 1981 TO 2010
CLIMATE RECORD PERIOD 1911 TO 2017


WEATHER ITEM   OBSERVED TIME   RECORD YEAR NORMAL DEPARTURE LAST
                VALUE   (LST)  VALUE       VALUE  FROM      YEAR
                                                  NORMAL
..................................................................
TEMPERATURE (F)
 YESTERDAY
  MAXIMUM         46    422 PM  73    1995  56    -10       59
  MINIMUM         31   1155 PM  19    1920  35     -4       29
  AVERAGE         39                        46     -7       44

PRECIPITATION (IN)
  YESTERDAY        T             0.57 1972   0.07  -0.07     0.00
  MONTH TO DATE    4.04                      1.66   2.38     0.87
  SINCE OCT 1     20.62                     11.73   8.89    14.85
  SINCE JAN 1      8.93                      4.09   4.84     5.09

SNOWFALL (IN)
  YESTERDAY        T                         0.0    0.0      0.0
  MONTH TO DATE    T                         0.5   -0.5      1.2
  SINCE JUL 1     11.8                       3.5    8.3      1.9
  SNOW DEPTH       0

DEGREE DAYS
 HEATING
  YESTERDAY       26                        20      6       21
  MONTH TO DATE  418                       487    -69      401
  SINCE DEC 1   2143                      2050     93     1774
  SINCE JUL 1   2916                      3019   -103     2578

 COOLING
  YESTERDAY        0                         0      0        0
  MONTH TO DATE    0                         0      0        0
  SINCE DEC 1      0                         0      0        0
  SINCE JAN 1      0                         0      0        0
..................................................................


WIND (MPH)
  HIGHEST WIND SPEED    13   HIGHEST WIND DIRECTION     W (270)
  HIGHEST GUST SPEED    15   HIGHEST GUST DIRECTION     W (270)
  AVERAGE WIND SPEED     2.3


SKY COVER
  POSSIBLE SUNSHINE  MM
  AVERAGE SKY COVER 0.7


WEATHER CONDITIONS
 THE FOLLOWING WEATHER WAS RECORDED YESTERDAY.
  NO SIGNIFICANT WEATHER WAS OBSERVED.


RELATIVE HUMIDITY (PERCENT)
 HIGHEST   100           500 AM
 LOWEST     45           500 PM
 AVERAGE    73

..........................................................


THE MEDFORD OR CLIMATE NORMALS FOR TODAY
                         NORMAL    RECORD    YEAR
 MAXIMUM TEMPERATURE (F)   57        72      1995
                                             1991
 MINIMUM TEMPERATURE (F)   35        18      1920


SUNRISE AND SUNSET
FEBRUARY 24 2017......SUNRISE   654 AM PST   SUNSET   556 PM PST
FEBRUARY 25 2017......SUNRISE   653 AM PST   SUNSET   557 PM PST


-  INDICATES NEGATIVE NUMBERS.
R  INDICATES RECORD WAS SET OR TIED.
MM INDICATES DATA IS MISSING.
T  INDICATES TRACE AMOUNT.




$$
