000
CDUS46 KMFR 290836
CLIMFR


CLIMATE REPORT
NATIONAL WEATHER SERVICE MEDFORD, OR
1235 AM PST THU JAN 29 2015


...................................

...THE MEDFORD OR CLIMATE SUMMARY FOR JANUARY 28 2015...

CLIMATE NORMAL PERIOD 1981 TO 2010
CLIMATE RECORD PERIOD 1911 TO 2015


WEATHER ITEM   OBSERVED TIME   RECORD YEAR NORMAL DEPARTURE LAST
                VALUE   (LST)  VALUE       VALUE  FROM      YEAR
                                                  NORMAL
..................................................................
TEMPERATURE (F)
 YESTERDAY
  MAXIMUM         55    343 PM  65    1940  50      5       50
  MINIMUM         35    532 AM  11    1963  33      2       42
  AVERAGE         45                        42      3       46

PRECIPITATION (IN)
  YESTERDAY        0.00          2.32 1958   0.07  -0.07     0.22
  MONTH TO DATE    1.25                      2.24  -0.99     0.76
  SINCE OCT 1      8.10                      9.88  -1.78     2.44
  SINCE JAN 1      1.25                      2.24  -0.99     0.76

SNOWFALL (IN)
  YESTERDAY        0.0                       0.0    0.0      0.0
  MONTH TO DATE    T                         1.2   -1.2       T
  SINCE JUL 1      T                         2.9   -2.9      3.4
  SNOW DEPTH       0

DEGREE DAYS
 HEATING
  YESTERDAY       20                        23     -3       19
  MONTH TO DATE  642                       697    -55      699
  SINCE DEC 1   1234                      1494   -260     1739
  SINCE JUL 1   1908                      2463   -555     2790

 COOLING
  YESTERDAY        0                         0      0        0
  MONTH TO DATE    0                         0      0        0
  SINCE DEC 1      0                         0      0        0
  SINCE JAN 1      0                         0      0        0
..................................................................


WIND (MPH)
  HIGHEST WIND SPEED     5   HIGHEST WIND DIRECTION     W (290)
  HIGHEST GUST SPEED     9   HIGHEST GUST DIRECTION    SE (120)
  AVERAGE WIND SPEED     0.3


SKY COVER
  POSSIBLE SUNSHINE  MM
  AVERAGE SKY COVER 0.6


WEATHER CONDITIONS
 THE FOLLOWING WEATHER WAS RECORDED YESTERDAY.
  FOG
  FOG W/VISIBILITY <= 1/4 MILE
  HAZE


RELATIVE HUMIDITY (PERCENT)
 HIGHEST   100           200 AM
 LOWEST     54           300 PM
 AVERAGE    77

..........................................................


THE MEDFORD OR CLIMATE NORMALS FOR TODAY
                         NORMAL    RECORD    YEAR
 MAXIMUM TEMPERATURE (F)   50        64      1995
                                             1928
 MINIMUM TEMPERATURE (F)   33        10      1980


SUNRISE AND SUNSET
JANUARY 29 2015.......SUNRISE   728 AM PST   SUNSET   522 PM PST
JANUARY 30 2015.......SUNRISE   727 AM PST   SUNSET   523 PM PST


-  INDICATES NEGATIVE NUMBERS.
R  INDICATES RECORD WAS SET OR TIED.
MM INDICATES DATA IS MISSING.
T  INDICATES TRACE AMOUNT.




$$
