000
CDUS46 KMFR 252056
CLIMFR

CLIMATE REPORT
NATIONAL WEATHER SERVICE MEDFORD, OR
155 PM PDT MON MAY 25 2015


...................................

...THE MEDFORD OR CLIMATE SUMMARY FOR MAY 24 2015...

CLIMATE NORMAL PERIOD 1981 TO 2010
CLIMATE RECORD PERIOD 1911 TO 2015


WEATHER ITEM   OBSERVED TIME   RECORD YEAR NORMAL DEPARTURE LAST
                VALUE   (LST)  VALUE       VALUE  FROM      YEAR
                                                  NORMAL
..................................................................
TEMPERATURE (F)
 YESTERDAY
  MAXIMUM         75    524 PM  98    1928  76     -1       83
  MINIMUM         50    400 AM  31    1918  48      2       58
  AVERAGE         63                        62      1       71

PRECIPITATION (IN)
  YESTERDAY        0.00          1.21 1945   0.04  -0.04     0.00
  MONTH TO DATE    0.31                      1.03  -0.72     0.47
  SINCE OCT 1     13.66                     16.20  -2.54    11.80
  SINCE JAN 1      6.81                      8.56  -1.75    10.12

SNOWFALL (IN)
  YESTERDAY        0.0                       0.0    0.0      0.0
  MONTH TO DATE    0.0                       0.0    0.0      0.0
  SINCE JUL 1      T                         4.1   -4.1      3.4
  SNOW DEPTH       0

DEGREE DAYS
 HEATING
  YESTERDAY        2                         5     -3        0
  MONTH TO DATE  107                       167    -60       96
  SINCE MAR 1    796                      1052   -256      776
  SINCE JUL 1   3236                      4166   -930     4146

 COOLING
  YESTERDAY        0                         2     -2        6
  MONTH TO DATE    3                        24    -21       42
  SINCE MAR 1      3                        27    -24       46
  SINCE JAN 1      3                        27    -24       46
..................................................................


WIND (MPH)
  HIGHEST WIND SPEED    10   HIGHEST WIND DIRECTION    NW (320)
  HIGHEST GUST SPEED    16   HIGHEST GUST DIRECTION    NE (40)
  AVERAGE WIND SPEED     2.7


SKY COVER
  POSSIBLE SUNSHINE  MM
  AVERAGE SKY COVER 0.5


WEATHER CONDITIONS
 THE FOLLOWING WEATHER WAS RECORDED YESTERDAY.
  NO SIGNIFICANT WEATHER WAS OBSERVED.


RELATIVE HUMIDITY (PERCENT)
 HIGHEST    86           300 AM
 LOWEST     46           400 PM
 AVERAGE    66

..........................................................


THE MEDFORD OR CLIMATE NORMALS FOR TODAY
                         NORMAL    RECORD    YEAR
 MAXIMUM TEMPERATURE (F)   76        97      1936
 MINIMUM TEMPERATURE (F)   48        30      1920


SUNRISE AND SUNSET
MAY 25 2015...........SUNRISE   541 AM PDT   SUNSET   836 PM PDT
MAY 26 2015...........SUNRISE   541 AM PDT   SUNSET   837 PM PDT


-  INDICATES NEGATIVE NUMBERS.
R  INDICATES RECORD WAS SET OR TIED.
MM INDICATES DATA IS MISSING.
T  INDICATES TRACE AMOUNT.

&&

24 HOUR PRECIPITATION...0
MORNING LOW.............53

$$
