000
CDUS46 KMFR 150037
CLIMFR


CLIMATE REPORT
NATIONAL WEATHER SERVICE MEDFORD, OR
437 PM PST SUN FEB 14 2016


...................................

...THE MEDFORD OR CLIMATE SUMMARY FOR FEBRUARY 14 2016...
VALID TODAY AS OF 0400 PM LOCAL TIME.

CLIMATE NORMAL PERIOD 1981 TO 2010
CLIMATE RECORD PERIOD 1911 TO 2016


WEATHER ITEM   OBSERVED TIME   RECORD YEAR NORMAL DEPARTURE LAST
                VALUE   (LST)  VALUE       VALUE  FROM      YEAR
                                                  NORMAL
..................................................................
TEMPERATURE (F)
 TODAY
  MAXIMUM         58    348 PM  68    1996  54      4       61
                                      1977
                                      1930
  MINIMUM         46    812 AM  14    1990  34     12       35
  AVERAGE         52                        44      8       48

PRECIPITATION (IN)
  TODAY            T             1.87 1959   0.07  -0.07     0.00
  MONTH TO DATE    0.27                      1.00  -0.73     2.68
  SINCE OCT 1     14.25                     11.07   3.18    10.78
  SINCE JAN 1      4.49                      3.43   1.06     3.93

SNOWFALL (IN)
  TODAY           MM                         0.0   MM        0.0
  MONTH TO DATE    1.2                       0.3    0.9      0.0
  SINCE JUL 1      1.9                       3.3   -1.4       T
  SNOW DEPTH       0

DEGREE DAYS
 HEATING
  TODAY           13                        21     -8       17
  MONTH TO DATE  236                       305    -69      218
  SINCE DEC 1   1609                      1868   -259     1513
  SINCE JUL 1   2413                      2837   -424     2187

 COOLING
  TODAY            0                         0      0        0
  MONTH TO DATE    0                         0      0        0
  SINCE DEC 1      0                         0      0        0
  SINCE JAN 1      0                         0      0        0
..................................................................


WIND (MPH)
  HIGHEST WIND SPEED     7   HIGHEST WIND DIRECTION     N (10)
  HIGHEST GUST SPEED     8   HIGHEST GUST DIRECTION     N (360)
  AVERAGE WIND SPEED     2.2


SKY COVER
  POSSIBLE SUNSHINE  MM
  AVERAGE SKY COVER 0.9


WEATHER CONDITIONS
 THE FOLLOWING WEATHER WAS RECORDED TODAY.
  NO SIGNIFICANT WEATHER WAS OBSERVED.


RELATIVE HUMIDITY (PERCENT)
 HIGHEST    93           900 AM
 LOWEST     67           300 PM
 AVERAGE    80

..........................................................


THE MEDFORD OR CLIMATE NORMALS FOR TOMORROW
                         NORMAL    RECORD    YEAR
 MAXIMUM TEMPERATURE (F)   55        69      2013
                                             1996
 MINIMUM TEMPERATURE (F)   34        19      1956
                                             1929


SUNRISE AND SUNSET
FEBRUARY 14 2016......SUNRISE   710 AM PST   SUNSET   542 PM PST
FEBRUARY 15 2016......SUNRISE   708 AM PST   SUNSET   543 PM PST


-  INDICATES NEGATIVE NUMBERS.
R  INDICATES RECORD WAS SET OR TIED.
MM INDICATES DATA IS MISSING.
T  INDICATES TRACE AMOUNT.




$$
