000
CDUS44 KBMX 270736
CLIMGM


CLIMATE REPORT
NATIONAL WEATHER SERVICE BIRMINGHAM, AL
233 AM CDT FRI MAR 27 2015


...................................

...THE MONTGOMERY CLIMATE SUMMARY FOR MARCH 26 2015...

CLIMATE NORMAL PERIOD 1981 TO 2010
CLIMATE RECORD PERIOD 1994 TO 2015


WEATHER ITEM   OBSERVED TIME   RECORD YEAR NORMAL DEPARTURE LAST
                VALUE   (LST)  VALUE       VALUE  FROM      YEAR
                                                  NORMAL
..................................................................
TEMPERATURE (F)
 YESTERDAY
  MAXIMUM         78    156 PM  87    2007  72      6       59
                                      1936
                                      1910
  MINIMUM         60   1159 PM  26    1894  47     13       30
  AVERAGE         69                        60      9       45

PRECIPITATION (IN)
  YESTERDAY        0.73          3.10 1888   0.20   0.53     0.00
  MONTH TO DATE    1.90                      5.03  -3.13     3.20
  SINCE MAR 1      1.90                      5.03  -3.13     3.20
  SINCE JAN 1      9.56                     14.96  -5.40    10.87

SNOWFALL (IN)
  YESTERDAY        0.0                       0.0    0.0      0.0
  MONTH TO DATE    0.0                       0.3   -0.3      0.0
  SINCE MAR 1      0.0                       0.3   -0.3      0.0
  SINCE JUL 1      0.0                       0.4   -0.4      0.5
  SNOW DEPTH      MM

DEGREE DAYS
 HEATING
  YESTERDAY        0                         6     -6       20
  MONTH TO DATE  114                       226   -112      247
  SINCE MAR 1    114                       226   -112      247
  SINCE JUL 1   2084                      2098    -14     2205

 COOLING
  YESTERDAY        4                         1      3        0
  MONTH TO DATE   64                        21     43        3
  SINCE MAR 1     64                        21     43        3
  SINCE JAN 1     64                        27     37       10
..................................................................


WIND (MPH)
  HIGHEST WIND SPEED    21   HIGHEST WIND DIRECTION     W (290)
  HIGHEST GUST SPEED    26   HIGHEST GUST DIRECTION     W (290)
  AVERAGE WIND SPEED     4.4


SKY COVER
  AVERAGE SKY COVER 0.2


WEATHER CONDITIONS
 THE FOLLOWING WEATHER WAS RECORDED YESTERDAY.
  THUNDERSTORM
  RAIN
  LIGHT RAIN
  FOG


RELATIVE HUMIDITY (PERCENT)
 HIGHEST    93           300 AM
 LOWEST     43           300 PM
 AVERAGE    68

..........................................................


THE MONTGOMERY CLIMATE NORMALS FOR TODAY
                         NORMAL    RECORD    YEAR
 MAXIMUM TEMPERATURE (F)   73        89      1910
 MINIMUM TEMPERATURE (F)   47        21      1955


SUNRISE AND SUNSET
MARCH 27 2015.........SUNRISE   641 AM CDT   SUNSET   702 PM CDT
MARCH 28 2015.........SUNRISE   639 AM CDT   SUNSET   703 PM CDT


-  INDICATES NEGATIVE NUMBERS.
R  INDICATES RECORD WAS SET OR TIED.
MM INDICATES DATA IS MISSING.
T  INDICATES TRACE AMOUNT.




$$
