000
CDUS44 KBMX 200017
CLIMGM


CLIMATE REPORT
NATIONAL WEATHER SERVICE BIRMINGHAM, AL
717 PM CDT SAT AUG 19 2017


...................................

...THE MONTGOMERY CLIMATE SUMMARY FOR AUGUST 19 2017...
VALID TODAY AS OF 0700 PM LOCAL TIME.

CLIMATE NORMAL PERIOD 1981 TO 2010
CLIMATE RECORD PERIOD 1872 TO 2017


WEATHER ITEM   OBSERVED TIME   RECORD YEAR NORMAL DEPARTURE LAST
                VALUE   (LST)  VALUE       VALUE  FROM      YEAR
                                                  NORMAL
..................................................................
TEMPERATURE (F)
 TODAY
  MAXIMUM         96    416 PM 101    1999  92      4       95
                                      1990
                                      1983
  MINIMUM         73    529 AM  61    1976  71      2       75
  AVERAGE         85                        82      3       85

PRECIPITATION (IN)
  TODAY            0.00          3.28 1903   0.13  -0.13     0.14
  MONTH TO DATE    6.48                      2.45   4.03     2.25
  SINCE JUN 1     23.02                     11.76  11.26    10.59
  SINCE JAN 1     56.94                     35.20  21.74    32.82

DEGREE DAYS
 COOLING
  TODAY           20                        16      4       20
  MONTH TO DATE  350                       322     28      383
  SINCE JUN 1   1377                      1262    115     1524
  SINCE JAN 1   1959                      1601    358     1985
..................................................................


WIND (MPH)
  HIGHEST WIND SPEED     9   HIGHEST WIND DIRECTION     N (340)
  HIGHEST GUST SPEED    12   HIGHEST GUST DIRECTION     N (340)
  AVERAGE WIND SPEED     1.9


SKY COVER
  AVERAGE SKY COVER 0.1


WEATHER CONDITIONS
 THE FOLLOWING WEATHER WAS RECORDED TODAY.
  FOG
  FOG W/VISIBILITY <= 1/4 MILE
  HAZE


RELATIVE HUMIDITY (PERCENT)
 HIGHEST    87           100 AM
 LOWEST     38           400 PM
 AVERAGE    63

..........................................................


THE MONTGOMERY CLIMATE NORMALS FOR TOMORROW
                         NORMAL    RECORD    YEAR
 MAXIMUM TEMPERATURE (F)   92       103      1983
 MINIMUM TEMPERATURE (F)   71        63      1889


SUNRISE AND SUNSET
AUGUST 19 2017........SUNRISE   613 AM CDT   SUNSET   725 PM CDT
AUGUST 20 2017........SUNRISE   613 AM CDT   SUNSET   724 PM CDT


-  INDICATES NEGATIVE NUMBERS.
R  INDICATES RECORD WAS SET OR TIED.
MM INDICATES DATA IS MISSING.
T  INDICATES TRACE AMOUNT.




$$
