000
CDUS44 KBMX 172114
CLIMGM


CLIMATE REPORT
NATIONAL WEATHER SERVICE BIRMINGHAM, AL
414 PM CDT WED SEP 17 2014


...................................

...THE MONTGOMERY CLIMATE SUMMARY FOR SEPTEMBER 17 2014...
VALID AS OF 0400 PM LOCAL TIME.

CLIMATE NORMAL PERIOD 1981 TO 2010
CLIMATE RECORD PERIOD 1872 TO 2014


WEATHER ITEM   OBSERVED TIME   RECORD YEAR NORMAL DEPARTURE LAST
                VALUE   (LST)  VALUE       VALUE  FROM      YEAR
                                                  NORMAL
..................................................................
TEMPERATURE (F)
 TODAY
  MAXIMUM         93    226 PM 102    1927  87      6       94
  MINIMUM         71    538 AM  52    1999  65      6       66
                                      1961
  AVERAGE         82                        76      6       80

PRECIPITATION (IN)
  TODAY            0.00          2.93 1986   0.13  -0.13     0.00
  MONTH TO DATE    0.51                      2.34  -1.83     0.10
  SINCE SEP 1      0.51                      2.34  -1.83     0.10
  SINCE JAN 1     40.26                     39.05   1.21    43.11

DEGREE DAYS

 COOLING
  TODAY           17                        11      6       15
  MONTH TO DATE  307                       225     82      274
  SINCE SEP 1    307                       225     82      274
  SINCE JAN 1   2206                      2014    192     2096
..................................................................


WIND (MPH)
  HIGHEST WIND SPEED    12   HIGHEST WIND DIRECTION     W (290)
  HIGHEST GUST SPEED    15   HIGHEST GUST DIRECTION     W (280)
  AVERAGE WIND SPEED     4.5


SKY COVER
  AVERAGE SKY COVER 0.4


WEATHER CONDITIONS
 THE FOLLOWING WEATHER WAS RECORDED TODAY.
  FOG
  FOG W/VISIBILITY <= 1/4 MILE


RELATIVE HUMIDITY (PERCENT)
 HIGHEST    93           100 AM
 LOWEST     41           300 PM
 AVERAGE    67

..........................................................


THE MONTGOMERY CLIMATE NORMALS FOR TOMORROW
                         NORMAL    RECORD    YEAR
 MAXIMUM TEMPERATURE (F)   87       100      2010
                                             1925
 MINIMUM TEMPERATURE (F)   65        51      1903


SUNRISE AND SUNSET
SEPTEMBER 17 2014.....SUNRISE   631 AM CDT   SUNSET   649 PM CDT
SEPTEMBER 18 2014.....SUNRISE   631 AM CDT   SUNSET   648 PM CDT


-  INDICATES NEGATIVE NUMBERS.
R  INDICATES RECORD WAS SET OR TIED.
MM INDICATES DATA IS MISSING.
T  INDICATES TRACE AMOUNT.




$$
