000
CDUS44 KBMX 240835
CLIMGM


CLIMATE REPORT
NATIONAL WEATHER SERVICE BIRMINGHAM, AL
235 AM CST TUE JAN 24 2017


...................................

...THE MONTGOMERY CLIMATE SUMMARY FOR JANUARY 23 2017...

CLIMATE NORMAL PERIOD 1981 TO 2010
CLIMATE RECORD PERIOD 1872 TO 2017


WEATHER ITEM   OBSERVED TIME   RECORD YEAR NORMAL DEPARTURE LAST
                VALUE   (LST)  VALUE       VALUE  FROM      YEAR
                                                  NORMAL
..................................................................
TEMPERATURE (F)
 YESTERDAY
  MAXIMUM         68    327 PM  80    1920  58     10       41
  MINIMUM         50   1159 PM  13    1963  36     14       28
  AVERAGE         59                        47     12       35

PRECIPITATION (IN)
  YESTERDAY        0.01          4.16 1965   0.17  -0.16     0.00
  MONTH TO DATE   10.86                      3.30   7.56     4.36
  SINCE DEC 1     14.97                      8.16   6.81    18.49
  SINCE JAN 1     10.86                      3.30   7.56     4.36

SNOWFALL (IN)
  YESTERDAY        0.0                       0.0    0.0      0.0
  MONTH TO DATE    0.0                       0.0    0.0       T
  SINCE DEC 1      0.0                       0.1   -0.1       T
  SINCE JUL 1      0.0                       0.1   -0.1       T
  SNOW DEPTH       0

DEGREE DAYS
 HEATING
  YESTERDAY        6                        18    -12       30
  MONTH TO DATE  192                       434   -242      452
  SINCE DEC 1    541                       951   -410      671
  SINCE JUL 1    716                      1322   -606      858
..................................................................


WIND (MPH)
  HIGHEST WIND SPEED    29   HIGHEST WIND DIRECTION    NW (300)
  HIGHEST GUST SPEED    36   HIGHEST GUST DIRECTION    NW (300)
  AVERAGE WIND SPEED    15.5


SKY COVER
  AVERAGE SKY COVER 0.4


WEATHER CONDITIONS
 THE FOLLOWING WEATHER WAS RECORDED YESTERDAY.
  LIGHT RAIN


RELATIVE HUMIDITY (PERCENT)
 HIGHEST    86           400 AM
 LOWEST     45           300 PM
 AVERAGE    66

..........................................................


THE MONTGOMERY CLIMATE NORMALS FOR TODAY
                         NORMAL    RECORD    YEAR
 MAXIMUM TEMPERATURE (F)   58        81      1950
 MINIMUM TEMPERATURE (F)   36         5      1963


SUNRISE AND SUNSET
JANUARY 24 2017.......SUNRISE   644 AM CST   SUNSET   512 PM CST
JANUARY 25 2017.......SUNRISE   644 AM CST   SUNSET   513 PM CST


-  INDICATES NEGATIVE NUMBERS.
R  INDICATES RECORD WAS SET OR TIED.
MM INDICATES DATA IS MISSING.
T  INDICATES TRACE AMOUNT.




$$
