000
CDUS44 KBMX 240802
CLIMGM


CLIMATE REPORT
NATIONAL WEATHER SERVICE BIRMINGHAM, AL
300 AM CDT SUN JUL 24 2016


...................................

...THE MONTGOMERY CLIMATE SUMMARY FOR JULY 23 2016...

CLIMATE NORMAL PERIOD 1981 TO 2010
CLIMATE RECORD PERIOD 1872 TO 2016


WEATHER ITEM   OBSERVED TIME   RECORD YEAR NORMAL DEPARTURE LAST
                VALUE   (LST)  VALUE       VALUE  FROM      YEAR
                                                  NORMAL
..................................................................
TEMPERATURE (F)
 YESTERDAY
  MAXIMUM         95    320 PM 103    1952  92      3       95
  MINIMUM         75    512 AM  61    1947  72      3       76
  AVERAGE         85                        82      3       86

PRECIPITATION (IN)
  YESTERDAY        0.00          2.67 1956   0.16  -0.16     0.56
  MONTH TO DATE    5.07                      4.04   1.03     4.49
  SINCE JUN 1      7.80                      8.11  -0.31     8.48
  SINCE JAN 1     30.03                     31.55  -1.52    28.98

DEGREE DAYS
 COOLING
  YESTERDAY       20                        17      3       21
  MONTH TO DATE  459                       385     74      448
  SINCE JUN 1    977                       804    173      945
  SINCE JAN 1   1438                      1143    295     1483
..................................................................


WIND (MPH)
  HIGHEST WIND SPEED    10   HIGHEST WIND DIRECTION    SE (130)
  HIGHEST GUST SPEED    14   HIGHEST GUST DIRECTION    SE (130)
  AVERAGE WIND SPEED     3.4


SKY COVER
  AVERAGE SKY COVER 0.1


WEATHER CONDITIONS
 THE FOLLOWING WEATHER WAS RECORDED YESTERDAY.
  FOG


RELATIVE HUMIDITY (PERCENT)
 HIGHEST    94           200 AM
 LOWEST     49           100 PM
 AVERAGE    72

..........................................................


THE MONTGOMERY CLIMATE NORMALS FOR TODAY
                         NORMAL    RECORD    YEAR
 MAXIMUM TEMPERATURE (F)   92       105      1952
 MINIMUM TEMPERATURE (F)   72        66      1966
                                             1906
                                             1882


SUNRISE AND SUNSET
JULY 24 2016..........SUNRISE   555 AM CDT   SUNSET   748 PM CDT
JULY 25 2016..........SUNRISE   556 AM CDT   SUNSET   748 PM CDT


-  INDICATES NEGATIVE NUMBERS.
R  INDICATES RECORD WAS SET OR TIED.
MM INDICATES DATA IS MISSING.
T  INDICATES TRACE AMOUNT.




$$
