000
CDUS44 KBMX 290806
CLIMGM


CLIMATE REPORT
NATIONAL WEATHER SERVICE BIRMINGHAM, AL
305 AM CDT WED JUL 29 2015


...................................

...THE MONTGOMERY CLIMATE SUMMARY FOR JULY 28 2015...

CLIMATE NORMAL PERIOD 1981 TO 2010
CLIMATE RECORD PERIOD 1994 TO 2015


WEATHER ITEM   OBSERVED TIME   RECORD YEAR NORMAL DEPARTURE LAST
                VALUE   (LST)  VALUE       VALUE  FROM      YEAR
                                                  NORMAL
..................................................................
TEMPERATURE (F)
 YESTERDAY
  MAXIMUM         98    202 PM 102    1952  92      6       97
  MINIMUM         76    454 AM  63    1911  72      4       73
  AVERAGE         87                        82      5       85

PRECIPITATION (IN)
  YESTERDAY        0.00          1.68 1893   0.14  -0.14     0.00
  MONTH TO DATE    4.50                      4.80  -0.30     2.28
  SINCE JUN 1      8.49                      8.87  -0.38     7.45
  SINCE JAN 1     28.99                     32.31  -3.32    36.34

DEGREE DAYS
 COOLING
  YESTERDAY       22                        17      5       20
  MONTH TO DATE  552                       470     82      474
  SINCE JUN 1   1049                       889    160      946
  SINCE JAN 1   1587                      1228    359     1312
..................................................................


WIND (MPH)
  HIGHEST WIND SPEED    23   HIGHEST WIND DIRECTION     N (360)
  HIGHEST GUST SPEED    30   HIGHEST GUST DIRECTION     N (20)
  AVERAGE WIND SPEED     3.7


SKY COVER
  AVERAGE SKY COVER 0.0


WEATHER CONDITIONS
 THE FOLLOWING WEATHER WAS RECORDED YESTERDAY.
  THUNDERSTORM
  FOG
  HAZE


RELATIVE HUMIDITY (PERCENT)
 HIGHEST    94           500 AM
 LOWEST     48          1200 PM
 AVERAGE    71

..........................................................


THE MONTGOMERY CLIMATE NORMALS FOR TODAY
                         NORMAL    RECORD    YEAR
 MAXIMUM TEMPERATURE (F)   92       100      2012
                                             1987
                                             1959
 MINIMUM TEMPERATURE (F)   72        65      2014
                                             1994
                                             1911


SUNRISE AND SUNSET
JULY 29 2015..........SUNRISE   558 AM CDT   SUNSET   746 PM CDT
JULY 30 2015..........SUNRISE   559 AM CDT   SUNSET   745 PM CDT


-  INDICATES NEGATIVE NUMBERS.
R  INDICATES RECORD WAS SET OR TIED.
MM INDICATES DATA IS MISSING.
T  INDICATES TRACE AMOUNT.




$$
