000
CDUS44 KBMX 300735
CLIMGM


CLIMATE REPORT
NATIONAL WEATHER SERVICE BIRMINGHAM, AL
234 AM CDT SUN APR 30 2017


...................................

...THE MONTGOMERY CLIMATE SUMMARY FOR APRIL 29 2017...

CLIMATE NORMAL PERIOD 1981 TO 2010
CLIMATE RECORD PERIOD 1872 TO 2017


WEATHER ITEM   OBSERVED TIME   RECORD YEAR NORMAL DEPARTURE LAST
                VALUE   (LST)  VALUE       VALUE  FROM      YEAR
                                                  NORMAL
..................................................................
TEMPERATURE (F)
 YESTERDAY
  MAXIMUM         90R   113 PM  90    1943  80     10       89
                                      1915
  MINIMUM         69    322 AM  36    1992  55     14       64
  AVERAGE         80                        68     12       77

PRECIPITATION (IN)
  YESTERDAY        0.00          2.34 1873   0.10  -0.10     0.63
  MONTH TO DATE    1.71                      3.91  -2.20     6.62
  SINCE MAR 1      5.43                      9.86  -4.43    10.84
  SINCE JAN 1     20.13                     19.79   0.34    21.50

SNOWFALL (IN)
  YESTERDAY        0.0                       0.0    0.0      0.0
  MONTH TO DATE    0.0                       0.0    0.0      0.0
  SINCE MAR 1      0.0                       0.3   -0.3      0.0
  SINCE JUL 1      0.0                       0.4   -0.4       T
  SNOW DEPTH       0

DEGREE DAYS
 HEATING
  YESTERDAY        0                         1     -1        0
  MONTH TO DATE   26                        97    -71       37
  SINCE MAR 1    195                       352   -157      159
  SINCE JUL 1   1192                      2224  -1032     1484

 COOLING
  YESTERDAY       15                         4     11       12
  MONTH TO DATE  175                        68    107       89
  SINCE MAR 1    256                        91    165      162
  SINCE JAN 1    302                        97    205      175
..................................................................


WIND (MPH)
  HIGHEST WIND SPEED    18   HIGHEST WIND DIRECTION    SE (130)
  HIGHEST GUST SPEED    27   HIGHEST GUST DIRECTION    SE (150)
  AVERAGE WIND SPEED     7.5


SKY COVER
  AVERAGE SKY COVER 0.3


WEATHER CONDITIONS
 THE FOLLOWING WEATHER WAS RECORDED YESTERDAY.
  FOG
  HAZE


RELATIVE HUMIDITY (PERCENT)
 HIGHEST    90           400 AM
 LOWEST     46           100 PM
 AVERAGE    68

..........................................................


THE MONTGOMERY CLIMATE NORMALS FOR TODAY
                         NORMAL    RECORD    YEAR
 MAXIMUM TEMPERATURE (F)   80        94      2007
 MINIMUM TEMPERATURE (F)   56        40      2008


SUNRISE AND SUNSET
APRIL 30 2017.........SUNRISE   600 AM CDT   SUNSET   726 PM CDT
MAY  1 2017...........SUNRISE   559 AM CDT   SUNSET   727 PM CDT


-  INDICATES NEGATIVE NUMBERS.
R  INDICATES RECORD WAS SET OR TIED.
MM INDICATES DATA IS MISSING.
T  INDICATES TRACE AMOUNT.




$$
