000
CDUS44 KBMX 262116
CLIMGM


CLIMATE REPORT
NATIONAL WEATHER SERVICE BIRMINGHAM, AL
416 PM CDT THU MAY 26 2016


...................................

...THE MONTGOMERY CLIMATE SUMMARY FOR MAY 26 2016...
VALID AS OF 0400 PM LOCAL TIME.

CLIMATE NORMAL PERIOD 1981 TO 2010
CLIMATE RECORD PERIOD 1872 TO 2016


WEATHER ITEM   OBSERVED TIME   RECORD YEAR NORMAL DEPARTURE LAST
                VALUE   (LST)  VALUE       VALUE  FROM      YEAR
                                                  NORMAL
..................................................................
TEMPERATURE (F)
 TODAY
  MAXIMUM         90    239 PM  97    1916  86      4       81
  MINIMUM         65    446 AM  43    1979  64      1       67
  AVERAGE         78                        75      3       74

PRECIPITATION (IN)
  TODAY            0.00          2.02 2011   0.11  -0.11     0.55
  MONTH TO DATE    0.73                      2.99  -2.26     3.17
  SINCE MAR 1     11.57                     12.96  -1.39    11.67
  SINCE JAN 1     22.23                     22.89  -0.66    19.33

DEGREE DAYS
 COOLING
  TODAY           13                        10      3        9
  MONTH TO DATE  196                       183     13      249
  SINCE MAR 1    369                       278     91      470
  SINCE JAN 1    382                       284     98      470
..................................................................


WIND (MPH)
  HIGHEST WIND SPEED    14   HIGHEST WIND DIRECTION     S (180)
  HIGHEST GUST SPEED    21   HIGHEST GUST DIRECTION    SW (210)
  AVERAGE WIND SPEED     3.8


SKY COVER
  AVERAGE SKY COVER 0.1


WEATHER CONDITIONS
 THE FOLLOWING WEATHER WAS RECORDED TODAY.
  NO SIGNIFICANT WEATHER WAS OBSERVED.


RELATIVE HUMIDITY (PERCENT)
 HIGHEST    87           500 AM
 LOWEST     38           200 PM
 AVERAGE    63

..........................................................


THE MONTGOMERY CLIMATE NORMALS FOR TOMORROW
                         NORMAL    RECORD    YEAR
 MAXIMUM TEMPERATURE (F)   87        99      1916
 MINIMUM TEMPERATURE (F)   64        44      1961


SUNRISE AND SUNSET
MAY 26 2016...........SUNRISE   541 AM CDT   SUNSET   744 PM CDT
MAY 27 2016...........SUNRISE   541 AM CDT   SUNSET   745 PM CDT


-  INDICATES NEGATIVE NUMBERS.
R  INDICATES RECORD WAS SET OR TIED.
MM INDICATES DATA IS MISSING.
T  INDICATES TRACE AMOUNT.




$$
