000
CDUS44 KBMX 280748
CLIMGM


CLIMATE REPORT
NATIONAL WEATHER SERVICE BIRMINGHAM, AL
248 AM CDT SUN AUG 28 2016


...................................

...THE MONTGOMERY CLIMATE SUMMARY FOR AUGUST 27 2016...

CLIMATE NORMAL PERIOD 1981 TO 2010
CLIMATE RECORD PERIOD 1872 TO 2016


WEATHER ITEM   OBSERVED TIME   RECORD YEAR NORMAL DEPARTURE LAST
                VALUE   (LST)  VALUE       VALUE  FROM      YEAR
                                                  NORMAL
..................................................................
TEMPERATURE (F)
 YESTERDAY
  MAXIMUM         96    310 PM 101    1954  91      5       93
                                      1938
  MINIMUM         72    515 AM  59    1952  70      2       62
  AVERAGE         84                        81      3       78

PRECIPITATION (IN)
  YESTERDAY        0.00          1.98 1992   0.12  -0.12     0.00
  MONTH TO DATE    2.47                      3.45  -0.98     1.48
  SINCE JUN 1     10.81                     12.76  -1.95    10.44
  SINCE JAN 1     33.04                     36.20  -3.16    30.94

DEGREE DAYS
 COOLING
  YESTERDAY       19                        16      3       13
  MONTH TO DATE  546                       450     96      501
  SINCE JUN 1   1687                      1390    297     1616
  SINCE JAN 1   2148                      1729    419     2154
..................................................................


WIND (MPH)
  HIGHEST WIND SPEED    17   HIGHEST WIND DIRECTION     E (100)
  HIGHEST GUST SPEED    22   HIGHEST GUST DIRECTION    NE (60)
  AVERAGE WIND SPEED     4.7


SKY COVER
  AVERAGE SKY COVER 0.1


WEATHER CONDITIONS
 THE FOLLOWING WEATHER WAS RECORDED YESTERDAY.
  NO SIGNIFICANT WEATHER WAS OBSERVED.


RELATIVE HUMIDITY (PERCENT)
 HIGHEST    84           400 AM
 LOWEST     28           300 PM
 AVERAGE    56

..........................................................


THE MONTGOMERY CLIMATE NORMALS FOR TODAY
                         NORMAL    RECORD    YEAR
 MAXIMUM TEMPERATURE (F)   91       104      1954
 MINIMUM TEMPERATURE (F)   70        59      1952


SUNRISE AND SUNSET
AUGUST 28 2016........SUNRISE   618 AM CDT   SUNSET   714 PM CDT
AUGUST 29 2016........SUNRISE   619 AM CDT   SUNSET   713 PM CDT


-  INDICATES NEGATIVE NUMBERS.
R  INDICATES RECORD WAS SET OR TIED.
MM INDICATES DATA IS MISSING.
T  INDICATES TRACE AMOUNT.




$$
