000
CDUS44 KBMX 290742
CLIMGM


CLIMATE REPORT
NATIONAL WEATHER SERVICE BIRMINGHAM, AL
241 AM CDT THU SEP 29 2016


...................................

...THE MONTGOMERY CLIMATE SUMMARY FOR SEPTEMBER 28 2016...

CLIMATE NORMAL PERIOD 1981 TO 2010
CLIMATE RECORD PERIOD 1872 TO 2016


WEATHER ITEM   OBSERVED TIME   RECORD YEAR NORMAL DEPARTURE LAST
                VALUE   (LST)  VALUE       VALUE  FROM      YEAR
                                                  NORMAL
..................................................................
TEMPERATURE (F)
 YESTERDAY
  MAXIMUM         91    246 PM  96    1986  84      7       75
  MINIMUM         67   1013 PM  44    2001  61      6       70
  AVERAGE         79                        72      7       73

PRECIPITATION (IN)
  YESTERDAY        0.00          4.48 1998   0.12  -0.12     1.17
  MONTH TO DATE    2.24                      3.73  -1.49     3.19
  SINCE SEP 1      2.24                      3.73  -1.49     3.19
  SINCE JAN 1     35.28                     40.44  -5.16    34.29

DEGREE DAYS
 HEATING
  YESTERDAY        0                         0      0        0
  MONTH TO DATE    0                         0      0        0
  SINCE SEP 1      0                         0      0        0
  SINCE JUL 1      0                         0      0        0

 COOLING
  YESTERDAY       14                         8      6        8
  MONTH TO DATE  511                       328    183      331
  SINCE SEP 1    511                       328    183      331
  SINCE JAN 1   2740                      2117    623     2552
..................................................................


WIND (MPH)
  HIGHEST WIND SPEED    15   HIGHEST WIND DIRECTION     W (270)
  HIGHEST GUST SPEED    20   HIGHEST GUST DIRECTION     W (290)
  AVERAGE WIND SPEED     4.6


SKY COVER
  AVERAGE SKY COVER 0.0


WEATHER CONDITIONS
 THE FOLLOWING WEATHER WAS RECORDED YESTERDAY.
  FOG
  HAZE


RELATIVE HUMIDITY (PERCENT)
 HIGHEST    87           600 AM
 LOWEST     30          1000 AM
 AVERAGE    59

..........................................................


THE MONTGOMERY CLIMATE NORMALS FOR TODAY
                         NORMAL    RECORD    YEAR
 MAXIMUM TEMPERATURE (F)   84        96      1904
 MINIMUM TEMPERATURE (F)   60        42      1967


SUNRISE AND SUNSET
SEPTEMBER 29 2016.....SUNRISE   639 AM CDT   SUNSET   632 PM CDT
SEPTEMBER 30 2016.....SUNRISE   639 AM CDT   SUNSET   631 PM CDT


-  INDICATES NEGATIVE NUMBERS.
R  INDICATES RECORD WAS SET OR TIED.
MM INDICATES DATA IS MISSING.
T  INDICATES TRACE AMOUNT.




$$
