000
CDUS44 KBMX 230735
CLIMGM


CLIMATE REPORT
NATIONAL WEATHER SERVICE BIRMINGHAM, AL
235 AM CDT MON OCT 23 2017


...................................

...THE MONTGOMERY CLIMATE SUMMARY FOR OCTOBER 22 2017...

CLIMATE NORMAL PERIOD 1981 TO 2010
CLIMATE RECORD PERIOD 1872 TO 2017


WEATHER ITEM   OBSERVED TIME   RECORD YEAR NORMAL DEPARTURE LAST
                VALUE   (LST)  VALUE       VALUE  FROM      YEAR
                                                  NORMAL
..................................................................
TEMPERATURE (F)
 YESTERDAY
  MAXIMUM         83   1126 AM  90    1984  77      6       75
  MINIMUM         62    359 AM  30    1987  51     11       43
  AVERAGE         73                        64      9       59

PRECIPITATION (IN)
  YESTERDAY        1.98          2.47 1933   0.09   1.89     0.00
  MONTH TO DATE    5.12                      2.04   3.08     0.12
  SINCE SEP 1      7.37                      6.01   1.36     2.36
  SINCE JAN 1     65.97                     42.72  23.25    35.40

SNOWFALL (IN)
  YESTERDAY        0.0                       0.0    0.0      0.0
  MONTH TO DATE    0.0                       0.0    0.0      0.0
  SINCE SEP 1      0.0                       0.0    0.0      0.0
  SINCE JUL 1      0.0                       0.0    0.0      0.0
  SNOW DEPTH       0

DEGREE DAYS
 HEATING
  YESTERDAY        0                         4     -4        6
  MONTH TO DATE    3                        45    -42        6
  SINCE SEP 1      4                        49    -45        6
  SINCE JUL 1      4                        49    -45        6

 COOLING
  YESTERDAY        8                         3      5        0
  MONTH TO DATE  220                        97    123      181
  SINCE SEP 1    614                       438    176      700
  SINCE JAN 1   2782                      2227    555     2929
..................................................................


WIND (MPH)
  HIGHEST WIND SPEED    22   HIGHEST WIND DIRECTION    SE (130)
  HIGHEST GUST SPEED    29   HIGHEST GUST DIRECTION    SE (120)
  AVERAGE WIND SPEED     8.3


SKY COVER
  AVERAGE SKY COVER 0.5


WEATHER CONDITIONS
 THE FOLLOWING WEATHER WAS RECORDED YESTERDAY.
  HEAVY RAIN
  RAIN
  LIGHT RAIN
  FOG


RELATIVE HUMIDITY (PERCENT)
 HIGHEST    90           900 PM
 LOWEST     58          1100 AM
 AVERAGE    74

..........................................................


THE MONTGOMERY CLIMATE NORMALS FOR TODAY
                         NORMAL    RECORD    YEAR
 MAXIMUM TEMPERATURE (F)   76        90      1941
 MINIMUM TEMPERATURE (F)   51        34      1987


SUNRISE AND SUNSET
OCTOBER 23 2017.......SUNRISE   656 AM CDT   SUNSET   604 PM CDT
OCTOBER 24 2017.......SUNRISE   656 AM CDT   SUNSET   603 PM CDT


-  INDICATES NEGATIVE NUMBERS.
R  INDICATES RECORD WAS SET OR TIED.
MM INDICATES DATA IS MISSING.
T  INDICATES TRACE AMOUNT.




$$
