000
CDUS41 KPBZ 290716
CLIMGW


CLIMATE REPORT
NATIONAL WEATHER SERVICE PITTSBURGH PA
315 AM EDT THU SEP 29 2016


...................................

...THE MORGANTOWN WV CLIMATE SUMMARY FOR SEPTEMBER 28 2016...

CLIMATE NORMAL PERIOD 1981 TO 2010
CLIMATE RECORD PERIOD 1948 TO 2016


WEATHER ITEM   OBSERVED TIME   RECORD YEAR NORMAL DEPARTURE LAST
                VALUE   (LST)  VALUE       VALUE  FROM      YEAR
                                                  NORMAL
..................................................................
TEMPERATURE (F)
 YESTERDAY
  MAXIMUM         77    127 PM  90    1959  71      6       78
  MINIMUM         49    448 AM  34    1957  50     -1       65
  AVERAGE         63                        60      3       72

PRECIPITATION (IN)
  YESTERDAY        0.02         MM      MM   0.11  -0.09     0.46
  MONTH TO DATE    1.25                      3.00  -1.75     2.17
  SINCE JUN 1     16.65                     15.28   1.37    14.01
  SINCE JAN 1     32.69                     32.47   0.22    31.26

DEGREE DAYS
 HEATING
  YESTERDAY        2                         6     -4        0
  MONTH TO DATE    4                        75    -71       13
  SINCE SEP 1      4                        75    -71       13
  SINCE JUL 1      4                        86    -82       14

 COOLING
  YESTERDAY        0                         1     -1        7
  MONTH TO DATE  218                        89    129      192
  SINCE SEP 1    218                        89    129      192
  SINCE JAN 1   1229                       798    431     1196
..................................................................


WIND (MPH)
  HIGHEST WIND SPEED    22   HIGHEST WIND DIRECTION    SE (120)
  HIGHEST GUST SPEED    28   HIGHEST GUST DIRECTION    SE (120)
  AVERAGE WIND SPEED     7.1


SKY COVER
  POSSIBLE SUNSHINE  MM
  AVERAGE SKY COVER 0.3


WEATHER CONDITIONS
 THE FOLLOWING WEATHER WAS RECORDED YESTERDAY.
  THUNDERSTORM
  LIGHT RAIN


RELATIVE HUMIDITY (PERCENT)
 HIGHEST    78           900 PM
 LOWEST     33          1200 PM
 AVERAGE    56

..........................................................


THE MORGANTOWN WV CLIMATE NORMALS FOR TODAY
                         NORMAL    RECORD    YEAR
 MAXIMUM TEMPERATURE (F)   71        91      1953
 MINIMUM TEMPERATURE (F)   49        33      1951


SUNRISE AND SUNSET
SEPTEMBER 29 2016.....SUNRISE   714 AM EDT   SUNSET   705 PM EDT
SEPTEMBER 30 2016.....SUNRISE   715 AM EDT   SUNSET   703 PM EDT


-  INDICATES NEGATIVE NUMBERS.
R  INDICATES RECORD WAS SET OR TIED.
MM INDICATES DATA IS MISSING.
T  INDICATES TRACE AMOUNT.




$$
