000
CDUS41 KPBZ 260706
CLIMGW


CLIMATE REPORT
NATIONAL WEATHER SERVICE PITTSBURGH PA
306 AM EDT WED JUL 26 2017


...................................

...THE MORGANTOWN WV CLIMATE SUMMARY FOR JULY 25 2017...

CLIMATE NORMAL PERIOD 1981 TO 2010
CLIMATE RECORD PERIOD 1872 TO 2017


WEATHER ITEM   OBSERVED TIME   RECORD YEAR NORMAL DEPARTURE LAST
                VALUE   (LST)  VALUE       VALUE  FROM      YEAR
                                                  NORMAL
..................................................................
TEMPERATURE (F)
 YESTERDAY
  MAXIMUM         70    451 PM 103    1892  83    -13       94
  MINIMUM         57    550 AM  50    1947  63     -6       71
                                      1906
  AVERAGE         64                        73     -9       83

PRECIPITATION (IN)
  YESTERDAY        0.00          2.08 2016   0.14  -0.14     2.08
  MONTH TO DATE    6.34                      3.82   2.52     3.80
  SINCE JUN 1     10.33                      7.93   2.40     8.28
  SINCE JAN 1     33.42                     25.12   8.30    24.32

DEGREE DAYS
 HEATING
  YESTERDAY        1                         0      1        0
  MONTH TO DATE    1                         0      1        0
  SINCE JUN 1     19                        31    -12       10
  SINCE JUL 1      1                         0      1        0

 COOLING
  YESTERDAY        0                         8     -8       18
  MONTH TO DATE  252                       200     52      272
  SINCE JUN 1    433                       362     71      494
  SINCE JAN 1    540                       429    111      568
..................................................................


WIND (MPH)
  HIGHEST WIND SPEED     6   HIGHEST WIND DIRECTION     S (160)
  HIGHEST GUST SPEED     9   HIGHEST GUST DIRECTION    NW (320)
  AVERAGE WIND SPEED     1.0


SKY COVER
  POSSIBLE SUNSHINE  MM
  AVERAGE SKY COVER 0.5


WEATHER CONDITIONS
 THE FOLLOWING WEATHER WAS RECORDED YESTERDAY.
  FOG
  FOG W/VISIBILITY <= 1/4 MILE


RELATIVE HUMIDITY (PERCENT)
 HIGHEST    93           500 AM
 LOWEST     63          1100 AM
 AVERAGE    78

..........................................................


THE MORGANTOWN WV CLIMATE NORMALS FOR TODAY
                         NORMAL    RECORD    YEAR
 MAXIMUM TEMPERATURE (F)   83       103      1892
 MINIMUM TEMPERATURE (F)   63        46      1920


SUNRISE AND SUNSET
JULY 26 2017..........SUNRISE   614 AM EDT   SUNSET   838 PM EDT
JULY 27 2017..........SUNRISE   615 AM EDT   SUNSET   837 PM EDT


-  INDICATES NEGATIVE NUMBERS.
R  INDICATES RECORD WAS SET OR TIED.
MM INDICATES DATA IS MISSING.
T  INDICATES TRACE AMOUNT.




$$
