000
CDUS41 KPBZ 210700
CLIMGW


CLIMATE REPORT
NATIONAL WEATHER SERVICE PITTSBURGH PA
300 AM EDT MON APR 21 2014


...................................

...THE MORGANTOWN WV CLIMATE SUMMARY FOR APRIL 20 2014...

CLIMATE NORMAL PERIOD 1981 TO 2010
CLIMATE RECORD PERIOD 1948 TO 2014


WEATHER ITEM   OBSERVED TIME   RECORD YEAR NORMAL DEPARTURE LAST
                VALUE   (LST)  VALUE       VALUE  FROM      YEAR
                                                  NORMAL
..................................................................
TEMPERATURE (F)
 YESTERDAY
  MAXIMUM         74    451 PM  90    1976  66      8       53
  MINIMUM         50    643 AM  28    1997  43      7       37
  AVERAGE         62                        54      8       45

PRECIPITATION (IN)
  YESTERDAY        0.00         MM      MM   0.11  -0.11     0.01
  MONTH TO DATE    2.02                      2.33  -0.31     1.42
  SINCE JUN 1     38.38                     36.03   2.35    31.39
  SINCE JAN 1      9.95                     11.39  -1.44     8.37

DEGREE DAYS
 HEATING
  YESTERDAY        3                        11     -8       20
  MONTH TO DATE  216                       283    -67      195
  SINCE MAR 1   1079                       995     84      976
  SINCE JUL 1   5205                      4884    321     4667

 COOLING
  YESTERDAY        0                         1     -1        0
  MONTH TO DATE   18                         2     16       36
  SINCE MAR 1     18                         4     14       36
  SINCE JAN 1     18                         4     14       36
..................................................................


WIND (MPH)
  HIGHEST WIND SPEED    14   HIGHEST WIND DIRECTION    SE (140)
  HIGHEST GUST SPEED    20   HIGHEST GUST DIRECTION    SE (140)
  AVERAGE WIND SPEED     6.4


SKY COVER
  POSSIBLE SUNSHINE  MM
  AVERAGE SKY COVER 0.0


WEATHER CONDITIONS
 THE FOLLOWING WEATHER WAS RECORDED YESTERDAY.
  NO SIGNIFICANT WEATHER WAS OBSERVED.


RELATIVE HUMIDITY (PERCENT)
 HIGHEST    35           300 AM
 LOWEST     13           300 PM
 AVERAGE    24

..........................................................


THE MORGANTOWN WV CLIMATE NORMALS FOR TODAY
                         NORMAL    RECORD    YEAR
 MAXIMUM TEMPERATURE (F)   66        88      1954
 MINIMUM TEMPERATURE (F)   43        28      1956


SUNRISE AND SUNSET
APRIL 21 2014.........SUNRISE   634 AM EDT   SUNSET   804 PM EDT
APRIL 22 2014.........SUNRISE   632 AM EDT   SUNSET   805 PM EDT


-  INDICATES NEGATIVE NUMBERS.
R  INDICATES RECORD WAS SET OR TIED.
MM INDICATES DATA IS MISSING.
T  INDICATES TRACE AMOUNT.




$$
