000
CDUS41 KPBZ 291244
CLIMGW


CLIMATE REPORT
NATIONAL WEATHER SERVICE PITTSBURGH PA
844 AM EDT FRI APR 29 2016


...................................

...THE MORGANTOWN WV CLIMATE SUMMARY FOR APRIL 29 2016...
VALID AS OF 0800 AM LOCAL TIME.

CLIMATE NORMAL PERIOD 1981 TO 2010
CLIMATE RECORD PERIOD 1948 TO 2016


WEATHER ITEM   OBSERVED TIME   RECORD YEAR NORMAL DEPARTURE LAST
                VALUE   (LST)  VALUE       VALUE  FROM      YEAR
                                                  NORMAL
..................................................................
TEMPERATURE (F)
 TODAY
  MAXIMUM         55    200 AM  85    1970
  MINIMUM         52    659 AM  31    1967  46      6       38

PRECIPITATION (IN)
  TODAY            0.00         MM      MM   0.11  -0.11     0.00
  MONTH TO DATE    3.47                      3.40   0.07     5.46
  SINCE JUN 1     34.23                     37.10  -2.87    42.17
  SINCE JAN 1     10.69                     12.46  -1.77    15.94

DEGREE DAYS
 HEATING
  TODAY           11

 COOLING
  TODAY            0
..................................................................





WEATHER CONDITIONS
 THE FOLLOWING WEATHER WAS RECORDED TODAY.
  FOG
  FOG W/VISIBILITY <= 1/4 MILE


RELATIVE HUMIDITY (PERCENT)
 HIGHEST    93           300 AM

..........................................................


THE MORGANTOWN WV CLIMATE NORMALS FOR TOMORROW
                         NORMAL    RECORD    YEAR
 MAXIMUM TEMPERATURE (F)   69        87      1970
 MINIMUM TEMPERATURE (F)   46        31      1961


SUNRISE AND SUNSET
APRIL 29 2016.........SUNRISE   622 AM EDT   SUNSET   812 PM EDT
APRIL 30 2016.........SUNRISE   621 AM EDT   SUNSET   813 PM EDT


-  INDICATES NEGATIVE NUMBERS.
R  INDICATES RECORD WAS SET OR TIED.
MM INDICATES DATA IS MISSING.
T  INDICATES TRACE AMOUNT.




$$
