000
CDUS41 KPBZ 242134
CLIMGW


CLIMATE REPORT
NATIONAL WEATHER SERVICE PITTSBURGH PA
534 PM EDT FRI OCT 24 2014


...................................

...THE MORGANTOWN WV CLIMATE SUMMARY FOR OCTOBER 24 2014...
VALID TODAY AS OF 0500 PM LOCAL TIME.

CLIMATE NORMAL PERIOD 1981 TO 2010
CLIMATE RECORD PERIOD 1948 TO 2014


WEATHER ITEM   OBSERVED TIME   RECORD YEAR NORMAL DEPARTURE LAST
                VALUE   (LST)  VALUE       VALUE  FROM      YEAR
                                                  NORMAL
..................................................................
TEMPERATURE (F)
 TODAY
  MAXIMUM         63    359 PM  83    1975  62      1       42
  MINIMUM         41    531 AM  17    1969  42     -1       32
  AVERAGE         52                        52      0       37

PRECIPITATION (IN)
  TODAY            0.00         MM      MM   0.09  -0.09     0.03
  MONTH TO DATE    3.73                      2.14   1.59     1.70
  SINCE JUN 1     21.04                     17.63   3.41    20.25
  SINCE JAN 1     36.53                     34.82   1.71    32.89

DEGREE DAYS
 HEATING
  TODAY           13                        13      0       28
  MONTH TO DATE  200                       244    -44      189
  SINCE SEP 1    258                       330    -72      268
  SINCE JUL 1    264                       341    -77      277

 COOLING
  TODAY            0                         0      0        0
  MONTH TO DATE   13                        10      3       36
  SINCE SEP 1    143                       102     41      120
  SINCE JAN 1    976                       811    165      906
..................................................................


WIND (MPH)
  RESULTANT WIND SPEED   1   RESULTANT WIND DIRECTION   S (190)
  HIGHEST WIND SPEED     8   HIGHEST WIND DIRECTION     W (280)
  HIGHEST GUST SPEED    11   HIGHEST GUST DIRECTION     W (280)
  AVERAGE WIND SPEED     2.3


SKY COVER
  POSSIBLE SUNSHINE  MM
  AVERAGE SKY COVER 0.1


WEATHER CONDITIONS
 THE FOLLOWING WEATHER WAS RECORDED TODAY.
  FOG
  HAZE


RELATIVE HUMIDITY (PERCENT)
 HIGHEST    89           200 AM
 LOWEST     34           400 PM
 AVERAGE    62

..........................................................


THE MORGANTOWN WV CLIMATE NORMALS FOR TOMORROW
                         NORMAL    RECORD    YEAR
 MAXIMUM TEMPERATURE (F)   62        85      2012
 MINIMUM TEMPERATURE (F)   41        26      1962


SUNRISE AND SUNSET
OCTOBER 24 2014.......SUNRISE   739 AM EDT   SUNSET   628 PM EDT
OCTOBER 25 2014.......SUNRISE   740 AM EDT   SUNSET   627 PM EDT


-  INDICATES NEGATIVE NUMBERS.
R  INDICATES RECORD WAS SET OR TIED.
MM INDICATES DATA IS MISSING.
T  INDICATES TRACE AMOUNT.




$$
