000
CDUS41 KPBZ 012218
CLIMGW


CLIMATE REPORT
NATIONAL WEATHER SERVICE PITTSBURGH PA
518 PM EST SUN FEB 1 2015


...................................

...THE MORGANTOWN WV CLIMATE SUMMARY FOR FEBRUARY 1 2015...
VALID TODAY AS OF 0500 PM LOCAL TIME.

CLIMATE NORMAL PERIOD 1981 TO 2010
CLIMATE RECORD PERIOD 1948 TO 2015


WEATHER ITEM   OBSERVED TIME   RECORD YEAR NORMAL DEPARTURE LAST
                VALUE   (LST)  VALUE       VALUE  FROM      YEAR
                                                  NORMAL
..................................................................
TEMPERATURE (F)
 TODAY
  MAXIMUM         41    359 PM  70    2002  40      1       57
  MINIMUM         26    108 AM  -2    1971  24      2       28
  AVERAGE         34                        32      2       43

PRECIPITATION (IN)
  TODAY            0.08         MM      MM   0.09  -0.01     0.00
  MONTH TO DATE    0.08                      0.09  -0.01     0.00
  SINCE JUN 1     28.87                     27.54   1.33    30.25
  SINCE JAN 1      2.64                      2.90  -0.26     1.82

DEGREE DAYS
 HEATING
  TODAY           31                        33     -2       22
  MONTH TO DATE   31                        33     -2       22
  SINCE DEC 1   1984                      2012    -28     2023
  SINCE JUL 1   3014                      3060    -46     3140

 COOLING
  TODAY            0                         0      0        0
  MONTH TO DATE    0                         0      0        0
  SINCE DEC 1      0                         0      0        1
  SINCE JAN 1      0                         0      0        0
..................................................................


WIND (MPH)
  RESULTANT WIND SPEED   2   RESULTANT WIND DIRECTION   S (160)
  HIGHEST WIND SPEED     9   HIGHEST WIND DIRECTION    SE (150)
  HIGHEST GUST SPEED    12   HIGHEST GUST DIRECTION     S (160)
  AVERAGE WIND SPEED     2.6


SKY COVER
  POSSIBLE SUNSHINE  MM
  AVERAGE SKY COVER 0.9


WEATHER CONDITIONS
 THE FOLLOWING WEATHER WAS RECORDED TODAY.
  LIGHT RAIN
  LIGHT SNOW
  FOG
  HAZE


RELATIVE HUMIDITY (PERCENT)
 HIGHEST    85           600 AM
 LOWEST     49           400 AM
 AVERAGE    67

..........................................................


THE MORGANTOWN WV CLIMATE NORMALS FOR TOMORROW
                         NORMAL    RECORD    YEAR
 MAXIMUM TEMPERATURE (F)   40        64      1989
 MINIMUM TEMPERATURE (F)   24        -6      1971


SUNRISE AND SUNSET
FEBRUARY  1 2015......SUNRISE   728 AM EST   SUNSET   539 PM EST
FEBRUARY  2 2015......SUNRISE   727 AM EST   SUNSET   540 PM EST


-  INDICATES NEGATIVE NUMBERS.
R  INDICATES RECORD WAS SET OR TIED.
MM INDICATES DATA IS MISSING.
T  INDICATES TRACE AMOUNT.




$$
