000
CDUS41 KPBZ 162221
CLIMGW


CLIMATE REPORT
NATIONAL WEATHER SERVICE PITTSBURGH PA
520 PM EST MON JAN 16 2017


...................................

...THE MORGANTOWN WV CLIMATE SUMMARY FOR JANUARY 16 2017...
VALID TODAY AS OF 0500 PM LOCAL TIME.

CLIMATE NORMAL PERIOD 1981 TO 2010
CLIMATE RECORD PERIOD 1948 TO 2017


WEATHER ITEM   OBSERVED TIME   RECORD YEAR NORMAL DEPARTURE LAST
                VALUE   (LST)  VALUE       VALUE  FROM      YEAR
                                                  NORMAL
..................................................................
TEMPERATURE (F)
 TODAY
  MAXIMUM         46    359 PM  62    1949  39      7       43
  MINIMUM         29    619 AM -20    1972  24      5       31
  AVERAGE         38                        31      7       37

PRECIPITATION (IN)
  TODAY            T            MM      MM   0.09  -0.09     0.07
  MONTH TO DATE    2.29                      1.44   0.85     1.03
  SINCE JUN 1     31.70                     26.08   5.62    24.57
  SINCE JAN 1      2.29                      1.44   0.85     1.03

DEGREE DAYS
 HEATING
  TODAY           27                        34     -7       28
  MONTH TO DATE  489                       541    -52      527
  SINCE DEC 1   1365                      1477   -112     1047
  SINCE JUL 1   2051                      2525   -474     1766

 COOLING
  TODAY            0                         0      0        0
  MONTH TO DATE    0                         0      0        0
  SINCE DEC 1      0                         0      0        0
  SINCE JAN 1      0                         0      0        0
..................................................................


WIND (MPH)
  RESULTANT WIND SPEED   1   RESULTANT WIND DIRECTION  NE (30)
  HIGHEST WIND SPEED     7   HIGHEST WIND DIRECTION     N (360)
  HIGHEST GUST SPEED     7   HIGHEST GUST DIRECTION     N (350)
  AVERAGE WIND SPEED     0.7


SKY COVER
  POSSIBLE SUNSHINE  MM
  AVERAGE SKY COVER 0.6


WEATHER CONDITIONS
 THE FOLLOWING WEATHER WAS RECORDED TODAY.
  FOG
  HAZE


RELATIVE HUMIDITY (PERCENT)
 HIGHEST    85           100 AM
 LOWEST     71           400 PM
 AVERAGE    78

..........................................................


THE MORGANTOWN WV CLIMATE NORMALS FOR TOMORROW
                         NORMAL    RECORD    YEAR
 MAXIMUM TEMPERATURE (F)   39        66      1990
 MINIMUM TEMPERATURE (F)   24       -16      1982


SUNRISE AND SUNSET
JANUARY 16 2017.......SUNRISE   738 AM EST   SUNSET   521 PM EST
JANUARY 17 2017.......SUNRISE   738 AM EST   SUNSET   522 PM EST


-  INDICATES NEGATIVE NUMBERS.
R  INDICATES RECORD WAS SET OR TIED.
MM INDICATES DATA IS MISSING.
T  INDICATES TRACE AMOUNT.




$$
