000
CDUS41 KPBZ 232111
CLIMGW


CLIMATE REPORT
NATIONAL WEATHER SERVICE PITTSBURGH PA
511 PM EDT TUE SEP 23 2014


...................................

...THE MORGANTOWN WV CLIMATE SUMMARY FOR SEPTEMBER 23 2014...
VALID TODAY AS OF 0500 PM LOCAL TIME.

CLIMATE NORMAL PERIOD 1981 TO 2010
CLIMATE RECORD PERIOD 1948 TO 2014


WEATHER ITEM   OBSERVED TIME   RECORD YEAR NORMAL DEPARTURE LAST
                VALUE   (LST)  VALUE       VALUE  FROM      YEAR
                                                  NORMAL
..................................................................
TEMPERATURE (F)
 TODAY
  MAXIMUM         72    359 PM  90    2010  73     -1       58
  MINIMUM         41    619 AM  34    1974  52    -11       44
  AVERAGE         57                        62     -5       51

PRECIPITATION (IN)
  TODAY            0.00         MM      MM   0.11  -0.11     0.00
  MONTH TO DATE    1.65                      2.46  -0.81     1.99
  SINCE JUN 1     16.63                     14.74   1.89    18.54
  SINCE JAN 1     32.12                     31.93   0.19    31.18

DEGREE DAYS
 HEATING
  TODAY            8                         4      4       14
  MONTH TO DATE   55                        48      7       55
  SINCE SEP 1     55                        48      7       55
  SINCE JUL 1     61                        59      2       64

 COOLING
  TODAY            0                         2     -2        0
  MONTH TO DATE  118                        82     36       84
  SINCE SEP 1    118                        82     36       84
  SINCE JAN 1    951                       791    160      870
..................................................................


WIND (MPH)
  RESULTANT WIND SPEED   2   RESULTANT WIND DIRECTION   N (10)
  HIGHEST WIND SPEED    10   HIGHEST WIND DIRECTION     N (340)
  HIGHEST GUST SPEED    15   HIGHEST GUST DIRECTION     N (350)
  AVERAGE WIND SPEED     2.8


SKY COVER
  POSSIBLE SUNSHINE  MM
  AVERAGE SKY COVER 0.1


WEATHER CONDITIONS
 THE FOLLOWING WEATHER WAS RECORDED TODAY.
  FOG
  FOG W/VISIBILITY <= 1/4 MILE
  HAZE


RELATIVE HUMIDITY (PERCENT)
 HIGHEST    89           200 AM
 LOWEST     35           300 PM
 AVERAGE    62

..........................................................


THE MORGANTOWN WV CLIMATE NORMALS FOR TOMORROW
                         NORMAL    RECORD    YEAR
 MAXIMUM TEMPERATURE (F)   73        89      2010
                                             1970
 MINIMUM TEMPERATURE (F)   52        30      1983


SUNRISE AND SUNSET
SEPTEMBER 23 2014.....SUNRISE   708 AM EDT   SUNSET   715 PM EDT
SEPTEMBER 24 2014.....SUNRISE   709 AM EDT   SUNSET   713 PM EDT


-  INDICATES NEGATIVE NUMBERS.
R  INDICATES RECORD WAS SET OR TIED.
MM INDICATES DATA IS MISSING.
T  INDICATES TRACE AMOUNT.




$$
