000
CDUS41 KPBZ 252229
CLIMGW


CLIMATE REPORT
NATIONAL WEATHER SERVICE PITTSBURGH PA
529 PM EST TUE NOV 25 2014


...................................

...THE MORGANTOWN WV CLIMATE SUMMARY FOR NOVEMBER 25 2014...
VALID TODAY AS OF 0500 PM LOCAL TIME.

CLIMATE NORMAL PERIOD 1981 TO 2010
CLIMATE RECORD PERIOD 1948 TO 2014


WEATHER ITEM   OBSERVED TIME   RECORD YEAR NORMAL DEPARTURE LAST
                VALUE   (LST)  VALUE       VALUE  FROM      YEAR
                                                  NORMAL
..................................................................
TEMPERATURE (F)
 TODAY
  MAXIMUM         52    346 PM  75    1979  50      2       40
  MINIMUM         41    825 AM   6    1950  33      8       13
  AVERAGE         47                        42      5       27

PRECIPITATION (IN)
  TODAY            0.00         MM      MM   0.11  -0.11     0.00
  MONTH TO DATE    1.57                      2.87  -1.30     2.22
  SINCE JUN 1     23.02                     21.14   1.88    22.56
  SINCE JAN 1     38.51                     38.33   0.18    35.20

DEGREE DAYS
 HEATING
  TODAY           18                        24     -6       38
  MONTH TO DATE  561                       482     79      551
  SINCE SEP 1    892                       913    -21      942
  SINCE JUL 1    898                       924    -26      951

 COOLING
  TODAY            0                         0      0        0
  MONTH TO DATE    0                         0      0        0
  SINCE SEP 1    148                       104     44      120
  SINCE JAN 1    981                       813    168      906
..................................................................


WIND (MPH)
  RESULTANT WIND SPEED   7   RESULTANT WIND DIRECTION  SW (220)
  HIGHEST WIND SPEED    17   HIGHEST WIND DIRECTION    SW (220)
  HIGHEST GUST SPEED    25   HIGHEST GUST DIRECTION    SW (240)
  AVERAGE WIND SPEED     9.1


SKY COVER
  POSSIBLE SUNSHINE  MM
  AVERAGE SKY COVER 0.2


WEATHER CONDITIONS
 THE FOLLOWING WEATHER WAS RECORDED TODAY.
  NO SIGNIFICANT WEATHER WAS OBSERVED.


RELATIVE HUMIDITY (PERCENT)
 HIGHEST    60           800 AM
 LOWEST     35           400 PM
 AVERAGE    48

..........................................................


THE MORGANTOWN WV CLIMATE NORMALS FOR TOMORROW
                         NORMAL    RECORD    YEAR
 MAXIMUM TEMPERATURE (F)   49        73      1979
 MINIMUM TEMPERATURE (F)   33         6      1950


SUNRISE AND SUNSET
NOVEMBER 25 2014......SUNRISE   715 AM EST   SUNSET   458 PM EST
NOVEMBER 26 2014......SUNRISE   716 AM EST   SUNSET   458 PM EST


-  INDICATES NEGATIVE NUMBERS.
R  INDICATES RECORD WAS SET OR TIED.
MM INDICATES DATA IS MISSING.
T  INDICATES TRACE AMOUNT.




$$
