000
CDUS41 KPBZ 310707
CLIMGW


CLIMATE REPORT
NATIONAL WEATHER SERVICE PITTSBURGH PA
306 AM EDT SUN AUG 31 2014


...................................

...THE MORGANTOWN WV CLIMATE SUMMARY FOR AUGUST 30 2014...

CLIMATE NORMAL PERIOD 1981 TO 2010
CLIMATE RECORD PERIOD 1948 TO 2014


WEATHER ITEM   OBSERVED TIME   RECORD YEAR NORMAL DEPARTURE LAST
                VALUE   (LST)  VALUE       VALUE  FROM      YEAR
                                                  NORMAL
..................................................................
TEMPERATURE (F)
 YESTERDAY
  MAXIMUM         91    316 PM  98    1953  81     10       86
  MINIMUM         64    406 AM  42    1986  60      4       63
  AVERAGE         78                        70      8       75

PRECIPITATION (IN)
  YESTERDAY        0.00         MM      MM   0.11  -0.11     0.00
  MONTH TO DATE    4.87                      3.44   1.43     5.13
  SINCE JUN 1     14.83                     12.17   2.66    16.55
  SINCE JAN 1     30.32                     29.36   0.96    29.19

DEGREE DAYS
 HEATING
  YESTERDAY        0                         1     -1        0
  MONTH TO DATE    3                         1      2        8
  SINCE JUN 1      8                        35    -27       20
  SINCE JUL 1      6                         4      2        9

 COOLING
  YESTERDAY       13                         6      7       10
  MONTH TO DATE  235                       220     15      181
  SINCE JUN 1    713                       637     76      629
  SINCE JAN 1    822                       704    118      775
..................................................................


WIND (MPH)
  HIGHEST WIND SPEED    10   HIGHEST WIND DIRECTION     S (190)
  HIGHEST GUST SPEED    16   HIGHEST GUST DIRECTION     S (190)
  AVERAGE WIND SPEED     3.9


SKY COVER
  POSSIBLE SUNSHINE  MM
  AVERAGE SKY COVER 0.2


WEATHER CONDITIONS
 THE FOLLOWING WEATHER WAS RECORDED YESTERDAY.
  NO SIGNIFICANT WEATHER WAS OBSERVED.


RELATIVE HUMIDITY (PERCENT)
 HIGHEST    87           400 AM
 LOWEST     41           500 PM
 AVERAGE    64

..........................................................


THE MORGANTOWN WV CLIMATE NORMALS FOR TODAY
                         NORMAL    RECORD    YEAR
 MAXIMUM TEMPERATURE (F)   81        99      1953
 MINIMUM TEMPERATURE (F)   60        46      1999


SUNRISE AND SUNSET
AUGUST 31 2014........SUNRISE   647 AM EDT   SUNSET   752 PM EDT
SEPTEMBER  1 2014.....SUNRISE   648 AM EDT   SUNSET   751 PM EDT


-  INDICATES NEGATIVE NUMBERS.
R  INDICATES RECORD WAS SET OR TIED.
MM INDICATES DATA IS MISSING.
T  INDICATES TRACE AMOUNT.




$$
