000
CDUS43 KFSD 272225
CLIMHE


CLIMATE REPORT
NATIONAL WEATHER SERVICE SIOUX FALLS SD
423 PM CST MON FEB 27 2017


...................................

...THE MITCHELL SD CLIMATE SUMMARY FOR FEBRUARY 27 2017...
VALID TODAY AS OF 0400 PM LOCAL TIME.

CLIMATE NORMAL PERIOD 1981 TO 2010
CLIMATE RECORD PERIOD 1893 TO 2017


WEATHER ITEM   OBSERVED TIME   RECORD YEAR NORMAL DEPARTURE LAST
                VALUE   (LST)  VALUE       VALUE  FROM      YEAR
                                                  NORMAL
..................................................................
TEMPERATURE (F)
 TODAY
  MAXIMUM         48    349 PM  69    2016  38     10       69
  MINIMUM         20    745 AM -21    1962  18      2       33
  AVERAGE         34                        28      6       51

PRECIPITATION (IN)
  TODAY            0.00          0.89 1958   0.01  -0.01     0.00
  MONTH TO DATE    0.40                      0.33   0.07     0.36
  SINCE DEC 1      2.27                      1.00   1.27     1.84
  SINCE JAN 1      1.16                      0.55   0.61     0.81

SNOWFALL (IN)
  TODAY            0.0           3.0  1996  MM     MM        0.0
                                      1919
  MONTH TO DATE    2.4                      MM     MM        2.9
  SINCE DEC 1     19.9                      MM     MM       24.0
  SINCE JUL 1     25.4                      MM     MM       37.2
  SNOW DEPTH       0

DEGREE DAYS
 HEATING
  TODAY           31                        37     -6       14
  MONTH TO DATE  853                      1118   -265      930
  SINCE DEC 1   3608                      3917   -309     3548
  SINCE JUL 1   4702                      5485   -783     4731

 COOLING
  TODAY            0                         0      0        0
  MONTH TO DATE    0                         0      0        0
  SINCE DEC 1      0                         0      0        0
  SINCE JAN 1      0                         0      0        0
..................................................................


WIND (MPH)
  HIGHEST WIND SPEED    22   HIGHEST WIND DIRECTION    SE (150)
  HIGHEST GUST SPEED    28   HIGHEST GUST DIRECTION    SE (140)
  AVERAGE WIND SPEED     9.3


SKY COVER
  POSSIBLE SUNSHINE  MM
  AVERAGE SKY COVER 0.0


WEATHER CONDITIONS
 THE FOLLOWING WEATHER WAS RECORDED TODAY.
  NO SIGNIFICANT WEATHER WAS OBSERVED.


RELATIVE HUMIDITY (PERCENT)
 HIGHEST    84           500 AM
 LOWEST     43           100 PM
 AVERAGE    64

..........................................................


THE MITCHELL SD CLIMATE NORMALS FOR TOMORROW
                         NORMAL    RECORD    YEAR
 MAXIMUM TEMPERATURE (F)   38        67      1905
 MINIMUM TEMPERATURE (F)   18       -35      1962


SUNRISE AND SUNSET
FEBRUARY 27 2017......SUNRISE   712 AM CST   SUNSET   619 PM CST
FEBRUARY 28 2017......SUNRISE   710 AM CST   SUNSET   620 PM CST


-  INDICATES NEGATIVE NUMBERS.
R  INDICATES RECORD WAS SET OR TIED.
MM INDICATES DATA IS MISSING.
T  INDICATES TRACE AMOUNT.




$$
