000
CDUS43 KTOP 170631
CLIMHK


CLIMATE REPORT
NATIONAL WEATHER SERVICE TOPEKA KS
130 AM CDT THU AUG 17 2017


...................................

...THE MANHATTAN KS CLIMATE SUMMARY FOR AUGUST 16 2017...

CLIMATE NORMAL PERIOD 1981 TO 2010
CLIMATE RECORD PERIOD 9999 TO 9999


WEATHER ITEM   OBSERVED NORMAL DEPARTURE LAST
                VALUE   VALUE  FROM      YEAR
                               NORMAL
...............................................
TEMPERATURE (F)
 YESTERDAY
  MAXIMUM         83     90     -7       92
  MINIMUM         66     65      1       61
  AVERAGE         75     77     -2       77

PRECIPITATION (IN)
  YESTERDAY        0.58   0.16   0.42     0.00
  MONTH TO DATE    4.99   1.88   3.11     2.18
  SINCE JUN 1      8.88  10.94  -2.06     7.14
  SINCE JAN 1     22.74  22.14   0.60    22.42

DEGREE DAYS
 HEATING
  YESTERDAY        0      0      0        0
  MONTH TO DATE    0      0      0        0
  SINCE JUN 1      2     12    -10        0
  SINCE JUL 1      0      1     -1        0

 COOLING
  YESTERDAY       10     12     -2       12
  MONTH TO DATE  129    215    -86      230
  SINCE JUN 1    997    921     76     1187
  SINCE JAN 1   1131   1021    110     1297
...............................................


WIND (MPH)
  HIGHEST WIND SPEED    17   HIGHEST WIND DIRECTION     W (290)
  HIGHEST GUST SPEED    30   HIGHEST GUST DIRECTION     W (290)
  AVERAGE WIND SPEED     5.2


SKY COVER
  AVERAGE SKY COVER 0.2


WEATHER CONDITIONS
 THE FOLLOWING WEATHER WAS RECORDED YESTERDAY.
  THUNDERSTORM
  HEAVY RAIN
  RAIN
  LIGHT RAIN
  FOG


RELATIVE HUMIDITY (PERCENT)
 HIGHEST    97
 LOWEST     58
 AVERAGE    78

..........................................................


THE MANHATTAN KS CLIMATE NORMALS FOR TODAY
                         NORMAL
 MAXIMUM TEMPERATURE (F)   90
 MINIMUM TEMPERATURE (F)   65


SUNRISE AND SUNSET
AUGUST 17 2017........SUNRISE   642 AM CDT   SUNSET   819 PM CDT
AUGUST 18 2017........SUNRISE   643 AM CDT   SUNSET   817 PM CDT


-  INDICATES NEGATIVE NUMBERS.
R  INDICATES RECORD WAS SET OR TIED.
MM INDICATES DATA IS MISSING.
T  INDICATES TRACE AMOUNT.




$$
