000
CDUS43 KTOP 210633
CLIMHK


CLIMATE REPORT
NATIONAL WEATHER SERVICE TOPEKA KS
133 AM CDT SUN SEP 21 2014


...................................

...THE MANHATTAN KS CLIMATE SUMMARY FOR SEPTEMBER 20 2014...

CLIMATE NORMAL PERIOD 1981 TO 2010
CLIMATE RECORD PERIOD 9999 TO 9999


WEATHER ITEM   OBSERVED NORMAL DEPARTURE LAST
                VALUE   VALUE  FROM      YEAR
                               NORMAL
...............................................
TEMPERATURE (F)
 YESTERDAY
  MAXIMUM         93     79     14       75
  MINIMUM         64     53     11       50
  AVERAGE         79     66     13       63

PRECIPITATION (IN)
  YESTERDAY        T      0.10  -0.10     0.00
  MONTH TO DATE    0.74   2.30  -1.56     2.86
  SINCE SEP 1      0.74   2.30  -1.56     2.86
  SINCE JAN 1     17.64  26.84  -9.20    24.08

DEGREE DAYS
 HEATING
  YESTERDAY        0      3     -3        2
  MONTH TO DATE   51     24     27        6
  SINCE SEP 1     51     24     27        6
  SINCE JUL 1     52     27     25        9

 COOLING
  YESTERDAY       14      4     10        0
  MONTH TO DATE  132    125      7      222
  SINCE SEP 1    132    125      7      222
  SINCE JAN 1   1510   1308    202     1450
...............................................


WIND (MPH)
  HIGHEST WIND SPEED    18   HIGHEST WIND DIRECTION    SW (210)
  HIGHEST GUST SPEED    22   HIGHEST GUST DIRECTION    SW (240)
  AVERAGE WIND SPEED     8.6


SKY COVER
  AVERAGE SKY COVER 0.1


WEATHER CONDITIONS
 THE FOLLOWING WEATHER WAS RECORDED YESTERDAY.
  FOG
  HAZE


RELATIVE HUMIDITY (PERCENT)
 HIGHEST   100
 LOWEST     44
 AVERAGE    72

..........................................................


THE MANHATTAN KS CLIMATE NORMALS FOR TODAY
                         NORMAL
 MAXIMUM TEMPERATURE (F)   79
 MINIMUM TEMPERATURE (F)   52


SUNRISE AND SUNSET
SEPTEMBER 21 2014.....SUNRISE   713 AM CDT   SUNSET   725 PM CDT
SEPTEMBER 22 2014.....SUNRISE   714 AM CDT   SUNSET   724 PM CDT


-  INDICATES NEGATIVE NUMBERS.
R  INDICATES RECORD WAS SET OR TIED.
MM INDICATES DATA IS MISSING.
T  INDICATES TRACE AMOUNT.




$$
