000
CDUS43 KTOP 222136
CLIMHK


CLIMATE REPORT
NATIONAL WEATHER SERVICE TOPEKA KS
436 PM CDT SUN OCT 22 2017


...................................

...THE MANHATTAN KS CLIMATE SUMMARY FOR OCTOBER 22 2017...
VALID TODAY AS OF 0400 PM LOCAL TIME.

CLIMATE NORMAL PERIOD 1981 TO 2010
CLIMATE RECORD PERIOD 9999 TO 9999


WEATHER ITEM   OBSERVED NORMAL DEPARTURE LAST
                VALUE   VALUE  FROM      YEAR
                               NORMAL
...............................................
TEMPERATURE (F)
 TODAY
  MAXIMUM         71     66      5       79
  MINIMUM         40     40      0       39
  AVERAGE         56     53      3       59

PRECIPITATION (IN)
  TODAY            0.00   0.06  -0.06     0.00
  MONTH TO DATE    3.37   1.67   1.70     1.64
  SINCE SEP 1      4.24   4.84  -0.60     5.26
  SINCE JAN 1     27.80  29.38  -1.58    32.42

DEGREE DAYS
 HEATING
  TODAY            9     12     -3        6
  MONTH TO DATE   96    200   -104      116
  SINCE SEP 1    115    267   -152      141
  SINCE JUL 1    115    270   -155      141

 COOLING
  TODAY            0      0      0        0
  MONTH TO DATE   56     21     35       29
  SINCE SEP 1    310    175    135      272
  SINCE JAN 1   1565   1358    207     1728
...............................................


WIND (MPH)
  HIGHEST WIND SPEED    14   HIGHEST WIND DIRECTION    SW (230)
  HIGHEST GUST SPEED    18   HIGHEST GUST DIRECTION    SW (240)
  AVERAGE WIND SPEED     2.9



WEATHER CONDITIONS
 THE FOLLOWING WEATHER WAS RECORDED TODAY.
  NO SIGNIFICANT WEATHER WAS OBSERVED.


RELATIVE HUMIDITY (PERCENT)
 HIGHEST    96
 LOWEST     20
 AVERAGE    58

..........................................................


THE MANHATTAN KS CLIMATE NORMALS FOR TOMORROW
                         NORMAL
 MAXIMUM TEMPERATURE (F)   65
 MINIMUM TEMPERATURE (F)   40


SUNRISE AND SUNSET
OCTOBER 22 2017.......SUNRISE   744 AM CDT   SUNSET   638 PM CDT
OCTOBER 23 2017.......SUNRISE   745 AM CDT   SUNSET   636 PM CDT


-  INDICATES NEGATIVE NUMBERS.
R  INDICATES RECORD WAS SET OR TIED.
MM INDICATES DATA IS MISSING.
T  INDICATES TRACE AMOUNT.




$$
