542
CDUS43 KTOP 220631
CLIMHK


CLIMATE REPORT
NATIONAL WEATHER SERVICE TOPEKA KS
131 AM CDT MON MAY 22 2017


...................................

...THE MANHATTAN KS CLIMATE SUMMARY FOR MAY 21 2017...

CLIMATE NORMAL PERIOD 1981 TO 2010
CLIMATE RECORD PERIOD 9999 TO 9999


WEATHER ITEM   OBSERVED NORMAL DEPARTURE LAST
                VALUE   VALUE  FROM      YEAR
                               NORMAL
...............................................
TEMPERATURE (F)
 YESTERDAY
  MAXIMUM         74     78     -4       72
  MINIMUM         41     53    -12       48
  AVERAGE         58     65     -7       60

PRECIPITATION (IN)
  YESTERDAY        0.00   0.17  -0.17     0.00
  MONTH TO DATE    2.11   2.75  -0.64     1.21
  SINCE MAR 1     10.84   7.75   3.09     9.63
  SINCE JAN 1     12.64   9.47   3.17    10.61

DEGREE DAYS
 HEATING
  YESTERDAY        7      3      4        5
  MONTH TO DATE   73    104    -31      114
  SINCE MAR 1    864   1125   -261      818
  SINCE JUL 1   4148   5285  -1137     4115

 COOLING
  YESTERDAY        0      3     -3        0
  MONTH TO DATE   70     41     29       19
  SINCE MAR 1    114     58     56       47
  SINCE JAN 1    114     58     56       47
...............................................


WIND (MPH)
  HIGHEST WIND SPEED    14   HIGHEST WIND DIRECTION     W (270)
  HIGHEST GUST SPEED    19   HIGHEST GUST DIRECTION     W (290)
  AVERAGE WIND SPEED     4.7


SKY COVER
  AVERAGE SKY COVER 0.1


WEATHER CONDITIONS
 THE FOLLOWING WEATHER WAS RECORDED YESTERDAY.
  NO SIGNIFICANT WEATHER WAS OBSERVED.


RELATIVE HUMIDITY (PERCENT)
 HIGHEST    93
 LOWEST     35
 AVERAGE    64

..........................................................


THE MANHATTAN KS CLIMATE NORMALS FOR TODAY
                         NORMAL
 MAXIMUM TEMPERATURE (F)   78
 MINIMUM TEMPERATURE (F)   53


SUNRISE AND SUNSET
MAY 22 2017...........SUNRISE   608 AM CDT   SUNSET   839 PM CDT
MAY 23 2017...........SUNRISE   607 AM CDT   SUNSET   840 PM CDT


-  INDICATES NEGATIVE NUMBERS.
R  INDICATES RECORD WAS SET OR TIED.
MM INDICATES DATA IS MISSING.
T  INDICATES TRACE AMOUNT.




$$
