000
CDUS43 KTOP 282135
CLIMHK


CLIMATE REPORT
NATIONAL WEATHER SERVICE TOPEKA KS
434 PM CDT WED SEP 28 2016


...................................

...THE MANHATTAN KS CLIMATE SUMMARY FOR SEPTEMBER 28 2016...
VALID TODAY AS OF 0400 PM LOCAL TIME.

CLIMATE NORMAL PERIOD 1981 TO 2010
CLIMATE RECORD PERIOD 9999 TO 9999


WEATHER ITEM   OBSERVED NORMAL DEPARTURE LAST
                VALUE   VALUE  FROM      YEAR
                               NORMAL
...............................................
TEMPERATURE (F)
 TODAY
  MAXIMUM         71     76     -5       86
  MINIMUM         52     49      3       57
  AVERAGE         62     62      0       72

PRECIPITATION (IN)
  TODAY            0.00   0.09  -0.09     0.00
  MONTH TO DATE    3.62   3.01   0.61     4.50
  SINCE SEP 1      3.62   3.01   0.61     4.50
  SINCE JAN 1     30.78  27.55   3.23    29.46

DEGREE DAYS
 HEATING
  TODAY            3      5     -2        0
  MONTH TO DATE   12     56    -44       10
  SINCE SEP 1     12     56    -44       10
  SINCE JUL 1     12     59    -47       10

 COOLING
  TODAY            0      3     -3        7
  MONTH TO DATE  243    150     93      313
  SINCE SEP 1    243    150     93      313
  SINCE JAN 1   1699   1333    366     1571
...............................................


WIND (MPH)
  HIGHEST WIND SPEED    20   HIGHEST WIND DIRECTION    NE (30)
  HIGHEST GUST SPEED    25   HIGHEST GUST DIRECTION    NE (40)
  AVERAGE WIND SPEED     6.3



WEATHER CONDITIONS
 THE FOLLOWING WEATHER WAS RECORDED TODAY.
  NO SIGNIFICANT WEATHER WAS OBSERVED.


RELATIVE HUMIDITY (PERCENT)
 HIGHEST    93
 LOWEST     44
 AVERAGE    69

..........................................................


THE MANHATTAN KS CLIMATE NORMALS FOR TOMORROW
                         NORMAL
 MAXIMUM TEMPERATURE (F)   75
 MINIMUM TEMPERATURE (F)   49


SUNRISE AND SUNSET
SEPTEMBER 28 2016.....SUNRISE   720 AM CDT   SUNSET   713 PM CDT
SEPTEMBER 29 2016.....SUNRISE   721 AM CDT   SUNSET   712 PM CDT


-  INDICATES NEGATIVE NUMBERS.
R  INDICATES RECORD WAS SET OR TIED.
MM INDICATES DATA IS MISSING.
T  INDICATES TRACE AMOUNT.




$$
