695
CDUS43 KTOP 220633
CLIMHK


CLIMATE REPORT
NATIONAL WEATHER SERVICE TOPEKA KS
132 AM CDT FRI MAY 22 2015


...................................

...THE MANHATTAN KS CLIMATE SUMMARY FOR MAY 21 2015...

CLIMATE NORMAL PERIOD 1981 TO 2010
CLIMATE RECORD PERIOD 9999 TO 9999


WEATHER ITEM   OBSERVED NORMAL DEPARTURE LAST
                VALUE   VALUE  FROM      YEAR
                               NORMAL
...............................................
TEMPERATURE (F)
 YESTERDAY
  MAXIMUM         68     78    -10       89
  MINIMUM         38     53    -15       61
  AVERAGE         53     65    -12       75

PRECIPITATION (IN)
  YESTERDAY        0.00   0.17  -0.17     0.00
  MONTH TO DATE    7.66   2.75   4.91     0.70
  SINCE MAR 1     10.44   7.75   2.69     3.18
  SINCE JAN 1     11.90   9.47   2.43     4.40

DEGREE DAYS
 HEATING
  YESTERDAY       12      3      9        0
  MONTH TO DATE   88    104    -16      118
  SINCE MAR 1    913   1125   -212     1210
  SINCE JUL 1   5107   5285   -178     5741

 COOLING
  YESTERDAY        0      3     -3       10
  MONTH TO DATE   53     41     12       89
  SINCE MAR 1     61     58      3      119
  SINCE JAN 1     61     58      3      119
...............................................


WIND (MPH)
  HIGHEST WIND SPEED    12   HIGHEST WIND DIRECTION     N (20)
  HIGHEST GUST SPEED    15   HIGHEST GUST DIRECTION    NE (30)
  AVERAGE WIND SPEED     2.9


SKY COVER
  AVERAGE SKY COVER 0.0


WEATHER CONDITIONS
 THE FOLLOWING WEATHER WAS RECORDED YESTERDAY.
  NO SIGNIFICANT WEATHER WAS OBSERVED.


RELATIVE HUMIDITY (PERCENT)
 HIGHEST   100
 LOWEST     34
 AVERAGE    67

..........................................................


THE MANHATTAN KS CLIMATE NORMALS FOR TODAY
                         NORMAL
 MAXIMUM TEMPERATURE (F)   78
 MINIMUM TEMPERATURE (F)   53


SUNRISE AND SUNSET
MAY 22 2015...........SUNRISE   608 AM CDT   SUNSET   839 PM CDT
MAY 23 2015...........SUNRISE   607 AM CDT   SUNSET   840 PM CDT


-  INDICATES NEGATIVE NUMBERS.
R  INDICATES RECORD WAS SET OR TIED.
MM INDICATES DATA IS MISSING.
T  INDICATES TRACE AMOUNT.




$$
