000
CDUS46 KMFR 170838
CLIMHS


CLIMATE REPORT
NATIONAL WEATHER SERVICE MEDFORD, OR
137 AM PDT TUE OCT 17 2017


...................................

...THE MT SHASTA CITY CA CLIMATE SUMMARY FOR OCTOBER 16 2017...

CLIMATE NORMAL PERIOD 1981 TO 2010
CLIMATE RECORD PERIOD 1908 TO 2017


WEATHER ITEM   OBSERVED TIME   RECORD YEAR NORMAL DEPARTURE LAST
                VALUE   (LST)  VALUE       VALUE  FROM      YEAR
                                                  NORMAL
..................................................................
TEMPERATURE (F)
 YESTERDAY
  MAXIMUM         75    313 PM  84    1955  66      9       48
  MINIMUM         32    459 AM  27    1920  37     -5       43
  AVERAGE         54                        51      3       46

PRECIPITATION (IN)
  YESTERDAY        0.00          2.12 1927   0.07  -0.07     0.50
  MONTH TO DATE    0.00                      0.75  -0.75     4.26
  SINCE OCT 1      0.00                      0.75  -0.75     4.26
  SINCE JAN 1     38.99                     28.75  10.24    37.16

SNOWFALL (IN)
  YESTERDAY       MM                         0.0   MM       MM
  MONTH TO DATE   MM                         0.0   MM       MM
  SINCE JUL 1     MM                         0.0   MM       MM
  SNOW DEPTH      MM

DEGREE DAYS
 HEATING
  YESTERDAY       11                        14     -3       19
  MONTH TO DATE  240                       177     63      210
  SINCE SEP 1    395                       339     56      314
  SINCE JUL 1    395                       414    -19      329

 COOLING
  YESTERDAY        0                         0      0        0
  MONTH TO DATE    0                         0      0        0
  SINCE SEP 1    100                        27     73       35
  SINCE JAN 1    700                       287    413      513
..................................................................


WIND (MPH)
  HIGHEST WIND SPEED     8   HIGHEST WIND DIRECTION    NW (300)
  HIGHEST GUST SPEED    14   HIGHEST GUST DIRECTION    NW (300)
  AVERAGE WIND SPEED     1.3


SKY COVER
  POSSIBLE SUNSHINE  MM
  AVERAGE SKY COVER 0.0


WEATHER CONDITIONS
 THE FOLLOWING WEATHER WAS RECORDED YESTERDAY.
  NO SIGNIFICANT WEATHER WAS OBSERVED.


RELATIVE HUMIDITY (PERCENT)
 HIGHEST    70           100 AM
 LOWEST     17           100 PM

..........................................................


THE MT SHASTA CITY CA CLIMATE NORMALS FOR TODAY
                         NORMAL    RECORD    YEAR
 MAXIMUM TEMPERATURE (F)   66        84      1955
 MINIMUM TEMPERATURE (F)   36        25      1996


SUNRISE AND SUNSET
OCTOBER 17 2017.......SUNRISE   724 AM PDT   SUNSET   625 PM PDT
OCTOBER 18 2017.......SUNRISE   725 AM PDT   SUNSET   623 PM PDT


-  INDICATES NEGATIVE NUMBERS.
R  INDICATES RECORD WAS SET OR TIED.
MM INDICATES DATA IS MISSING.
T  INDICATES TRACE AMOUNT.




$$
