000
CDUS46 KMFR 020837
CLIMHS


CLIMATE REPORT
NATIONAL WEATHER SERVICE MEDFORD, OR
137 AM PDT SUN AUG 2 2015


...................................

...THE MT SHASTA CITY CA CLIMATE SUMMARY FOR AUGUST 1 2015...

CLIMATE NORMAL PERIOD 1981 TO 2010
CLIMATE RECORD PERIOD 1908 TO 2015


WEATHER ITEM   OBSERVED TIME   RECORD YEAR NORMAL DEPARTURE LAST
                VALUE   (LST)  VALUE       VALUE  FROM      YEAR
                                                  NORMAL
..................................................................
TEMPERATURE (F)
 YESTERDAY
  MAXIMUM         97    307 PM  98    1977  88      9       97
  MINIMUM         59    546 AM  37    1989  50      9       53
  AVERAGE         78                        69      9       75

PRECIPITATION (IN)
  YESTERDAY        0.00          0.68 1976   0.01  -0.01     0.00
  MONTH TO DATE    0.00                      0.01  -0.01     0.00
  SINCE OCT 1     36.40                     42.21  -5.81    13.18
  SINCE JAN 1     16.88                     27.00 -10.12    12.07

SNOWFALL (IN)
  YESTERDAY       MM                         0.0   MM       MM
  MONTH TO DATE   MM                         0.0   MM       MM
  SINCE JUL 1     MM                         0.0   MM       MM
  SNOW DEPTH      MM

DEGREE DAYS
 HEATING
  YESTERDAY        0                         1     -1        0
  MONTH TO DATE    0                         1     -1        0
  SINCE JUN 1     26                       176   -150       57
  SINCE JUL 1      5                        34    -29        1

 COOLING
  YESTERDAY       13                         4      9       10
  MONTH TO DATE   13                         4      9       10
  SINCE JUN 1    366                       164    202      358
  SINCE JAN 1    371                       172    199      367
..................................................................


WIND (MPH)
  HIGHEST WIND SPEED     7   HIGHEST WIND DIRECTION     E (70)
  HIGHEST GUST SPEED    11   HIGHEST GUST DIRECTION    SE (140)
  AVERAGE WIND SPEED     0.5


SKY COVER
  POSSIBLE SUNSHINE  MM
  AVERAGE SKY COVER 0.0


WEATHER CONDITIONS
 THE FOLLOWING WEATHER WAS RECORDED YESTERDAY.
  HAZE


RELATIVE HUMIDITY (PERCENT)
 HIGHEST    67           700 AM
 LOWEST     22           300 PM

..........................................................


THE MT SHASTA CITY CA CLIMATE NORMALS FOR TODAY
                         NORMAL    RECORD    YEAR
 MAXIMUM TEMPERATURE (F)   88       100      1977
 MINIMUM TEMPERATURE (F)   50        39      1937


SUNRISE AND SUNSET
AUGUST  2 2015........SUNRISE   605 AM PDT   SUNSET   825 PM PDT
AUGUST  3 2015........SUNRISE   606 AM PDT   SUNSET   824 PM PDT


-  INDICATES NEGATIVE NUMBERS.
R  INDICATES RECORD WAS SET OR TIED.
MM INDICATES DATA IS MISSING.
T  INDICATES TRACE AMOUNT.




$$
