000
CDUS46 KMFR 280036
CLIMHS


CLIMATE REPORT
NATIONAL WEATHER SERVICE MEDFORD, OR
435 PM PST THU NOV 27 2014


...................................

...THE MT SHASTA CITY CA CLIMATE SUMMARY FOR NOVEMBER 27 2014...
VALID TODAY AS OF 0400 PM LOCAL TIME.

CLIMATE NORMAL PERIOD 1981 TO 2010
CLIMATE RECORD PERIOD 1908 TO 2014


WEATHER ITEM   OBSERVED TIME   RECORD YEAR NORMAL DEPARTURE LAST
                VALUE   (LST)  VALUE       VALUE  FROM      YEAR
                                                  NORMAL
..................................................................
TEMPERATURE (F)
 TODAY
  MAXIMUM         57   1234 PM  65    1914  47     10       60
  MINIMUM         42    735 AM  12    1976  28     14       33
  AVERAGE         50                        37     13       47

PRECIPITATION (IN)
  TODAY            0.00          2.68 1970   0.20  -0.20     0.00
  MONTH TO DATE    1.48                      4.46  -2.98     0.22
  SINCE SEP 1      8.87                      7.41   1.46     2.58
  SINCE JAN 1     21.15                     34.74 -13.59     9.76

SNOWFALL (IN)
  TODAY           MM                         0.4   MM       MM
  MONTH TO DATE   MM                         6.4   MM       MM
  SINCE JUL 1     MM                         6.6   MM        0.0
  SNOW DEPTH      MM

DEGREE DAYS
 HEATING
  TODAY           15                        28    -13       18
  MONTH TO DATE  539                       649   -110      540
  SINCE SEP 1    941                      1238   -297     1167
  SINCE JUL 1    946                      1313   -367     1179

 COOLING
  TODAY            0                         0      0        0
  MONTH TO DATE    0                         0      0        0
  SINCE SEP 1     49                        28     21       47
  SINCE JAN 1    547                       288    259      474
..................................................................


WIND (MPH)
  HIGHEST WIND SPEED    13   HIGHEST WIND DIRECTION     E (90)
  HIGHEST GUST SPEED    19   HIGHEST GUST DIRECTION     E (70)
  AVERAGE WIND SPEED     0.9


SKY COVER
  POSSIBLE SUNSHINE  MM
  AVERAGE SKY COVER 0.0


WEATHER CONDITIONS
 THE FOLLOWING WEATHER WAS RECORDED TODAY.
  NO SIGNIFICANT WEATHER WAS OBSERVED.


RELATIVE HUMIDITY (PERCENT)
 HIGHEST    83          1200 AM
 LOWEST     36          1100 AM

..........................................................


THE MT SHASTA CITY CA CLIMATE NORMALS FOR TOMORROW
                         NORMAL    RECORD    YEAR
 MAXIMUM TEMPERATURE (F)   47        64      1959
 MINIMUM TEMPERATURE (F)   28        16      1952


SUNRISE AND SUNSET
NOVEMBER 27 2014......SUNRISE   711 AM PST   SUNSET   442 PM PST
NOVEMBER 28 2014......SUNRISE   713 AM PST   SUNSET   442 PM PST


-  INDICATES NEGATIVE NUMBERS.
R  INDICATES RECORD WAS SET OR TIED.
MM INDICATES DATA IS MISSING.
T  INDICATES TRACE AMOUNT.




$$
