000
CDUS46 KMFR 240836
CLIMHS


CLIMATE REPORT
NATIONAL WEATHER SERVICE MEDFORD, OR
136 AM PDT SAT JUN 24 2017


...................................

...THE MT SHASTA CITY CA CLIMATE SUMMARY FOR JUNE 23 2017...

CLIMATE NORMAL PERIOD 1981 TO 2010
CLIMATE RECORD PERIOD 1908 TO 2017


WEATHER ITEM   OBSERVED TIME   RECORD YEAR NORMAL DEPARTURE LAST
                VALUE   (LST)  VALUE       VALUE  FROM      YEAR
                                                  NORMAL
..................................................................
TEMPERATURE (F)
 YESTERDAY
  MAXIMUM         93    153 PM  96    1986  79     14       82
  MINIMUM         50    451 AM  35    1937  47      3       54
  AVERAGE         72                        63      9       68

PRECIPITATION (IN)
  YESTERDAY        0.00          0.60 1930   0.03  -0.03     0.00
  MONTH TO DATE    1.33                      1.01   0.32     2.40
  SINCE OCT 1     59.73                     41.62  18.11    42.31
  SINCE JAN 1     38.57                     26.41  12.16    32.82

SNOWFALL (IN)
  YESTERDAY       MM                         0.0   MM       MM
  MONTH TO DATE   MM                         0.0   MM       MM
  SINCE JUL 1     MM                        91.8   MM       MM
  SNOW DEPTH      MM

DEGREE DAYS
 HEATING
  YESTERDAY        0                         3     -3        0
  MONTH TO DATE  105                       121    -16       85
  SINCE JUN 1    105                       121    -16       85
  SINCE JUL 1   5418                      5673   -255     4811

 COOLING
  YESTERDAY        7                         2      5        3
  MONTH TO DATE   67                        26     41       64
  SINCE JUN 1     67                        26     41       64
  SINCE JAN 1     81                        34     47       72
..................................................................


WIND (MPH)
  HIGHEST WIND SPEED     8   HIGHEST WIND DIRECTION    NW (300)
  HIGHEST GUST SPEED    13   HIGHEST GUST DIRECTION    NW (300)
  AVERAGE WIND SPEED     2.7


SKY COVER
  POSSIBLE SUNSHINE  MM
  AVERAGE SKY COVER 0.0


WEATHER CONDITIONS
 THE FOLLOWING WEATHER WAS RECORDED YESTERDAY.
  NO SIGNIFICANT WEATHER WAS OBSERVED.


RELATIVE HUMIDITY (PERCENT)
 HIGHEST    63           500 AM
 LOWEST     21           300 PM

..........................................................


THE MT SHASTA CITY CA CLIMATE NORMALS FOR TODAY
                         NORMAL    RECORD    YEAR
 MAXIMUM TEMPERATURE (F)   80        96      2006
 MINIMUM TEMPERATURE (F)   48        32      1927


SUNRISE AND SUNSET
JUNE 24 2017..........SUNRISE   537 AM PDT   SUNSET   846 PM PDT
JUNE 25 2017..........SUNRISE   537 AM PDT   SUNSET   847 PM PDT


-  INDICATES NEGATIVE NUMBERS.
R  INDICATES RECORD WAS SET OR TIED.
MM INDICATES DATA IS MISSING.
T  INDICATES TRACE AMOUNT.




$$
