000
CDUS42 KMFL 040829
CLIMIA


CLIMATE REPORT
NATIONAL WEATHER SERVICE MIAMI, FL
429 AM EDT WED MAY 4 2016


...................................

...THE MIAMI CLIMATE SUMMARY FOR MAY 3 2016...

CLIMATE NORMAL PERIOD 1981 TO 2010
CLIMATE RECORD PERIOD 1895 TO 2016


WEATHER ITEM   OBSERVED TIME   RECORD YEAR NORMAL DEPARTURE LAST
                VALUE   (LST)  VALUE       VALUE  FROM      YEAR
                                                  NORMAL
..................................................................
TEMPERATURE (F)
 YESTERDAY
  MAXIMUM         90   1138 AM  91    1896  85      5       82
  MINIMUM         74    606 PM  54    1940  71      3       72
  AVERAGE         82                        78      4       77

PRECIPITATION (IN)
  YESTERDAY        0.61          2.88 2005   0.11   0.50     0.00
  MONTH TO DATE    0.61                      0.31   0.30     0.00
  SINCE NOV 1     30.10                     15.63  14.47    13.09
  SINCE JAN 1     12.73                     10.32   2.41     9.11

SNOWFALL (IN)
  YESTERDAY        0.0
  MONTH TO DATE    0.0
  SINCE MAR 1      0.0
  SINCE JUL 1      0.0
  SNOW DEPTH       0

DEGREE DAYS
 HEATING
  YESTERDAY        0                         0      0        0
  MONTH TO DATE    0                         0      0        0
  SINCE MAR 1      0                        12    -12        0
  SINCE JUL 1     67                       128    -61       76

 COOLING
  YESTERDAY       17                        13      4       12
  MONTH TO DATE   51                        39     12       34
  SINCE MAR 1    782                       610    172      874
  SINCE JAN 1   1039                       932    107     1213
..................................................................


WIND (MPH)
  HIGHEST WIND SPEED    20   HIGHEST WIND DIRECTION    SE (130)
  HIGHEST GUST SPEED    28   HIGHEST GUST DIRECTION     E (110)
  AVERAGE WIND SPEED     9.2


SKY COVER
  POSSIBLE SUNSHINE  84 PERCENT
  AVERAGE SKY COVER 0.5


WEATHER CONDITIONS
 THE FOLLOWING WEATHER WAS RECORDED YESTERDAY.
  THUNDERSTORM
  RAIN
  LIGHT RAIN
  FOG


RELATIVE HUMIDITY (PERCENT)
 HIGHEST    88
 LOWEST     61
 AVERAGE    75

..........................................................


THE MIAMI CLIMATE NORMALS FOR TODAY
                         NORMAL    RECORD    YEAR
 MAXIMUM TEMPERATURE (F)   86        93      1951
 MINIMUM TEMPERATURE (F)   71        54      1940
                                             1921


SUNRISE AND SUNSET
MAY  4 2016...........SUNRISE   642 AM EDT   SUNSET   754 PM EDT
MAY  5 2016...........SUNRISE   641 AM EDT   SUNSET   755 PM EDT


-  INDICATES NEGATIVE NUMBERS.
R  INDICATES RECORD WAS SET OR TIED.
MM INDICATES DATA IS MISSING.
T  INDICATES TRACE AMOUNT.




$$
