000
CDUS42 KMFL 050923
CLIMIA


CLIMATE REPORT
NATIONAL WEATHER SERVICE MIAMI, FL
423 AM EST THU MAR 5 2015


...................................

...THE MIAMI CLIMATE SUMMARY FOR MARCH 4 2015...

CLIMATE NORMAL PERIOD 1981 TO 2010
CLIMATE RECORD PERIOD 1895 TO 2015


WEATHER ITEM   OBSERVED TIME   RECORD YEAR NORMAL DEPARTURE LAST
                VALUE   (LST)  VALUE       VALUE  FROM      YEAR
                                                  NORMAL
..................................................................
TEMPERATURE (F)
 YESTERDAY
  MAXIMUM         82    319 PM  90    2003  79      3       82
  MINIMUM         73    646 AM  39    1927  64      9       65
  AVERAGE         78                        72      6       74

PRECIPITATION (IN)
  YESTERDAY        0.00          1.60 1965   0.09  -0.09     0.00
  MONTH TO DATE    T                         0.33  -0.33     0.00
  SINCE NOV 1      7.74                      9.51  -1.77    13.47
  SINCE JAN 1      3.76                      4.20  -0.44     3.07

SNOWFALL (IN)
  YESTERDAY        0.0
  MONTH TO DATE    0.0
  SINCE MAR 1      0.0
  SINCE JUL 1      0.0
  SNOW DEPTH       0

DEGREE DAYS
 HEATING
  YESTERDAY        0                         1     -1        0
  MONTH TO DATE    0                         4     -4        0
  SINCE MAR 1      0                         4     -4        0
  SINCE JUL 1     76                       120    -44       61

 COOLING
  YESTERDAY       13                         7      6        9
  MONTH TO DATE   50                        28     22       31
  SINCE MAR 1     50                        28     22       31
  SINCE JAN 1    389                       350     39      452
..................................................................


WIND (MPH)
  HIGHEST WIND SPEED    18   HIGHEST WIND DIRECTION     E (110)
  HIGHEST GUST SPEED    26   HIGHEST GUST DIRECTION    SE (120)
  AVERAGE WIND SPEED    11.2


SKY COVER
  POSSIBLE SUNSHINE  85 PERCENT
  AVERAGE SKY COVER 0.5


WEATHER CONDITIONS
 THE FOLLOWING WEATHER WAS RECORDED YESTERDAY.
  NO SIGNIFICANT WEATHER WAS OBSERVED.


RELATIVE HUMIDITY (PERCENT)
 HIGHEST    82
 LOWEST     54
 AVERAGE    68

..........................................................


THE MIAMI CLIMATE NORMALS FOR TODAY
                         NORMAL    RECORD    YEAR
 MAXIMUM TEMPERATURE (F)   80        90      1964
 MINIMUM TEMPERATURE (F)   64        44      2010
                                             1930
                                             1909


SUNRISE AND SUNSET
MARCH  5 2015.........SUNRISE   641 AM EST   SUNSET   625 PM EST
MARCH  6 2015.........SUNRISE   640 AM EST   SUNSET   625 PM EST


-  INDICATES NEGATIVE NUMBERS.
R  INDICATES RECORD WAS SET OR TIED.
MM INDICATES DATA IS MISSING.
T  INDICATES TRACE AMOUNT.




$$
