000
CDUS42 KMFL 210939
CLIMIA


CLIMATE REPORT
NATIONAL WEATHER SERVICE MIAMI, FL
439 AM EST SUN DEC 21 2014


...................................

...THE MIAMI CLIMATE SUMMARY FOR DECEMBER 20 2014...

CLIMATE NORMAL PERIOD 1981 TO 2010
CLIMATE RECORD PERIOD 1895 TO 2014


WEATHER ITEM   OBSERVED TIME   RECORD YEAR NORMAL DEPARTURE LAST
                VALUE   (LST)  VALUE       VALUE  FROM      YEAR
                                                  NORMAL
..................................................................
TEMPERATURE (F)
 YESTERDAY
  MAXIMUM         79   1221 PM  86    1986  77      2       83
                                      1961
  MINIMUM         62    620 AM  36    1981  62      0       71
  AVERAGE         71                        70      1       77

PRECIPITATION (IN)
  YESTERDAY        0.00          1.50 1973   0.07  -0.07     0.00
  MONTH TO DATE    0.88                      1.38  -0.50     0.46
  SINCE NOV 1      3.54                      4.65  -1.11     6.19
  SINCE JAN 1     63.16                     61.24   1.92    66.21

SNOWFALL (IN)
  YESTERDAY        0.0
  MONTH TO DATE    0.0
  SINCE DEC 1      0.0
  SINCE JUL 1      0.0
  SNOW DEPTH       0

DEGREE DAYS
 HEATING
  YESTERDAY        0                         1     -1
  MONTH TO DATE   18                        16      2
  SINCE DEC 1     18                        16      2
  SINCE JUL 1     29                        19     10

 COOLING
  YESTERDAY        6                         6      0
  MONTH TO DATE  108                       140    -32
  SINCE DEC 1    108                       140    -32
  SINCE JAN 1   4652                      4512    140
..................................................................


WIND (MPH)
  HIGHEST WIND SPEED    13   HIGHEST WIND DIRECTION    SE (140)
  HIGHEST GUST SPEED    22   HIGHEST GUST DIRECTION     S (160)
  AVERAGE WIND SPEED     3.8


SKY COVER
  POSSIBLE SUNSHINE  69 PERCENT
  AVERAGE SKY COVER 0.4


WEATHER CONDITIONS
 THE FOLLOWING WEATHER WAS RECORDED YESTERDAY.
  NO SIGNIFICANT WEATHER WAS OBSERVED.


RELATIVE HUMIDITY (PERCENT)
 HIGHEST    90
 LOWEST     56
 AVERAGE    73

..........................................................


THE MIAMI CLIMATE NORMALS FOR TODAY
                         NORMAL    RECORD    YEAR
 MAXIMUM TEMPERATURE (F)   77        85      1948
                                             1946
                                             1940
 MINIMUM TEMPERATURE (F)   62        37      1935


SUNRISE AND SUNSET
DECEMBER 21 2014......SUNRISE   703 AM EST   SUNSET   535 PM EST
DECEMBER 22 2014......SUNRISE   704 AM EST   SUNSET   536 PM EST


-  INDICATES NEGATIVE NUMBERS.
R  INDICATES RECORD WAS SET OR TIED.
MM INDICATES DATA IS MISSING.
T  INDICATES TRACE AMOUNT.




$$
