000
CDUS42 KMFL 240825
CLIMIA


CLIMATE REPORT
NATIONAL WEATHER SERVICE MIAMI, FL
425 AM EDT SUN MAY 24 2015


...................................

...THE MIAMI CLIMATE SUMMARY FOR MAY 23 2015...

CLIMATE NORMAL PERIOD 1981 TO 2010
CLIMATE RECORD PERIOD 1895 TO 2015


WEATHER ITEM   OBSERVED TIME   RECORD YEAR NORMAL DEPARTURE LAST
                VALUE   (LST)  VALUE       VALUE  FROM      YEAR
                                                  NORMAL
..................................................................
TEMPERATURE (F)
 YESTERDAY
  MAXIMUM         90    241 PM  94    1951  88      2       92
                                      1940
  MINIMUM         74    530 AM  60    1940  74      0       71
  AVERAGE         82                        81      1       82

PRECIPITATION (IN)
  YESTERDAY        T             3.93 1958   0.21  -0.21     0.00
  MONTH TO DATE    1.04                      3.40  -2.36     3.23
  SINCE NOV 1     14.13                     18.72  -4.59    20.49
  SINCE JAN 1     10.15                     13.41  -3.26    10.09

SNOWFALL (IN)
  YESTERDAY        0.0
  MONTH TO DATE    0.0
  SINCE MAR 1      0.0
  SINCE JUL 1      0.0
  SNOW DEPTH       0

DEGREE DAYS
 HEATING
  YESTERDAY        0                         0      0        0
  MONTH TO DATE    0                         0      0        0
  SINCE MAR 1      0                        12    -12        0
  SINCE JUL 1     76                       128    -52       61

 COOLING
  YESTERDAY       17                        16      1       17
  MONTH TO DATE  359                       332     27      355
  SINCE MAR 1   1199                       903    296     1015
  SINCE JAN 1   1538                      1225    313     1436
..................................................................


WIND (MPH)
  HIGHEST WIND SPEED    18   HIGHEST WIND DIRECTION     E (90)
  HIGHEST GUST SPEED    24   HIGHEST GUST DIRECTION     E (80)
  AVERAGE WIND SPEED     9.5


SKY COVER
  POSSIBLE SUNSHINE  34 PERCENT
  AVERAGE SKY COVER 0.5


WEATHER CONDITIONS
 THE FOLLOWING WEATHER WAS RECORDED YESTERDAY.
  LIGHT RAIN


RELATIVE HUMIDITY (PERCENT)
 HIGHEST    82
 LOWEST     52
 AVERAGE    67

..........................................................


THE MIAMI CLIMATE NORMALS FOR TODAY
                         NORMAL    RECORD    YEAR
 MAXIMUM TEMPERATURE (F)   88        94      2013
                                             1989
 MINIMUM TEMPERATURE (F)   74        60      1941


SUNRISE AND SUNSET
MAY 24 2015...........SUNRISE   632 AM EDT   SUNSET   804 PM EDT
MAY 25 2015...........SUNRISE   631 AM EDT   SUNSET   805 PM EDT


-  INDICATES NEGATIVE NUMBERS.
R  INDICATES RECORD WAS SET OR TIED.
MM INDICATES DATA IS MISSING.
T  INDICATES TRACE AMOUNT.




$$
