000
CDUS42 KMFL 202036
CLIMIA


CLIMATE REPORT
NATIONAL WEATHER SERVICE MIAMI, FL
433 PM EDT WED SEP 20 2017


...................................

...THE MIAMI CLIMATE SUMMARY FOR SEPTEMBER 20 2017...
VALID TODAY AS OF 0400 PM LOCAL TIME.

CLIMATE NORMAL PERIOD 1981 TO 2010
CLIMATE RECORD PERIOD 1895 TO 2017


WEATHER ITEM   OBSERVED TIME   RECORD YEAR NORMAL DEPARTURE LAST
                VALUE   (LST)  VALUE       VALUE  FROM      YEAR
                                                  NORMAL
..................................................................
TEMPERATURE (F)
 TODAY
  MAXIMUM         91   1259 PM  94    1992  89      2       92
                                      1987
  MINIMUM         78    517 AM  69    1907  77      1       75
  AVERAGE         85                        83      2       84

PRECIPITATION (IN)
  TODAY            0.00          3.74 1963   0.35  -0.35     0.75
  MONTH TO DATE    8.45                      6.59   1.86     3.08
  SINCE JUN 1     45.44                     31.64  13.80    29.68
  SINCE JAN 1     58.92                     46.99  11.93    50.07

SNOWFALL (IN)
  TODAY            0.0
  MONTH TO DATE    0.0
  SINCE SEP 1      0.0
  SINCE JUL 1      0.0
  SNOW DEPTH       0

DEGREE DAYS
 HEATING
  TODAY            0                         0      0        0
  MONTH TO DATE    0                         0      0        0
  SINCE SEP 1      0                         0      0        0
  SINCE JUL 1      0                         0      0        0

 COOLING
  TODAY           20                        18      2       19
  MONTH TO DATE  414                       362     52      385
  SINCE SEP 1    414                       362     52      385
  SINCE JAN 1   3988                      3437    551     3617
..................................................................


WIND (MPH)
  HIGHEST WIND SPEED    13   HIGHEST WIND DIRECTION    SE (120)
  HIGHEST GUST SPEED    17   HIGHEST GUST DIRECTION    SE (140)
  AVERAGE WIND SPEED     3.2


SKY COVER
  AVERAGE SKY COVER 0.5


WEATHER CONDITIONS
 THE FOLLOWING WEATHER WAS RECORDED TODAY.
  NO SIGNIFICANT WEATHER WAS OBSERVED.


RELATIVE HUMIDITY (PERCENT)
 HIGHEST    94
 LOWEST     59
 AVERAGE    77

..........................................................


THE MIAMI CLIMATE NORMALS FOR TOMORROW
                         NORMAL    RECORD    YEAR
 MAXIMUM TEMPERATURE (F)   89        93      1989
                                             1987
 MINIMUM TEMPERATURE (F)   76        69      1938


SUNRISE AND SUNSET
SEPTEMBER 20 2017.....SUNRISE   709 AM EDT   SUNSET   719 PM EDT
SEPTEMBER 21 2017.....SUNRISE   709 AM EDT   SUNSET   718 PM EDT


-  INDICATES NEGATIVE NUMBERS.
R  INDICATES RECORD WAS SET OR TIED.
MM INDICATES DATA IS MISSING.
T  INDICATES TRACE AMOUNT.




$$
