000
CDUS42 KMFL 212120
CLIMIA


CLIMATE REPORT
NATIONAL WEATHER SERVICE MIAMI, FL
420 PM EST SUN JAN 21 2018


...................................

...THE MIAMI CLIMATE SUMMARY FOR JANUARY 21 2018...
VALID TODAY AS OF 0400 PM LOCAL TIME.

CLIMATE NORMAL PERIOD 1981 TO 2010
CLIMATE RECORD PERIOD 1895 TO 2018


WEATHER ITEM   OBSERVED TIME   RECORD YEAR NORMAL DEPARTURE LAST
                VALUE   (LST)  VALUE       VALUE  FROM      YEAR
                                                  NORMAL
..................................................................
TEMPERATURE (F)
 TODAY
  MAXIMUM         80   1249 PM  85    1990  76      4       84
                                      1989
                                      1953
  MINIMUM         69    702 AM  34    1985  60      9       64
  AVERAGE         75                        68      7       74

PRECIPITATION (IN)
  TODAY            0.00          1.31 1956   0.06  -0.06     0.00
  MONTH TO DATE    0.91                      1.06  -0.15     1.54
  SINCE NOV 1      5.98                      6.37  -0.39     4.81
  SINCE JAN 1      0.91                      1.06  -0.15     1.54

SNOWFALL (IN)
  TODAY            0.0
  MONTH TO DATE    0.0
  SINCE DEC 1      0.0
  SINCE JUL 1      0.0
  SNOW DEPTH       0

DEGREE DAYS
 HEATING
  TODAY            0                         2     -2        0
  MONTH TO DATE   49                        42      7        6
  SINCE DEC 1     77                        76      1        6
  SINCE JUL 1     77                        79     -2        6

 COOLING
  TODAY           10                         5      5        9
  MONTH TO DATE   71                       105    -34      198
  SINCE DEC 1    313                       308      5      569
  SINCE JAN 1     71                       105    -34      198
..................................................................


WIND (MPH)
  HIGHEST WIND SPEED    17   HIGHEST WIND DIRECTION     E (110)
  HIGHEST GUST SPEED    24   HIGHEST GUST DIRECTION     E (110)
  AVERAGE WIND SPEED    11.0


SKY COVER
  AVERAGE SKY COVER 0.9


WEATHER CONDITIONS
 THE FOLLOWING WEATHER WAS RECORDED TODAY.
  NO SIGNIFICANT WEATHER WAS OBSERVED.


RELATIVE HUMIDITY (PERCENT)
 HIGHEST    79
 LOWEST     58
 AVERAGE    69

..........................................................


THE MIAMI CLIMATE NORMALS FOR TOMORROW
                         NORMAL    RECORD    YEAR
 MAXIMUM TEMPERATURE (F)   76        87      2017
 MINIMUM TEMPERATURE (F)   60        30      1985


SUNRISE AND SUNSET
JANUARY 21 2018.......SUNRISE   709 AM EST   SUNSET   557 PM EST
JANUARY 22 2018.......SUNRISE   708 AM EST   SUNSET   557 PM EST


-  INDICATES NEGATIVE NUMBERS.
R  INDICATES RECORD WAS SET OR TIED.
MM INDICATES DATA IS MISSING.
T  INDICATES TRACE AMOUNT.




$$
