000
CDUS43 KIND 100532
CLIMIE


CLIMATE REPORT
NATIONAL WEATHER SERVICE INDIANAPOLIS IN
1232 AM EST WED FEB 10 2016


...................................

...THE MUNCIE IN CLIMATE SUMMARY FOR FEBRUARY 9 2016...

CLIMATE NORMAL PERIOD 1981 TO 2010
CLIMATE RECORD PERIOD 9999 TO 9999


WEATHER ITEM   OBSERVED TIME   NORMAL DEPARTURE LAST
                VALUE   (LST)  VALUE  FROM      YEAR
                                      NORMAL
......................................................
TEMPERATURE (F)
 YESTERDAY
  MAXIMUM         25    105 AM  36    -11       37
  MINIMUM         16   1159 PM  20     -4       24
  AVERAGE         21            28     -7       31

PRECIPITATION (IN)
  YESTERDAY        0.01          0.09  -0.08      T
  MONTH TO DATE    0.38          0.73  -0.35     0.50
  SINCE DEC 1      6.73          5.84   0.89     4.26
  SINCE JAN 1      1.65          2.96  -1.31     2.43

DEGREE DAYS
 HEATING
  YESTERDAY       44            37      7       34
  MONTH TO DATE  265           338    -73      332
  SINCE DEC 1   2014          2596   -582     2542
  SINCE JUL 1   2973          3731   -758     3895

 COOLING
  YESTERDAY        0             0      0        0
  MONTH TO DATE    0             0      0        0
  SINCE DEC 1      1             0      1        0
  SINCE JAN 1      0             0      0        0
......................................................


WIND (MPH)
  HIGHEST WIND SPEED    20   HIGHEST WIND DIRECTION     W (280)
  HIGHEST GUST SPEED    25   HIGHEST GUST DIRECTION     W (290)
  AVERAGE WIND SPEED    13.8


SKY COVER
  AVERAGE SKY COVER 1.0


WEATHER CONDITIONS
 THE FOLLOWING WEATHER WAS RECORDED YESTERDAY.
  SNOW
  LIGHT SNOW
  FOG
  HAZE


RELATIVE HUMIDITY (PERCENT)
 HIGHEST    88          1200 AM
 LOWEST     67          1100 PM
 AVERAGE    78

..........................................................


THE MUNCIE IN CLIMATE NORMALS FOR TODAY
                         NORMAL
 MAXIMUM TEMPERATURE (F)   36
 MINIMUM TEMPERATURE (F)   20


SUNRISE AND SUNSET
FEBRUARY 10 2016......SUNRISE   741 AM EST   SUNSET   611 PM EST
FEBRUARY 11 2016......SUNRISE   740 AM EST   SUNSET   612 PM EST


-  INDICATES NEGATIVE NUMBERS.
R  INDICATES RECORD WAS SET OR TIED.
MM INDICATES DATA IS MISSING.
T  INDICATES TRACE AMOUNT.




$$
