434
CDUS43 KIND 250601
CLIMIE


CLIMATE REPORT
NATIONAL WEATHER SERVICE INDIANAPOLIS IN
1251 AM EST SUN FEB 25 2018


...................................

...THE MUNCIE IN CLIMATE SUMMARY FOR FEBRUARY 24 2018...

CLIMATE NORMAL PERIOD 1981 TO 2010
CLIMATE RECORD PERIOD 9999 TO 9999


WEATHER ITEM   OBSERVED TIME   NORMAL DEPARTURE LAST
                VALUE   (LST)  VALUE  FROM      YEAR
                                      NORMAL
......................................................
TEMPERATURE (F)
 YESTERDAY
  MAXIMUM         56   1159 PM  41     15       73
  MINIMUM         42    602 AM  24     18       45
  AVERAGE         49            32     17       59

PRECIPITATION (IN)
  YESTERDAY        1.09          0.08   1.01     0.30
  MONTH TO DATE    4.03          1.97   2.06     0.81
  SINCE DEC 1      6.24          7.08  -0.84     6.73
  SINCE JAN 1      5.27          4.20   1.07     5.54

DEGREE DAYS
 HEATING
  YESTERDAY       16            33    -17        6
  MONTH TO DATE  699           861   -162      519
  SINCE DEC 1   2977          3119   -142     2496
  SINCE JUL 1   3889          4254   -365     3198

 COOLING
  YESTERDAY        0             0      0        0
  MONTH TO DATE    4             0      4        0
  SINCE DEC 1      4             0      4        0
  SINCE JAN 1      4             0      4        0
......................................................


WIND (MPH)
  HIGHEST WIND SPEED    30   HIGHEST WIND DIRECTION    SE (150)
  HIGHEST GUST SPEED    42   HIGHEST GUST DIRECTION    SE (150)
  AVERAGE WIND SPEED    10.5


SKY COVER
  AVERAGE SKY COVER 1.0


WEATHER CONDITIONS
 THE FOLLOWING WEATHER WAS RECORDED YESTERDAY.
  RAIN
  LIGHT RAIN
  FOG


RELATIVE HUMIDITY (PERCENT)
 HIGHEST    96          1000 AM
 LOWEST     83           400 PM
 AVERAGE    90

..........................................................


THE MUNCIE IN CLIMATE NORMALS FOR TODAY
                         NORMAL
 MAXIMUM TEMPERATURE (F)   41
 MINIMUM TEMPERATURE (F)   24


SUNRISE AND SUNSET
FEBRUARY 25 2018......SUNRISE   721 AM EST   SUNSET   629 PM EST
FEBRUARY 26 2018......SUNRISE   719 AM EST   SUNSET   630 PM EST


-  INDICATES NEGATIVE NUMBERS.
R  INDICATES RECORD WAS SET OR TIED.
MM INDICATES DATA IS MISSING.
T  INDICATES TRACE AMOUNT.




$$
