000
CDUS43 KIND 080533
CLIMIE


CLIMATE REPORT
NATIONAL WEATHER SERVICE INDIANAPOLIS IN
133 AM EDT WED JUL 8 2015


...................................

...THE MUNCIE IN CLIMATE SUMMARY FOR JULY 7 2015...

CLIMATE NORMAL PERIOD 1981 TO 2010
CLIMATE RECORD PERIOD 9999 TO 9999


WEATHER ITEM   OBSERVED TIME   NORMAL DEPARTURE LAST
                VALUE   (LST)  VALUE  FROM      YEAR
                                      NORMAL
......................................................
TEMPERATURE (F)
 YESTERDAY
  MAXIMUM         79   1108 AM  85     -6       81
  MINIMUM         62   1159 PM  65     -3       70
  AVERAGE         71            75     -4       76

PRECIPITATION (IN)
  YESTERDAY        2.23          0.14   2.09      T
  MONTH TO DATE    2.23          0.97   1.26     0.27
  SINCE JUN 1      9.92          5.63   4.29     5.73
  SINCE JAN 1     24.72         21.20   3.52    20.50

DEGREE DAYS
 HEATING
  YESTERDAY        0             0      0        0
  MONTH TO DATE    0             0      0        1
  SINCE JUN 1     28            24      4        9
  SINCE JUL 1      0             0      0        1

 COOLING
  YESTERDAY        6            10     -4       11
  MONTH TO DATE   38            70    -32       41
  SINCE JUN 1    258           286    -28      286
  SINCE JAN 1    402           369     33      401
......................................................


WIND (MPH)
  HIGHEST WIND SPEED    15   HIGHEST WIND DIRECTION     N (340)
  HIGHEST GUST SPEED    21   HIGHEST GUST DIRECTION    SW (210)
  AVERAGE WIND SPEED     9.0


SKY COVER
  AVERAGE SKY COVER 0.8


WEATHER CONDITIONS
 THE FOLLOWING WEATHER WAS RECORDED YESTERDAY.
  THUNDERSTORM
  HEAVY RAIN
  RAIN
  LIGHT RAIN
  FOG


RELATIVE HUMIDITY (PERCENT)
 HIGHEST    93           300 PM
 LOWEST     76           200 AM
 AVERAGE    85

..........................................................


THE MUNCIE IN CLIMATE NORMALS FOR TODAY
                         NORMAL
 MAXIMUM TEMPERATURE (F)   85
 MINIMUM TEMPERATURE (F)   65


SUNRISE AND SUNSET
JULY  8 2015..........SUNRISE   620 AM EDT   SUNSET   913 PM EDT
JULY  9 2015..........SUNRISE   620 AM EDT   SUNSET   913 PM EDT


-  INDICATES NEGATIVE NUMBERS.
R  INDICATES RECORD WAS SET OR TIED.
MM INDICATES DATA IS MISSING.
T  INDICATES TRACE AMOUNT.




$$
