000
CDUS43 KIND 290531
CLIMIE


CLIMATE REPORT
NATIONAL WEATHER SERVICE INDIANAPOLIS IN
130 AM EDT TUE JUL 29 2014


...................................

...THE MUNCIE IN CLIMATE SUMMARY FOR JULY 28 2014...

CLIMATE NORMAL PERIOD 1981 TO 2010
CLIMATE RECORD PERIOD 9999 TO 9999


WEATHER ITEM   OBSERVED TIME   NORMAL DEPARTURE LAST
                VALUE   (LST)  VALUE  FROM      YEAR
                                      NORMAL
......................................................
TEMPERATURE (F)
 YESTERDAY
  MAXIMUM         72    157 PM  84    -12       72
  MINIMUM         51   1159 PM  64    -13       51
  AVERAGE         62            74    -12       62

PRECIPITATION (IN)
  YESTERDAY        0.00          0.13  -0.13     0.00
  MONTH TO DATE    2.12          4.01  -1.89     1.63
  SINCE JUN 1      7.58          8.67  -1.09     6.61
  SINCE JAN 1     22.35         24.24  -1.89    22.42

DEGREE DAYS
 HEATING
  YESTERDAY        3             0      3        3
  MONTH TO DATE   14             0     14        7
  SINCE JUN 1     22            24     -2       21
  SINCE JUL 1     14             0     14        7

 COOLING
  YESTERDAY        0             9     -9        0
  MONTH TO DATE  145           270   -125      222
  SINCE JUN 1    390           486    -96      428
  SINCE JAN 1    505           569    -64      596
......................................................


WIND (MPH)
  HIGHEST WIND SPEED    21   HIGHEST WIND DIRECTION    NW (300)
  HIGHEST GUST SPEED    26   HIGHEST GUST DIRECTION    NW (300)
  AVERAGE WIND SPEED    11.5


SKY COVER
  AVERAGE SKY COVER 0.6


WEATHER CONDITIONS
 THE FOLLOWING WEATHER WAS RECORDED YESTERDAY.
  NO SIGNIFICANT WEATHER WAS OBSERVED.


RELATIVE HUMIDITY (PERCENT)
 HIGHEST    84           200 AM
 LOWEST     61           100 PM
 AVERAGE    73

..........................................................


THE MUNCIE IN CLIMATE NORMALS FOR TODAY
                         NORMAL
 MAXIMUM TEMPERATURE (F)   84
 MINIMUM TEMPERATURE (F)   64


SUNRISE AND SUNSET
JULY 29 2014..........SUNRISE   637 AM EDT   SUNSET   859 PM EDT
JULY 30 2014..........SUNRISE   637 AM EDT   SUNSET   858 PM EDT


-  INDICATES NEGATIVE NUMBERS.
R  INDICATES RECORD WAS SET OR TIED.
MM INDICATES DATA IS MISSING.
T  INDICATES TRACE AMOUNT.




$$
