000
CDUS43 KIND 210549
CLIMIE


CLIMATE REPORT
NATIONAL WEATHER SERVICE INDIANAPOLIS IN
1245 AM EST TUE FEB 21 2017


...................................

...THE MUNCIE IN CLIMATE SUMMARY FOR FEBRUARY 20 2017...

CLIMATE NORMAL PERIOD 1981 TO 2010
CLIMATE RECORD PERIOD 9999 TO 9999


WEATHER ITEM   OBSERVED TIME   NORMAL DEPARTURE LAST
                VALUE   (LST)  VALUE  FROM      YEAR
                                      NORMAL
......................................................
TEMPERATURE (F)
 YESTERDAY
  MAXIMUM         67    337 PM  39     28       71
  MINIMUM         36    429 AM  23     13       42
  AVERAGE         52            31     21       57

PRECIPITATION (IN)
  YESTERDAY        0.00          0.08  -0.08     0.00
  MONTH TO DATE    0.51          1.66  -1.15     0.38
  SINCE DEC 1      6.43          6.77  -0.34     6.73
  SINCE JAN 1      5.24          3.89   1.35     1.65

DEGREE DAYS
 HEATING
  YESTERDAY       13            34    -21        8
  MONTH TO DATE  498           728   -230      669
  SINCE DEC 1   2475          2986   -511     2418
  SINCE JUL 1   3177          4121   -944     3377

 COOLING
  YESTERDAY        0             0      0        0
  MONTH TO DATE    0             0      0        0
  SINCE DEC 1      0             0      0        1
  SINCE JAN 1      0             0      0        0
......................................................


WIND (MPH)
  HIGHEST WIND SPEED    16   HIGHEST WIND DIRECTION    SE (140)
  HIGHEST GUST SPEED    20   HIGHEST GUST DIRECTION    SE (140)
  AVERAGE WIND SPEED     6.3


SKY COVER
  AVERAGE SKY COVER 0.2


WEATHER CONDITIONS
 THE FOLLOWING WEATHER WAS RECORDED YESTERDAY.
  FOG
  FOG W/VISIBILITY <= 1/4 MILE
  HAZE


RELATIVE HUMIDITY (PERCENT)
 HIGHEST   100           300 AM
 LOWEST     37           300 PM
 AVERAGE    69

..........................................................


THE MUNCIE IN CLIMATE NORMALS FOR TODAY
                         NORMAL
 MAXIMUM TEMPERATURE (F)   40
 MINIMUM TEMPERATURE (F)   23


SUNRISE AND SUNSET
FEBRUARY 21 2017......SUNRISE   726 AM EST   SUNSET   624 PM EST
FEBRUARY 22 2017......SUNRISE   725 AM EST   SUNSET   626 PM EST


-  INDICATES NEGATIVE NUMBERS.
R  INDICATES RECORD WAS SET OR TIED.
MM INDICATES DATA IS MISSING.
T  INDICATES TRACE AMOUNT.




$$
