000
CDUS43 KIND 010533
CLIMIE


CLIMATE REPORT
NATIONAL WEATHER SERVICE INDIANAPOLIS IN
131 AM EDT SAT NOV 1 2014


...................................

...THE MUNCIE IN CLIMATE SUMMARY FOR OCTOBER 31 2014...

CLIMATE NORMAL PERIOD 1981 TO 2010
CLIMATE RECORD PERIOD 9999 TO 9999


WEATHER ITEM   OBSERVED TIME   NORMAL DEPARTURE LAST
                VALUE   (LST)  VALUE  FROM      YEAR
                                      NORMAL
......................................................
TEMPERATURE (F)
 YESTERDAY
  MAXIMUM         46   1234 AM  59    -13       66
  MINIMUM         34   1159 PM  39     -5       55
  AVERAGE         40            49     -9       61

PRECIPITATION (IN)
  YESTERDAY        0.21          0.10   0.11     1.18
  MONTH TO DATE    2.85          2.92  -0.07     3.94
  SINCE SEP 1      6.42          5.88   0.54     7.73
  SINCE JAN 1     34.84         33.79   1.05    32.61

DEGREE DAYS
 HEATING
  YESTERDAY       25            16      9        4
  MONTH TO DATE  355           364     -9      363
  SINCE SEP 1    469           454     15      446
  SINCE JUL 1    495           464     31      472

 COOLING
  YESTERDAY        0             0      0        0
  MONTH TO DATE    9            16     -7       34
  SINCE SEP 1     76           121    -45      158
  SINCE JAN 1    831           955   -124      973
......................................................


WIND (MPH)
  HIGHEST WIND SPEED    31   HIGHEST WIND DIRECTION     N (10)
  HIGHEST GUST SPEED    40   HIGHEST GUST DIRECTION     N (10)
  AVERAGE WIND SPEED    14.2


SKY COVER
  AVERAGE SKY COVER 0.9


WEATHER CONDITIONS
 THE FOLLOWING WEATHER WAS RECORDED YESTERDAY.
  LIGHT RAIN
  LIGHT SNOW
  FOG
  HAZE


RELATIVE HUMIDITY (PERCENT)
 HIGHEST    92          1100 AM
 LOWEST     65          1200 AM
 AVERAGE    79

..........................................................


THE MUNCIE IN CLIMATE NORMALS FOR TODAY
                         NORMAL
 MAXIMUM TEMPERATURE (F)   58
 MINIMUM TEMPERATURE (F)   39


SUNRISE AND SUNSET
NOVEMBER  1 2014......SUNRISE   811 AM EDT   SUNSET   639 PM EDT
NOVEMBER  2 2014......SUNRISE   712 AM EST   SUNSET   538 PM EST


-  INDICATES NEGATIVE NUMBERS.
R  INDICATES RECORD WAS SET OR TIED.
MM INDICATES DATA IS MISSING.
T  INDICATES TRACE AMOUNT.




$$
