000
CDUS43 KMKX 250701
CLIMKE


CLIMATE REPORT
NATIONAL WEATHER SERVICE IN MILWAUKEE
200 AM CDT SAT MAR 25 2017


...................................

...THE MILWAUKEE WI CLIMATE SUMMARY FOR MARCH 24 2017...

CLIMATE NORMAL PERIOD 1981 TO 2010
CLIMATE RECORD PERIOD 1871 TO 2017


WEATHER ITEM   OBSERVED TIME   RECORD YEAR NORMAL DEPARTURE LAST
                VALUE   (LST)  VALUE       VALUE  FROM      YEAR
                                                  NORMAL
..................................................................
TEMPERATURE (F)
 YESTERDAY
  MAXIMUM         65   1042 AM  76    1939  45     20       35
                                      1910
  MINIMUM         38   1159 PM   1    1974  30      8       28
  AVERAGE         52                        38     14       32

PRECIPITATION (IN)
  YESTERDAY        T             0.95 2016   0.07  -0.07     0.95
  MONTH TO DATE    1.63                      1.63   0.00     2.66
  SINCE MAR 1      1.63                      1.63   0.00     2.66
  SINCE JAN 1      5.64                      5.04   0.60     3.97

SNOWFALL (IN)
  YESTERDAY        0.0           6.5  1937   0.1   -0.1      2.0
  MONTH TO DATE   13.6                       6.0    7.6      6.6
  SINCE MAR 1     13.6                       6.0    7.6      6.6
  SINCE JUL 1     37.6                      43.8   -6.2     35.7
  SNOW DEPTH       0

DEGREE DAYS
 HEATING
  YESTERDAY       13                        27    -14       33
  MONTH TO DATE  711                       748    -37      606
  SINCE MAR 1    711                       748    -37      606
  SINCE JUL 1   4710                      5728  -1018     4825

 COOLING
  YESTERDAY        0                         0      0        0
  MONTH TO DATE    0                         0      0        0
  SINCE MAR 1      0                         0      0        0
  SINCE JAN 1      0                         0      0        0
..................................................................


WIND (MPH)
  HIGHEST WIND SPEED    24   HIGHEST WIND DIRECTION     N (10)
  HIGHEST GUST SPEED    33   HIGHEST GUST DIRECTION    NE (30)
  AVERAGE WIND SPEED    11.7


SKY COVER
  POSSIBLE SUNSHINE  MM
  AVERAGE SKY COVER 0.8


WEATHER CONDITIONS
 THE FOLLOWING WEATHER WAS RECORDED YESTERDAY.
  LIGHT RAIN
  FOG
  HAZE


RELATIVE HUMIDITY (PERCENT)
 HIGHEST    92           700 PM
 LOWEST     60          1000 AM
 AVERAGE    76

..........................................................


THE MILWAUKEE WI CLIMATE NORMALS FOR TODAY
                         NORMAL    RECORD    YEAR
 MAXIMUM TEMPERATURE (F)   46        79      2007
 MINIMUM TEMPERATURE (F)   30         0      1960


SUNRISE AND SUNSET
MARCH 25 2017.........SUNRISE   646 AM CDT   SUNSET   710 PM CDT
MARCH 26 2017.........SUNRISE   644 AM CDT   SUNSET   711 PM CDT


-  INDICATES NEGATIVE NUMBERS.
R  INDICATES RECORD WAS SET OR TIED.
MM INDICATES DATA IS MISSING.
T  INDICATES TRACE AMOUNT.




$$
