000
CDUS43 KMKX 240648
CLIMKE


CLIMATE REPORT
NATIONAL WEATHER SERVICE IN MILWAUKEE
148 AM CDT THU APR 24 2014


...................................

...THE MILWAUKEE WI CLIMATE SUMMARY FOR APRIL 23 2014...

CLIMATE NORMAL PERIOD 1981 TO 2010
CLIMATE RECORD PERIOD 1871 TO 2014


WEATHER ITEM   OBSERVED TIME   RECORD YEAR NORMAL DEPARTURE LAST
                VALUE   (LST)  VALUE       VALUE  FROM      YEAR
                                                  NORMAL
..................................................................
TEMPERATURE (F)
 YESTERDAY
  MAXIMUM         45   1238 PM  85    1960  57    -12       56
  MINIMUM         33    504 AM  22    1910  40     -7       37
  AVERAGE         39                        48     -9       47

PRECIPITATION (IN)
  YESTERDAY        T             1.52 1999   0.11  -0.11     0.47
  MONTH TO DATE    2.57                      2.77  -0.20     7.36
  SINCE MAR 1      3.69                      5.04  -1.35     8.99
  SINCE JAN 1      6.43                      8.45  -2.02    15.19

SNOWFALL (IN)
  YESTERDAY        0.0           8.0  1910   0.1   -0.1      0.0
  MONTH TO DATE    0.3                       1.9   -1.6      0.4
  SINCE MAR 1      6.6                       8.9   -2.3      7.8
  SINCE JUL 1     63.4                      46.7   16.7     45.0
  SNOW DEPTH       0

DEGREE DAYS
 HEATING
  YESTERDAY       26                        17      9       18
  MONTH TO DATE  489                       479     10      565
  SINCE MAR 1   1599                      1408    191     1640
  SINCE JUL 1   7255                      6388    867     6365

 COOLING
  YESTERDAY        0                         0      0        0
  MONTH TO DATE    0                         0      0        0
  SINCE MAR 1      0                         0      0        0
  SINCE JAN 1      0                         0      0        0
..................................................................


WIND (MPH)
  HIGHEST WIND SPEED    14   HIGHEST WIND DIRECTION    NE (30)
  HIGHEST GUST SPEED    19   HIGHEST GUST DIRECTION    NE (40)
  AVERAGE WIND SPEED     7.1


SKY COVER
  POSSIBLE SUNSHINE  MM
  AVERAGE SKY COVER 0.6


WEATHER CONDITIONS
 THE FOLLOWING WEATHER WAS RECORDED YESTERDAY.
  LIGHT RAIN


RELATIVE HUMIDITY (PERCENT)
 HIGHEST    82           500 AM
 LOWEST     44           600 PM
 AVERAGE    63

..........................................................


THE MILWAUKEE WI CLIMATE NORMALS FOR TODAY
                         NORMAL    RECORD    YEAR
 MAXIMUM TEMPERATURE (F)   57        87      1990
 MINIMUM TEMPERATURE (F)   40        27      1971


SUNRISE AND SUNSET
APRIL 24 2014.........SUNRISE   556 AM CDT   SUNSET   744 PM CDT
APRIL 25 2014.........SUNRISE   554 AM CDT   SUNSET   746 PM CDT


-  INDICATES NEGATIVE NUMBERS.
R  INDICATES RECORD WAS SET OR TIED.
MM INDICATES DATA IS MISSING.
T  INDICATES TRACE AMOUNT.




$$
