000
CDUS43 KMKX 020651
CLIMKE


CLIMATE REPORT
NATIONAL WEATHER SERVICE IN MILWAUKEE
150 AM CDT TUE JUN 2 2015


...................................

...THE MILWAUKEE WI CLIMATE SUMMARY FOR JUNE 1 2015...

CLIMATE NORMAL PERIOD 1981 TO 2010
CLIMATE RECORD PERIOD 1871 TO 2015


WEATHER ITEM   OBSERVED TIME   RECORD YEAR NORMAL DEPARTURE LAST
                VALUE   (LST)  VALUE       VALUE  FROM      YEAR
                                                  NORMAL
..................................................................
TEMPERATURE (F)
 YESTERDAY
  MAXIMUM         56    341 PM 104    1934  71    -15       84
  MINIMUM         41    137 AM  36    1966  52    -11       63
  AVERAGE         49                        61    -12       74

PRECIPITATION (IN)
  YESTERDAY        0.00          2.14 1875   0.12  -0.12     0.24
  MONTH TO DATE    0.00                      0.12  -0.12     0.24
  SINCE JUN 1      0.00                      0.12  -0.12     0.24
  SINCE JAN 1     10.20                     12.76  -2.56    11.19

SNOWFALL (IN)
  YESTERDAY        0.0           0.0    MM   0.0    0.0      0.0
  MONTH TO DATE    0.0                       0.0    0.0      0.0
  SINCE JUN 1      0.0                       0.0    0.0      0.0
  SINCE JUL 1     43.0                      46.9   -3.9     63.4
  SNOW DEPTH       0

DEGREE DAYS
 HEATING
  YESTERDAY       16                         6     10        0
  MONTH TO DATE   16                         6     10        0
  SINCE JUN 1     16                         6     10        0
  SINCE JUL 1   7111                      6816    295     7668

 COOLING
  YESTERDAY        0                         2     -2        9
  MONTH TO DATE    0                         2     -2        9
  SINCE JUN 1      0                         2     -2        9
  SINCE JAN 1     26                        32     -6       27
..................................................................


WIND (MPH)
  HIGHEST WIND SPEED    18   HIGHEST WIND DIRECTION    NE (40)
  HIGHEST GUST SPEED    25   HIGHEST GUST DIRECTION    NE (40)
  AVERAGE WIND SPEED     8.8


SKY COVER
  POSSIBLE SUNSHINE  MM
  AVERAGE SKY COVER 0.4


WEATHER CONDITIONS
 THE FOLLOWING WEATHER WAS RECORDED YESTERDAY.
  NO SIGNIFICANT WEATHER WAS OBSERVED.


RELATIVE HUMIDITY (PERCENT)
 HIGHEST    82           200 AM
 LOWEST     43           400 PM
 AVERAGE    63

..........................................................


THE MILWAUKEE WI CLIMATE NORMALS FOR TODAY
                         NORMAL    RECORD    YEAR
 MAXIMUM TEMPERATURE (F)   71        90      1944
                                             1895
 MINIMUM TEMPERATURE (F)   52        38      1956


SUNRISE AND SUNSET
JUNE  2 2015..........SUNRISE   515 AM CDT   SUNSET   824 PM CDT
JUNE  3 2015..........SUNRISE   515 AM CDT   SUNSET   825 PM CDT


-  INDICATES NEGATIVE NUMBERS.
R  INDICATES RECORD WAS SET OR TIED.
MM INDICATES DATA IS MISSING.
T  INDICATES TRACE AMOUNT.




$$
