000
CDUS43 KGRR 251425
CLIMKG


CLIMATE REPORT
NATIONAL WEATHER SERVICE GRAND RAPIDS, MI
924 AM EST SUN FEB 25 2018


...................................

...THE MUSKEGON MI CLIMATE SUMMARY FOR FEBRUARY 25 2018...
VALID AS OF 0900 AM LOCAL TIME.

CLIMATE NORMAL PERIOD 1981 TO 2010
CLIMATE RECORD PERIOD 1896 TO 2018


WEATHER ITEM   OBSERVED TIME   RECORD YEAR NORMAL DEPARTURE LAST
                VALUE   (LST)  VALUE       VALUE  FROM      YEAR
                                                  NORMAL
..................................................................
TEMPERATURE (F)
 TODAY
  MAXIMUM         46    343 AM  60    2000  36     10       37
  MINIMUM         33    814 AM -10    1904  23     10       24
  AVERAGE         40                        29     11       31

PRECIPITATION (IN)
  TODAY            0.19          1.39 1957   0.08   0.11     0.10
  MONTH TO DATE    4.02                      1.61   2.41     1.56
  SINCE DEC 1      9.71                      6.19   3.52     6.81
  SINCE JAN 1      6.94                      3.64   3.30     4.59

SNOWFALL (IN)
  TODAY            0.0           9.0  1935   0.6   -0.6      2.8
  MONTH TO DATE   20.9                      17.8    3.1      3.1
  SINCE DEC 1     91.6                      74.7   16.9     43.5
  SINCE JUL 1     91.6                      80.9   10.7     44.5
  SNOW DEPTH       0

DEGREE DAYS
 HEATING
  TODAY           25                        36    -11       34
  MONTH TO DATE  935                       955    -20      745
  SINCE DEC 1   3291                      3260     31     2883
  SINCE JUL 1   4450                      4627   -177     3788

 COOLING
  TODAY            0                         0      0        0
  MONTH TO DATE    0                         0      0        0
  SINCE DEC 1      0                         0      0        0
  SINCE JAN 1      0                         0      0        0
..................................................................


WIND (MPH)
  RESULTANT WIND SPEED  14   RESULTANT WIND DIRECTION  SW (220)
  HIGHEST WIND SPEED    29   HIGHEST WIND DIRECTION    SW (240)
  HIGHEST GUST SPEED    40   HIGHEST GUST DIRECTION     W (270)
  AVERAGE WIND SPEED    22.0


SKY COVER
  AVERAGE SKY COVER 1.0


WEATHER CONDITIONS
 THE FOLLOWING WEATHER WAS RECORDED TODAY.
  RAIN
  LIGHT RAIN
  FOG


RELATIVE HUMIDITY (PERCENT)
 HIGHEST    92           200 AM
 LOWEST     69           800 AM
 AVERAGE    81

..........................................................


THE MUSKEGON MI CLIMATE NORMALS FOR TOMORROW
                         NORMAL    RECORD    YEAR
 MAXIMUM TEMPERATURE (F)   36        66      2000
 MINIMUM TEMPERATURE (F)   23       -12      1963


SUNRISE AND SUNSET
FEBRUARY 25 2018......SUNRISE   727 AM EST   SUNSET   629 PM EST
FEBRUARY 26 2018......SUNRISE   726 AM EST   SUNSET   630 PM EST


-  INDICATES NEGATIVE NUMBERS.
R  INDICATES RECORD WAS SET OR TIED.
MM INDICATES DATA IS MISSING.
T  INDICATES TRACE AMOUNT.




$$
