000
CDUS43 KGRR 250522
CLIMKG


CLIMATE REPORT
NATIONAL WEATHER SERVICE GRAND RAPIDS, MI
1222 AM EST SAT FEB 25 2017


...................................

...THE MUSKEGON MI CLIMATE SUMMARY FOR FEBRUARY 24 2017...

CLIMATE NORMAL PERIOD 1981 TO 2010
CLIMATE RECORD PERIOD 1896 TO 2017


WEATHER ITEM   OBSERVED TIME   RECORD YEAR NORMAL DEPARTURE LAST
                VALUE   (LST)  VALUE       VALUE  FROM      YEAR
                                                  NORMAL
..................................................................
TEMPERATURE (F)
 YESTERDAY
  MAXIMUM         42    613 PM  62    2002  36      6       39
  MINIMUM         35    855 AM  -3    1924  22     13       31
  AVERAGE         39                        29     10       35

PRECIPITATION (IN)
  YESTERDAY        1.14R         0.85 1949   0.07   1.07     0.07
  MONTH TO DATE    1.46                      1.53  -0.07     1.58
  SINCE DEC 1      6.71                      6.11   0.60     8.94
  SINCE JAN 1      4.49                      3.56   0.93     4.04

SNOWFALL (IN)
  YESTERDAY        0.0           6.3  1990   0.6   -0.6      1.9
  MONTH TO DATE    0.3                      17.2  -16.9      6.9
  SINCE DEC 1     38.1                      74.1  -36.0     49.0
  SINCE JUL 1     39.1                      80.3  -41.2     52.9
  SNOW DEPTH       0

DEGREE DAYS
 HEATING
  YESTERDAY       26                        36    -10       30
  MONTH TO DATE  711                       919   -208      863
  SINCE DEC 1   2849                      3224   -375     2803
  SINCE JUL 1   3754                      4591   -837     3870

 COOLING
  YESTERDAY        0                         0      0        0
  MONTH TO DATE    0                         0      0        0
  SINCE DEC 1      0                         0      0        0
  SINCE JAN 1      0                         0      0        0
..................................................................


WIND (MPH)
  RESULTANT WIND SPEED   6   RESULTANT WIND DIRECTION   E (80)
  HIGHEST WIND SPEED    23   HIGHEST WIND DIRECTION     E (110)
  HIGHEST GUST SPEED    32   HIGHEST GUST DIRECTION    NE (60)
  AVERAGE WIND SPEED    11.5


SKY COVER
  AVERAGE SKY COVER 1.0


WEATHER CONDITIONS
 THE FOLLOWING WEATHER WAS RECORDED YESTERDAY.
  THUNDERSTORM
  HEAVY RAIN
  RAIN
  LIGHT RAIN
  FOG


RELATIVE HUMIDITY (PERCENT)
 HIGHEST   100           400 PM
 LOWEST     85          1200 AM
 AVERAGE    93

..........................................................


THE MUSKEGON MI CLIMATE NORMALS FOR TODAY
                         NORMAL    RECORD    YEAR
 MAXIMUM TEMPERATURE (F)   36        60      2000
 MINIMUM TEMPERATURE (F)   23       -10      1904


SUNRISE AND SUNSET
FEBRUARY 25 2017......SUNRISE   727 AM EST   SUNSET   629 PM EST
FEBRUARY 26 2017......SUNRISE   725 AM EST   SUNSET   631 PM EST


-  INDICATES NEGATIVE NUMBERS.
R  INDICATES RECORD WAS SET OR TIED.
MM INDICATES DATA IS MISSING.
T  INDICATES TRACE AMOUNT.




$$
