000
CDUS43 KGRR 250530
CLIMKG


CLIMATE REPORT
NATIONAL WEATHER SERVICE GRAND RAPIDS, MI
129 AM EDT MON MAY 25 2015


...................................

...THE MUSKEGON MI CLIMATE SUMMARY FOR MAY 24 2015...

CLIMATE NORMAL PERIOD 1981 TO 2010
CLIMATE RECORD PERIOD 1896 TO 2015


WEATHER ITEM   OBSERVED TIME   RECORD YEAR NORMAL DEPARTURE LAST
                VALUE   (LST)  VALUE       VALUE  FROM      YEAR
                                                  NORMAL
..................................................................
TEMPERATURE (F)
 YESTERDAY
  MAXIMUM         71   1148 AM  89    2010  69      2       72
  MINIMUM         50    352 AM  32    1956  49      1       42
  AVERAGE         61                        59      2       57

PRECIPITATION (IN)
  YESTERDAY        0.13          3.02 1921   0.11   0.02     0.00
  MONTH TO DATE    2.41                      2.54  -0.13     3.71
  SINCE MAR 1      8.26                      7.70   0.56     8.16
  SINCE JAN 1     11.55                     11.56  -0.01    13.29

SNOWFALL (IN)
  YESTERDAY        0.0           0.0    MM   0.0    0.0      0.0
  MONTH TO DATE    0.0                       0.0    0.0      0.0
  SINCE MAR 1      4.0                      11.3   -7.3      9.1
  SINCE JUL 1     92.1                      93.7   -1.6    132.7
  SNOW DEPTH       0

DEGREE DAYS
 HEATING
  YESTERDAY        4                         7     -3        8
  MONTH TO DATE  188                       236    -48      254
  SINCE MAR 1   1730                      1722      8     2019
  SINCE JUL 1   6855                      6454    401     7159

 COOLING
  YESTERDAY        0                         1     -1        0
  MONTH TO DATE   22                        16      6        7
  SINCE MAR 1     22                        20      2        7
  SINCE JAN 1     22                        20      2        7
..................................................................


WIND (MPH)
  RESULTANT WIND SPEED   4   RESULTANT WIND DIRECTION   E (100)
  HIGHEST WIND SPEED    15   HIGHEST WIND DIRECTION     E (80)
  HIGHEST GUST SPEED    18   HIGHEST GUST DIRECTION    SW (210)
  AVERAGE WIND SPEED     6.6


SKY COVER
  AVERAGE SKY COVER 0.8


WEATHER CONDITIONS
 THE FOLLOWING WEATHER WAS RECORDED YESTERDAY.
  LIGHT RAIN
  FOG


RELATIVE HUMIDITY (PERCENT)
 HIGHEST    84           600 PM
 LOWEST     47           900 AM
 AVERAGE    66

..........................................................


THE MUSKEGON MI CLIMATE NORMALS FOR TODAY
                         NORMAL    RECORD    YEAR
 MAXIMUM TEMPERATURE (F)   70        88      1977
 MINIMUM TEMPERATURE (F)   50        32      1992


SUNRISE AND SUNSET
MAY 25 2015...........SUNRISE   613 AM EDT   SUNSET   912 PM EDT
MAY 26 2015...........SUNRISE   612 AM EDT   SUNSET   913 PM EDT


-  INDICATES NEGATIVE NUMBERS.
R  INDICATES RECORD WAS SET OR TIED.
MM INDICATES DATA IS MISSING.
T  INDICATES TRACE AMOUNT.




$$
