000
CDUS44 KMEG 302146
CLIMKL


CLIMATE REPORT
NATIONAL WEATHER SERVICE MEMPHIS TN
446 PM CDT SUN APR 30 2017


...................................

...THE JACKSON CLIMATE SUMMARY FOR APRIL 30 2017...
VALID TODAY AS OF 0400 PM LOCAL TIME.

CLIMATE NORMAL PERIOD 1981 TO 2010
CLIMATE RECORD PERIOD 1948 TO 2017


WEATHER ITEM   OBSERVED TIME   RECORD YEAR NORMAL DEPARTURE LAST
                VALUE   (LST)  VALUE       VALUE  FROM      YEAR
                                                  NORMAL
..................................................................
TEMPERATURE (F)
 TODAY
  MAXIMUM         77   1250 AM  92    1987  76      1       73
  MINIMUM         67    533 AM  40    2005  53     14       62
                                      1996
                                      1969
  AVERAGE         72                        64      8       68

PRECIPITATION (IN)
  TODAY            0.20          3.20 1983   0.17   0.03     0.55
  MONTH TO DATE    5.78                      4.86   0.92     3.20
  SINCE MAR 1     13.45                      9.61   3.84    15.85
  SINCE JAN 1     18.28                     17.85   0.43    21.47

DEGREE DAYS
 HEATING
  TODAY            0                         3     -3        0
  MONTH TO DATE   79                       197   -118      134
  SINCE MAR 1    438                       642   -204      447
  SINCE JUL 1   2478                      3526  -1048     2815

 COOLING
  TODAY            7                         3      4        3
  MONTH TO DATE   94                        48     46       38
  SINCE MAR 1    107                        58     49       44
  SINCE JAN 1    109                        59     50       44
..................................................................


WIND (MPH)
  HIGHEST WIND SPEED    22   HIGHEST WIND DIRECTION     S (190)
  HIGHEST GUST SPEED    32   HIGHEST GUST DIRECTION     S (180)
  AVERAGE WIND SPEED    10.4


SKY COVER
  POSSIBLE SUNSHINE  MM
  AVERAGE SKY COVER 0.7


WEATHER CONDITIONS
 THE FOLLOWING WEATHER WAS RECORDED TODAY.
  THUNDERSTORM
  HEAVY RAIN
  LIGHT RAIN
  FOG
  HAZE


RELATIVE HUMIDITY (PERCENT)
 HIGHEST    93           500 AM
 LOWEST     69          1200 AM
 AVERAGE    81

..........................................................


THE JACKSON CLIMATE NORMALS FOR TOMORROW
                         NORMAL    RECORD    YEAR
 MAXIMUM TEMPERATURE (F)   76        90      1959
                                             1952
                                             1951
 MINIMUM TEMPERATURE (F)   53        35      2005


SUNRISE AND SUNSET
APRIL 30 2017.........SUNRISE   605 AM CDT   SUNSET   742 PM CDT
MAY  1 2017...........SUNRISE   604 AM CDT   SUNSET   742 PM CDT


-  INDICATES NEGATIVE NUMBERS.
R  INDICATES RECORD WAS SET OR TIED.
MM INDICATES DATA IS MISSING.
T  INDICATES TRACE AMOUNT.




$$
