000
CDUS44 KMEG 250622
CLIMKL


CLIMATE REPORT
NATIONAL WEATHER SERVICE MEMPHIS TN
122 AM CDT SAT OCT 25 2014


...................................

...THE JACKSON CLIMATE SUMMARY FOR OCTOBER 24 2014...

CLIMATE NORMAL PERIOD 1981 TO 2010
CLIMATE RECORD PERIOD 1948 TO 2014


WEATHER ITEM   OBSERVED TIME   RECORD YEAR NORMAL DEPARTURE LAST
                VALUE   (LST)  VALUE       VALUE  FROM      YEAR
                                                  NORMAL
..................................................................
TEMPERATURE (F)
 YESTERDAY
  MAXIMUM         73    239 PM  83    2000  71      2       61
                                      1992
                                      1973
  MINIMUM         39    617 AM  27    1981  45     -6       33
  AVERAGE         56                        58     -2       47

PRECIPITATION (IN)
  YESTERDAY        0.00          2.30 1976   0.13  -0.13     0.00
  MONTH TO DATE    3.45                      2.91   0.54     2.06
  SINCE SEP 1      8.28                      6.29   1.99     4.92
  SINCE JAN 1     51.94                     42.16   9.78    50.01

SNOWFALL (IN)
  YESTERDAY        0.0           0.0  2002   0.0    0.0      0.0
                                      2001
  MONTH TO DATE    0.0                       0.0    0.0      0.0
  SINCE SEP 1      0.0                       0.0    0.0      0.0
  SINCE JUL 1      0.0                       0.0    0.0      0.0
  SNOW DEPTH       0

DEGREE DAYS
 HEATING
  YESTERDAY        9                         8      1       18
  MONTH TO DATE  112                       125    -13      134
  SINCE SEP 1    122                       151    -29      142
  SINCE JUL 1    122                       151    -29      142

 COOLING
  YESTERDAY        0                         1     -1        0
  MONTH TO DATE   63                        42     21       68
  SINCE SEP 1    278                       262     16      305
  SINCE JAN 1   1595                      1685    -90     1589
..................................................................


WIND (MPH)
  HIGHEST WIND SPEED    10   HIGHEST WIND DIRECTION    NW (330)
  HIGHEST GUST SPEED    15   HIGHEST GUST DIRECTION    NW (300)
  AVERAGE WIND SPEED     1.8


SKY COVER
  POSSIBLE SUNSHINE  MM
  AVERAGE SKY COVER 0.0


WEATHER CONDITIONS
 THE FOLLOWING WEATHER WAS RECORDED YESTERDAY.
  FOG


RELATIVE HUMIDITY (PERCENT)
 HIGHEST    96           900 PM
 LOWEST     49          1200 PM
 AVERAGE    73

..........................................................


THE JACKSON CLIMATE NORMALS FOR TODAY
                         NORMAL    RECORD    YEAR
 MAXIMUM TEMPERATURE (F)   70        83      2004
                                             2000
 MINIMUM TEMPERATURE (F)   45        27      2013
                                             1965


SUNRISE AND SUNSET
OCTOBER 25 2014.......SUNRISE   711 AM CDT   SUNSET   608 PM CDT
OCTOBER 26 2014.......SUNRISE   712 AM CDT   SUNSET   607 PM CDT


-  INDICATES NEGATIVE NUMBERS.
R  INDICATES RECORD WAS SET OR TIED.
MM INDICATES DATA IS MISSING.
T  INDICATES TRACE AMOUNT.




$$
