000
CDUS44 KMEG 290646
CLIMKL


CLIMATE REPORT
NATIONAL WEATHER SERVICE MEMPHIS TN
146 AM CDT THU JUN 29 2017


...................................

...THE JACKSON CLIMATE SUMMARY FOR JUNE 28 2017...

CLIMATE NORMAL PERIOD 1981 TO 2010
CLIMATE RECORD PERIOD 1948 TO 2017


WEATHER ITEM   OBSERVED TIME   RECORD YEAR NORMAL DEPARTURE LAST
                VALUE   (LST)  VALUE       VALUE  FROM      YEAR
                                                  NORMAL
..................................................................
TEMPERATURE (F)
 YESTERDAY
  MAXIMUM         88    352 PM 105    1952  90     -2       93
  MINIMUM         61    251 AM  55    2003  68     -7       68
                                      1970
  AVERAGE         75                        79     -4       81

PRECIPITATION (IN)
  YESTERDAY        0.00          1.74 1972   0.15  -0.15     0.02
  MONTH TO DATE    1.84                      4.55  -2.71     2.30
  SINCE JUN 1      1.84                      4.55  -2.71     2.30
  SINCE JAN 1     24.49                     28.09  -3.60    27.54

DEGREE DAYS
 HEATING
  YESTERDAY        0                         0      0        0
  MONTH TO DATE    0                         0      0        0
  SINCE JUN 1      0                         0      0        0
  SINCE JUL 1   2520                      3572  -1052     2879

 COOLING
  YESTERDAY       10                        14     -4       16
  MONTH TO DATE  314                       312      2      404
  SINCE JUN 1    314                       312      2      404
  SINCE JAN 1    582                       527     55      588
..................................................................


WIND (MPH)
  HIGHEST WIND SPEED    13   HIGHEST WIND DIRECTION     S (200)
  HIGHEST GUST SPEED    18   HIGHEST GUST DIRECTION    SW (210)
  AVERAGE WIND SPEED     4.3


SKY COVER
  POSSIBLE SUNSHINE  MM
  AVERAGE SKY COVER 0.1


WEATHER CONDITIONS
 THE FOLLOWING WEATHER WAS RECORDED YESTERDAY.
  NO SIGNIFICANT WEATHER WAS OBSERVED.


RELATIVE HUMIDITY (PERCENT)
 HIGHEST   100           100 AM
 LOWEST     46           200 PM
 AVERAGE    73

..........................................................


THE JACKSON CLIMATE NORMALS FOR TODAY
                         NORMAL    RECORD    YEAR
 MAXIMUM TEMPERATURE (F)   90       103      2012
                                             1952
 MINIMUM TEMPERATURE (F)   68        59      1974
                                             1958


SUNRISE AND SUNSET
JUNE 29 2017..........SUNRISE   543 AM CDT   SUNSET   815 PM CDT
JUNE 30 2017..........SUNRISE   543 AM CDT   SUNSET   815 PM CDT


-  INDICATES NEGATIVE NUMBERS.
R  INDICATES RECORD WAS SET OR TIED.
MM INDICATES DATA IS MISSING.
T  INDICATES TRACE AMOUNT.




$$
