000
CDUS44 KMEG 010634
CLIMKL


CLIMATE REPORT
NATIONAL WEATHER SERVICE MEMPHIS TN
133 AM CDT WED OCT 1 2014


...................................

...THE JACKSON CLIMATE SUMMARY FOR SEPTEMBER 30 2014...

CLIMATE NORMAL PERIOD 1981 TO 2010
CLIMATE RECORD PERIOD 1948 TO 2014


WEATHER ITEM   OBSERVED TIME   RECORD YEAR NORMAL DEPARTURE LAST
                VALUE   (LST)  VALUE       VALUE  FROM      YEAR
                                                  NORMAL
..................................................................
TEMPERATURE (F)
 YESTERDAY
  MAXIMUM         88    247 PM  98    1953  79      9       70
  MINIMUM         56    600 AM  35    1949  53      3       64
  AVERAGE         72                        66      6       67

PRECIPITATION (IN)
  YESTERDAY        0.00          1.92 1985   0.13  -0.13     0.04
  MONTH TO DATE    4.83                      3.38   1.45     2.86
  SINCE SEP 1      4.83                      3.38   1.45     2.86
  SINCE JAN 1     48.49                     39.25   9.24    47.95

SNOWFALL (IN)
  YESTERDAY        0.0          MM      MM   0.0    0.0      0.0
  MONTH TO DATE    0.0                       0.0    0.0      0.0
  SINCE SEP 1      0.0                       0.0    0.0      0.0
  SINCE JUL 1      0.0                       0.0    0.0      0.0
  SNOW DEPTH       0

DEGREE DAYS
 HEATING
  YESTERDAY        0                         3     -3        0
  MONTH TO DATE   10                        25    -15        8
  SINCE SEP 1     10                        26    -16        8
  SINCE JUL 1     10                        26    -16        8

 COOLING
  YESTERDAY        7                         4      3        2
  MONTH TO DATE  215                       220     -5      237
  SINCE SEP 1    215                       220     -5      237
  SINCE JAN 1   1532                      1643   -111     1521
..................................................................


WIND (MPH)
  HIGHEST WIND SPEED     6   HIGHEST WIND DIRECTION    NE (40)
  HIGHEST GUST SPEED     9   HIGHEST GUST DIRECTION     S (200)
  AVERAGE WIND SPEED     0.6


SKY COVER
  POSSIBLE SUNSHINE  MM
  AVERAGE SKY COVER 0.1


WEATHER CONDITIONS
 THE FOLLOWING WEATHER WAS RECORDED YESTERDAY.
  FOG


RELATIVE HUMIDITY (PERCENT)
 HIGHEST    97          1200 AM
 LOWEST     34           300 PM
 AVERAGE    66

..........................................................


THE JACKSON CLIMATE NORMALS FOR TODAY
                         NORMAL    RECORD    YEAR
 MAXIMUM TEMPERATURE (F)   78        96      1953
 MINIMUM TEMPERATURE (F)   53        37      1984


SUNRISE AND SUNSET
OCTOBER  1 2014.......SUNRISE   651 AM CDT   SUNSET   639 PM CDT
OCTOBER  2 2014.......SUNRISE   651 AM CDT   SUNSET   638 PM CDT


-  INDICATES NEGATIVE NUMBERS.
R  INDICATES RECORD WAS SET OR TIED.
MM INDICATES DATA IS MISSING.
T  INDICATES TRACE AMOUNT.




$$
