000
CDUS44 KMEG 162245
CLIMKL


CLIMATE REPORT
NATIONAL WEATHER SERVICE MEMPHIS TN
444 PM CST SAT DEC 16 2017


...................................

...THE JACKSON CLIMATE SUMMARY FOR DECEMBER 16 2017...
VALID TODAY AS OF 0400 PM LOCAL TIME.

CLIMATE NORMAL PERIOD 1981 TO 2010
CLIMATE RECORD PERIOD 1948 TO 2017


WEATHER ITEM   OBSERVED TIME   RECORD YEAR NORMAL DEPARTURE LAST
                VALUE   (LST)  VALUE       VALUE  FROM      YEAR
                                                  NORMAL
..................................................................
TEMPERATURE (F)
 TODAY
  MAXIMUM         55    216 PM  74    1984  50      5       56
  MINIMUM         32    436 AM   4    1989  31      1       24
  AVERAGE         44                        40      4       40

PRECIPITATION (IN)
  TODAY            0.00          2.20 1961   0.18  -0.18     0.01
  MONTH TO DATE    0.89                      2.95  -2.06     1.99
  SINCE DEC 1      0.89                      2.95  -2.06     1.99
  SINCE JAN 1     43.82                     50.87  -7.05    41.54

DEGREE DAYS
 HEATING
  TODAY           21                        25     -4       25
  MONTH TO DATE  368                       365      3      407
  SINCE DEC 1    368                       365      3      407
  SINCE JUL 1    969                      1032    -63      791

 COOLING
  TODAY            0                         0      0        0
  MONTH TO DATE    0                         0      0        0
  SINCE DEC 1      0                         0      0        0
  SINCE JAN 1   1812                      1697    115     2092
..................................................................


WIND (MPH)
  HIGHEST WIND SPEED    20   HIGHEST WIND DIRECTION    SW (230)
  HIGHEST GUST SPEED    25   HIGHEST GUST DIRECTION    SW (240)
  AVERAGE WIND SPEED     9.7


SKY COVER
  POSSIBLE SUNSHINE  MM
  AVERAGE SKY COVER 0.0


WEATHER CONDITIONS
 THE FOLLOWING WEATHER WAS RECORDED TODAY.
  NO SIGNIFICANT WEATHER WAS OBSERVED.


RELATIVE HUMIDITY (PERCENT)
 HIGHEST    78           200 AM
 LOWEST     38           200 PM
 AVERAGE    58

..........................................................


THE JACKSON CLIMATE NORMALS FOR TOMORROW
                         NORMAL    RECORD    YEAR
 MAXIMUM TEMPERATURE (F)   50        75      2016
 MINIMUM TEMPERATURE (F)   31        10      2000


SUNRISE AND SUNSET
DECEMBER 16 2017......SUNRISE   659 AM CST   SUNSET   444 PM CST
DECEMBER 17 2017......SUNRISE   659 AM CST   SUNSET   445 PM CST


-  INDICATES NEGATIVE NUMBERS.
R  INDICATES RECORD WAS SET OR TIED.
MM INDICATES DATA IS MISSING.
T  INDICATES TRACE AMOUNT.




$$
