000
CDUS44 KMEG 200635
CLIMKL


CLIMATE REPORT
NATIONAL WEATHER SERVICE MEMPHIS TN
134 AM CDT FRI OCT 20 2017


...................................

...THE JACKSON CLIMATE SUMMARY FOR OCTOBER 19 2017...

CLIMATE NORMAL PERIOD 1981 TO 2010
CLIMATE RECORD PERIOD 1948 TO 2017


WEATHER ITEM   OBSERVED TIME   RECORD YEAR NORMAL DEPARTURE LAST
                VALUE   (LST)  VALUE       VALUE  FROM      YEAR
                                                  NORMAL
..................................................................
TEMPERATURE (F)
 YESTERDAY
  MAXIMUM         77    250 PM  91    2016  72      5       91
  MINIMUM         40    559 AM  30    1948  47     -7       61
  AVERAGE         59                        60     -1       76

PRECIPITATION (IN)
  YESTERDAY        0.00         99.00 2002   0.12  -0.12     0.00
  MONTH TO DATE    1.51                      2.29  -0.78     1.00
  SINCE SEP 1      3.37                      5.67  -2.30     2.69
  SINCE JAN 1     38.40                     41.54  -3.14    36.56

DEGREE DAYS
 HEATING
  YESTERDAY        6                         7     -1        0
  MONTH TO DATE   46                        88    -42       15
  SINCE SEP 1     53                       114    -61       20
  SINCE JUL 1     53                       114    -61       20

 COOLING
  YESTERDAY        0                         1     -1       11
  MONTH TO DATE   87                        37     50       94
  SINCE SEP 1    307                       257     50      416
  SINCE JAN 1   1787                      1680    107     2045
..................................................................


WIND (MPH)
  HIGHEST WIND SPEED    10   HIGHEST WIND DIRECTION     S (200)
  HIGHEST GUST SPEED    14   HIGHEST GUST DIRECTION     S (200)
  AVERAGE WIND SPEED     2.0


SKY COVER
  POSSIBLE SUNSHINE  MM
  AVERAGE SKY COVER 0.0


WEATHER CONDITIONS
 THE FOLLOWING WEATHER WAS RECORDED YESTERDAY.
  FOG


RELATIVE HUMIDITY (PERCENT)
 HIGHEST   100           200 AM
 LOWEST     38           200 PM
 AVERAGE    69

..........................................................


THE JACKSON CLIMATE NORMALS FOR TODAY
                         NORMAL    RECORD    YEAR
 MAXIMUM TEMPERATURE (F)   72        89      1953
 MINIMUM TEMPERATURE (F)   47        32      1999
                                             1989


SUNRISE AND SUNSET
OCTOBER 20 2017.......SUNRISE   707 AM CDT   SUNSET   614 PM CDT
OCTOBER 21 2017.......SUNRISE   708 AM CDT   SUNSET   612 PM CDT


-  INDICATES NEGATIVE NUMBERS.
R  INDICATES RECORD WAS SET OR TIED.
MM INDICATES DATA IS MISSING.
T  INDICATES TRACE AMOUNT.




$$
