000
CDUS44 KMEG 200737
CLIMKL


CLIMATE REPORT
NATIONAL WEATHER SERVICE MEMPHIS TN
137 AM CST SAT DEC 20 2014


...................................

...THE JACKSON CLIMATE SUMMARY FOR DECEMBER 19 2014...

CLIMATE NORMAL PERIOD 1981 TO 2010
CLIMATE RECORD PERIOD 1948 TO 2014


WEATHER ITEM   OBSERVED TIME   RECORD YEAR NORMAL DEPARTURE LAST
                VALUE   (LST)  VALUE       VALUE  FROM      YEAR
                                                  NORMAL
..................................................................
TEMPERATURE (F)
 YESTERDAY
  MAXIMUM         44    237 PM  73    2008  50     -6       59
  MINIMUM         36   1137 PM   6    1963  30      6       42
  AVERAGE         40                        40      0       51

PRECIPITATION (IN)
  YESTERDAY        0.01          3.90 2002   0.16  -0.15     0.00
  MONTH TO DATE    2.38                      3.45  -1.07     3.20
  SINCE DEC 1      2.38                      3.45  -1.07     3.20
  SINCE JAN 1     57.56                     51.37   6.19    56.77

SNOWFALL (IN)
  YESTERDAY        0.0           0.6  1983   0.0    0.0      0.0
  MONTH TO DATE    T                         0.0    0.0       T
  SINCE DEC 1      T                         0.0    0.0       T
  SINCE JUL 1      0.1                       0.1    0.0       T
  SNOW DEPTH       0

DEGREE DAYS
 HEATING
  YESTERDAY       25                        25      0       14
  MONTH TO DATE  388                       440    -52      468
  SINCE DEC 1    388                       440    -52      468
  SINCE JUL 1   1180                      1107     73     1258

 COOLING
  YESTERDAY        0                         0      0        0
  MONTH TO DATE    0                         0      0        4
  SINCE DEC 1      0                         0      0        4
  SINCE JAN 1   1609                      1697    -88     1596
..................................................................


WIND (MPH)
  HIGHEST WIND SPEED    12   HIGHEST WIND DIRECTION    NE (40)
  HIGHEST GUST SPEED    15   HIGHEST GUST DIRECTION    NE (60)
  AVERAGE WIND SPEED     4.7


SKY COVER
  POSSIBLE SUNSHINE  MM
  AVERAGE SKY COVER 0.9


WEATHER CONDITIONS
 THE FOLLOWING WEATHER WAS RECORDED YESTERDAY.
  LIGHT RAIN


RELATIVE HUMIDITY (PERCENT)
 HIGHEST    85           100 AM
 LOWEST     57          1200 PM
 AVERAGE    71

..........................................................


THE JACKSON CLIMATE NORMALS FOR TODAY
                         NORMAL    RECORD    YEAR
 MAXIMUM TEMPERATURE (F)   49        72      1949
 MINIMUM TEMPERATURE (F)   30         6      1981


SUNRISE AND SUNSET
DECEMBER 20 2014......SUNRISE   701 AM CST   SUNSET   446 PM CST
DECEMBER 21 2014......SUNRISE   701 AM CST   SUNSET   446 PM CST


-  INDICATES NEGATIVE NUMBERS.
R  INDICATES RECORD WAS SET OR TIED.
MM INDICATES DATA IS MISSING.
T  INDICATES TRACE AMOUNT.




$$
