000
CDUS42 KMLB 250627
CLIMLB


CLIMATE REPORT
NATIONAL WEATHER SERVICE MELBOURNE FL
227 AM EDT SUN JUN 25 2017


...................................

...THE MELBOURNE CLIMATE SUMMARY FOR JUNE 24 2017...

CLIMATE NORMAL PERIOD 1981 TO 2010
CLIMATE RECORD PERIOD 1939 TO 2017


WEATHER ITEM   OBSERVED TIME   RECORD YEAR NORMAL DEPARTURE LAST
                VALUE   (LST)  VALUE       VALUE  FROM      YEAR
                                                  NORMAL
..................................................................
TEMPERATURE (F)
 YESTERDAY
  MAXIMUM         92    139 PM  99    1944  90      2       91
  MINIMUM         77    535 AM  64    1976  72      5       77
  AVERAGE         85                        81      4       84

PRECIPITATION (IN)
  YESTERDAY        0.00          2.86 1945   0.22  -0.22     0.00
  MONTH TO DATE    6.12                      5.36   0.76     6.98
  SINCE JUN 1      6.12                      5.36   0.76     6.98
  SINCE JAN 1     14.46                     18.86  -4.40    28.95

SNOWFALL (IN)
  YESTERDAY        0.0
  MONTH TO DATE    0.0
  SINCE JUL 1      0.0

DEGREE DAYS
 HEATING
  YESTERDAY        0                         0      0        0
  MONTH TO DATE    0                         0      0        0
  SINCE JUN 1      0                         0      0        0
  SINCE JUL 1    220                       577   -357      341

 COOLING
  YESTERDAY       20                        16      4       19
  MONTH TO DATE  403                       367     36      401
  SINCE JUN 1    403                       367     36      401
  SINCE JAN 1   1550                      1093    457     1334
..................................................................


WIND (MPH)
  HIGHEST WIND SPEED    21   HIGHEST WIND DIRECTION    SE (140)
  HIGHEST GUST SPEED    26   HIGHEST GUST DIRECTION    SE (140)
  AVERAGE WIND SPEED    10.4


SKY COVER
  AVERAGE SKY COVER 0.2


WEATHER CONDITIONS
 THE FOLLOWING WEATHER WAS RECORDED YESTERDAY.
  NO SIGNIFICANT WEATHER WAS OBSERVED.


RELATIVE HUMIDITY (PERCENT)
 HIGHEST    94           500 AM
 LOWEST     59          1200 PM
 AVERAGE    77

..........................................................


THE MELBOURNE CLIMATE NORMALS FOR TODAY
                         NORMAL    RECORD    YEAR
 MAXIMUM TEMPERATURE (F)   90        99      1944
 MINIMUM TEMPERATURE (F)   72        62      1965


SUNRISE AND SUNSET
JUNE 25 2017..........SUNRISE   628 AM EDT   SUNSET   823 PM EDT
JUNE 26 2017..........SUNRISE   628 AM EDT   SUNSET   823 PM EDT


-  INDICATES NEGATIVE NUMBERS.
R  INDICATES RECORD WAS SET OR TIED.
MM INDICATES DATA IS MISSING.
T  INDICATES TRACE AMOUNT.




$$
