000
CDUS42 KMLB 080627
CLIMLB


CLIMATE REPORT
NATIONAL WEATHER SERVICE MELBOURNE FL
127 AM EST MON FEB 8 2016


...................................

...THE MELBOURNE CLIMATE SUMMARY FOR FEBRUARY 7 2016...

CLIMATE NORMAL PERIOD 1981 TO 2010
CLIMATE RECORD PERIOD 1939 TO 2016


WEATHER ITEM   OBSERVED TIME   RECORD YEAR NORMAL DEPARTURE LAST
                VALUE   (LST)  VALUE       VALUE  FROM      YEAR
                                                  NORMAL
..................................................................
TEMPERATURE (F)
 YESTERDAY
  MAXIMUM         60    401 PM  89    2011  73    -13       72
  MINIMUM         42   1159 PM  31    1995  51     -9       47
  AVERAGE         51                        62    -11       60

PRECIPITATION (IN)
  YESTERDAY        0.06          1.83 1953   0.08  -0.02     0.00
  MONTH TO DATE    1.29                      0.61   0.68     1.23
  SINCE DEC 1     12.81                      5.45   7.36     5.33
  SINCE JAN 1      9.12                      2.88   6.24     3.71

SNOWFALL (IN)
  YESTERDAY       MM
  MONTH TO DATE    0.0
  SINCE JUL 1      0.0

DEGREE DAYS
 HEATING
  YESTERDAY       14                         5      9        5
  MONTH TO DATE   26                        35     -9       28
  SINCE DEC 1    204                       362   -158      231
  SINCE JUL 1    209                       404   -195      296

 COOLING
  YESTERDAY        0                         2     -2        0
  MONTH TO DATE   33                        14     19        3
  SINCE DEC 1    353                       134    219      201
  SINCE JAN 1     69                        58     11       70
..................................................................


WIND (MPH)
  HIGHEST WIND SPEED    25   HIGHEST WIND DIRECTION    NW (300)
  HIGHEST GUST SPEED    34   HIGHEST GUST DIRECTION     W (290)
  AVERAGE WIND SPEED    15.8


SKY COVER
  AVERAGE SKY COVER 0.5


WEATHER CONDITIONS
 THE FOLLOWING WEATHER WAS RECORDED YESTERDAY.
  LIGHT RAIN


RELATIVE HUMIDITY (PERCENT)
 HIGHEST    93           100 AM
 LOWEST     37           400 PM
 AVERAGE    65

..........................................................


THE MELBOURNE CLIMATE NORMALS FOR TODAY
                         NORMAL    RECORD    YEAR
 MAXIMUM TEMPERATURE (F)   73        85      1997
                                             1974
                                             1949
 MINIMUM TEMPERATURE (F)   51        36      1976


SUNRISE AND SUNSET
FEBRUARY  8 2016......SUNRISE   706 AM EST   SUNSET   608 PM EST
FEBRUARY  9 2016......SUNRISE   705 AM EST   SUNSET   609 PM EST


-  INDICATES NEGATIVE NUMBERS.
R  INDICATES RECORD WAS SET OR TIED.
MM INDICATES DATA IS MISSING.
T  INDICATES TRACE AMOUNT.




$$
