000
CDUS42 KMLB 162032
CLIMLB


CLIMATE REPORT
NATIONAL WEATHER SERVICE MELBOURNE FL
431 PM EDT TUE SEP 16 2014


...................................

...THE MELBOURNE CLIMATE SUMMARY FOR SEPTEMBER 16 2014...
VALID TODAY AS OF 400 PM LOCAL TIME.

CLIMATE NORMAL PERIOD 1981 TO 2010
CLIMATE RECORD PERIOD 1939 TO 2014


WEATHER ITEM   OBSERVED TIME   RECORD YEAR NORMAL DEPARTURE LAST
                VALUE   (LST)  VALUE       VALUE  FROM      YEAR
                                                  NORMAL
..................................................................
TEMPERATURE (F)
 TODAY
  MAXIMUM         92   1230 PM  96    1938  89      3       89
  MINIMUM         73    556 AM  64    1981  73      0       72
  AVERAGE         83                        81      2       81

PRECIPITATION (IN)
  TODAY            0.07          7.04 1945   0.27  -0.20     0.00
  MONTH TO DATE    1.47                      4.04  -2.57     1.50
  SINCE SEP 1      1.47                      4.04  -2.57     1.50
  SINCE JAN 1     39.30                     37.89   1.41    32.69

SNOWFALL (IN)
  TODAY            0.0
  MONTH TO DATE    0.0
  SINCE JUL 1      0.0

DEGREE DAYS
 HEATING
  TODAY            0                         0      0        0
  MONTH TO DATE    0                         0      0        0
  SINCE SEP 1      0                         0      0        0
  SINCE JUL 1      0                         0      0        0

 COOLING
  TODAY           18                        16      2       16
  MONTH TO DATE  269                       256     13      274
  SINCE SEP 1    269                       256     13      274
  SINCE JAN 1   2756                      2482    274     2723
..................................................................


WIND (MPH)
  HIGHEST WIND SPEED    17   HIGHEST WIND DIRECTION     N (10)
  HIGHEST GUST SPEED    20   HIGHEST GUST DIRECTION     N (360)
  AVERAGE WIND SPEED     5.2


SKY COVER
  AVERAGE SKY COVER 0.3


WEATHER CONDITIONS
 THE FOLLOWING WEATHER WAS RECORDED TODAY.
  THUNDERSTORM
  RAIN
  LIGHT RAIN
  HAZE


RELATIVE HUMIDITY (PERCENT)
 HIGHEST    93           500 AM
 LOWEST     52          1200 PM
 AVERAGE    73

..........................................................


THE MELBOURNE CLIMATE NORMALS FOR TOMORROW
                         NORMAL    RECORD    YEAR
 MAXIMUM TEMPERATURE (F)   88        97      1938
 MINIMUM TEMPERATURE (F)   73        64      1983


SUNRISE AND SUNSET
SEPTEMBER 16 2014.....SUNRISE   708 AM EDT   SUNSET   726 PM EDT
SEPTEMBER 17 2014.....SUNRISE   709 AM EDT   SUNSET   725 PM EDT


-  INDICATES NEGATIVE NUMBERS.
R  INDICATES RECORD WAS SET OR TIED.
MM INDICATES DATA IS MISSING.
T  INDICATES TRACE AMOUNT.




$$
