000
CDUS42 KMLB 230626
CLIMLB


CLIMATE REPORT
NATIONAL WEATHER SERVICE MELBOURNE FL
225 AM EDT THU MAR 23 2017


...................................

...THE MELBOURNE CLIMATE SUMMARY FOR MARCH 22 2017...

CLIMATE NORMAL PERIOD 1981 TO 2010
CLIMATE RECORD PERIOD 1939 TO 2017


WEATHER ITEM   OBSERVED TIME   RECORD YEAR NORMAL DEPARTURE LAST
                VALUE   (LST)  VALUE       VALUE  FROM      YEAR
                                                  NORMAL
..................................................................
TEMPERATURE (F)
 YESTERDAY
  MAXIMUM         90R   421 PM  90    1955  77     13       72
  MINIMUM         56    609 AM  40    1996  56      0       44
                                      1960
  AVERAGE         73                        67      6       58

PRECIPITATION (IN)
  YESTERDAY        0.00          1.30 1981   0.10  -0.10     0.00
  MONTH TO DATE    0.34                      2.35  -2.01     1.02
  SINCE MAR 1      0.34                      2.35  -2.01     1.02
  SINCE JAN 1      5.23                      7.15  -1.92    10.88

SNOWFALL (IN)
  YESTERDAY        0.0
  MONTH TO DATE    0.0
  SINCE JUL 1      0.0

DEGREE DAYS
 HEATING
  YESTERDAY        0                         2     -2        7
  MONTH TO DATE   39                        58    -19       17
  SINCE MAR 1     39                        58    -19       17
  SINCE JUL 1    217                       547   -330      338

 COOLING
  YESTERDAY        8                         3      5        0
  MONTH TO DATE  105                        65     40      151
  SINCE MAR 1    105                        65     40      151
  SINCE JAN 1    283                       163    120      241
..................................................................


WIND (MPH)
  HIGHEST WIND SPEED    17   HIGHEST WIND DIRECTION    NW (300)
  HIGHEST GUST SPEED    23   HIGHEST GUST DIRECTION     W (290)
  AVERAGE WIND SPEED     8.7


SKY COVER
  AVERAGE SKY COVER 0.2


WEATHER CONDITIONS
 THE FOLLOWING WEATHER WAS RECORDED YESTERDAY.
  NO SIGNIFICANT WEATHER WAS OBSERVED.


RELATIVE HUMIDITY (PERCENT)
 HIGHEST    84           800 PM
 LOWEST     37           100 PM
 AVERAGE    61

..........................................................


THE MELBOURNE CLIMATE NORMALS FOR TODAY
                         NORMAL    RECORD    YEAR
 MAXIMUM TEMPERATURE (F)   78        90      2013
 MINIMUM TEMPERATURE (F)   56        32      1968


SUNRISE AND SUNSET
MARCH 23 2017.........SUNRISE   723 AM EDT   SUNSET   736 PM EDT
MARCH 24 2017.........SUNRISE   722 AM EDT   SUNSET   736 PM EDT


-  INDICATES NEGATIVE NUMBERS.
R  INDICATES RECORD WAS SET OR TIED.
MM INDICATES DATA IS MISSING.
T  INDICATES TRACE AMOUNT.




$$
