000
CDUS42 KMLB 222026
CLIMLB


CLIMATE REPORT
NATIONAL WEATHER SERVICE MELBOURNE FL
426 PM EDT SUN OCT 22 2017


...................................

...THE MELBOURNE CLIMATE SUMMARY FOR OCTOBER 22 2017...
VALID TODAY AS OF 0400 PM LOCAL TIME.

CLIMATE NORMAL PERIOD 1981 TO 2010
CLIMATE RECORD PERIOD 1939 TO 2017


WEATHER ITEM   OBSERVED TIME   RECORD YEAR NORMAL DEPARTURE LAST
                VALUE   (LST)  VALUE       VALUE  FROM      YEAR
                                                  NORMAL
..................................................................
TEMPERATURE (F)
 TODAY
  MAXIMUM         87    241 PM  92    2013  83      4       76
  MINIMUM         79    618 AM  50    1976  66     13       59
  AVERAGE         83                        75      8       68

PRECIPITATION (IN)
  TODAY            T             1.07 2004   0.16  -0.16     0.00
  MONTH TO DATE   10.33                      3.94   6.39     6.32
  SINCE SEP 1     31.27                     11.58  19.69    20.49
  SINCE JAN 1     58.96                     45.43  13.53    59.05

SNOWFALL (IN)
  TODAY            0.0
  MONTH TO DATE    0.0
  SINCE JUL 1      0.0

DEGREE DAYS
 HEATING
  TODAY            0                         0      0        0
  MONTH TO DATE    0                         0      0        0
  SINCE SEP 1      0                         0      0        0
  SINCE JUL 1      0                         0      0        0

 COOLING
  TODAY           18                        10      8        3
  MONTH TO DATE  375                       266    109      305
  SINCE SEP 1    904                       732    172      816
  SINCE JAN 1   3792                      2958    834     3464
..................................................................


WIND (MPH)
  HIGHEST WIND SPEED    20   HIGHEST WIND DIRECTION    SE (130)
  HIGHEST GUST SPEED    25   HIGHEST GUST DIRECTION    SE (140)
  AVERAGE WIND SPEED    13.2


SKY COVER
  AVERAGE SKY COVER 0.6


WEATHER CONDITIONS
 THE FOLLOWING WEATHER WAS RECORDED TODAY.
  LIGHT RAIN
  HAZE


RELATIVE HUMIDITY (PERCENT)
 HIGHEST    91           500 AM
 LOWEST     65           100 PM
 AVERAGE    78

..........................................................


THE MELBOURNE CLIMATE NORMALS FOR TOMORROW
                         NORMAL    RECORD    YEAR
 MAXIMUM TEMPERATURE (F)   83        92      1942
 MINIMUM TEMPERATURE (F)   66        50      1974


SUNRISE AND SUNSET
OCTOBER 22 2017.......SUNRISE   727 AM EDT   SUNSET   646 PM EDT
OCTOBER 23 2017.......SUNRISE   728 AM EDT   SUNSET   645 PM EDT


-  INDICATES NEGATIVE NUMBERS.
R  INDICATES RECORD WAS SET OR TIED.
MM INDICATES DATA IS MISSING.
T  INDICATES TRACE AMOUNT.




$$
