000
CDUS42 KMLB 100635
CLIMLB


CLIMATE REPORT
NATIONAL WEATHER SERVICE MELBOURNE FL
135 AM EST SAT DEC 10 2016


...................................

...THE MELBOURNE CLIMATE SUMMARY FOR DECEMBER 9 2016...

CLIMATE NORMAL PERIOD 1981 TO 2010
CLIMATE RECORD PERIOD 1939 TO 2016


WEATHER ITEM   OBSERVED TIME   RECORD YEAR NORMAL DEPARTURE LAST
                VALUE   (LST)  VALUE       VALUE  FROM      YEAR
                                                  NORMAL
..................................................................
TEMPERATURE (F)
 YESTERDAY
  MAXIMUM         66    314 PM  88    1978  74     -8       78
  MINIMUM         55   1159 PM  35    1984  54      1       64
  AVERAGE         61                        64     -3       71

PRECIPITATION (IN)
  YESTERDAY        0.02          5.06 2002   0.08  -0.06      T
  MONTH TO DATE    0.16                      0.77  -0.61     2.86
  SINCE DEC 1      0.16                      0.77  -0.61     2.86
  SINCE JAN 1     59.48                     50.20   9.28    52.36

SNOWFALL (IN)
  YESTERDAY        0.0
  MONTH TO DATE    0.0
  SINCE JUL 1      0.0

DEGREE DAYS
 HEATING
  YESTERDAY        4                         4      0        0
  MONTH TO DATE    4                        28    -24        2
  SINCE DEC 1      4                        28    -24        2
  SINCE JUL 1     23                        70    -47        7

 COOLING
  YESTERDAY        0                         3     -3        6
  MONTH TO DATE   51                        27     24       60
  SINCE DEC 1     51                        27     24       60
  SINCE JAN 1   3779                      3222    557     3967
..................................................................


WIND (MPH)
  HIGHEST WIND SPEED    23   HIGHEST WIND DIRECTION     N (350)
  HIGHEST GUST SPEED    30   HIGHEST GUST DIRECTION     N (350)
  AVERAGE WIND SPEED    12.0


SKY COVER
  AVERAGE SKY COVER 0.3


WEATHER CONDITIONS
 THE FOLLOWING WEATHER WAS RECORDED YESTERDAY.
  LIGHT RAIN


RELATIVE HUMIDITY (PERCENT)
 HIGHEST    93           900 AM
 LOWEST     63           300 PM
 AVERAGE    78

..........................................................


THE MELBOURNE CLIMATE NORMALS FOR TODAY
                         NORMAL    RECORD    YEAR
 MAXIMUM TEMPERATURE (F)   74        85      2013
 MINIMUM TEMPERATURE (F)   54        34      1962


SUNRISE AND SUNSET
DECEMBER 10 2016......SUNRISE   704 AM EST   SUNSET   528 PM EST
DECEMBER 11 2016......SUNRISE   704 AM EST   SUNSET   528 PM EST


-  INDICATES NEGATIVE NUMBERS.
R  INDICATES RECORD WAS SET OR TIED.
MM INDICATES DATA IS MISSING.
T  INDICATES TRACE AMOUNT.




$$
