000
CDUS42 KMLB 300635
CLIMLB


CLIMATE REPORT
NATIONAL WEATHER SERVICE MELBOURNE FL
135 AM EST FRI JAN 30 2015


...................................

...THE MELBOURNE CLIMATE SUMMARY FOR JANUARY 29 2015...

CLIMATE NORMAL PERIOD 1981 TO 2010
CLIMATE RECORD PERIOD 1939 TO 2015


WEATHER ITEM   OBSERVED TIME   RECORD YEAR NORMAL DEPARTURE LAST
                VALUE   (LST)  VALUE       VALUE  FROM      YEAR
                                                  NORMAL
..................................................................
TEMPERATURE (F)
 YESTERDAY
  MAXIMUM         70    232 PM  87    2009  72     -2       66
  MINIMUM         42    727 AM  30    1986  50     -8       52
  AVERAGE         56                        61     -5       59

PRECIPITATION (IN)
  YESTERDAY        0.00          1.84 2014   0.08  -0.08     1.84
  MONTH TO DATE    2.48                      2.11   0.37     3.01
  SINCE DEC 1      4.10                      4.68  -0.58     5.16
  SINCE JAN 1      2.48                      2.11   0.37     3.01

SNOWFALL (IN)
  YESTERDAY        0.0
  MONTH TO DATE    0.0
  SINCE JUL 1      0.0

DEGREE DAYS
 HEATING
  YESTERDAY        9                         6      3        6
  MONTH TO DATE  109                       174    -65      194
  SINCE DEC 1    191                       311   -120      219
  SINCE JUL 1    256                       353    -97      233

 COOLING
  YESTERDAY        0                         2     -2        0
  MONTH TO DATE   67                        33     34       57
  SINCE DEC 1    198                       109     89      208
  SINCE JAN 1     67                        33     34       57
..................................................................


WIND (MPH)
  HIGHEST WIND SPEED    12   HIGHEST WIND DIRECTION    NE (60)
  HIGHEST GUST SPEED    14   HIGHEST GUST DIRECTION    NE (50)
  AVERAGE WIND SPEED     4.9


SKY COVER
  AVERAGE SKY COVER 0.1


WEATHER CONDITIONS
 THE FOLLOWING WEATHER WAS RECORDED YESTERDAY.
  NO SIGNIFICANT WEATHER WAS OBSERVED.


RELATIVE HUMIDITY (PERCENT)
 HIGHEST    96           400 AM
 LOWEST     44           200 PM
 AVERAGE    70

..........................................................


THE MELBOURNE CLIMATE NORMALS FOR TODAY
                         NORMAL    RECORD    YEAR
 MAXIMUM TEMPERATURE (F)   72        86      1972
 MINIMUM TEMPERATURE (F)   50        30      1966


SUNRISE AND SUNSET
JANUARY 30 2015.......SUNRISE   711 AM EST   SUNSET   601 PM EST
JANUARY 31 2015.......SUNRISE   710 AM EST   SUNSET   602 PM EST


-  INDICATES NEGATIVE NUMBERS.
R  INDICATES RECORD WAS SET OR TIED.
MM INDICATES DATA IS MISSING.
T  INDICATES TRACE AMOUNT.




$$
