000
CDUS43 KDVN 181012
CLIMLI


CLIMATE REPORT
NATIONAL WEATHER SERVICE QUAD CITIES IA IL
410 AM CST MON DEC 18 2017


...................................

...THE MOLINE IL CLIMATE SUMMARY FOR DECEMBER 17 2017...

CLIMATE NORMAL PERIOD 1981 TO 2010
CLIMATE RECORD PERIOD 1872 TO 2017


WEATHER ITEM   OBSERVED TIME   RECORD YEAR NORMAL DEPARTURE LAST
                VALUE   (LST)  VALUE       VALUE  FROM      YEAR
                                                  NORMAL
..................................................................
TEMPERATURE (F)
 YESTERDAY
  MAXIMUM         45    313 PM  59    1939  34     11       24
  MINIMUM         24   1235 AM -15    1932  18      6        8
  AVERAGE         35                        26      9       16

PRECIPITATION (IN)
  YESTERDAY        0.01          0.43 1921   0.06  -0.05     0.16
  MONTH TO DATE    0.05                      1.32  -1.27     1.11
  SINCE DEC 1      0.05                      1.32  -1.27     1.11
  SINCE JAN 1     35.64                     37.10  -1.46    35.95

SNOWFALL (IN)
  YESTERDAY        0.0          MM      MM   0.3   -0.3      2.7
  MONTH TO DATE    T                         4.6   -4.6     13.8
  SINCE DEC 1      T                         4.6   -4.6     13.8
  SINCE JUL 1      T                         5.8   -5.8     13.8
  SNOW DEPTH       0

DEGREE DAYS
 HEATING
  YESTERDAY       30                        39     -9       49
  MONTH TO DATE  528                       620    -92      675
  SINCE DEC 1    528                       620    -92      675
  SINCE JUL 1   1601                      1851   -250     1456

 COOLING
  YESTERDAY        0                         0      0        0
  MONTH TO DATE    0                         0      0        0
  SINCE DEC 1      0                         0      0        0
  SINCE JAN 1    993                      1004    -11     1314
..................................................................


WIND (MPH)
  HIGHEST WIND SPEED    13   HIGHEST WIND DIRECTION     E (80)
  HIGHEST GUST SPEED    14   HIGHEST GUST DIRECTION     E (80)
  AVERAGE WIND SPEED     4.3


SKY COVER
  POSSIBLE SUNSHINE  MM
  AVERAGE SKY COVER 0.4


WEATHER CONDITIONS
 THE FOLLOWING WEATHER WAS RECORDED YESTERDAY.
  LIGHT RAIN
  FOG
  HAZE


RELATIVE HUMIDITY (PERCENT)
 HIGHEST   100           900 PM
 LOWEST     58           200 PM
 AVERAGE    79

..........................................................


THE MOLINE IL CLIMATE NORMALS FOR TODAY
                         NORMAL    RECORD    YEAR
 MAXIMUM TEMPERATURE (F)   33        65      1939
 MINIMUM TEMPERATURE (F)   18       -16      1985


SUNRISE AND SUNSET
DECEMBER 18 2017......SUNRISE   723 AM CST   SUNSET   434 PM CST
DECEMBER 19 2017......SUNRISE   724 AM CST   SUNSET   435 PM CST


-  INDICATES NEGATIVE NUMBERS.
R  INDICATES RECORD WAS SET OR TIED.
MM INDICATES DATA IS MISSING.
T  INDICATES TRACE AMOUNT.




$$
