000
CDUS43 KDVN 092223
CLIMLI


CLIMATE REPORT
NATIONAL WEATHER SERVICE QUAD CITIES IA IL
421 PM CST TUE FEB 9 2016


...................................

...THE MOLINE IL CLIMATE SUMMARY FOR FEBRUARY 9 2016...
VALID TODAY AS OF 0400 PM LOCAL TIME.

CLIMATE NORMAL PERIOD 1981 TO 2010
CLIMATE RECORD PERIOD 1872 TO 2016


WEATHER ITEM   OBSERVED TIME   RECORD YEAR NORMAL DEPARTURE LAST
                VALUE   (LST)  VALUE       VALUE  FROM      YEAR
                                                  NORMAL
..................................................................
TEMPERATURE (F)
 TODAY
  MAXIMUM         18    254 PM  62    2009  34    -16       28
  MINIMUM         13    806 AM -25    1979  16     -3       14
  AVERAGE         16                        25     -9       21

PRECIPITATION (IN)
  TODAY            0.01          2.07 1876   0.05  -0.04     0.00
  MONTH TO DATE    0.65                      0.41   0.24     1.09
  SINCE DEC 1      5.29                      4.08   1.21     3.36
  SINCE JAN 1      1.09                      1.90  -0.81     2.64

SNOWFALL (IN)
  TODAY            0.4          MM      MM   0.2    0.2      0.0
  MONTH TO DATE    1.7                       2.5   -0.8     14.5
  SINCE DEC 1      6.7                      21.2  -14.5     29.6
  SINCE JUL 1     16.6                      22.4   -5.8     34.2
  SNOW DEPTH       1

DEGREE DAYS
 HEATING
  TODAY           49                        40      9       44
  MONTH TO DATE  318                       369    -51      418
  SINCE DEC 1   2386                      2872   -486     2764
  SINCE JUL 1   3349                      4103   -754     4269

 COOLING
  TODAY            0                         0      0        0
  MONTH TO DATE    0                         0      0        0
  SINCE DEC 1      0                         0      0        0
  SINCE JAN 1      0                         0      0        0
..................................................................


WIND (MPH)
  HIGHEST WIND SPEED    25   HIGHEST WIND DIRECTION    NW (300)
  HIGHEST GUST SPEED    34   HIGHEST GUST DIRECTION    NW (300)
  AVERAGE WIND SPEED    17.4


SKY COVER
  POSSIBLE SUNSHINE  MM
  AVERAGE SKY COVER 0.9


WEATHER CONDITIONS
 THE FOLLOWING WEATHER WAS RECORDED TODAY.
  LIGHT SNOW
  HAZE


RELATIVE HUMIDITY (PERCENT)
 HIGHEST    74          1200 AM
 LOWEST     61          1000 AM
 AVERAGE    68

..........................................................


THE MOLINE IL CLIMATE NORMALS FOR TOMORROW
                         NORMAL    RECORD    YEAR
 MAXIMUM TEMPERATURE (F)   34        62      1976
                                             1932
                                             1876
 MINIMUM TEMPERATURE (F)   17       -16      2014
                                             1899


SUNRISE AND SUNSET
FEBRUARY  9 2016......SUNRISE   705 AM CST   SUNSET   528 PM CST
FEBRUARY 10 2016......SUNRISE   704 AM CST   SUNSET   529 PM CST


-  INDICATES NEGATIVE NUMBERS.
R  INDICATES RECORD WAS SET OR TIED.
MM INDICATES DATA IS MISSING.
T  INDICATES TRACE AMOUNT.




$$
