000
CDUS43 KDVN 010949
CLIMLI


CLIMATE REPORT
NATIONAL WEATHER SERVICE QUAD CITIES IA IL
440 AM CDT WED JUL 1 2015


...................................

...THE MOLINE IL CLIMATE SUMMARY FOR JUNE 30 2015...

CLIMATE NORMAL PERIOD 1981 TO 2010
CLIMATE RECORD PERIOD 1872 TO 2015


WEATHER ITEM   OBSERVED TIME   RECORD YEAR NORMAL DEPARTURE LAST
                VALUE   (LST)  VALUE       VALUE  FROM      YEAR
                                                  NORMAL
..................................................................
TEMPERATURE (F)
 YESTERDAY
  MAXIMUM         82    411 PM 104    1931  86     -4       87
  MINIMUM         61    447 AM  46    1943  64     -3       66
  AVERAGE         72                        75     -3       77

PRECIPITATION (IN)
  YESTERDAY        0.00          5.10 2014   0.15  -0.15     5.10
  MONTH TO DATE   10.90                      4.49   6.41    10.91
  SINCE JUN 1     10.90                      4.49   6.41    10.91
  SINCE JAN 1     19.84                     18.35   1.49    22.47

SNOWFALL (IN)
  YESTERDAY        0.0          MM      MM   0.0    0.0      0.0
  MONTH TO DATE    0.0                       0.0    0.0      0.0
  SINCE JUN 1      0.0                       0.0    0.0      0.0
  SINCE JUL 1     39.1                      31.6    7.5     65.1
  SNOW DEPTH       0

DEGREE DAYS
 HEATING
  YESTERDAY        0                         0      0        0
  MONTH TO DATE    7                        17    -10        4
  SINCE JUN 1      7                        19    -12        4
  SINCE JUL 1   6596                      6203    393     7317

 COOLING
  YESTERDAY        7                        10     -3       12
  MONTH TO DATE  207                       214     -7      229
  SINCE JUN 1    207                       214     -7      229
  SINCE JAN 1    288                       290     -2      334
..................................................................


WIND (MPH)
  HIGHEST WIND SPEED    13   HIGHEST WIND DIRECTION    NW (300)
  HIGHEST GUST SPEED    16   HIGHEST GUST DIRECTION    NW (300)
  AVERAGE WIND SPEED     4.5


SKY COVER
  POSSIBLE SUNSHINE  MM
  AVERAGE SKY COVER 0.3


WEATHER CONDITIONS
 THE FOLLOWING WEATHER WAS RECORDED YESTERDAY.
  FOG
  HAZE


RELATIVE HUMIDITY (PERCENT)
 HIGHEST    93           100 AM
 LOWEST     51           200 PM
 AVERAGE    72

..........................................................


THE MOLINE IL CLIMATE NORMALS FOR TODAY
                         NORMAL    RECORD    YEAR
 MAXIMUM TEMPERATURE (F)   86       103      1956
 MINIMUM TEMPERATURE (F)   65        48      1988


SUNRISE AND SUNSET
JULY  1 2015..........SUNRISE   532 AM CDT   SUNSET   840 PM CDT
JULY  2 2015..........SUNRISE   533 AM CDT   SUNSET   839 PM CDT


-  INDICATES NEGATIVE NUMBERS.
R  INDICATES RECORD WAS SET OR TIED.
MM INDICATES DATA IS MISSING.
T  INDICATES TRACE AMOUNT.




$$

HAASE
