000
CDUS43 KDVN 030917
CLIMLI


CLIMATE REPORT
NATIONAL WEATHER SERVICE QUAD CITIES IA IL
416 AM CDT TUE MAY 3 2016


...................................

...THE MOLINE IL CLIMATE SUMMARY FOR MAY 2 2016...

CLIMATE NORMAL PERIOD 1981 TO 2010
CLIMATE RECORD PERIOD 1872 TO 2016


WEATHER ITEM   OBSERVED TIME   RECORD YEAR NORMAL DEPARTURE LAST
                VALUE   (LST)  VALUE       VALUE  FROM      YEAR
                                                  NORMAL
..................................................................
TEMPERATURE (F)
 YESTERDAY
  MAXIMUM         61    316 PM  89    1968  68     -7       79
  MINIMUM         43   1119 PM  28    2005  46     -3       42
  AVERAGE         52                        57     -5       61

PRECIPITATION (IN)
  YESTERDAY        0.00          0.90 1937   0.13  -0.13     0.01
  MONTH TO DATE    0.36                      0.26   0.10     0.01
  SINCE MAR 1      5.71                      6.71  -1.00     2.38
  SINCE JAN 1      7.04                      9.80  -2.76     5.31

SNOWFALL (IN)
  YESTERDAY        0.0          MM      MM   0.0    0.0      0.0
  MONTH TO DATE    0.0                       0.0    0.0      0.0
  SINCE MAR 1      2.9                       4.9   -2.0      0.1
  SINCE JUL 1     24.1                      31.6   -7.5     39.1
  SNOW DEPTH       0

DEGREE DAYS
 HEATING
  YESTERDAY       13                         8      5        4
  MONTH TO DATE   28                        17     11       18
  SINCE MAR 1   1044                      1242   -198     1231
  SINCE JUL 1   5033                      6040  -1007     6489

 COOLING
  YESTERDAY        0                         1     -1        0
  MONTH TO DATE    0                         2     -2        0
  SINCE MAR 1     11                        16     -5        0
  SINCE JAN 1     11                        16     -5        0
..................................................................


WIND (MPH)
  HIGHEST WIND SPEED    14   HIGHEST WIND DIRECTION    NE (60)
  HIGHEST GUST SPEED    17   HIGHEST GUST DIRECTION    NE (60)
  AVERAGE WIND SPEED     4.6


SKY COVER
  POSSIBLE SUNSHINE  MM
  AVERAGE SKY COVER 0.9


WEATHER CONDITIONS
 THE FOLLOWING WEATHER WAS RECORDED YESTERDAY.
  FOG


RELATIVE HUMIDITY (PERCENT)
 HIGHEST    93           400 AM
 LOWEST     42           500 PM
 AVERAGE    68

..........................................................


THE MOLINE IL CLIMATE NORMALS FOR TODAY
                         NORMAL    RECORD    YEAR
 MAXIMUM TEMPERATURE (F)   69        89      1949
                                             1938
 MINIMUM TEMPERATURE (F)   47        25      2005


SUNRISE AND SUNSET
MAY  3 2016...........SUNRISE   556 AM CDT   SUNSET   802 PM CDT
MAY  4 2016...........SUNRISE   555 AM CDT   SUNSET   804 PM CDT


-  INDICATES NEGATIVE NUMBERS.
R  INDICATES RECORD WAS SET OR TIED.
MM INDICATES DATA IS MISSING.
T  INDICATES TRACE AMOUNT.




$$
