000
CDUS43 KDVN 261006
CLIMLI


CLIMATE REPORT
NATIONAL WEATHER SERVICE QUAD CITIES IA IL
405 AM CST FRI DEC 26 2014


...................................

...THE MOLINE IL CLIMATE SUMMARY FOR DECEMBER 25 2014...

CLIMATE NORMAL PERIOD 1981 TO 2010
CLIMATE RECORD PERIOD 1872 TO 2014


WEATHER ITEM   OBSERVED TIME   RECORD YEAR NORMAL DEPARTURE LAST
                VALUE   (LST)  VALUE       VALUE  FROM      YEAR
                                                  NORMAL
..................................................................
TEMPERATURE (F)
 YESTERDAY
  MAXIMUM         50    231 PM  59    1936  32     18       27
  MINIMUM         33    812 AM -18    2000  16     17       19
  AVERAGE         42                        24     18       23

PRECIPITATION (IN)
  YESTERDAY        T             0.72 1957   0.06  -0.06      T
  MONTH TO DATE    0.69                      1.84  -1.15     1.15
  SINCE DEC 1      0.69                      1.84  -1.15     1.15
  SINCE JAN 1     39.26                     37.62   1.64    39.17

SNOWFALL (IN)
  YESTERDAY        T            MM      MM   0.4   -0.4      0.1
  MONTH TO DATE    T                         7.3   -7.3     12.2
  SINCE DEC 1      T                         7.3   -7.3     12.2
  SINCE JUL 1      4.6                       8.5   -3.9     13.2
  SNOW DEPTH       0

DEGREE DAYS
 HEATING
  YESTERDAY       23                        41    -18       42
  MONTH TO DATE  803                       942   -139     1099
  SINCE DEC 1    803                       942   -139     1099
  SINCE JUL 1   2308                      2173    135     2445

 COOLING
  YESTERDAY        0                         0      0        0
  MONTH TO DATE    0                         0      0        0
  SINCE DEC 1      0                         0      0        0
  SINCE JAN 1    839                      1004   -165      998
..................................................................


WIND (MPH)
  HIGHEST WIND SPEED    21   HIGHEST WIND DIRECTION    SW (240)
  HIGHEST GUST SPEED    26   HIGHEST GUST DIRECTION    SW (240)
  AVERAGE WIND SPEED    11.9


SKY COVER
  POSSIBLE SUNSHINE  MM
  AVERAGE SKY COVER 0.4


WEATHER CONDITIONS
 THE FOLLOWING WEATHER WAS RECORDED YESTERDAY.
  LIGHT SNOW


RELATIVE HUMIDITY (PERCENT)
 HIGHEST    82           100 AM
 LOWEST     50           200 PM
 AVERAGE    66

..........................................................


THE MOLINE IL CLIMATE NORMALS FOR TODAY
                         NORMAL    RECORD    YEAR
 MAXIMUM TEMPERATURE (F)   32        56      1936
 MINIMUM TEMPERATURE (F)   16       -19      1962


SUNRISE AND SUNSET
DECEMBER 26 2014......SUNRISE   727 AM CST   SUNSET   438 PM CST
DECEMBER 27 2014......SUNRISE   727 AM CST   SUNSET   439 PM CST


-  INDICATES NEGATIVE NUMBERS.
R  INDICATES RECORD WAS SET OR TIED.
MM INDICATES DATA IS MISSING.
T  INDICATES TRACE AMOUNT.




$$
