000
CDUS43 KDVN 180925
CLIMLI


CLIMATE REPORT
NATIONAL WEATHER SERVICE QUAD CITIES IA IL
424 AM CDT WED OCT 18 2017


...................................

...THE MOLINE IL CLIMATE SUMMARY FOR OCTOBER 17 2017...

CLIMATE NORMAL PERIOD 1981 TO 2010
CLIMATE RECORD PERIOD 1872 TO 2017


WEATHER ITEM   OBSERVED TIME   RECORD YEAR NORMAL DEPARTURE LAST
                VALUE   (LST)  VALUE       VALUE  FROM      YEAR
                                                  NORMAL
..................................................................
TEMPERATURE (F)
 YESTERDAY
  MAXIMUM         71    332 PM  89    2016  64      7       89
  MINIMUM         47    424 AM  23    1948  42      5       71
  AVERAGE         59                        53      6       80

PRECIPITATION (IN)
  YESTERDAY        0.00          4.14 1998   0.09  -0.09     0.00
  MONTH TO DATE    5.74                      1.59   4.15     1.53
  SINCE SEP 1      8.13                      4.68   3.45     2.75
  SINCE JAN 1     34.25                     31.84   2.41    32.17

SNOWFALL (IN)
  YESTERDAY        0.0          MM      MM   0.0    0.0      0.0
  MONTH TO DATE    0.0                       0.0    0.0      0.0
  SINCE SEP 1      0.0                       0.0    0.0      0.0
  SINCE JUL 1      0.0                       0.0    0.0      0.0
  SNOW DEPTH       0

DEGREE DAYS
 HEATING
  YESTERDAY        6                        12     -6        0
  MONTH TO DATE   60                       169   -109       80
  SINCE SEP 1    108                       265   -157       97
  SINCE JUL 1    109                       273   -164       98

 COOLING
  YESTERDAY        0                         0      0       15
  MONTH TO DATE   25                        11     14       43
  SINCE SEP 1    174                       117     57      232
  SINCE JAN 1    985                      1000    -15     1305
..................................................................


WIND (MPH)
  HIGHEST WIND SPEED    18   HIGHEST WIND DIRECTION    SW (230)
  HIGHEST GUST SPEED    24   HIGHEST GUST DIRECTION    SW (220)
  AVERAGE WIND SPEED     9.1


SKY COVER
  POSSIBLE SUNSHINE  MM
  AVERAGE SKY COVER 0.0


WEATHER CONDITIONS
 THE FOLLOWING WEATHER WAS RECORDED YESTERDAY.
  HAZE


RELATIVE HUMIDITY (PERCENT)
 HIGHEST    71           500 AM
 LOWEST     31           300 PM
 AVERAGE    51

..........................................................


THE MOLINE IL CLIMATE NORMALS FOR TODAY
                         NORMAL    RECORD    YEAR
 MAXIMUM TEMPERATURE (F)   63        86      1950
 MINIMUM TEMPERATURE (F)   42        19      1952


SUNRISE AND SUNSET
OCTOBER 18 2017.......SUNRISE   718 AM CDT   SUNSET   616 PM CDT
OCTOBER 19 2017.......SUNRISE   719 AM CDT   SUNSET   614 PM CDT


-  INDICATES NEGATIVE NUMBERS.
R  INDICATES RECORD WAS SET OR TIED.
MM INDICATES DATA IS MISSING.
T  INDICATES TRACE AMOUNT.




$$
