000
CDUS43 KDVN 232127
CLIMLI


CLIMATE REPORT
NATIONAL WEATHER SERVICE QUAD CITIES IA IL
422 PM CDT WED APR 23 2014


...................................

...THE MOLINE IL CLIMATE SUMMARY FOR APRIL 23 2014...
VALID TODAY AS OF 0400 PM LOCAL TIME.

CLIMATE NORMAL PERIOD 1981 TO 2010
CLIMATE RECORD PERIOD 1872 TO 2014


WEATHER ITEM   OBSERVED TIME   RECORD YEAR NORMAL DEPARTURE LAST
                VALUE   (LST)  VALUE       VALUE  FROM      YEAR
                                                  NORMAL
..................................................................
TEMPERATURE (F)
 TODAY
  MAXIMUM         58   1235 PM  86    1960  65     -7       52
  MINIMUM         32    431 AM  22    1910  43    -11       38
  AVERAGE         45                        54     -9       45

PRECIPITATION (IN)
  TODAY            0.00          1.26 1989   0.12  -0.12     0.39
  MONTH TO DATE    1.65                      2.67  -1.02     7.20
  SINCE MAR 1      2.56                      5.53  -2.97     9.77
  SINCE JAN 1      6.58                      8.62  -2.04    15.17

SNOWFALL (IN)
  TODAY            0.0          MM      MM   0.0    0.0      0.0
  MONTH TO DATE    T                         0.9   -0.9       T
  SINCE MAR 1     10.3                       4.9    5.4     10.6
  SINCE JUL 1     65.1                      31.6   33.5     34.5
  SNOW DEPTH       0

DEGREE DAYS
 HEATING
  TODAY           20                        11      9       20
  MONTH TO DATE  375                       351     24      422
  SINCE MAR 1   1401                      1155    246     1456
  SINCE JUL 1   7071                      5953   1118     6089

 COOLING
  TODAY            0                         1     -1        0
  MONTH TO DATE    5                         7     -2        0
  SINCE MAR 1      5                         8     -3        0
  SINCE JAN 1      5                         8     -3        0
..................................................................


WIND (MPH)
  HIGHEST WIND SPEED    21   HIGHEST WIND DIRECTION     E (80)
  HIGHEST GUST SPEED    23   HIGHEST GUST DIRECTION     E (70)
  AVERAGE WIND SPEED     9.1


SKY COVER
  POSSIBLE SUNSHINE  MM
  AVERAGE SKY COVER 0.4


WEATHER CONDITIONS
 THE FOLLOWING WEATHER WAS RECORDED TODAY.
  NO SIGNIFICANT WEATHER WAS OBSERVED.


RELATIVE HUMIDITY (PERCENT)
 HIGHEST    82           300 AM
 LOWEST     30           200 PM
 AVERAGE    56

..........................................................


THE MOLINE IL CLIMATE NORMALS FOR TOMORROW
                         NORMAL    RECORD    YEAR
 MAXIMUM TEMPERATURE (F)   66        86      1939
 MINIMUM TEMPERATURE (F)   44        23      1956
                                             1910


SUNRISE AND SUNSET
APRIL 23 2014.........SUNRISE   610 AM CDT   SUNSET   751 PM CDT
APRIL 24 2014.........SUNRISE   609 AM CDT   SUNSET   752 PM CDT


-  INDICATES NEGATIVE NUMBERS.
R  INDICATES RECORD WAS SET OR TIED.
MM INDICATES DATA IS MISSING.
T  INDICATES TRACE AMOUNT.




$$
