000
CDUS43 KDVN 110914
CLIMLI


CLIMATE REPORT
NATIONAL WEATHER SERVICE QUAD CITIES IA IL
412 AM CDT FRI JUL 11 2014


...................................

...THE MOLINE IL CLIMATE SUMMARY FOR JULY 10 2014...

CLIMATE NORMAL PERIOD 1981 TO 2010
CLIMATE RECORD PERIOD 1872 TO 2014


WEATHER ITEM   OBSERVED TIME   RECORD YEAR NORMAL DEPARTURE LAST
                VALUE   (LST)  VALUE       VALUE  FROM      YEAR
                                                  NORMAL
..................................................................
TEMPERATURE (F)
 YESTERDAY
  MAXIMUM         83    235 PM 105    1936  86     -3       84
  MINIMUM         57    438 AM  50    1996  65     -8       62
  AVERAGE         70                        76     -6       73

PRECIPITATION (IN)
  YESTERDAY        0.00          5.08 1971   0.15  -0.15     0.00
  MONTH TO DATE    0.26                      1.51  -1.25     0.73
  SINCE JUN 1     11.17                      6.00   5.17     6.87
  SINCE JAN 1     22.73                     19.86   2.87    30.02

SNOWFALL (IN)
  YESTERDAY        0.0          MM      MM   0.0    0.0      0.0
  MONTH TO DATE    0.0                       0.0    0.0      0.0
  SINCE JUN 1      0.0                       0.0    0.0      0.0
  SINCE JUL 1      0.0                       0.0    0.0      0.0
  SNOW DEPTH       0

DEGREE DAYS
 HEATING
  YESTERDAY        0                         0      0        0
  MONTH TO DATE    1                         0      1        0
  SINCE JUN 1      5                        19    -14       27
  SINCE JUL 1      1                         0      1        0

 COOLING
  YESTERDAY        5                        11     -6        8
  MONTH TO DATE   53                       106    -53       86
  SINCE JUN 1    282                       320    -38      289
  SINCE JAN 1    387                       396     -9      379
..................................................................


WIND (MPH)
  HIGHEST WIND SPEED    10   HIGHEST WIND DIRECTION    SE (150)
  HIGHEST GUST SPEED    16   HIGHEST GUST DIRECTION     S (160)
  AVERAGE WIND SPEED     4.7


SKY COVER
  POSSIBLE SUNSHINE  MM
  AVERAGE SKY COVER 0.1


WEATHER CONDITIONS
 THE FOLLOWING WEATHER WAS RECORDED YESTERDAY.
  NO SIGNIFICANT WEATHER WAS OBSERVED.


RELATIVE HUMIDITY (PERCENT)
 HIGHEST    93           500 AM
 LOWEST     45           200 PM
 AVERAGE    69

..........................................................


THE MOLINE IL CLIMATE NORMALS FOR TODAY
                         NORMAL    RECORD    YEAR
 MAXIMUM TEMPERATURE (F)   86       107      1936
 MINIMUM TEMPERATURE (F)   65        46      1945


SUNRISE AND SUNSET
JULY 11 2014..........SUNRISE   538 AM CDT   SUNSET   836 PM CDT
JULY 12 2014..........SUNRISE   539 AM CDT   SUNSET   836 PM CDT


-  INDICATES NEGATIVE NUMBERS.
R  INDICATES RECORD WAS SET OR TIED.
MM INDICATES DATA IS MISSING.
T  INDICATES TRACE AMOUNT.




$$
