000
CDUS45 KBYZ 022234
CLIMLS


CLIMATE REPORT
NATIONAL WEATHER SERVICE BILLINGS MT
432 PM MDT TUE SEP 2 2014


...................................

...THE MILES CITY MT CLIMATE SUMMARY FOR SEPTEMBER 2 2014...
VALID TODAY AS OF 0400 PM LOCAL TIME.

CLIMATE NORMAL PERIOD 1981 TO 2010
CLIMATE RECORD PERIOD 1937 TO 2014


WEATHER ITEM   OBSERVED TIME   RECORD YEAR NORMAL DEPARTURE LAST
                VALUE   (LST)  VALUE       VALUE  FROM      YEAR
                                                  NORMAL
..................................................................
TEMPERATURE (F)
 TODAY
  MAXIMUM         77    259 PM 100    1940  81     -4       98
  MINIMUM         47    530 AM  32    1974  52     -5       56
  AVERAGE         62                        67     -5       77

PRECIPITATION (IN)
  TODAY            0.00          0.90 1973   0.03  -0.03     0.00
  MONTH TO DATE    0.00                      0.06  -0.06     0.00
  SINCE OCT 1     13.67                     11.42   2.25    15.37
  SINCE JAN 1     11.99                      9.82   2.17    13.84

SNOWFALL (IN)
  TODAY           MM
  MONTH TO DATE   MM
  SINCE SEP 1     MM
  SINCE JUL 1     MM
  SNOW DEPTH      MM

DEGREE DAYS
 HEATING
  TODAY            3                         3      0        0
  MONTH TO DATE    5                         5      0        0
  SINCE SEP 1      5                         5      0        0
  SINCE JUL 1     39                        39      0        0

 COOLING
  TODAY            0                         4     -4       12
  MONTH TO DATE    0                         9     -9       15
  SINCE SEP 1      0                         9     -9       15
  SINCE JAN 1    595                       681    -86      750
..................................................................


WIND (MPH)
  HIGHEST WIND SPEED    14   HIGHEST WIND DIRECTION    NW (310)
  HIGHEST GUST SPEED    18   HIGHEST GUST DIRECTION     W (280)
  AVERAGE WIND SPEED     7.6


SKY COVER
  POSSIBLE SUNSHINE  MM
  AVERAGE SKY COVER 0.1


WEATHER CONDITIONS
 THE FOLLOWING WEATHER WAS RECORDED TODAY.
  NO SIGNIFICANT WEATHER WAS OBSERVED.


RELATIVE HUMIDITY (PERCENT)
 HIGHEST    80           200 AM
 LOWEST     27           200 PM
 AVERAGE    54

..........................................................


THE MILES CITY MT CLIMATE NORMALS FOR TOMORROW
                         NORMAL    RECORD    YEAR
 MAXIMUM TEMPERATURE (F)   81       102      2005
 MINIMUM TEMPERATURE (F)   52        37      1962


SUNRISE AND SUNSET
SEPTEMBER  2 2014.....SUNRISE   625 AM MDT   SUNSET   740 PM MDT
SEPTEMBER  3 2014.....SUNRISE   626 AM MDT   SUNSET   738 PM MDT


-  INDICATES NEGATIVE NUMBERS.
R  INDICATES RECORD WAS SET OR TIED.
MM INDICATES DATA IS MISSING.
T  INDICATES TRACE AMOUNT.





&&

THIS IS AN AUTOMATED...UNATTENDED WEATHER STATION AND MAY
UNDERESTIMATE WINTER PRECIPITATION.

$$
