000
CDUS45 KBYZ 120934
CLIMLS


CLIMATE REPORT
NATIONAL WEATHER SERVICE BILLINGS MT
331 AM MDT SAT JUL 12 2014


...................................

...THE MILES CITY MT CLIMATE SUMMARY FOR JULY 11 2014...

CLIMATE NORMAL PERIOD 1981 TO 2010
CLIMATE RECORD PERIOD 1937 TO 2014


WEATHER ITEM   OBSERVED TIME   RECORD YEAR NORMAL DEPARTURE LAST
                VALUE   (LST)  VALUE       VALUE  FROM      YEAR
                                                  NORMAL
..................................................................
TEMPERATURE (F)
 YESTERDAY
  MAXIMUM         86    211 PM 103    2013  88     -2      103
                                      1939
  MINIMUM         63    456 AM  42    1951  59      4       67
  AVERAGE         75                        73      2       85

PRECIPITATION (IN)
  YESTERDAY        0.05          1.39 1948   0.06  -0.01      T
  MONTH TO DATE    0.09                      0.63  -0.54     0.39
  SINCE OCT 1     11.45                      9.44   2.01    12.95
  SINCE JAN 1      9.77                      7.84   1.93    11.42

SNOWFALL (IN)
  YESTERDAY       MM
  MONTH TO DATE   MM
  SINCE JUN 1     MM
  SINCE JUL 1     MM
  SNOW DEPTH      MM

DEGREE DAYS
 HEATING
  YESTERDAY        0                         0      0        0
  MONTH TO DATE    0                        10    -10        0
  SINCE JUN 1     94                        99     -5       59
  SINCE JUL 1      0                        10    -10        0

 COOLING
  YESTERDAY       10                         9      1       20
  MONTH TO DATE  101                        86     15      137
  SINCE JUN 1    138                       193    -55      230
  SINCE JAN 1    172                       213    -41      243
..................................................................


WIND (MPH)
  HIGHEST WIND SPEED    26   HIGHEST WIND DIRECTION    NE (30)
  HIGHEST GUST SPEED    33   HIGHEST GUST DIRECTION    NE (30)
  AVERAGE WIND SPEED    13.5


SKY COVER
  POSSIBLE SUNSHINE  MM
  AVERAGE SKY COVER 0.1


WEATHER CONDITIONS
 THE FOLLOWING WEATHER WAS RECORDED YESTERDAY.
  THUNDERSTORM
  LIGHT RAIN


RELATIVE HUMIDITY (PERCENT)
 HIGHEST    93           500 AM
 LOWEST     31           200 PM
 AVERAGE    62

..........................................................


THE MILES CITY MT CLIMATE NORMALS FOR TODAY
                         NORMAL    RECORD    YEAR
 MAXIMUM TEMPERATURE (F)   88       104      1954
 MINIMUM TEMPERATURE (F)   59        44      1987


SUNRISE AND SUNSET
JULY 12 2014..........SUNRISE   523 AM MDT   SUNSET   855 PM MDT
JULY 13 2014..........SUNRISE   524 AM MDT   SUNSET   854 PM MDT


-  INDICATES NEGATIVE NUMBERS.
R  INDICATES RECORD WAS SET OR TIED.
MM INDICATES DATA IS MISSING.
T  INDICATES TRACE AMOUNT.





&&

THIS IS AN AUTOMATED...UNATTENDED WEATHER STATION AND MAY
UNDERESTIMATE WINTER PRECIPITATION.

$$
