000
CDUS45 KBYZ 222335
CLIMLS


CLIMATE REPORT
NATIONAL WEATHER SERVICE BILLINGS MT
433 PM MST MON DEC 22 2014


...................................

...THE MILES CITY MT CLIMATE SUMMARY FOR DECEMBER 22 2014...
VALID TODAY AS OF 0400 PM LOCAL TIME.

CLIMATE NORMAL PERIOD 1981 TO 2010
CLIMATE RECORD PERIOD 1937 TO 2014


WEATHER ITEM   OBSERVED TIME   RECORD YEAR NORMAL DEPARTURE LAST
                VALUE   (LST)  VALUE       VALUE  FROM      YEAR
                                                  NORMAL
..................................................................
TEMPERATURE (F)
 TODAY
  MAXIMUM         39    202 AM  60    1954  30      9        4
  MINIMUM         34    236 PM -34    1990   8     26      -11
  AVERAGE         37                        19     18       -3

PRECIPITATION (IN)
  TODAY            T             0.25        0.01  -0.01      T
  MONTH TO DATE    0.06                      0.19  -0.13     0.24
  SINCE OCT 1      0.89                      1.50  -0.61     1.31
  SINCE JAN 1     13.17                     12.34   0.83    16.74

DEGREE DAYS
 HEATING
  TODAY           28                        46    -18       68
  MONTH TO DATE  766                       968   -202     1227
  SINCE DEC 1    766                       968   -202     1227
  SINCE JUL 1   2596                      2767   -171     2934

 COOLING
  TODAY            0                         0      0        0
  MONTH TO DATE    0                         0      0        0
  SINCE DEC 1      0                         0      0        0
  SINCE JAN 1    648                       730    -82      877
..................................................................


WIND (MPH)
  HIGHEST WIND SPEED    33   HIGHEST WIND DIRECTION    NW (330)
  HIGHEST GUST SPEED    41   HIGHEST GUST DIRECTION    NW (310)
  AVERAGE WIND SPEED    21.2


SKY COVER
  POSSIBLE SUNSHINE  MM
  AVERAGE SKY COVER 0.4


WEATHER CONDITIONS
 THE FOLLOWING WEATHER WAS RECORDED TODAY.
  LIGHT RAIN
  LIGHT SNOW


RELATIVE HUMIDITY (PERCENT)
 HIGHEST    75           700 AM
 LOWEST     59           200 AM
 AVERAGE    67

..........................................................


THE MILES CITY MT CLIMATE NORMALS FOR TOMORROW
                         NORMAL    RECORD    YEAR
 MAXIMUM TEMPERATURE (F)   29        51      1963
 MINIMUM TEMPERATURE (F)    8       -33      1983


SUNRISE AND SUNSET
DECEMBER 22 2014......SUNRISE   745 AM MST   SUNSET   420 PM MST
DECEMBER 23 2014......SUNRISE   745 AM MST   SUNSET   420 PM MST


-  INDICATES NEGATIVE NUMBERS.
R  INDICATES RECORD WAS SET OR TIED.
MM INDICATES DATA IS MISSING.
T  INDICATES TRACE AMOUNT.





&&

THIS IS AN AUTOMATED...UNATTENDED WEATHER STATION AND MAY
UNDERESTIMATE WINTER PRECIPITATION.

$$
