000
CDUS45 KBYZ 260933
CLIMLS


CLIMATE REPORT
NATIONAL WEATHER SERVICE BILLINGS MT
331 AM MDT MON SEP 26 2016


...................................

...THE MILES CITY MT CLIMATE SUMMARY FOR SEPTEMBER 25 2016...

CLIMATE NORMAL PERIOD 1981 TO 2010
CLIMATE RECORD PERIOD 1937 TO 2016


WEATHER ITEM   OBSERVED TIME   RECORD YEAR NORMAL DEPARTURE LAST
                VALUE   (LST)  VALUE       VALUE  FROM      YEAR
                                                  NORMAL
..................................................................
TEMPERATURE (F)
 YESTERDAY
  MAXIMUM         67    252 PM  97    2015  69     -2       97
                                      2014
  MINIMUM         43    636 AM  24    1942  42      1       62
  AVERAGE         55                        56     -1       80

PRECIPITATION (IN)
  YESTERDAY        0.00          0.60 1972   0.04  -0.04     0.00
  MONTH TO DATE    2.80                      0.89   1.91     0.18
  SINCE OCT 1     14.72                     12.25   2.47     8.25
  SINCE JAN 1     13.46                     10.65   2.81     7.24

DEGREE DAYS
 HEATING
  YESTERDAY       10                        10      0        0
  MONTH TO DATE  136                       146    -10       46
  SINCE SEP 1    136                       146    -10       46
  SINCE JUL 1    150                       180    -30       87

 COOLING
  YESTERDAY        0                         1     -1       15
  MONTH TO DATE   48                        56     -8       75
  SINCE SEP 1     48                        56     -8       75
  SINCE JAN 1    859                       728    131      814
..................................................................


WIND (MPH)
  HIGHEST WIND SPEED    23   HIGHEST WIND DIRECTION     W (290)
  HIGHEST GUST SPEED    27   HIGHEST GUST DIRECTION     W (290)
  AVERAGE WIND SPEED    11.5


SKY COVER
  POSSIBLE SUNSHINE  MM
  AVERAGE SKY COVER 0.1


WEATHER CONDITIONS
 THE FOLLOWING WEATHER WAS RECORDED YESTERDAY.
  NO SIGNIFICANT WEATHER WAS OBSERVED.


RELATIVE HUMIDITY (PERCENT)
 HIGHEST    83           700 AM
 LOWEST     32           200 PM
 AVERAGE    58

..........................................................


THE MILES CITY MT CLIMATE NORMALS FOR TODAY
                         NORMAL    RECORD    YEAR
 MAXIMUM TEMPERATURE (F)   69        95      2015
 MINIMUM TEMPERATURE (F)   41        20      1942


SUNRISE AND SUNSET
SEPTEMBER 26 2016.....SUNRISE   656 AM MDT   SUNSET   652 PM MDT
SEPTEMBER 27 2016.....SUNRISE   658 AM MDT   SUNSET   650 PM MDT


-  INDICATES NEGATIVE NUMBERS.
R  INDICATES RECORD WAS SET OR TIED.
MM INDICATES DATA IS MISSING.
T  INDICATES TRACE AMOUNT.





&&

THIS IS AN AUTOMATED...UNATTENDED WEATHER STATION AND MAY
UNDERESTIMATE WINTER PRECIPITATION.

$$
