000
CDUS45 KBYZ 052229
CLIMLS


CLIMATE REPORT
NATIONAL WEATHER SERVICE BILLINGS MT
427 PM MDT THU MAY 5 2016


...................................

...THE MILES CITY MT CLIMATE SUMMARY FOR MAY 5 2016...
VALID TODAY AS OF 0400 PM LOCAL TIME.

CLIMATE NORMAL PERIOD 1981 TO 2010
CLIMATE RECORD PERIOD 1937 TO 2016


WEATHER ITEM   OBSERVED TIME   RECORD YEAR NORMAL DEPARTURE LAST
                VALUE   (LST)  VALUE       VALUE  FROM      YEAR
                                                  NORMAL
..................................................................
TEMPERATURE (F)
 TODAY
  MAXIMUM         88    143 PM  89    1966  66     22       82
  MINIMUM         53    450 AM  27    1967  39     14       49
  AVERAGE         71                        52     19       66

PRECIPITATION (IN)
  TODAY            0.00          1.66 1975   0.06  -0.06     0.00
  MONTH TO DATE    0.00                      0.30  -0.30      T
  SINCE OCT 1      6.69                      4.42   2.27     1.91
  SINCE JAN 1      5.43                      2.82   2.61     0.90

DEGREE DAYS
 HEATING
  TODAY            0                        13    -13        0
  MONTH TO DATE   27                        67    -40       30
  SINCE MAR 1   1189                      1579   -390     1217
  SINCE JUL 1   5882                      7313  -1431     6687

 COOLING
  TODAY            6                         0      6        1
  MONTH TO DATE    9                         0      9        1
  SINCE MAR 1     11                         1     10        1
  SINCE JAN 1     11                         1     10        1
..................................................................


WIND (MPH)
  HIGHEST WIND SPEED    15   HIGHEST WIND DIRECTION    SE (150)
  HIGHEST GUST SPEED    17   HIGHEST GUST DIRECTION    SE (150)
  AVERAGE WIND SPEED     9.2


SKY COVER
  POSSIBLE SUNSHINE  MM
  AVERAGE SKY COVER 0.0


WEATHER CONDITIONS
 THE FOLLOWING WEATHER WAS RECORDED TODAY.
  NO SIGNIFICANT WEATHER WAS OBSERVED.


RELATIVE HUMIDITY (PERCENT)
 HIGHEST    71           500 AM
 LOWEST     18           200 PM
 AVERAGE    45

..........................................................


THE MILES CITY MT CLIMATE NORMALS FOR TOMORROW
                         NORMAL    RECORD    YEAR
 MAXIMUM TEMPERATURE (F)   66        90      1992
 MINIMUM TEMPERATURE (F)   40        28      1946


SUNRISE AND SUNSET
MAY  5 2016...........SUNRISE   543 AM MDT   SUNSET   819 PM MDT
MAY  6 2016...........SUNRISE   541 AM MDT   SUNSET   820 PM MDT


-  INDICATES NEGATIVE NUMBERS.
R  INDICATES RECORD WAS SET OR TIED.
MM INDICATES DATA IS MISSING.
T  INDICATES TRACE AMOUNT.





&&

THIS IS AN AUTOMATED...UNATTENDED WEATHER STATION AND MAY
UNDERESTIMATE WINTER PRECIPITATION.

$$
