000
CDUS45 KBYZ 192323
CLIMLS


CLIMATE REPORT
NATIONAL WEATHER SERVICE BILLINGS MT
423 PM MST FRI JAN 19 2018


...................................

...THE MILES CITY MT CLIMATE SUMMARY FOR JANUARY 19 2018...
VALID TODAY AS OF 0400 PM LOCAL TIME.

CLIMATE NORMAL PERIOD 1981 TO 2010
CLIMATE RECORD PERIOD 1937 TO 2018


WEATHER ITEM   OBSERVED TIME   RECORD YEAR NORMAL DEPARTURE LAST
                VALUE   (LST)  VALUE       VALUE  FROM      YEAR
                                                  NORMAL
..................................................................
TEMPERATURE (F)
 TODAY
  MAXIMUM         37    342 PM  60    1944  30      7       31
  MINIMUM         25    151 AM -30    1954   9     16       17
                                      1892
  AVERAGE         31                        20     11       24

PRECIPITATION (IN)
  TODAY            T             0.22 1963   0.01  -0.01     0.00
  MONTH TO DATE    0.17                      0.22  -0.05     0.04
  SINCE OCT 1      1.36                      1.82  -0.46     1.13
  SINCE JAN 1      0.17                      0.22  -0.05     0.04

DEGREE DAYS
 HEATING
  TODAY           34                        45    -11       41
  MONTH TO DATE 1020                       874    146     1151
  SINCE DEC 1   2344                      2259     85     2730
  SINCE JUL 1   4087                      4058     29     4045

 COOLING
  TODAY            0                         0      0        0
  MONTH TO DATE    0                         0      0        0
  SINCE DEC 1      0                         0      0        0
  SINCE JAN 1      0                         0      0        0
..................................................................


WIND (MPH)
  HIGHEST WIND SPEED    20   HIGHEST WIND DIRECTION    SW (240)
  HIGHEST GUST SPEED    23   HIGHEST GUST DIRECTION    SW (240)
  AVERAGE WIND SPEED     9.6


SKY COVER
  POSSIBLE SUNSHINE  MM
  AVERAGE SKY COVER 0.8


WEATHER CONDITIONS
 THE FOLLOWING WEATHER WAS RECORDED TODAY.
  LIGHT RAIN


RELATIVE HUMIDITY (PERCENT)
 HIGHEST    92           300 AM
 LOWEST     84           100 AM
 AVERAGE    88

..........................................................


THE MILES CITY MT CLIMATE NORMALS FOR TOMORROW
                         NORMAL    RECORD    YEAR
 MAXIMUM TEMPERATURE (F)   30        56      1992
 MINIMUM TEMPERATURE (F)    9       -36      1954


SUNRISE AND SUNSET
JANUARY 19 2018.......SUNRISE   740 AM MST   SUNSET   449 PM MST
JANUARY 20 2018.......SUNRISE   739 AM MST   SUNSET   450 PM MST


-  INDICATES NEGATIVE NUMBERS.
R  INDICATES RECORD WAS SET OR TIED.
MM INDICATES DATA IS MISSING.
T  INDICATES TRACE AMOUNT.




$$
