000
CDUS45 KBYZ 041037
CLIMLS


CLIMATE REPORT
NATIONAL WEATHER SERVICE BILLINGS MT
334 AM MST WED MAR 4 2015


...................................

...THE MILES CITY MT CLIMATE SUMMARY FOR MARCH 3 2015...

CLIMATE NORMAL PERIOD 1981 TO 2010
CLIMATE RECORD PERIOD 1937 TO 2015


WEATHER ITEM   OBSERVED TIME   RECORD YEAR NORMAL DEPARTURE LAST
                VALUE   (LST)  VALUE       VALUE  FROM      YEAR
                                                  NORMAL
..................................................................
TEMPERATURE (F)
 YESTERDAY
  MAXIMUM         19    401 PM  68    1992  41    -22       20
  MINIMUM          8   1159 PM -25    1960  18    -10       -1
  AVERAGE         14                        30    -16       10

PRECIPITATION (IN)
  YESTERDAY        T             0.30        0.02  -0.02     0.03
  MONTH TO DATE    T                         0.04  -0.04     0.03
  SINCE OCT 1      1.36                      2.19  -0.83     1.96
  SINCE JAN 1      0.35                      0.59  -0.24     0.28

DEGREE DAYS
 HEATING
  YESTERDAY       51                        35     16       55
  MONTH TO DATE  130                       107     23      200
  SINCE MAR 1    130                       107     23      200
  SINCE JUL 1   5600                      5841   -241     6239

 COOLING
  YESTERDAY        0                         0      0        0
  MONTH TO DATE    0                         0      0        0
  SINCE MAR 1      0                         0      0        0
  SINCE JAN 1      0                         0      0        0
..................................................................


WIND (MPH)
  HIGHEST WIND SPEED    28   HIGHEST WIND DIRECTION    NW (320)
  HIGHEST GUST SPEED    41   HIGHEST GUST DIRECTION     W (290)
  AVERAGE WIND SPEED    16.4


SKY COVER
  POSSIBLE SUNSHINE  MM
  AVERAGE SKY COVER 0.7


WEATHER CONDITIONS
 THE FOLLOWING WEATHER WAS RECORDED YESTERDAY.
  NO SIGNIFICANT WEATHER WAS OBSERVED.


RELATIVE HUMIDITY (PERCENT)
 HIGHEST    69           700 AM
 LOWEST     34           400 PM
 AVERAGE    52

..........................................................


THE MILES CITY MT CLIMATE NORMALS FOR TODAY
                         NORMAL    RECORD    YEAR
 MAXIMUM TEMPERATURE (F)   42        68      1987
 MINIMUM TEMPERATURE (F)   18       -24      1989


SUNRISE AND SUNSET
MARCH  4 2015.........SUNRISE   638 AM MST   SUNSET   554 PM MST
MARCH  5 2015.........SUNRISE   636 AM MST   SUNSET   555 PM MST


-  INDICATES NEGATIVE NUMBERS.
R  INDICATES RECORD WAS SET OR TIED.
MM INDICATES DATA IS MISSING.
T  INDICATES TRACE AMOUNT.





&&

THIS IS AN AUTOMATED...UNATTENDED WEATHER STATION AND MAY
UNDERESTIMATE WINTER PRECIPITATION.

$$
