632
CDUS45 KBYZ 121038
CLIMLS


CLIMATE REPORT
NATIONAL WEATHER SERVICE BILLINGS MT
336 AM MST FRI FEB 12 2016


...................................

...THE MILES CITY MT CLIMATE SUMMARY FOR FEBRUARY 11 2016...

CLIMATE NORMAL PERIOD 1981 TO 2010
CLIMATE RECORD PERIOD 1937 TO 2016


WEATHER ITEM   OBSERVED TIME   RECORD YEAR NORMAL DEPARTURE LAST
                VALUE   (LST)  VALUE       VALUE  FROM      YEAR
                                                  NORMAL
..................................................................
TEMPERATURE (F)
 YESTERDAY
  MAXIMUM         51   1146 AM  60    2005  34     17       26
  MINIMUM         29    959 PM -24    1944  12     17       19
  AVERAGE         40                        23     17       23

PRECIPITATION (IN)
  YESTERDAY        0.00          0.43 1978   0.00   0.00     0.00
  MONTH TO DATE    T                         0.07  -0.07     0.12
  SINCE OCT 1      1.60                      1.99  -0.39     1.35
  SINCE JAN 1      0.34                      0.39  -0.05     0.34

DEGREE DAYS
 HEATING
  YESTERDAY       25                        42    -17       42
  MONTH TO DATE  336                       471   -135      423
  SINCE DEC 1   2809                      3268   -459     2961
  SINCE JUL 1   4237                      5067   -830     4791

 COOLING
  YESTERDAY        0                         0      0        0
  MONTH TO DATE    0                         0      0        0
  SINCE DEC 1      0                         0      0        0
  SINCE JAN 1      0                         0      0        0
..................................................................


WIND (MPH)
  HIGHEST WIND SPEED    28   HIGHEST WIND DIRECTION    NW (330)
  HIGHEST GUST SPEED    34   HIGHEST GUST DIRECTION     N (340)
  AVERAGE WIND SPEED     9.1


SKY COVER
  POSSIBLE SUNSHINE  MM
  AVERAGE SKY COVER 0.8


WEATHER CONDITIONS
 THE FOLLOWING WEATHER WAS RECORDED YESTERDAY.
  FOG


RELATIVE HUMIDITY (PERCENT)
 HIGHEST    92           600 AM
 LOWEST     50          1100 AM
 AVERAGE    71

..........................................................


THE MILES CITY MT CLIMATE NORMALS FOR TODAY
                         NORMAL    RECORD    YEAR
 MAXIMUM TEMPERATURE (F)   35        57      1991
 MINIMUM TEMPERATURE (F)   12       -18      1958


SUNRISE AND SUNSET
FEBRUARY 12 2016......SUNRISE   712 AM MST   SUNSET   524 PM MST
FEBRUARY 13 2016......SUNRISE   711 AM MST   SUNSET   525 PM MST


-  INDICATES NEGATIVE NUMBERS.
R  INDICATES RECORD WAS SET OR TIED.
MM INDICATES DATA IS MISSING.
T  INDICATES TRACE AMOUNT.





&&

THIS IS AN AUTOMATED...UNATTENDED WEATHER STATION AND MAY
UNDERESTIMATE WINTER PRECIPITATION.

$$
