000
CDUS45 KBYZ 270933
CLIMLS


CLIMATE REPORT
NATIONAL WEATHER SERVICE BILLINGS MT
333 AM MDT THU APR 27 2017


...................................

...THE MILES CITY MT CLIMATE SUMMARY FOR APRIL 26 2017...

CLIMATE NORMAL PERIOD 1981 TO 2010
CLIMATE RECORD PERIOD 1937 TO 2017


WEATHER ITEM   OBSERVED TIME   RECORD YEAR NORMAL DEPARTURE LAST
                VALUE   (LST)  VALUE       VALUE  FROM      YEAR
                                                  NORMAL
..................................................................
TEMPERATURE (F)
 YESTERDAY
  MAXIMUM         49    524 PM  88    1952  63    -14       43
  MINIMUM         34    503 AM  20    1995  37     -3       36
  AVERAGE         42                        50     -8       40

PRECIPITATION (IN)
  YESTERDAY        0.00          0.97 1990   0.05  -0.05     0.05
  MONTH TO DATE    0.95                      1.12  -0.17     3.98
  SINCE OCT 1      3.07                      3.87  -0.80     6.31
  SINCE JAN 1      1.98                      2.27  -0.29     5.05

DEGREE DAYS
 HEATING
  YESTERDAY       23                        16      7       25
  MONTH TO DATE  423                       512    -89      391
  SINCE MAR 1   1225                      1453   -228     1078
  SINCE JUL 1   6777                      7187   -410     5771

 COOLING
  YESTERDAY        0                         0      0        0
  MONTH TO DATE    0                         0      0        2
  SINCE MAR 1      0                         0      0        2
  SINCE JAN 1      0                         0      0        2
..................................................................


WIND (MPH)
  HIGHEST WIND SPEED    14   HIGHEST WIND DIRECTION     S (160)
  HIGHEST GUST SPEED    19   HIGHEST GUST DIRECTION    SE (140)
  AVERAGE WIND SPEED     7.1


SKY COVER
  POSSIBLE SUNSHINE  MM
  AVERAGE SKY COVER 0.7


WEATHER CONDITIONS
 THE FOLLOWING WEATHER WAS RECORDED YESTERDAY.
  NO SIGNIFICANT WEATHER WAS OBSERVED.


RELATIVE HUMIDITY (PERCENT)
 HIGHEST    70          1100 PM
 LOWEST     50           400 PM
 AVERAGE    60

..........................................................


THE MILES CITY MT CLIMATE NORMALS FOR TODAY
                         NORMAL    RECORD    YEAR
 MAXIMUM TEMPERATURE (F)   63        85      2004
                                             2001
                                             1992
 MINIMUM TEMPERATURE (F)   37        20      1956


SUNRISE AND SUNSET
APRIL 27 2017.........SUNRISE   555 AM MDT   SUNSET   808 PM MDT
APRIL 28 2017.........SUNRISE   554 AM MDT   SUNSET   809 PM MDT


-  INDICATES NEGATIVE NUMBERS.
R  INDICATES RECORD WAS SET OR TIED.
MM INDICATES DATA IS MISSING.
T  INDICATES TRACE AMOUNT.





&&

THIS IS AN AUTOMATED...UNATTENDED WEATHER STATION AND MAY
UNDERESTIMATE WINTER PRECIPITATION.

$$
