000
CDUS41 KCAR 230533
CLIMLT


CLIMATE REPORT
NATIONAL WEATHER SERVICE CARIBOU, ME
1233 AM EST THU FEB 23 2017


...................................

...THE MILLINOCKET ME CLIMATE SUMMARY FOR FEBRUARY 22 2017...

CLIMATE NORMAL PERIOD 1981 TO 2010
CLIMATE RECORD PERIOD 1903 TO 2017


WEATHER ITEM   OBSERVED TIME   RECORD YEAR NORMAL DEPARTURE LAST
                VALUE   (LST)  VALUE       VALUE  FROM      YEAR
                                                  NORMAL
..................................................................
TEMPERATURE (F)
 YESTERDAY
  MAXIMUM         49    408 PM  54    1912  31     18       MM
  MINIMUM         24   1125 PM -25    1993  11     13       MM
  AVERAGE         37                        21     16       MM

PRECIPITATION (IN)
  YESTERDAY        0.00          0.96 1934   0.10  -0.10     0.00
  MONTH TO DATE    1.35                      1.59  -0.24     1.77
  SINCE DEC 1      7.57                      8.05  -0.48     8.24
  SINCE JAN 1      4.26                      4.52  -0.26     3.84

SNOWFALL (IN)
  YESTERDAY       MM            MM      MM  MM     MM       MM
  MONTH TO DATE   MM                        MM     MM       MM
  SINCE DEC 1     MM                        MM     MM       MM
  SINCE JUL 1     MM                        MM     MM       MM
  SNOW DEPTH      MM

DEGREE DAYS
 HEATING
  YESTERDAY       28                        44    -16       MM
  MONTH TO DATE 1064                      1049     15      883
  SINCE DEC 1   3769                      3952   -183     3160
  SINCE JUL 1   5319                      5795   -476     4701

 COOLING
  YESTERDAY        0                         0      0       MM
  MONTH TO DATE    0                         0      0        0
  SINCE DEC 1      0                         0      0        0
  SINCE JAN 1      0                         0      0        0
..................................................................


WIND (MPH)
  HIGHEST WIND SPEED    12   HIGHEST WIND DIRECTION    NW (300)
  HIGHEST GUST SPEED    17   HIGHEST GUST DIRECTION    NW (310)
  AVERAGE WIND SPEED     2.3


SKY COVER
  POSSIBLE SUNSHINE  MM
  AVERAGE SKY COVER 0.6


WEATHER CONDITIONS
 THE FOLLOWING WEATHER WAS RECORDED YESTERDAY.
  FOG


RELATIVE HUMIDITY (PERCENT)
 HIGHEST    92          1000 PM
 LOWEST     50           400 PM
 AVERAGE    71

..........................................................


THE MILLINOCKET ME CLIMATE NORMALS FOR TODAY
                         NORMAL    RECORD    YEAR
 MAXIMUM TEMPERATURE (F)   31        49      1915
 MINIMUM TEMPERATURE (F)   11       -26      1963


SUNRISE AND SUNSET
FEBRUARY 23 2017......SUNRISE   623 AM EST   SUNSET   513 PM EST
FEBRUARY 24 2017......SUNRISE   622 AM EST   SUNSET   515 PM EST


-  INDICATES NEGATIVE NUMBERS.
R  INDICATES RECORD WAS SET OR TIED.
MM INDICATES DATA IS MISSING.
T  INDICATES TRACE AMOUNT.




$$
