000
CDUS41 KCAR 222027
CLIMLT


CLIMATE REPORT
NATIONAL WEATHER SERVICE CARIBOU, ME
426 PM EDT THU JUN 22 2017


...................................

...THE MILLINOCKET ME CLIMATE SUMMARY FOR JUNE 22 2017...
VALID TODAY AS OF 0400 PM LOCAL TIME.

CLIMATE NORMAL PERIOD 1981 TO 2010
CLIMATE RECORD PERIOD 1903 TO 2017


WEATHER ITEM   OBSERVED TIME   RECORD YEAR NORMAL DEPARTURE LAST
                VALUE   (LST)  VALUE       VALUE  FROM      YEAR
                                                  NORMAL
..................................................................
TEMPERATURE (F)
 TODAY
  MAXIMUM         75    257 PM  93    1938  75      0       MM
  MINIMUM         52    303 AM  39    1950  55     -3       MM
  AVERAGE         64                        65     -1       MM

PRECIPITATION (IN)
  TODAY            0.00          2.16 1918   0.14  -0.14     0.09
  MONTH TO DATE    4.55                      2.99   1.56     2.40
  SINCE JUN 1      4.55                      2.99   1.56     2.40
  SINCE JAN 1     20.23                     18.06   2.17    16.01

SNOWFALL (IN)
  TODAY           MM            MM      MM  MM     MM       MM
  MONTH TO DATE   MM                        MM     MM       MM
  SINCE JUN 1     MM                        MM     MM       MM
  SINCE JUL 1     MM                        MM     MM       MM
  SNOW DEPTH      MM

DEGREE DAYS
 HEATING
  TODAY            1                         2     -1       MM
  MONTH TO DATE   98                       103     -5      112
  SINCE JUN 1     98                       103     -5      112
  SINCE JUL 1   7962                      8393   -431     7271

 COOLING
  TODAY            0                         2     -2       MM
  MONTH TO DATE   46                        29     17        5
  SINCE JUN 1     46                        29     17        5
  SINCE JAN 1     55                        35     20       11
..................................................................


WIND (MPH)
  HIGHEST WIND SPEED    18   HIGHEST WIND DIRECTION    NW (310)
  HIGHEST GUST SPEED    28   HIGHEST GUST DIRECTION     W (290)
  AVERAGE WIND SPEED     6.9


SKY COVER
  POSSIBLE SUNSHINE  MM
  AVERAGE SKY COVER 0.0


WEATHER CONDITIONS
 THE FOLLOWING WEATHER WAS RECORDED TODAY.
  LIGHT RAIN


RELATIVE HUMIDITY (PERCENT)
 HIGHEST   100           300 AM
 LOWEST     33           300 PM
 AVERAGE    67

..........................................................


THE MILLINOCKET ME CLIMATE NORMALS FOR TOMORROW
                         NORMAL    RECORD    YEAR
 MAXIMUM TEMPERATURE (F)   76        98      1907
 MINIMUM TEMPERATURE (F)   55        33      1913


SUNRISE AND SUNSET
JUNE 22 2017..........SUNRISE   446 AM EDT   SUNSET   828 PM EDT
JUNE 23 2017..........SUNRISE   446 AM EDT   SUNSET   828 PM EDT


-  INDICATES NEGATIVE NUMBERS.
R  INDICATES RECORD WAS SET OR TIED.
MM INDICATES DATA IS MISSING.
T  INDICATES TRACE AMOUNT.




$$
