000
CDUS41 KCAR 252030
CLIMLT


CLIMATE REPORT
NATIONAL WEATHER SERVICE CARIBOU, ME
428 PM EDT MON JUL 25 2016


...................................

...THE MILLINOCKET ME CLIMATE SUMMARY FOR JULY 25 2016...
VALID TODAY AS OF 0400 PM LOCAL TIME.

CLIMATE NORMAL PERIOD 1981 TO 2010
CLIMATE RECORD PERIOD 1903 TO 2016


WEATHER ITEM   OBSERVED TIME   RECORD YEAR NORMAL DEPARTURE LAST
                VALUE   (LST)  VALUE       VALUE  FROM      YEAR
                                                  NORMAL
..................................................................
TEMPERATURE (F)
 TODAY
  MAXIMUM         84    248 PM  94    1970  79      5       67
  MINIMUM         62    513 AM  44    2002  58      4       55
  AVERAGE         73                        68      5       61

PRECIPITATION (IN)
  TODAY            0.00          2.15 1914   0.11  -0.11     0.03
  MONTH TO DATE    2.08                      3.18  -1.10     3.22
  SINCE JUN 1      5.00                      7.25  -2.25     7.74
  SINCE JAN 1     18.61                     22.32  -3.71    19.43

SNOWFALL (IN)
  TODAY           MM            MM      MM  MM     MM       MM
  MONTH TO DATE   MM                        MM     MM       MM
  SINCE JUN 1     MM                        MM     MM       MM
  SINCE JUL 1     MM                        MM     MM       MM
  SNOW DEPTH      MM

DEGREE DAYS
 HEATING
  TODAY            0                         1     -1        4
  MONTH TO DATE   33                        25      8       17
  SINCE JUN 1    149                       141      8      177
  SINCE JUL 1     33                        25      8       17

 COOLING
  TODAY            8                         4      4        0
  MONTH TO DATE  116                        97     19       68
  SINCE JUN 1    142                       146     -4       88
  SINCE JAN 1    148                       152     -4      122
..................................................................


WIND (MPH)
  HIGHEST WIND SPEED     8   HIGHEST WIND DIRECTION     S (190)
  HIGHEST GUST SPEED    14   HIGHEST GUST DIRECTION     S (190)
  AVERAGE WIND SPEED     2.4


SKY COVER
  POSSIBLE SUNSHINE  MM
  AVERAGE SKY COVER 0.0


WEATHER CONDITIONS
 THE FOLLOWING WEATHER WAS RECORDED TODAY.
  NO SIGNIFICANT WEATHER WAS OBSERVED.


RELATIVE HUMIDITY (PERCENT)
 HIGHEST    84           300 AM
 LOWEST     37           300 PM
 AVERAGE    61

..........................................................


THE MILLINOCKET ME CLIMATE NORMALS FOR TOMORROW
                         NORMAL    RECORD    YEAR
 MAXIMUM TEMPERATURE (F)   79        96      1963
 MINIMUM TEMPERATURE (F)   57        40      1926


SUNRISE AND SUNSET
JULY 25 2016..........SUNRISE   511 AM EDT   SUNSET   811 PM EDT
JULY 26 2016..........SUNRISE   512 AM EDT   SUNSET   810 PM EDT


-  INDICATES NEGATIVE NUMBERS.
R  INDICATES RECORD WAS SET OR TIED.
MM INDICATES DATA IS MISSING.
T  INDICATES TRACE AMOUNT.




$$
