000
CDUS41 KCAR 292127
CLIMLT


CLIMATE REPORT
NATIONAL WEATHER SERVICE CARIBOU, ME
426 PM EST THU JAN 29 2015


...................................

...THE MILLINOCKET ME CLIMATE SUMMARY FOR JANUARY 29 2015...
VALID TODAY AS OF 0400 PM LOCAL TIME.

CLIMATE NORMAL PERIOD 1981 TO 2010
CLIMATE RECORD PERIOD 1903 TO 2015


WEATHER ITEM   OBSERVED TIME   RECORD YEAR NORMAL DEPARTURE LAST
                VALUE   (LST)  VALUE       VALUE  FROM      YEAR
                                                  NORMAL
..................................................................
TEMPERATURE (F)
 TODAY
  MAXIMUM         28    316 PM  46    1994  24      4       19
  MINIMUM         -3    727 AM -32    1925   4     -7      -11
  AVERAGE         13                        14     -1        4

PRECIPITATION (IN)
  TODAY            T             1.22 1945   0.08  -0.08      T
  MONTH TO DATE    1.40                      2.78  -1.38     3.58
  SINCE DEC 1      7.40                      6.31   1.09     5.82
  SINCE JAN 1      1.40                      2.78  -1.38     3.58

SNOWFALL (IN)
  TODAY           MM            MM      MM  MM     MM       MM
  MONTH TO DATE   MM                        MM     MM       MM
  SINCE DEC 1     MM                        MM     MM       MM
  SINCE JUL 1     MM                        MM     MM       MM
  SNOW DEPTH      MM

DEGREE DAYS
 HEATING
  TODAY           52                        51      1       61
  MONTH TO DATE 1516                      1480     36     1426
  SINCE DEC 1   2705                      2802    -97     2890
  SINCE JUL 1   4301                      4645   -344     4582

 COOLING
  TODAY            0                         0      0        0
  MONTH TO DATE    0                         0      0        0
  SINCE DEC 1      0                         0      0        0
  SINCE JAN 1      0                         0      0        0
..................................................................


WIND (MPH)
  HIGHEST WIND SPEED    17   HIGHEST WIND DIRECTION    NW (310)
  HIGHEST GUST SPEED    22   HIGHEST GUST DIRECTION    NW (310)
  AVERAGE WIND SPEED     3.5


SKY COVER
  POSSIBLE SUNSHINE  MM
  AVERAGE SKY COVER 0.0


WEATHER CONDITIONS
 THE FOLLOWING WEATHER WAS RECORDED TODAY.
  FOG
  HAZE


RELATIVE HUMIDITY (PERCENT)
 HIGHEST    79           500 AM
 LOWEST     32          1200 PM
 AVERAGE    56

..........................................................


THE MILLINOCKET ME CLIMATE NORMALS FOR TOMORROW
                         NORMAL    RECORD    YEAR
 MAXIMUM TEMPERATURE (F)   24        48      2013
 MINIMUM TEMPERATURE (F)    4       -24      1971


SUNRISE AND SUNSET
JANUARY 29 2015.......SUNRISE   700 AM EST   SUNSET   436 PM EST
JANUARY 30 2015.......SUNRISE   659 AM EST   SUNSET   438 PM EST


-  INDICATES NEGATIVE NUMBERS.
R  INDICATES RECORD WAS SET OR TIED.
MM INDICATES DATA IS MISSING.
T  INDICATES TRACE AMOUNT.




$$
