000
CDUS41 KCAR 280547
CLIMLT


CLIMATE REPORT
NATIONAL WEATHER SERVICE CARIBOU, ME
1243 AM EST SUN DEC 28 2014


...................................

...THE MILLINOCKET ME CLIMATE SUMMARY FOR DECEMBER 27 2014...

CLIMATE NORMAL PERIOD 1981 TO 2010
CLIMATE RECORD PERIOD 1903 TO 2014


WEATHER ITEM   OBSERVED TIME   RECORD YEAR NORMAL DEPARTURE LAST
                VALUE   (LST)  VALUE       VALUE  FROM      YEAR
                                                  NORMAL
..................................................................
TEMPERATURE (F)
 YESTERDAY
  MAXIMUM         42    147 PM  54    1964  27     15       26
  MINIMUM         34    924 PM -24    1917   9     25        7
  AVERAGE         38                        18     20       17

PRECIPITATION (IN)
  YESTERDAY        0.00          1.61 1969   0.09  -0.09      T
  MONTH TO DATE    5.46                      3.25   2.21     1.97
  SINCE DEC 1      5.46                      3.25   2.21     1.97
  SINCE JAN 1     38.93                     42.40  -3.47    37.68

SNOWFALL (IN)
  YESTERDAY       MM            MM      MM  MM     MM       MM
  MONTH TO DATE   MM                        MM     MM       MM
  SINCE DEC 1     MM                        MM     MM       MM
  SINCE JUL 1     MM                        MM     MM       MM
  SNOW DEPTH      MM

DEGREE DAYS
 HEATING
  YESTERDAY       27                        47    -20       48
  MONTH TO DATE 1004                      1132   -128     1261
  SINCE DEC 1   1004                      1132   -128     1261
  SINCE JUL 1   2600                      2975   -375     2953

 COOLING
  YESTERDAY        0                         0      0        0
  MONTH TO DATE    0                         0      0        0
  SINCE DEC 1      0                         0      0        0
  SINCE JAN 1    375                       268    107      380
..................................................................


WIND (MPH)
  HIGHEST WIND SPEED    16   HIGHEST WIND DIRECTION     W (260)
  HIGHEST GUST SPEED    25   HIGHEST GUST DIRECTION     W (260)
  AVERAGE WIND SPEED     5.6


SKY COVER
  POSSIBLE SUNSHINE  MM
  AVERAGE SKY COVER 0.8


WEATHER CONDITIONS
 THE FOLLOWING WEATHER WAS RECORDED YESTERDAY.
  NO SIGNIFICANT WEATHER WAS OBSERVED.


RELATIVE HUMIDITY (PERCENT)
 HIGHEST    75           900 PM
 LOWEST     51           200 PM
 AVERAGE    63

..........................................................


THE MILLINOCKET ME CLIMATE NORMALS FOR TODAY
                         NORMAL    RECORD    YEAR
 MAXIMUM TEMPERATURE (F)   27        52      2011
 MINIMUM TEMPERATURE (F)    9       -34      1933


SUNRISE AND SUNSET
DECEMBER 28 2014......SUNRISE   715 AM EST   SUNSET   358 PM EST
DECEMBER 29 2014......SUNRISE   715 AM EST   SUNSET   359 PM EST


-  INDICATES NEGATIVE NUMBERS.
R  INDICATES RECORD WAS SET OR TIED.
MM INDICATES DATA IS MISSING.
T  INDICATES TRACE AMOUNT.




$$
