000
CDUS44 KSHV 272250
CLIMLU


CLIMATE REPORT
NATIONAL WEATHER SERVICE SHREVEPORT, LA
450 PM CST FRI FEB 27 2015


...................................

...THE MONROE CLIMATE SUMMARY FOR FEBRUARY 27 2015...
VALID TODAY AS OF 0400 PM LOCAL TIME.

CLIMATE NORMAL PERIOD 1981 TO 2010
CLIMATE RECORD PERIOD 1930 TO 2015


WEATHER ITEM   OBSERVED TIME   RECORD YEAR NORMAL DEPARTURE LAST
                VALUE   (LST)  VALUE       VALUE  FROM      YEAR
                                                  NORMAL
..................................................................
TEMPERATURE (F)
 TODAY
  MAXIMUM         36    358 PM  85    2011  65    -29       52
  MINIMUM         28    719 AM  22    2002  42    -14       23
  AVERAGE         32                        54    -22       38

PRECIPITATION (IN)
  TODAY            0.00          3.45 2001   0.16  -0.16     0.00
  MONTH TO DATE    4.85                      4.46   0.39     3.58
  SINCE DEC 1     14.24                     14.76  -0.52     7.69
  SINCE JAN 1      9.76                      9.47   0.29     4.43

SNOWFALL (IN)
  TODAY            0.0
  MONTH TO DATE    3.0
  SINCE DEC 1      3.0
  SINCE JUL 1      3.0
  SNOW DEPTH       0

DEGREE DAYS
 HEATING
  TODAY           33                        12     21       27
  MONTH TO DATE  602                       400    202      515
  SINCE DEC 1   1705                      1509    196     1824
  SINCE JUL 1   2179                      1881    298     2304

 COOLING
  TODAY            0                         0      0        0
  MONTH TO DATE    0                         0      0        2
  SINCE DEC 1      1                        11    -10       13
  SINCE JAN 1      0                         4     -4        2
..................................................................


WIND (MPH)
  HIGHEST WIND SPEED    21   HIGHEST WIND DIRECTION    NE (50)
  HIGHEST GUST SPEED    26   HIGHEST GUST DIRECTION    NE (60)
  AVERAGE WIND SPEED    11.5


SKY COVER
  POSSIBLE SUNSHINE  MM
  AVERAGE SKY COVER 0.7


WEATHER CONDITIONS
 THE FOLLOWING WEATHER WAS RECORDED TODAY.
  NO SIGNIFICANT WEATHER WAS OBSERVED.


RELATIVE HUMIDITY (PERCENT)
 HIGHEST    92          1200 AM
 LOWEST     59           400 PM
 AVERAGE    76

..........................................................


THE MONROE CLIMATE NORMALS FOR TOMORROW
                         NORMAL    RECORD    YEAR
 MAXIMUM TEMPERATURE (F)   65        85      1932
 MINIMUM TEMPERATURE (F)   43        20      2002


SUNRISE AND SUNSET
FEBRUARY 27 2015......SUNRISE   638 AM CST   SUNSET   604 PM CST
FEBRUARY 28 2015......SUNRISE   637 AM CST   SUNSET   605 PM CST


-  INDICATES NEGATIVE NUMBERS.
R  INDICATES RECORD WAS SET OR TIED.
MM INDICATES DATA IS MISSING.
T  INDICATES TRACE AMOUNT.




$$
