000
CDUS44 KSHV 112240
CLIMLU


CLIMATE REPORT
NATIONAL WEATHER SERVICE SHREVEPORT, LA
440 PM CST MON DEC 11 2017


...................................

...THE MONROE CLIMATE SUMMARY FOR DECEMBER 11 2017...
VALID TODAY AS OF 0400 PM LOCAL TIME.

CLIMATE NORMAL PERIOD 1981 TO 2010
CLIMATE RECORD PERIOD 1930 TO 2017


WEATHER ITEM   OBSERVED TIME   RECORD YEAR NORMAL DEPARTURE LAST
                VALUE   (LST)  VALUE       VALUE  FROM      YEAR
                                                  NORMAL
..................................................................
TEMPERATURE (F)
 TODAY
  MAXIMUM         73    232 PM  82    2015  60     13       66
  MINIMUM         37    331 AM  20    1995  38     -1       42
  AVERAGE         55                        49      6       54

PRECIPITATION (IN)
  TODAY            0.00          3.03 1998   0.18  -0.18      T
  MONTH TO DATE    1.58                      1.92  -0.34     3.72
  SINCE DEC 1      1.58                      1.92  -0.34     3.72
  SINCE JAN 1     51.98                     50.65   1.33    67.33

SNOWFALL (IN)
  TODAY            0.0
  MONTH TO DATE    0.0
  SINCE DEC 1      0.0
  SINCE JUL 1      0.0
  SNOW DEPTH       0

DEGREE DAYS
 HEATING
  TODAY           10                        17     -7       11
  MONTH TO DATE  152                       169    -17      199
  SINCE DEC 1    152                       169    -17      199
  SINCE JUL 1    456                       541    -85      412

 COOLING
  TODAY            0                         0      0        0
  MONTH TO DATE    2                         0      2        0
  SINCE DEC 1      2                         0      2        0
  SINCE JAN 1   2626                      2508    118     2732
..................................................................


WIND (MPH)
  HIGHEST WIND SPEED    14   HIGHEST WIND DIRECTION    SW (220)
  HIGHEST GUST SPEED    17   HIGHEST GUST DIRECTION     W (280)
  AVERAGE WIND SPEED     5.6


SKY COVER
  POSSIBLE SUNSHINE  MM
  AVERAGE SKY COVER 0.0


WEATHER CONDITIONS
 THE FOLLOWING WEATHER WAS RECORDED TODAY.
  NO SIGNIFICANT WEATHER WAS OBSERVED.


RELATIVE HUMIDITY (PERCENT)
 HIGHEST    82           400 AM
 LOWEST     22           200 PM
 AVERAGE    52

..........................................................


THE MONROE CLIMATE NORMALS FOR TOMORROW
                         NORMAL    RECORD    YEAR
 MAXIMUM TEMPERATURE (F)   59        80      1996
 MINIMUM TEMPERATURE (F)   38        11      1962


SUNRISE AND SUNSET
DECEMBER 11 2017......SUNRISE   700 AM CST   SUNSET   503 PM CST
DECEMBER 12 2017......SUNRISE   701 AM CST   SUNSET   503 PM CST


-  INDICATES NEGATIVE NUMBERS.
R  INDICATES RECORD WAS SET OR TIED.
MM INDICATES DATA IS MISSING.
T  INDICATES TRACE AMOUNT.




$$
