000
CDUS44 KSHV 271245
CLIMLU


CLIMATE REPORT
NATIONAL WEATHER SERVICE SHREVEPORT, LA
745 AM CDT FRI MAR 27 2015


...................................

...THE MONROE CLIMATE SUMMARY FOR MARCH 26 2015...

CLIMATE NORMAL PERIOD 1981 TO 2010
CLIMATE RECORD PERIOD 1930 TO 2015


WEATHER ITEM   OBSERVED TIME   RECORD YEAR NORMAL DEPARTURE LAST
                VALUE   (LST)  VALUE       VALUE  FROM      YEAR
                                                  NORMAL
..................................................................
TEMPERATURE (F)
 YESTERDAY
  MAXIMUM         68   1137 AM  88    2011  73     -5       65
                                      1938
  MINIMUM         44   1158 PM  27    1955  48     -4       31
  AVERAGE         56                        60     -4       48

PRECIPITATION (IN)
  YESTERDAY        0.08          2.25 1934   0.14  -0.06     0.00
  MONTH TO DATE    3.97                      3.99  -0.02     2.08
  SINCE DEC 1     18.21                     18.92  -0.71     9.77
  SINCE JAN 1     13.73                     13.63   0.10     6.51

SNOWFALL (IN)
  YESTERDAY       MM
  MONTH TO DATE    0.4
  SINCE MAR 1      0.4
  SINCE JUL 1      3.9
  SNOW DEPTH       0

DEGREE DAYS
 HEATING
  YESTERDAY        9                         6      3       17
  MONTH TO DATE  240                       224     16      352
  SINCE MAR 1    240                       224     16      352
  SINCE JUL 1   2444                      2118    326     2678

 COOLING
  YESTERDAY        0                         1     -1        0
  MONTH TO DATE    6                        24    -18        1
  SINCE MAR 1      6                        24    -18        1
  SINCE JAN 1      6                        35    -29        3
..................................................................


WIND (MPH)
  HIGHEST WIND SPEED    31   HIGHEST WIND DIRECTION     N (350)
  HIGHEST GUST SPEED    40   HIGHEST GUST DIRECTION     N (350)
  AVERAGE WIND SPEED     7.6


SKY COVER
  POSSIBLE SUNSHINE  MM
  AVERAGE SKY COVER 0.7


WEATHER CONDITIONS
 THE FOLLOWING WEATHER WAS RECORDED YESTERDAY.
  RAIN
  LIGHT RAIN
  FOG
  HAZE


RELATIVE HUMIDITY (PERCENT)
 HIGHEST   100           400 AM
 LOWEST     77           400 PM
 AVERAGE    89

..........................................................


THE MONROE CLIMATE NORMALS FOR TODAY
                         NORMAL    RECORD    YEAR
 MAXIMUM TEMPERATURE (F)   73        91      1935
 MINIMUM TEMPERATURE (F)   49        26      2013
                                             1955


SUNRISE AND SUNSET
MARCH 27 2015.........SUNRISE   703 AM CDT   SUNSET   724 PM CDT
MARCH 28 2015.........SUNRISE   702 AM CDT   SUNSET   725 PM CDT


-  INDICATES NEGATIVE NUMBERS.
R  INDICATES RECORD WAS SET OR TIED.
MM INDICATES DATA IS MISSING.
T  INDICATES TRACE AMOUNT.




$$
