699
CDUS44 KSHV 220842
CLIMLU


CLIMATE REPORT
NATIONAL WEATHER SERVICE SHREVEPORT, LA
241 AM CST THU FEB 22 2018


...................................

...THE MONROE CLIMATE SUMMARY FOR FEBRUARY 21 2018...

CLIMATE NORMAL PERIOD 1981 TO 2010
CLIMATE RECORD PERIOD 1893 TO 2018


WEATHER ITEM   OBSERVED TIME   RECORD YEAR NORMAL DEPARTURE LAST
                VALUE   (LST)  VALUE       VALUE  FROM      YEAR
                                                  NORMAL
..................................................................
TEMPERATURE (F)
 YESTERDAY
  MAXIMUM         75   1044 AM  82    1980  63     12       70
  MINIMUM         55   1159 PM  24    1978  41     14       58
  AVERAGE         65                        52     13       64

PRECIPITATION (IN)
  YESTERDAY        2.57          3.30 1932   0.17   2.40     0.22
  MONTH TO DATE    7.13                      3.44   3.69     2.80
  SINCE DEC 1     12.92                     13.74  -0.82    13.14
  SINCE JAN 1      9.40                      8.45   0.95     8.31

SNOWFALL (IN)
  YESTERDAY        0.0
  MONTH TO DATE    0.0
  SINCE DEC 1      1.3
  SINCE JUL 1      1.3
  SNOW DEPTH       0

DEGREE DAYS
 HEATING
  YESTERDAY        0                        13    -13        1
  MONTH TO DATE  274                       325    -51      166
  SINCE DEC 1   1447                      1434     13      950
  SINCE JUL 1   1751                      1806    -55     1163

 COOLING
  YESTERDAY        0                         0      0        0
  MONTH TO DATE   25                         0     25       30
  SINCE DEC 1     36                        11     25       67
  SINCE JAN 1     25                         4     21       47
..................................................................


WIND (MPH)
  HIGHEST WIND SPEED    29   HIGHEST WIND DIRECTION     N (20)
  HIGHEST GUST SPEED    36   HIGHEST GUST DIRECTION     N (20)
  AVERAGE WIND SPEED     9.9


SKY COVER
  POSSIBLE SUNSHINE  MM
  AVERAGE SKY COVER 0.9


WEATHER CONDITIONS
 THE FOLLOWING WEATHER WAS RECORDED YESTERDAY.
  THUNDERSTORM
  HEAVY RAIN
  RAIN
  LIGHT RAIN
  FOG


RELATIVE HUMIDITY (PERCENT)
 HIGHEST    97           700 AM
 LOWEST     79          1200 AM
 AVERAGE    88

..........................................................


THE MONROE CLIMATE NORMALS FOR TODAY
                         NORMAL    RECORD    YEAR
 MAXIMUM TEMPERATURE (F)   63        84      1996
 MINIMUM TEMPERATURE (F)   41        18      1963


SUNRISE AND SUNSET
FEBRUARY 22 2018......SUNRISE   644 AM CST   SUNSET   600 PM CST
FEBRUARY 23 2018......SUNRISE   643 AM CST   SUNSET   601 PM CST


-  INDICATES NEGATIVE NUMBERS.
R  INDICATES RECORD WAS SET OR TIED.
MM INDICATES DATA IS MISSING.
T  INDICATES TRACE AMOUNT.




$$
