000
CDUS44 KSHV 270752
CLIMLU


CLIMATE REPORT
NATIONAL WEATHER SERVICE SHREVEPORT, LA
249 AM CDT WED MAY 27 2015


...................................

...THE MONROE CLIMATE SUMMARY FOR MAY 26 2015...

CLIMATE NORMAL PERIOD 1981 TO 2010
CLIMATE RECORD PERIOD 1930 TO 2015


WEATHER ITEM   OBSERVED TIME   RECORD YEAR NORMAL DEPARTURE LAST
                VALUE   (LST)  VALUE       VALUE  FROM      YEAR
                                                  NORMAL
..................................................................
TEMPERATURE (F)
 YESTERDAY
  MAXIMUM         86    400 PM  97    1963  88     -2       88
  MINIMUM         63    434 AM  53    1979  66     -3       65
  AVERAGE         75                        77     -2       77

PRECIPITATION (IN)
  YESTERDAY        0.17          2.52 1932   0.16   0.01     0.00
  MONTH TO DATE    6.60                      4.37   2.23     5.36
  SINCE DEC 1     29.55                     28.52   1.03    25.77
  SINCE JAN 1     25.07                     23.23   1.84    22.51

SNOWFALL (IN)
  YESTERDAY        0.0
  MONTH TO DATE    0.0
  SINCE MAR 1      0.4
  SINCE JUL 1      3.9
  SNOW DEPTH       0

DEGREE DAYS
 HEATING
  YESTERDAY        0                         0      0        0
  MONTH TO DATE    3                         3      0       23
  SINCE MAR 1    311                       333    -22      513
  SINCE JUL 1   2515                      2227    288     2839

 COOLING
  YESTERDAY       10                        12     -2       12
  MONTH TO DATE  219                       227     -8      187
  SINCE MAR 1    363                       363      0      273
  SINCE JAN 1    363                       374    -11      275
..................................................................


WIND (MPH)
  HIGHEST WIND SPEED    14   HIGHEST WIND DIRECTION    SW (210)
  HIGHEST GUST SPEED    22   HIGHEST GUST DIRECTION    SE (120)
  AVERAGE WIND SPEED     6.4


SKY COVER
  POSSIBLE SUNSHINE  MM
  AVERAGE SKY COVER 0.4


WEATHER CONDITIONS
 THE FOLLOWING WEATHER WAS RECORDED YESTERDAY.
  THUNDERSTORM
  RAIN
  LIGHT RAIN
  FOG


RELATIVE HUMIDITY (PERCENT)
 HIGHEST   100           400 AM
 LOWEST     61           200 PM
 AVERAGE    81

..........................................................


THE MONROE CLIMATE NORMALS FOR TODAY
                         NORMAL    RECORD    YEAR
 MAXIMUM TEMPERATURE (F)   88        97      1964
 MINIMUM TEMPERATURE (F)   66        50      1961


SUNRISE AND SUNSET
MAY 27 2015...........SUNRISE   603 AM CDT   SUNSET   807 PM CDT
MAY 28 2015...........SUNRISE   603 AM CDT   SUNSET   808 PM CDT


-  INDICATES NEGATIVE NUMBERS.
R  INDICATES RECORD WAS SET OR TIED.
MM INDICATES DATA IS MISSING.
T  INDICATES TRACE AMOUNT.




$$
