000
CDUS44 KSHV 202208
CLIMLU


CLIMATE REPORT
NATIONAL WEATHER SERVICE SHREVEPORT, LA
507 PM CDT SAT SEP 20 2014


...................................

...THE MONROE CLIMATE SUMMARY FOR SEPTEMBER 20 2014...
VALID TODAY AS OF 0500 PM LOCAL TIME.

CLIMATE NORMAL PERIOD 1981 TO 2010
CLIMATE RECORD PERIOD 1930 TO 2014


WEATHER ITEM   OBSERVED TIME   RECORD YEAR NORMAL DEPARTURE LAST
                VALUE   (LST)  VALUE       VALUE  FROM      YEAR
                                                  NORMAL
..................................................................
TEMPERATURE (F)
 TODAY
  MAXIMUM         93    227 PM 102    2005  88      5       86
  MINIMUM         66    613 AM  49    1961  63      3       71
  AVERAGE         80                        75      5       79

PRECIPITATION (IN)
  TODAY            0.00          4.49 1958   0.11  -0.11     1.66
  MONTH TO DATE    1.25                      2.39  -1.14     1.98
  SINCE DEC 1     43.74                     43.16   0.58    38.99
  SINCE JAN 1     40.48                     37.87   2.61    34.26

DEGREE DAYS
 HEATING
  TODAY            0                         0      0        0
  MONTH TO DATE    0                         0      0        0
  SINCE SEP 1      0                         0      0        0
  SINCE JUL 1      0                         0      0        0

 COOLING
  TODAY           15                        11      4       14
  MONTH TO DATE  292                       271     21      357
  SINCE SEP 1    292                       271     21      357
  SINCE JAN 1   2043                      2278   -235     2202
..................................................................


WIND (MPH)
  HIGHEST WIND SPEED     9   HIGHEST WIND DIRECTION     S (180)
  HIGHEST GUST SPEED    14   HIGHEST GUST DIRECTION     S (160)
  AVERAGE WIND SPEED     1.0


SKY COVER
  POSSIBLE SUNSHINE  MM
  AVERAGE SKY COVER 0.1


WEATHER CONDITIONS
 THE FOLLOWING WEATHER WAS RECORDED TODAY.
  FOG
  FOG W/VISIBILITY <= 1/4 MILE


RELATIVE HUMIDITY (PERCENT)
 HIGHEST   100           600 AM
 LOWEST     44           200 PM
 AVERAGE    72

..........................................................


THE MONROE CLIMATE NORMALS FOR TOMORROW
                         NORMAL    RECORD    YEAR
 MAXIMUM TEMPERATURE (F)   88       101      2005
 MINIMUM TEMPERATURE (F)   62        45      1983


SUNRISE AND SUNSET
SEPTEMBER 20 2014.....SUNRISE   655 AM CDT   SUNSET   707 PM CDT
SEPTEMBER 21 2014.....SUNRISE   656 AM CDT   SUNSET   706 PM CDT


-  INDICATES NEGATIVE NUMBERS.
R  INDICATES RECORD WAS SET OR TIED.
MM INDICATES DATA IS MISSING.
T  INDICATES TRACE AMOUNT.




$$
