000
CDUS44 KSHV 300735
CLIMLU


CLIMATE REPORT
NATIONAL WEATHER SERVICE SHREVEPORT, LA
232 AM CDT THU OCT 30 2014


...................................

...THE MONROE CLIMATE SUMMARY FOR OCTOBER 29 2014...

CLIMATE NORMAL PERIOD 1981 TO 2010
CLIMATE RECORD PERIOD 1930 TO 2014


WEATHER ITEM   OBSERVED TIME   RECORD YEAR NORMAL DEPARTURE LAST
                VALUE   (LST)  VALUE       VALUE  FROM      YEAR
                                                  NORMAL
..................................................................
TEMPERATURE (F)
 YESTERDAY
  MAXIMUM         74    304 PM  88    1971  75     -1       81
  MINIMUM         47   1117 PM  29    1952  49     -2       56
  AVERAGE         61                        62     -1       69

PRECIPITATION (IN)
  YESTERDAY        0.72          1.73 1991   0.14   0.58     0.00
  MONTH TO DATE    3.91                      4.50  -0.59     2.89
  SINCE DEC 1     47.65                     48.90  -1.25    42.21
  SINCE JAN 1     44.39                     43.61   0.78    37.48

SNOWFALL (IN)
  YESTERDAY        0.0
  MONTH TO DATE    0.0
  SINCE SEP 1      0.0
  SINCE JUL 1      0.0
  SNOW DEPTH       0

DEGREE DAYS
 HEATING
  YESTERDAY        4                         5     -1        0
  MONTH TO DATE   40                        74    -34       66
  SINCE SEP 1     40                        80    -40       66
  SINCE JUL 1     40                        80    -40       66

 COOLING
  YESTERDAY        0                         2     -2        4
  MONTH TO DATE  135                       116     19      118
  SINCE SEP 1    527                       473     54      571
  SINCE JAN 1   2278                      2480   -202     2416
..................................................................


WIND (MPH)
  HIGHEST WIND SPEED    21   HIGHEST WIND DIRECTION    NE (40)
  HIGHEST GUST SPEED    26   HIGHEST GUST DIRECTION    NE (40)
  AVERAGE WIND SPEED     8.3


SKY COVER
  POSSIBLE SUNSHINE  MM
  AVERAGE SKY COVER 0.4


WEATHER CONDITIONS
 THE FOLLOWING WEATHER WAS RECORDED YESTERDAY.
  THUNDERSTORM
  HEAVY RAIN
  RAIN
  LIGHT RAIN
  FOG


RELATIVE HUMIDITY (PERCENT)
 HIGHEST    90          1200 AM
 LOWEST     33           200 PM
 AVERAGE    62

..........................................................


THE MONROE CLIMATE NORMALS FOR TODAY
                         NORMAL    RECORD    YEAR
 MAXIMUM TEMPERATURE (F)   75        90      1937
 MINIMUM TEMPERATURE (F)   49        29      1952


SUNRISE AND SUNSET
OCTOBER 30 2014.......SUNRISE   724 AM CDT   SUNSET   619 PM CDT
OCTOBER 31 2014.......SUNRISE   725 AM CDT   SUNSET   618 PM CDT


-  INDICATES NEGATIVE NUMBERS.
R  INDICATES RECORD WAS SET OR TIED.
MM INDICATES DATA IS MISSING.
T  INDICATES TRACE AMOUNT.




$$
