000
CDUS44 KSHV 022213
CLIMLU


CLIMATE REPORT
NATIONAL WEATHER SERVICE SHREVEPORT, LA
512 PM CDT TUE SEP 2 2014


...................................

...THE MONROE CLIMATE SUMMARY FOR SEPTEMBER 2 2014...
VALID TODAY AS OF 0500 PM LOCAL TIME.

CLIMATE NORMAL PERIOD 1981 TO 2010
CLIMATE RECORD PERIOD 1930 TO 2014


WEATHER ITEM   OBSERVED TIME   RECORD YEAR NORMAL DEPARTURE LAST
                VALUE   (LST)  VALUE       VALUE  FROM      YEAR
                                                  NORMAL
..................................................................
TEMPERATURE (F)
 TODAY
  MAXIMUM         90   1154 AM 105    2000  93     -3       97
  MINIMUM         75    259 PM  51    1967  69      6       73
  AVERAGE         83                        81      2       85

PRECIPITATION (IN)
  TODAY            0.82          7.40 2008   0.12   0.70     0.04
  MONTH TO DATE    0.82                      0.24   0.58     0.04
  SINCE DEC 1     43.31                     41.01   2.30    37.05
  SINCE JAN 1     40.05                     35.72   4.33    32.32

DEGREE DAYS
 HEATING
  TODAY            0                         0      0        0
  MONTH TO DATE    0                         0      0        0
  SINCE SEP 1      0                         0      0        0
  SINCE JUL 1      0                         0      0        0

 COOLING
  TODAY           18                        16      2       20
  MONTH TO DATE   35                        32      3       40
  SINCE SEP 1     35                        32      3       40
  SINCE JAN 1   1786                      2039   -253     1885
..................................................................


WIND (MPH)
  HIGHEST WIND SPEED    29   HIGHEST WIND DIRECTION     W (250)
  HIGHEST GUST SPEED    33   HIGHEST GUST DIRECTION     W (250)
  AVERAGE WIND SPEED     4.2


SKY COVER
  POSSIBLE SUNSHINE  MM
  AVERAGE SKY COVER 0.7


WEATHER CONDITIONS
 THE FOLLOWING WEATHER WAS RECORDED TODAY.
  THUNDERSTORM
  HEAVY RAIN
  RAIN
  LIGHT RAIN
  FOG
  FOG W/VISIBILITY <= 1/4 MILE
  HAZE


RELATIVE HUMIDITY (PERCENT)
 HIGHEST    94           100 AM
 LOWEST     68          1000 AM
 AVERAGE    81

..........................................................


THE MONROE CLIMATE NORMALS FOR TOMORROW
                         NORMAL    RECORD    YEAR
 MAXIMUM TEMPERATURE (F)   92       104      2000
 MINIMUM TEMPERATURE (F)   69        55      1974


SUNRISE AND SUNSET
SEPTEMBER  2 2014.....SUNRISE   644 AM CDT   SUNSET   731 PM CDT
SEPTEMBER  3 2014.....SUNRISE   644 AM CDT   SUNSET   730 PM CDT


-  INDICATES NEGATIVE NUMBERS.
R  INDICATES RECORD WAS SET OR TIED.
MM INDICATES DATA IS MISSING.
T  INDICATES TRACE AMOUNT.




$$
