000
CDUS44 KSHV 280746
CLIMLU


CLIMATE REPORT
NATIONAL WEATHER SERVICE SHREVEPORT, LA
246 AM CDT FRI AUG 28 2015


...................................

...THE MONROE CLIMATE SUMMARY FOR AUGUST 27 2015...

CLIMATE NORMAL PERIOD 1981 TO 2010
CLIMATE RECORD PERIOD 1930 TO 2015


WEATHER ITEM   OBSERVED TIME   RECORD YEAR NORMAL DEPARTURE LAST
                VALUE   (LST)  VALUE       VALUE  FROM      YEAR
                                                  NORMAL
..................................................................
TEMPERATURE (F)
 YESTERDAY
  MAXIMUM         91    146 PM 101    2000  94     -3       96
  MINIMUM         61    549 AM  58    1966  70     -9       66
  AVERAGE         76                        82     -6       81

PRECIPITATION (IN)
  YESTERDAY        0.00          1.26 1986   0.10  -0.10     0.00
  MONTH TO DATE    0.41                      2.74  -2.33     4.31
  SINCE DEC 1     36.06                     40.33  -4.27    39.63
  SINCE JAN 1     31.58                     35.04  -3.46    36.37

SNOWFALL (IN)
  YESTERDAY        0.0
  MONTH TO DATE    0.0
  SINCE JUN 1      0.0
  SINCE JUL 1      0.0
  SNOW DEPTH       0

DEGREE DAYS
 HEATING
  YESTERDAY        0                         0      0        0
  MONTH TO DATE    0                         0      0        0
  SINCE JUN 1      0                         0      0        0
  SINCE JUL 1      0                         0      0        0

 COOLING
  YESTERDAY       11                        17     -6       16
  MONTH TO DATE  503                       480     23      435
  SINCE JUN 1   1593                      1505     88     1361
  SINCE JAN 1   2015                      1940     75     1691
..................................................................


WIND (MPH)
  HIGHEST WIND SPEED    18   HIGHEST WIND DIRECTION     N (350)
  HIGHEST GUST SPEED    23   HIGHEST GUST DIRECTION     N (350)
  AVERAGE WIND SPEED     6.7


SKY COVER
  POSSIBLE SUNSHINE  MM
  AVERAGE SKY COVER 0.1


WEATHER CONDITIONS
 THE FOLLOWING WEATHER WAS RECORDED YESTERDAY.
  HAZE


RELATIVE HUMIDITY (PERCENT)
 HIGHEST    90           300 AM
 LOWEST     32           200 PM
 AVERAGE    61

..........................................................


THE MONROE CLIMATE NORMALS FOR TODAY
                         NORMAL    RECORD    YEAR
 MAXIMUM TEMPERATURE (F)   93       102      1954
 MINIMUM TEMPERATURE (F)   70        51      1968


SUNRISE AND SUNSET
AUGUST 28 2015........SUNRISE   640 AM CDT   SUNSET   738 PM CDT
AUGUST 29 2015........SUNRISE   641 AM CDT   SUNSET   737 PM CDT


-  INDICATES NEGATIVE NUMBERS.
R  INDICATES RECORD WAS SET OR TIED.
MM INDICATES DATA IS MISSING.
T  INDICATES TRACE AMOUNT.




$$
