000
CDUS46 KPQR 210228
CLIMMV


CLIMATE REPORT
NATIONAL WEATHER SERVICE PORTLAND OREGON
728 PM PDT WED AUG 20 2014


...................................

...THE MCMINNVILLE OR CLIMATE SUMMARY FOR AUGUST 20 2014...
VALID TODAY AS OF 0700 PM LOCAL TIME.

CLIMATE NORMAL PERIOD 1981 TO 2010
CLIMATE RECORD PERIOD 1894 TO 2014


WEATHER ITEM   OBSERVED TIME   RECORD YEAR NORMAL DEPARTURE LAST
                VALUE   (LST)  VALUE       VALUE  FROM      YEAR
                                                  NORMAL
..................................................................
TEMPERATURE (F)
 TODAY
  MAXIMUM         80        MM 101    1951  82     -2       86
  MINIMUM         60    300 AM  34    1899  50     10       49
  AVERAGE         70                        66      4       68

PRECIPITATION (IN)
  TODAY            0.00          0.56 1899   0.02  -0.02     0.00
  MONTH TO DATE    0.01                      0.31  -0.30     0.17
  SINCE OCT 1     27.47                     38.09 -10.62    31.71
  SINCE JAN 1     22.51                     22.06   0.45    10.57

DEGREE DAYS
 HEATING
  TODAY            0                         1     -1        0
  MONTH TO DATE    0                        20    -20        3
  SINCE JUL 1      4                        64    -60       14

 COOLING
  TODAY            5                         2      3        3
  MONTH TO DATE  155                        59     96      103
  SINCE JAN 1    395                       159    236      289
..................................................................


WIND (MPH)
  HIGHEST WIND SPEED     9   HIGHEST WIND DIRECTION     E (70)
  HIGHEST GUST SPEED    MM   HIGHEST GUST DIRECTION    MM
  AVERAGE WIND SPEED     5.3


SKY COVER
  POSSIBLE SUNSHINE  MM
  AVERAGE SKY COVER 0.5


WEATHER CONDITIONS
 THE FOLLOWING WEATHER WAS RECORDED TODAY.
  NO SIGNIFICANT WEATHER WAS OBSERVED.


RELATIVE HUMIDITY (PERCENT)
 HIGHEST    84          1200 AM
 LOWEST     37           300 PM
 AVERAGE    61

..........................................................


THE MCMINNVILLE OR CLIMATE NORMALS FOR TOMORROW
                         NORMAL    RECORD    YEAR
 MAXIMUM TEMPERATURE (F)   82        99      1961
 MINIMUM TEMPERATURE (F)   50        32      1899


SUNRISE AND SUNSET
AUGUST 20 2014........SUNRISE   520 AM PST   SUNSET   711 PM PST
AUGUST 21 2014........SUNRISE   521 AM PST   SUNSET   709 PM PST


-  INDICATES NEGATIVE NUMBERS.
R  INDICATES RECORD WAS SET OR TIED.
MM INDICATES DATA IS MISSING.
T  INDICATES TRACE AMOUNT.




$$
