000
CDUS46 KPQR 260221
CLIMMV


CLIMATE REPORT
NATIONAL WEATHER SERVICE PORTLAND OREGON
720 PM PDT FRI JUL 25 2014


...................................

...THE MCMINNVILLE OR CLIMATE SUMMARY FOR JULY 25 2014...
VALID TODAY AS OF 0700 PM LOCAL TIME.

CLIMATE NORMAL PERIOD 1981 TO 2010
CLIMATE RECORD PERIOD 1894 TO 2014


WEATHER ITEM   OBSERVED TIME   RECORD YEAR NORMAL DEPARTURE LAST
                VALUE   (LST)  VALUE       VALUE  FROM      YEAR
                                                  NORMAL
..................................................................
TEMPERATURE (F)
 TODAY
  MAXIMUM         81        MM 107    1928  83     -2       94
  MINIMUM         49        MM  40    1930  52     -3       53
  AVERAGE         65                        67     -2       74

PRECIPITATION (IN)
  TODAY            0.00          0.10 1983   0.01  -0.01     0.00
  MONTH TO DATE    0.38                      0.45  -0.07      T
  SINCE OCT 1     27.46                     37.73 -10.27    31.54
  SINCE JAN 1     22.50                     21.70   0.80    10.40

DEGREE DAYS
 HEATING
  TODAY            0                         1     -1        0
  MONTH TO DATE    4                        39    -35       10
  SINCE JUL 1      4                        39    -35       10

 COOLING
  TODAY            0                         3     -3        9
  MONTH TO DATE  157                        59     98      117
  SINCE JAN 1    187                        81    106      170
..................................................................


WIND (MPH)
  HIGHEST WIND SPEED     6   HIGHEST WIND DIRECTION    NE (50)
  HIGHEST GUST SPEED    MM   HIGHEST GUST DIRECTION    MM
  AVERAGE WIND SPEED     3.1


SKY COVER
  POSSIBLE SUNSHINE  MM
  AVERAGE SKY COVER 0.1


WEATHER CONDITIONS
 THE FOLLOWING WEATHER WAS RECORDED TODAY.
  NO SIGNIFICANT WEATHER WAS OBSERVED.


RELATIVE HUMIDITY (PERCENT)
 HIGHEST    93           600 AM
 LOWEST     39           400 PM
 AVERAGE    66

..........................................................


THE MCMINNVILLE OR CLIMATE NORMALS FOR TOMORROW
                         NORMAL    RECORD    YEAR
 MAXIMUM TEMPERATURE (F)   83       104      1939
 MINIMUM TEMPERATURE (F)   52        39      1969


SUNRISE AND SUNSET
JULY 25 2014..........SUNRISE   450 AM PST   SUNSET   748 PM PST
JULY 26 2014..........SUNRISE   451 AM PST   SUNSET   747 PM PST


-  INDICATES NEGATIVE NUMBERS.
R  INDICATES RECORD WAS SET OR TIED.
MM INDICATES DATA IS MISSING.
T  INDICATES TRACE AMOUNT.




$$
