637
CDUS46 KPQR 251142
CLIMMV


CLIMATE REPORT
NATIONAL WEATHER SERVICE PORTLAND OREGON
442 AM PDT THU MAY 25 2017


...................................

...THE MCMINNVILLE OR CLIMATE SUMMARY FOR MAY 24 2017...

CLIMATE NORMAL PERIOD 1981 TO 2010
CLIMATE RECORD PERIOD 1894 TO 2017


WEATHER ITEM   OBSERVED TIME   RECORD YEAR NORMAL DEPARTURE LAST
                VALUE   (LST)  VALUE       VALUE  FROM      YEAR
                                                  NORMAL
..................................................................
TEMPERATURE (F)
 YESTERDAY
  MAXIMUM         66    403 PM  92    1992  69     -3       69
  MINIMUM         42    553 AM  31    1955  45     -3       50
  AVERAGE         54                        57     -3       60

PRECIPITATION (IN)
  YESTERDAY        0.00          0.77 1911   0.07  -0.07     0.00
  MONTH TO DATE    1.94                      1.73   0.21     0.74
  SINCE OCT 1     52.45                     35.24  17.21    47.50
  SINCE JAN 1     28.64                     19.21   9.43    22.43

DEGREE DAYS
 HEATING
  YESTERDAY       11                         9      2        5
  MONTH TO DATE  205                       248    -43      130
  SINCE JUL 1   4488                      4646   -158     3659

 COOLING
  YESTERDAY        0                         0      0        0
  MONTH TO DATE   20                         0     20        5
  SINCE JAN 1     20                         0     20       16
..................................................................


WIND (MPH)
  HIGHEST WIND SPEED    15   HIGHEST WIND DIRECTION    NW (310)
  HIGHEST GUST SPEED    19   HIGHEST GUST DIRECTION    NW (330)
  AVERAGE WIND SPEED     4.8


SKY COVER
  POSSIBLE SUNSHINE  MM
  AVERAGE SKY COVER 0.5


WEATHER CONDITIONS
 THE FOLLOWING WEATHER WAS RECORDED YESTERDAY.
  NO SIGNIFICANT WEATHER WAS OBSERVED.


RELATIVE HUMIDITY (PERCENT)
 HIGHEST    89           300 AM
 LOWEST     44           200 PM
 AVERAGE    67

..........................................................


THE MCMINNVILLE OR CLIMATE NORMALS FOR TODAY
                         NORMAL    RECORD    YEAR
 MAXIMUM TEMPERATURE (F)   69        96      1928
 MINIMUM TEMPERATURE (F)   45        31      1975


SUNRISE AND SUNSET
MAY 25 2017...........SUNRISE   433 AM PST   SUNSET   747 PM PST
MAY 26 2017...........SUNRISE   432 AM PST   SUNSET   748 PM PST


-  INDICATES NEGATIVE NUMBERS.
R  INDICATES RECORD WAS SET OR TIED.
MM INDICATES DATA IS MISSING.
T  INDICATES TRACE AMOUNT.




$$
