000
CDUS46 KPQR 221141
CLIMMV


CLIMATE REPORT
NATIONAL WEATHER SERVICE PORTLAND OREGON
340 AM PST WED NOV 22 2017


...................................

...THE MCMINNVILLE OR CLIMATE SUMMARY FOR NOVEMBER 21 2017...

CLIMATE NORMAL PERIOD 1981 TO 2010
CLIMATE RECORD PERIOD 1894 TO 2017


WEATHER ITEM   OBSERVED TIME   RECORD YEAR NORMAL DEPARTURE LAST
                VALUE   (LST)  VALUE       VALUE  FROM      YEAR
                                                  NORMAL
..................................................................
TEMPERATURE (F)
 YESTERDAY
  MAXIMUM         59   1044 PM  70    1917  50      9       56
  MINIMUM         47    315 AM  21    1900  38      9       41
  AVERAGE         53                        44      9       49

PRECIPITATION (IN)
  YESTERDAY        0.53          3.30 1921   0.24   0.29     0.05
  MONTH TO DATE    6.38                      4.38   2.00     3.08
  SINCE OCT 1     10.51                      7.53   2.98    13.20
  SINCE JAN 1     42.25                     31.24  11.01    38.47

DEGREE DAYS
 HEATING
  YESTERDAY       12                        21     -9       16
  MONTH TO DATE  364                       400    -36      275
  SINCE JUL 1    806                      1023   -217      734

 COOLING
  YESTERDAY        0                         0      0        0
  MONTH TO DATE    0                         0      0        0
  SINCE JAN 1    507                       215    292      363
..................................................................


WIND (MPH)
  HIGHEST WIND SPEED    13   HIGHEST WIND DIRECTION     E (110)
  HIGHEST GUST SPEED    24   HIGHEST GUST DIRECTION     N (340)
  AVERAGE WIND SPEED     4.2


SKY COVER
  POSSIBLE SUNSHINE  MM
  AVERAGE SKY COVER 1.0


WEATHER CONDITIONS
 THE FOLLOWING WEATHER WAS RECORDED YESTERDAY.
  RAIN
  LIGHT RAIN
  FOG


RELATIVE HUMIDITY (PERCENT)
 HIGHEST   100           200 AM
 LOWEST     93          1200 AM
 AVERAGE    97

..........................................................


THE MCMINNVILLE OR CLIMATE NORMALS FOR TODAY
                         NORMAL    RECORD    YEAR
 MAXIMUM TEMPERATURE (F)   50        63      1936
 MINIMUM TEMPERATURE (F)   38        21      1900


SUNRISE AND SUNSET
NOVEMBER 22 2017......SUNRISE   721 AM PST   SUNSET   437 PM PST
NOVEMBER 23 2017......SUNRISE   722 AM PST   SUNSET   436 PM PST


-  INDICATES NEGATIVE NUMBERS.
R  INDICATES RECORD WAS SET OR TIED.
MM INDICATES DATA IS MISSING.
T  INDICATES TRACE AMOUNT.




$$
