466
CDUS46 KPQR 241153
CLIMMV


CLIMATE REPORT
NATIONAL WEATHER SERVICE PORTLAND OREGON
353 AM PST TUE JAN 24 2017


...................................

...THE MCMINNVILLE OR CLIMATE SUMMARY FOR JANUARY 23 2017...

CLIMATE NORMAL PERIOD 1981 TO 2010
CLIMATE RECORD PERIOD 1894 TO 2017


WEATHER ITEM   OBSERVED TIME   RECORD YEAR NORMAL DEPARTURE LAST
                VALUE   (LST)  VALUE       VALUE  FROM      YEAR
                                                  NORMAL
..................................................................
TEMPERATURE (F)
 YESTERDAY
  MAXIMUM         54    219 PM  61    1970  49      5       51
  MINIMUM         32   1057 PM   5    1943  34     -2       45
  AVERAGE         43                        42      1       48

PRECIPITATION (IN)
  YESTERDAY        0.00          1.71 1905   0.18  -0.18     0.26
  MONTH TO DATE    3.68                      4.73  -1.05     6.88
  SINCE OCT 1     27.49                     20.76   6.73    31.95
  SINCE JAN 1      3.68                      4.73  -1.05     6.88

DEGREE DAYS
 HEATING
  YESTERDAY       22                        24     -2       17
  MONTH TO DATE  712                       564    148      524
  SINCE JUL 1   2481                      2569    -88     2139

 COOLING
  YESTERDAY        0                         0      0        0
  MONTH TO DATE    0                         0      0        0
  SINCE JAN 1      0                         0      0        0
..................................................................


WIND (MPH)
  HIGHEST WIND SPEED    13   HIGHEST WIND DIRECTION     N (360)
  HIGHEST GUST SPEED    15   HIGHEST GUST DIRECTION     N (360)
  AVERAGE WIND SPEED     4.3


SKY COVER
  POSSIBLE SUNSHINE  MM
  AVERAGE SKY COVER 0.3


WEATHER CONDITIONS
 THE FOLLOWING WEATHER WAS RECORDED YESTERDAY.
  FOG


RELATIVE HUMIDITY (PERCENT)
 HIGHEST    96           500 AM
 LOWEST     54           200 PM
 AVERAGE    75

..........................................................


THE MCMINNVILLE OR CLIMATE NORMALS FOR TODAY
                         NORMAL    RECORD    YEAR
 MAXIMUM TEMPERATURE (F)   49        64      1958
 MINIMUM TEMPERATURE (F)   34        -2      1943


SUNRISE AND SUNSET
JANUARY 24 2017.......SUNRISE   741 AM PST   SUNSET   509 PM PST
JANUARY 25 2017.......SUNRISE   740 AM PST   SUNSET   511 PM PST


-  INDICATES NEGATIVE NUMBERS.
R  INDICATES RECORD WAS SET OR TIED.
MM INDICATES DATA IS MISSING.
T  INDICATES TRACE AMOUNT.




$$
