000
CDUS46 KPQR 291145
CLIMMV


CLIMATE REPORT
NATIONAL WEATHER SERVICE PORTLAND OREGON
445 AM PDT SUN MAR 29 2015


...................................

...THE MCMINNVILLE OR CLIMATE SUMMARY FOR MARCH 28 2015...

CLIMATE NORMAL PERIOD 1981 TO 2010
CLIMATE RECORD PERIOD 1894 TO 2015


WEATHER ITEM   OBSERVED TIME   RECORD YEAR NORMAL DEPARTURE LAST
                VALUE   (LST)  VALUE       VALUE  FROM      YEAR
                                                  NORMAL
..................................................................
TEMPERATURE (F)
 YESTERDAY
  MAXIMUM         61    249 PM  87    1923  58      3       56
  MINIMUM         45    601 AM  26    1949  38      7       47
  AVERAGE         53                        48      5       52

PRECIPITATION (IN)
  YESTERDAY        T             1.49 2014   0.11  -0.11     1.49
  MONTH TO DATE    3.70                      3.67   0.03     6.53
  SINCE OCT 1     29.22                     30.24  -1.02    19.76
  SINCE JAN 1     12.98                     14.21  -1.23    14.80

DEGREE DAYS
 HEATING
  YESTERDAY       12                        17     -5       13
  MONTH TO DATE  394                       522   -128      452
  SINCE JUL 1   2871                      3901  -1030     3877

 COOLING
  YESTERDAY        0                         0      0        0
  MONTH TO DATE    0                         0      0        0
  SINCE JAN 1      0                         0      0        0
..................................................................


WIND (MPH)
  HIGHEST WIND SPEED    13   HIGHEST WIND DIRECTION    SW (210)
  HIGHEST GUST SPEED    20   HIGHEST GUST DIRECTION    SW (210)
  AVERAGE WIND SPEED     6.6


SKY COVER
  POSSIBLE SUNSHINE  MM
  AVERAGE SKY COVER 0.4


WEATHER CONDITIONS
 THE FOLLOWING WEATHER WAS RECORDED YESTERDAY.
  LIGHT RAIN


RELATIVE HUMIDITY (PERCENT)
 HIGHEST    93           400 AM
 LOWEST     55           100 PM
 AVERAGE    74

..........................................................


THE MCMINNVILLE OR CLIMATE NORMALS FOR TODAY
                         NORMAL    RECORD    YEAR
 MAXIMUM TEMPERATURE (F)   58        87      1930
 MINIMUM TEMPERATURE (F)   38        26      1972


SUNRISE AND SUNSET
MARCH 29 2015.........SUNRISE   559 AM PST   SUNSET   636 PM PST
MARCH 30 2015.........SUNRISE   557 AM PST   SUNSET   638 PM PST


-  INDICATES NEGATIVE NUMBERS.
R  INDICATES RECORD WAS SET OR TIED.
MM INDICATES DATA IS MISSING.
T  INDICATES TRACE AMOUNT.




$$
