000
CDUS46 KPQR 041144
CLIMMV


CLIMATE REPORT
NATIONAL WEATHER SERVICE PORTLAND OREGON
443 AM PDT TUE AUG 4 2015


...................................

...THE MCMINNVILLE OR CLIMATE SUMMARY FOR AUGUST 3 2015...

CLIMATE NORMAL PERIOD 1981 TO 2010
CLIMATE RECORD PERIOD 1894 TO 2015


WEATHER ITEM   OBSERVED TIME   RECORD YEAR NORMAL DEPARTURE LAST
                VALUE   (LST)  VALUE       VALUE  FROM      YEAR
                                                  NORMAL
..................................................................
TEMPERATURE (F)
 YESTERDAY
  MAXIMUM         83    528 PM 103    1952  83      0       95
  MINIMUM         59   1157 PM  37    1950  51      8       57
  AVERAGE         71                        67      4       76

PRECIPITATION (IN)
  YESTERDAY        0.00          0.30 1962   0.01  -0.01     0.00
  MONTH TO DATE    T                         0.02  -0.02      T
  SINCE OCT 1     32.44                     37.80  -5.36    27.46
  SINCE JAN 1     16.20                     21.77  -5.57    22.50

DEGREE DAYS
 HEATING
  YESTERDAY        0                         1     -1        0
  MONTH TO DATE    0                         3     -3        0
  SINCE JUL 1      5                        47    -42        4

 COOLING
  YESTERDAY        6                         3      3       11
  MONTH TO DATE   23                         9     14       35
  SINCE JAN 1    369                       109    260      275
..................................................................


WIND (MPH)
  HIGHEST WIND SPEED    13   HIGHEST WIND DIRECTION    SW (230)
  HIGHEST GUST SPEED    15   HIGHEST GUST DIRECTION    SW (240)
  AVERAGE WIND SPEED     3.8


SKY COVER
  POSSIBLE SUNSHINE  MM
  AVERAGE SKY COVER 0.0


WEATHER CONDITIONS
 THE FOLLOWING WEATHER WAS RECORDED YESTERDAY.
  NO SIGNIFICANT WEATHER WAS OBSERVED.


RELATIVE HUMIDITY (PERCENT)
 HIGHEST    84           600 AM
 LOWEST     34           100 PM
 AVERAGE    59

..........................................................


THE MCMINNVILLE OR CLIMATE NORMALS FOR TODAY
                         NORMAL    RECORD    YEAR
 MAXIMUM TEMPERATURE (F)   83       102      2012
 MINIMUM TEMPERATURE (F)   51        37      1950


SUNRISE AND SUNSET
AUGUST  4 2015........SUNRISE   501 AM PST   SUNSET   736 PM PST
AUGUST  5 2015........SUNRISE   502 AM PST   SUNSET   734 PM PST


-  INDICATES NEGATIVE NUMBERS.
R  INDICATES RECORD WAS SET OR TIED.
MM INDICATES DATA IS MISSING.
T  INDICATES TRACE AMOUNT.




$$
