000
CDUS46 KPQR 030222
CLIMMV


CLIMATE REPORT
NATIONAL WEATHER SERVICE PORTLAND OREGON
722 PM PDT TUE SEP 2 2014


...................................

...THE MCMINNVILLE OR CLIMATE SUMMARY FOR SEPTEMBER 2 2014...
VALID TODAY AS OF 0700 PM LOCAL TIME.

CLIMATE NORMAL PERIOD 1981 TO 2010
CLIMATE RECORD PERIOD 1894 TO 2014


WEATHER ITEM   OBSERVED TIME   RECORD YEAR NORMAL DEPARTURE LAST
                VALUE   (LST)  VALUE       VALUE  FROM      YEAR
                                                  NORMAL
..................................................................
TEMPERATURE (F)
 TODAY
  MAXIMUM         79        MM 105    1988  80     -1       79
  MINIMUM         53        MM  33    1960  49      4       63
  AVERAGE         66                        65      1       71

PRECIPITATION (IN)
  TODAY            0.00          0.82 2000   0.04  -0.04     0.07
  MONTH TO DATE    0.00                      0.07  -0.07     0.07
  SINCE OCT 1     27.60                     38.43 -10.83    32.27
  SINCE JAN 1     22.64                     22.40   0.24    11.13

DEGREE DAYS
 HEATING
  TODAY            0                         2     -2        0
  MONTH TO DATE    0                         4     -4        0
  SINCE JUL 1      6                        89    -83       17

 COOLING
  TODAY            1                         2     -1        6
  MONTH TO DATE    2                         4     -2       10
  SINCE JAN 1    447                       188    259      347
..................................................................


WIND (MPH)
  HIGHEST WIND SPEED    17   HIGHEST WIND DIRECTION    NW (310)
  HIGHEST GUST SPEED    22   HIGHEST GUST DIRECTION     W (290)
  AVERAGE WIND SPEED     4.6


SKY COVER
  POSSIBLE SUNSHINE  MM
  AVERAGE SKY COVER 0.5


WEATHER CONDITIONS
 THE FOLLOWING WEATHER WAS RECORDED TODAY.
  NO SIGNIFICANT WEATHER WAS OBSERVED.


RELATIVE HUMIDITY (PERCENT)
 HIGHEST    93          1200 AM
 LOWEST     39           300 PM
 AVERAGE    66

..........................................................


THE MCMINNVILLE OR CLIMATE NORMALS FOR TOMORROW
                         NORMAL    RECORD    YEAR
 MAXIMUM TEMPERATURE (F)   80       102      1988
 MINIMUM TEMPERATURE (F)   49        36      1956


SUNRISE AND SUNSET
SEPTEMBER  2 2014.....SUNRISE   536 AM PST   SUNSET   648 PM PST
SEPTEMBER  3 2014.....SUNRISE   537 AM PST   SUNSET   646 PM PST


-  INDICATES NEGATIVE NUMBERS.
R  INDICATES RECORD WAS SET OR TIED.
MM INDICATES DATA IS MISSING.
T  INDICATES TRACE AMOUNT.




$$
