000
CDUS44 KMOB 232239
CLIMOB


CLIMATE REPORT
NATIONAL WEATHER SERVICE MOBILE AL
536 PM CDT TUE AUG 23 2016


...................................

...THE MOBILE CLIMATE SUMMARY FOR AUGUST 23 2016...
VALID TODAY AS OF 0500 PM LOCAL TIME.

CLIMATE NORMAL PERIOD 1981 TO 2010
CLIMATE RECORD PERIOD 1842 TO 2016


WEATHER ITEM   OBSERVED TIME   RECORD YEAR NORMAL DEPARTURE LAST
                VALUE   (LST)  VALUE       VALUE  FROM      YEAR
                                                  NORMAL
..................................................................
TEMPERATURE (F)
 TODAY
  MAXIMUM         95    347 PM  99    1924  91      4       94
  MINIMUM         74    318 AM  63    2009  73      1       73
                                      1956
  AVERAGE         85                        82      3       84

PRECIPITATION (IN)
  TODAY            0.00          1.92 1909   0.21  -0.21     0.00
  MONTH TO DATE    4.29                      5.46  -1.17     3.21
  SINCE MAR 1     37.22                     34.89   2.33    41.02
  SINCE JAN 1     46.67                     45.66   1.01    47.07

DEGREE DAYS
 COOLING
  TODAY           20                        17      3       19
  MONTH TO DATE  400                       391      9      413
  SINCE JUN 1   1443                      1357     86     1469
  SINCE JAN 1   1902                      1802    100     2069
..................................................................


WIND (MPH)
  HIGHEST WIND SPEED    10   HIGHEST WIND DIRECTION    NE (40)
  HIGHEST GUST SPEED    12   HIGHEST GUST DIRECTION    NE (40)
  AVERAGE WIND SPEED     1.6


SKY COVER
  POSSIBLE SUNSHINE  MM
  AVERAGE SKY COVER 0.4


WEATHER CONDITIONS
 THE FOLLOWING WEATHER WAS RECORDED TODAY.
  NO SIGNIFICANT WEATHER WAS OBSERVED.


RELATIVE HUMIDITY (PERCENT)
 HIGHEST    94          1200 AM
 LOWEST     52           200 PM
 AVERAGE    73

..........................................................


THE MOBILE CLIMATE NORMALS FOR TOMORROW
                         NORMAL    RECORD    YEAR
 MAXIMUM TEMPERATURE (F)   90       100      1924
 MINIMUM TEMPERATURE (F)   73        60      2009
                                             1891


SUNRISE AND SUNSET
AUGUST 23 2016........SUNRISE   625 AM CDT   SUNSET   726 PM CDT
AUGUST 24 2016........SUNRISE   625 AM CDT   SUNSET   725 PM CDT


-  INDICATES NEGATIVE NUMBERS.
R  INDICATES RECORD WAS SET OR TIED.
MM INDICATES DATA IS MISSING.
T  INDICATES TRACE AMOUNT.




$$
