000
CDUS44 KMOB 192237
CLIMOB


CLIMATE REPORT
NATIONAL WEATHER SERVICE MOBILE AL
534 PM CDT FRI SEP 19 2014


...................................

...THE MOBILE CLIMATE SUMMARY FOR SEPTEMBER 19 2014...
VALID TODAY AS OF 0500 PM LOCAL TIME.

CLIMATE NORMAL PERIOD 1981 TO 2010
CLIMATE RECORD PERIOD 1842 TO 2014


WEATHER ITEM   OBSERVED TIME   RECORD YEAR NORMAL DEPARTURE LAST
                VALUE   (LST)  VALUE       VALUE  FROM      YEAR
                                                  NORMAL
..................................................................
TEMPERATURE (F)
 TODAY
  MAXIMUM         87    353 PM  97    2005  86      1       91
                                      1925
  MINIMUM         70    548 AM  48    1981  67      3       73
  AVERAGE         79                        77      2       82

PRECIPITATION (IN)
  TODAY            0.01          2.73 1980   0.16  -0.15     0.00
  MONTH TO DATE    4.62                      3.30   1.32     2.90
  SINCE MAR 1     54.90                     39.69  15.21    40.42
  SINCE JAN 1     62.02                     50.46  11.56    54.60

DEGREE DAYS
 COOLING
  TODAY           14                        12      2       17
  MONTH TO DATE  307                       265     42      318
  SINCE SEP 1    307                       265     42      318
  SINCE JAN 1   2055                      2192   -137     2148
..................................................................


WIND (MPH)
  HIGHEST WIND SPEED    12   HIGHEST WIND DIRECTION     E (105)
  HIGHEST GUST SPEED    16   HIGHEST GUST DIRECTION    SE (125)
  AVERAGE WIND SPEED     3.1


SKY COVER
  POSSIBLE SUNSHINE  MM
  AVERAGE SKY COVER 0.5


WEATHER CONDITIONS
 THE FOLLOWING WEATHER WAS RECORDED TODAY.
  LIGHT RAIN
  FOG


RELATIVE HUMIDITY (PERCENT)
 HIGHEST   100           600 AM
 LOWEST     51           300 PM
 AVERAGE    76

..........................................................


THE MOBILE CLIMATE NORMALS FOR TOMORROW
                         NORMAL    RECORD    YEAR
 MAXIMUM TEMPERATURE (F)   86       100      1925
 MINIMUM TEMPERATURE (F)   67        50      1981


SUNRISE AND SUNSET
SEPTEMBER 19 2014.....SUNRISE   640 AM CDT   SUNSET   653 PM CDT
SEPTEMBER 20 2014.....SUNRISE   640 AM CDT   SUNSET   652 PM CDT


-  INDICATES NEGATIVE NUMBERS.
R  INDICATES RECORD WAS SET OR TIED.
MM INDICATES DATA IS MISSING.
T  INDICATES TRACE AMOUNT.




$$
