000
CDUS44 KMOB 220645
CLIMOB


CLIMATE REPORT
NATIONAL WEATHER SERVICE MOBILE AL
1245 AM CST THU FEB 22 2018


...................................

...THE MOBILE CLIMATE SUMMARY FOR FEBRUARY 21 2018...

CLIMATE NORMAL PERIOD 1981 TO 2010
CLIMATE RECORD PERIOD 1842 TO 2018


WEATHER ITEM   OBSERVED TIME   RECORD YEAR NORMAL DEPARTURE LAST
                VALUE   (LST)  VALUE       VALUE  FROM      YEAR
                                                  NORMAL
..................................................................
TEMPERATURE (F)
 YESTERDAY
  MAXIMUM         80R   125 PM  79    2005  66     14       68
  MINIMUM         71    647 AM  28    1978  45     26       59
  AVERAGE         76                        55     21       64

PRECIPITATION (IN)
  YESTERDAY        0.14          4.22 1887   0.19  -0.05     0.40
  MONTH TO DATE    5.04                      3.82   1.22     1.25
  SINCE MAR 1     80.17                     64.85  15.32    65.32
  SINCE JAN 1      8.60                      9.47  -0.87    12.18

SNOWFALL (IN)
  YESTERDAY        0.0          MM      MM   0.0    0.0      0.0
  MONTH TO DATE    0.0                       0.1   -0.1      0.0
  SINCE MAR 1      1.1                       0.2    0.9      0.0
  SINCE JUL 1      1.1                       0.1    1.0      0.0
  SNOW DEPTH       0

DEGREE DAYS
 HEATING
  YESTERDAY        0                        10    -10        1
  MONTH TO DATE   93                       256   -163      105
  SINCE DEC 1   1041                      1119    -78      619
  SINCE JUL 1   1257                      1377   -120      753

 COOLING
  YESTERDAY       11                         0     11        0
  MONTH TO DATE   60                         0     60       18
  SINCE DEC 1     78                        22     56      105
  SINCE JAN 1     62                         7     55       64
..................................................................


WIND (MPH)
  HIGHEST WIND SPEED    22   HIGHEST WIND DIRECTION    SE (150)
  HIGHEST GUST SPEED    29   HIGHEST GUST DIRECTION    SE (130)
  AVERAGE WIND SPEED    13.2


SKY COVER
  POSSIBLE SUNSHINE  MM
  AVERAGE SKY COVER 1.0


WEATHER CONDITIONS
 THE FOLLOWING WEATHER WAS RECORDED YESTERDAY.
  HEAVY RAIN
  LIGHT RAIN
  FOG
  HAZE


RELATIVE HUMIDITY (PERCENT)
 HIGHEST    93          1200 AM
 LOWEST     74          1200 PM
 AVERAGE    84

..........................................................


THE MOBILE CLIMATE NORMALS FOR TODAY
                         NORMAL    RECORD    YEAR
 MAXIMUM TEMPERATURE (F)   66        80      2007
                                             2006
                                             2005
 MINIMUM TEMPERATURE (F)   45        22      1978


SUNRISE AND SUNSET
FEBRUARY 22 2018......SUNRISE   627 AM CST   SUNSET   546 PM CST
FEBRUARY 23 2018......SUNRISE   626 AM CST   SUNSET   547 PM CST


-  INDICATES NEGATIVE NUMBERS.
R  INDICATES RECORD WAS SET OR TIED.
MM INDICATES DATA IS MISSING.
T  INDICATES TRACE AMOUNT.




$$
