000
CDUS44 KMOB 280645
CLIMOB


CLIMATE REPORT
NATIONAL WEATHER SERVICE MOBILE AL
1245 AM CST FRI NOV 28 2014


...................................

...THE MOBILE CLIMATE SUMMARY FOR NOVEMBER 27 2014...

CLIMATE NORMAL PERIOD 1981 TO 2010
CLIMATE RECORD PERIOD 1842 TO 2014


WEATHER ITEM   OBSERVED TIME   RECORD YEAR NORMAL DEPARTURE LAST
                VALUE   (LST)  VALUE       VALUE  FROM      YEAR
                                                  NORMAL
..................................................................
TEMPERATURE (F)
 YESTERDAY
  MAXIMUM         58    144 PM  82    1973  67     -9       48
  MINIMUM         37   1159 PM  27    1956  46     -9       29
  AVERAGE         48                        56     -8       39

PRECIPITATION (IN)
  YESTERDAY        0.00          3.35 1914   0.16  -0.16     0.05
  MONTH TO DATE    1.48                      4.62  -3.14     3.43
  SINCE MAR 1     60.32                     49.81  10.51    47.73
  SINCE JAN 1     67.44                     60.58   6.86    61.91

SNOWFALL (IN)
  YESTERDAY        0.0           0.0  2002   0.0    0.0      0.0
                                      2001
                                      2000
  MONTH TO DATE    0.0                       0.0    0.0      0.0
  SINCE MAR 1      0.0                       0.1   -0.1      0.0
  SINCE JUL 1      0.0                       0.0    0.0      0.0
  SNOW DEPTH       0

DEGREE DAYS
 HEATING
  YESTERDAY       17                         9      8       26
  MONTH TO DATE  322                       172    150      189
  SINCE SEP 1    362                       227    135      219
  SINCE JUL 1    362                       227    135      219

 COOLING
  YESTERDAY        0                         1     -1        0
  MONTH TO DATE    8                        39    -31       15
  SINCE SEP 1    556                       574    -18      665
  SINCE JAN 1   2304                      2501   -197     2495
..................................................................


WIND (MPH)
  HIGHEST WIND SPEED    20   HIGHEST WIND DIRECTION     N (340)
  HIGHEST GUST SPEED    24   HIGHEST GUST DIRECTION     N (340)
  AVERAGE WIND SPEED     8.4


SKY COVER
  POSSIBLE SUNSHINE  MM
  AVERAGE SKY COVER 0.0


WEATHER CONDITIONS
 THE FOLLOWING WEATHER WAS RECORDED YESTERDAY.
  NO SIGNIFICANT WEATHER WAS OBSERVED.


RELATIVE HUMIDITY (PERCENT)
 HIGHEST    92           300 AM
 LOWEST     36           200 PM
 AVERAGE    64

..........................................................


THE MOBILE CLIMATE NORMALS FOR TODAY
                         NORMAL    RECORD    YEAR
 MAXIMUM TEMPERATURE (F)   67        80      2005
 MINIMUM TEMPERATURE (F)   45        25      2013
                                             1938


SUNRISE AND SUNSET
NOVEMBER 28 2014......SUNRISE   630 AM CST   SUNSET   452 PM CST
NOVEMBER 29 2014......SUNRISE   631 AM CST   SUNSET   451 PM CST


-  INDICATES NEGATIVE NUMBERS.
R  INDICATES RECORD WAS SET OR TIED.
MM INDICATES DATA IS MISSING.
T  INDICATES TRACE AMOUNT.




$$
