000
CDUS44 KMOB 310645
CLIMOB


CLIMATE REPORT
NATIONAL WEATHER SERVICE MOBILE AL
145 AM CDT THU JUL 31 2014


...................................

...THE MOBILE CLIMATE SUMMARY FOR JULY 30 2014...

CLIMATE NORMAL PERIOD 1981 TO 2010
CLIMATE RECORD PERIOD 1842 TO 2014


WEATHER ITEM   OBSERVED TIME   RECORD YEAR NORMAL DEPARTURE LAST
                VALUE   (LST)  VALUE       VALUE  FROM      YEAR
                                                  NORMAL
..................................................................
TEMPERATURE (F)
 YESTERDAY
  MAXIMUM         86    437 PM 100    1986  91     -5       91
  MINIMUM         64R  1159 PM  67    1994  73     -9       75
                                      1968
  AVERAGE         75                        82     -7       83

PRECIPITATION (IN)
  YESTERDAY        0.00          2.46 1975   0.24  -0.24     0.01
  MONTH TO DATE    7.92                      7.01   0.91     9.10
  SINCE MAR 1     47.45                     29.19  18.26    27.57
  SINCE JAN 1     54.57                     39.96  14.61    41.75

DEGREE DAYS
 COOLING
  YESTERDAY       10                        17     -7       18
  MONTH TO DATE  452                       508    -56      462
  SINCE JUN 1    862                       952    -90      948
  SINCE JAN 1   1200                      1397   -197     1312
..................................................................


WIND (MPH)
  HIGHEST WIND SPEED    13   HIGHEST WIND DIRECTION     N (350)
  HIGHEST GUST SPEED    17   HIGHEST GUST DIRECTION     N (360)
  AVERAGE WIND SPEED     5.3


SKY COVER
  POSSIBLE SUNSHINE  MM
  AVERAGE SKY COVER 0.4


WEATHER CONDITIONS
 THE FOLLOWING WEATHER WAS RECORDED YESTERDAY.
  NO SIGNIFICANT WEATHER WAS OBSERVED.


RELATIVE HUMIDITY (PERCENT)
 HIGHEST    93          1000 PM
 LOWEST     35           300 PM
 AVERAGE    64

..........................................................


THE MOBILE CLIMATE NORMALS FOR TODAY
                         NORMAL    RECORD    YEAR
 MAXIMUM TEMPERATURE (F)   91        99      1986
                                             1896
 MINIMUM TEMPERATURE (F)   73        66      1984


SUNRISE AND SUNSET
JULY 31 2014..........SUNRISE   610 AM CDT   SUNSET   748 PM CDT
AUGUST  1 2014........SUNRISE   611 AM CDT   SUNSET   747 PM CDT


-  INDICATES NEGATIVE NUMBERS.
R  INDICATES RECORD WAS SET OR TIED.
MM INDICATES DATA IS MISSING.
T  INDICATES TRACE AMOUNT.




$$
