000
CDUS44 KMOB 020645
CLIMOB


CLIMATE REPORT
NATIONAL WEATHER SERVICE MOBILE AL
145 AM CDT WED SEP 2 2015


...................................

...THE MOBILE CLIMATE SUMMARY FOR SEPTEMBER 1 2015...

CLIMATE NORMAL PERIOD 1981 TO 2010
CLIMATE RECORD PERIOD 1842 TO 2015


WEATHER ITEM   OBSERVED TIME   RECORD YEAR NORMAL DEPARTURE LAST
                VALUE   (LST)  VALUE       VALUE  FROM      YEAR
                                                  NORMAL
..................................................................
TEMPERATURE (F)
 YESTERDAY
  MAXIMUM         94   1258 PM  97    1964  90      4       92
                                      1907
  MINIMUM         70    606 AM  62    1946  72     -2       74
                                      1915
  AVERAGE         82                        81      1       83

PRECIPITATION (IN)
  YESTERDAY        0.00          7.30 1932   0.18  -0.18     0.00
  MONTH TO DATE    0.00                      0.18  -0.18     0.00
  SINCE MAR 1     41.02                     36.57   4.45    50.28
  SINCE JAN 1     47.07                     47.34  -0.27    57.40

DEGREE DAYS
 COOLING
  YESTERDAY       17                        16      1       18
  MONTH TO DATE   17                        16      1       18
  SINCE SEP 1     17                        16      1       18
  SINCE JAN 1   2197                      1943    254     1766
..................................................................


WIND (MPH)
  HIGHEST WIND SPEED    12   HIGHEST WIND DIRECTION     S (200)
  HIGHEST GUST SPEED    14   HIGHEST GUST DIRECTION     S (200)
  AVERAGE WIND SPEED     3.6


SKY COVER
  POSSIBLE SUNSHINE  MM
  AVERAGE SKY COVER 0.4


WEATHER CONDITIONS
 THE FOLLOWING WEATHER WAS RECORDED YESTERDAY.
  NO SIGNIFICANT WEATHER WAS OBSERVED.


RELATIVE HUMIDITY (PERCENT)
 HIGHEST   100           500 AM
 LOWEST     41           300 PM
 AVERAGE    71

..........................................................


THE MOBILE CLIMATE NORMALS FOR TODAY
                         NORMAL    RECORD    YEAR
 MAXIMUM TEMPERATURE (F)   90        98      1989
                                             1964
 MINIMUM TEMPERATURE (F)   72        61      1892


SUNRISE AND SUNSET
SEPTEMBER  2 2015.....SUNRISE   630 AM CDT   SUNSET   715 PM CDT
SEPTEMBER  3 2015.....SUNRISE   630 AM CDT   SUNSET   714 PM CDT


-  INDICATES NEGATIVE NUMBERS.
R  INDICATES RECORD WAS SET OR TIED.
MM INDICATES DATA IS MISSING.
T  INDICATES TRACE AMOUNT.




$$
