000
CDUS44 KMOB 240645
CLIMOB


CLIMATE REPORT
NATIONAL WEATHER SERVICE MOBILE AL
145 AM CDT THU APR 24 2014


...................................

...THE MOBILE CLIMATE SUMMARY FOR APRIL 23 2014...

CLIMATE NORMAL PERIOD 1981 TO 2010
CLIMATE RECORD PERIOD 1842 TO 2014


WEATHER ITEM   OBSERVED TIME   RECORD YEAR NORMAL DEPARTURE LAST
                VALUE   (LST)  VALUE       VALUE  FROM      YEAR
                                                  NORMAL
..................................................................
TEMPERATURE (F)
 YESTERDAY
  MAXIMUM         83    200 PM  90    1883  79      4       77
  MINIMUM         56    418 AM  43    1927  57     -1       58
  AVERAGE         70                        68      2       68

PRECIPITATION (IN)
  YESTERDAY        0.00          2.74 1888   0.14  -0.14     0.00
  MONTH TO DATE    6.26                      3.73   2.53     4.88
  SINCE MAR 1     12.76                      9.87   2.89     5.68
  SINCE JAN 1     19.88                     20.64  -0.76    19.86

DEGREE DAYS
 HEATING
  YESTERDAY        0                         1     -1        0
  MONTH TO DATE   68                        55     13       60
  SINCE MAR 1    344                       244    100      370
  SINCE JUL 1   2047                      1686    361     1546

 COOLING
  YESTERDAY        5                         4      1        3
  MONTH TO DATE   39                        68    -29       62
  SINCE MAR 1     40                       107    -67       79
  SINCE JAN 1     52                       123    -71      106
..................................................................


WIND (MPH)
  HIGHEST WIND SPEED    13   HIGHEST WIND DIRECTION    SW (210)
  HIGHEST GUST SPEED    15   HIGHEST GUST DIRECTION    SW (210)
  AVERAGE WIND SPEED     3.6


SKY COVER
  POSSIBLE SUNSHINE  MM
  AVERAGE SKY COVER 0.3


WEATHER CONDITIONS
 THE FOLLOWING WEATHER WAS RECORDED YESTERDAY.
  FOG


RELATIVE HUMIDITY (PERCENT)
 HIGHEST   100          1200 AM
 LOWEST     47           200 PM
 AVERAGE    74

..........................................................


THE MOBILE CLIMATE NORMALS FOR TODAY
                         NORMAL    RECORD    YEAR
 MAXIMUM TEMPERATURE (F)   79        91      1999
 MINIMUM TEMPERATURE (F)   58        37      2012


SUNRISE AND SUNSET
APRIL 24 2014.........SUNRISE   616 AM CDT   SUNSET   727 PM CDT
APRIL 25 2014.........SUNRISE   615 AM CDT   SUNSET   727 PM CDT


-  INDICATES NEGATIVE NUMBERS.
R  INDICATES RECORD WAS SET OR TIED.
MM INDICATES DATA IS MISSING.
T  INDICATES TRACE AMOUNT.




$$
