000
CDUS46 KSTO 250841
CLIMOD


CLIMATE REPORT
NATIONAL WEATHER SERVICE SACRAMENTO, CA
141 AM PDT SAT MAR 25 2017


...................................

...THE MODESTO CA CLIMATE SUMMARY FOR MARCH 24 2017...

CLIMATE NORMAL PERIOD 1981 TO 2010
CLIMATE RECORD PERIOD 1931 TO 2017


WEATHER ITEM   OBSERVED TIME   RECORD YEAR NORMAL DEPARTURE LAST
                VALUE   (LST)  VALUE       VALUE  FROM      YEAR
                                                  NORMAL
..................................................................
TEMPERATURE (F)
 YESTERDAY
  MAXIMUM         58    433 PM  82    2014  70    -12       74
                                      2007
  MINIMUM         50   1250 AM  33    1935  47      3       45
  AVERAGE         54

PRECIPITATION (IN)
  YESTERDAY        0.09          0.79 1950   0.06   0.03     0.00
  MONTH TO DATE    1.26                      1.70  -0.44     3.79
  SINCE OCT 1     15.29                     10.77   4.52    13.78
  SINCE JAN 1     10.26                      6.69   3.57     9.37

SNOWFALL (IN)
  YESTERDAY        0.0          MM      MM
  MONTH TO DATE    0.0
  SINCE MAR 1      0.0
  SINCE JUL 1      0.0
  SNOW DEPTH       0

DEGREE DAYS
 HEATING
  YESTERDAY       11                         7      4        5
  MONTH TO DATE  147                       191    -44      138
  SINCE MAR 1    147                       191    -44      138
  SINCE JUL 1   1663                      1959   -296     1730

 COOLING
  YESTERDAY        0                         0      0        0
  MONTH TO DATE    6                         0      6        0
  SINCE MAR 1      6                         0      6        0
  SINCE JAN 1      6                         0      6        0
..................................................................


WIND (MPH)
  RESULTANT WIND SPEED   4   RESULTANT WIND DIRECTION  SE (130)
  HIGHEST WIND SPEED    12   HIGHEST WIND DIRECTION    SE (150)
  HIGHEST GUST SPEED    16   HIGHEST GUST DIRECTION    SE (140)


SKY COVER
  POSSIBLE SUNSHINE  MM
  AVERAGE SKY COVER 0.9


WEATHER CONDITIONS
 THE FOLLOWING WEATHER WAS RECORDED YESTERDAY.
  LIGHT RAIN
  FOG


RELATIVE HUMIDITY (PERCENT)
 HIGHEST    89           200 AM
 LOWEST     71          1200 AM
 AVERAGE    80

..........................................................


THE MODESTO CA CLIMATE NORMALS FOR TODAY
                         NORMAL    RECORD    YEAR
 MAXIMUM TEMPERATURE (F)   70        87      1997
 MINIMUM TEMPERATURE (F)   47        31      1936


SUNRISE AND SUNSET
MARCH 25 2017.........SUNRISE   659 AM PDT   SUNSET   721 PM PDT
MARCH 26 2017.........SUNRISE   658 AM PDT   SUNSET   722 PM PDT


-  INDICATES NEGATIVE NUMBERS.
R  INDICATES RECORD WAS SET OR TIED.
MM INDICATES DATA IS MISSING.
T  INDICATES TRACE AMOUNT.




$$
