986
CDUS46 KSTO 280034
CLIMOD


CLIMATE REPORT
NATIONAL WEATHER SERVICE SACRAMENTO, CA
534 PM PDT SAT AUG 27 2016


...................................

...THE MODESTO CA CLIMATE SUMMARY FOR AUGUST 27 2016...
VALID TODAY AS OF 0500 PM LOCAL TIME.

CLIMATE NORMAL PERIOD 1981 TO 2010
CLIMATE RECORD PERIOD 1931 TO 2016


WEATHER ITEM   OBSERVED TIME   RECORD YEAR NORMAL DEPARTURE LAST
                VALUE   (LST)  VALUE       VALUE  FROM      YEAR
                                                  NORMAL
..................................................................
TEMPERATURE (F)
 TODAY
  MAXIMUM         88    352 PM 104    1944  92     -4      103
  MINIMUM         60    558 AM  48    1942  62     -2       70
  AVERAGE         74

PRECIPITATION (IN)
  TODAY            0.00          0.09 1961   0.00   0.00     0.00
  MONTH TO DATE    0.00                      0.02  -0.02      T
  SINCE OCT 1     15.61                     12.85   2.76    10.25
  SINCE JAN 1     11.20                      8.77   2.43     2.85

SNOWFALL (IN)
  TODAY            0.0          MM      MM
  MONTH TO DATE    0.0
  SINCE JUN 1      0.0
  SINCE JUL 1      0.0

DEGREE DAYS
 HEATING
  TODAY            0                         0      0        0
  MONTH TO DATE    0                         0      0        0
  SINCE JUN 1      2                         3     -1        0
  SINCE JUL 1      0                         0      0        0

 COOLING
  TODAY            9                        12     -3       22
  MONTH TO DATE  389                       354     35      394
  SINCE JUN 1   1318                      1090    228     1309
  SINCE JAN 1   1566                      1289    277     1487
..................................................................


WIND (MPH)
  RESULTANT WIND SPEED   6   RESULTANT WIND DIRECTION   N (340)
  HIGHEST WIND SPEED    13   HIGHEST WIND DIRECTION     N (340)
  HIGHEST GUST SPEED    16   HIGHEST GUST DIRECTION     N (350)


SKY COVER
  POSSIBLE SUNSHINE  MM
  AVERAGE SKY COVER 0.0


WEATHER CONDITIONS
 THE FOLLOWING WEATHER WAS RECORDED TODAY.
  NO SIGNIFICANT WEATHER WAS OBSERVED.


RELATIVE HUMIDITY (PERCENT)
 HIGHEST    78           300 AM
 LOWEST     31           300 PM
 AVERAGE    55

..........................................................


THE MODESTO CA CLIMATE NORMALS FOR TOMORROW
                         NORMAL    RECORD    YEAR
 MAXIMUM TEMPERATURE (F)   92       105      2015
                                             1981
 MINIMUM TEMPERATURE (F)   62        50      1946


SUNRISE AND SUNSET
AUGUST 27 2016........SUNRISE   630 AM PDT   SUNSET   739 PM PDT
AUGUST 28 2016........SUNRISE   631 AM PDT   SUNSET   738 PM PDT


-  INDICATES NEGATIVE NUMBERS.
R  INDICATES RECORD WAS SET OR TIED.
MM INDICATES DATA IS MISSING.
T  INDICATES TRACE AMOUNT.




$$
