000
CDUS46 KSTO 191436
CLIMOD


CLIMATE REPORT
NATIONAL WEATHER SERVICE SACRAMENTO, CA
735 AM PDT SAT APR 19 2014


...................................

...THE MODESTO CA CLIMATE SUMMARY FOR APRIL 18 2014...

CLIMATE NORMAL PERIOD 1981 TO 2010
CLIMATE RECORD PERIOD 1931 TO 2014


WEATHER ITEM   OBSERVED TIME   RECORD YEAR NORMAL DEPARTURE LAST
                VALUE   (LST)  VALUE       VALUE  FROM      YEAR
                                                  NORMAL
..................................................................
TEMPERATURE (F)
 YESTERDAY
  MAXIMUM         81    422 PM  92    1954  75      6       76
  MINIMUM         58    155 AM  35    1933  50      8       45
  AVERAGE         70

PRECIPITATION (IN)
  YESTERDAY        0.00          0.38 1981   0.03  -0.03     0.00
  MONTH TO DATE    0.59                      0.64  -0.05     0.34
  SINCE JUL 1      6.63                     12.03  -5.40     8.88
  SINCE JAN 1      5.14                      7.67  -2.53     3.00

SNOWFALL (IN)
  YESTERDAY        0.0          MM      MM
  MONTH TO DATE    0.0
  SINCE MAR 1      0.0
  SINCE JUL 1      0.0
  SNOW DEPTH       0

DEGREE DAYS
 HEATING
  YESTERDAY        0                         4     -4        4
  MONTH TO DATE   65                        93    -28       57
  SINCE MAR 1    226                       330   -104      226
  SINCE JUL 1   1924                      2098   -174     2139

 COOLING
  YESTERDAY        5                         1      4        0
  MONTH TO DATE   41                        14     27        4
  SINCE MAR 1     41                        19     22        9
  SINCE JAN 1     41                        19     22        9
..................................................................


WIND (MPH)
  RESULTANT WIND SPEED  11   RESULTANT WIND DIRECTION  NW (320)
  HIGHEST WIND SPEED    21   HIGHEST WIND DIRECTION    NW (300)
  HIGHEST GUST SPEED    29   HIGHEST GUST DIRECTION     N (360)


SKY COVER
  POSSIBLE SUNSHINE  MM
  AVERAGE SKY COVER 0.0


WEATHER CONDITIONS
 THE FOLLOWING WEATHER WAS RECORDED YESTERDAY.
  HAZE


RELATIVE HUMIDITY (PERCENT)
 HIGHEST    62           200 AM
 LOWEST     32           100 PM
 AVERAGE    47

..........................................................


THE MODESTO CA CLIMATE NORMALS FOR TODAY
                         NORMAL    RECORD    YEAR
 MAXIMUM TEMPERATURE (F)   76        93      2009
 MINIMUM TEMPERATURE (F)   50        36      1933


SUNRISE AND SUNSET
APRIL 19 2014.........SUNRISE   623 AM PDT   SUNSET   743 PM PDT
APRIL 20 2014.........SUNRISE   622 AM PDT   SUNSET   744 PM PDT


-  INDICATES NEGATIVE NUMBERS.
R  INDICATES RECORD WAS SET OR TIED.
MM INDICATES DATA IS MISSING.
T  INDICATES TRACE AMOUNT.




$$
