000
CDUS46 KSTO 230839
CLIMOD


CLIMATE REPORT
NATIONAL WEATHER SERVICE SACRAMENTO, CA
139 AM PDT SUN APR 23 2017


...................................

...THE MODESTO CA CLIMATE SUMMARY FOR APRIL 22 2017...

CLIMATE NORMAL PERIOD 1981 TO 2010
CLIMATE RECORD PERIOD 1931 TO 2017


WEATHER ITEM   OBSERVED TIME   RECORD YEAR NORMAL DEPARTURE LAST
                VALUE   (LST)  VALUE       VALUE  FROM      YEAR
                                                  NORMAL
..................................................................
TEMPERATURE (F)
 YESTERDAY
  MAXIMUM         76    135 PM  99    2009  76      0       69
  MINIMUM         52    634 AM  35    1932  50      2       53
  AVERAGE         64

PRECIPITATION (IN)
  YESTERDAY        0.00          0.33 1961   0.03  -0.03      T
                                      1961
                                      2007
  MONTH TO DATE    1.48                      0.76   0.72     1.54
  SINCE OCT 1     16.78                     11.87   4.91    15.33
  SINCE JAN 1     11.75                      7.79   3.96    10.92

SNOWFALL (IN)
  YESTERDAY        0.0          MM      MM
  MONTH TO DATE    0.0
  SINCE MAR 1      0.0
  SINCE JUL 1      0.0
  SNOW DEPTH       0

DEGREE DAYS
 HEATING
  YESTERDAY        1                         3     -2        4
  MONTH TO DATE   82                       108    -26       34
  SINCE MAR 1    262                       345    -83      209
  SINCE JUL 1   1778                      2113   -335     1801

 COOLING
  YESTERDAY        0                         2     -2        0
  MONTH TO DATE    4                        21    -17       45
  SINCE MAR 1     10                        26    -16       45
  SINCE JAN 1     10                        26    -16       45
..................................................................


WIND (MPH)
  RESULTANT WIND SPEED   7   RESULTANT WIND DIRECTION  NW (330)
  HIGHEST WIND SPEED    16   HIGHEST WIND DIRECTION    NW (310)
  HIGHEST GUST SPEED    23   HIGHEST GUST DIRECTION    NE (50)


SKY COVER
  POSSIBLE SUNSHINE  MM
  AVERAGE SKY COVER 0.1


WEATHER CONDITIONS
 THE FOLLOWING WEATHER WAS RECORDED YESTERDAY.
  NO SIGNIFICANT WEATHER WAS OBSERVED.


RELATIVE HUMIDITY (PERCENT)
 HIGHEST    93           300 AM
 LOWEST     24           900 AM
 AVERAGE    59

..........................................................


THE MODESTO CA CLIMATE NORMALS FOR TODAY
                         NORMAL    RECORD    YEAR
 MAXIMUM TEMPERATURE (F)   77        95      1946
 MINIMUM TEMPERATURE (F)   51        37      1932


SUNRISE AND SUNSET
APRIL 23 2017.........SUNRISE   618 AM PDT   SUNSET   747 PM PDT
APRIL 24 2017.........SUNRISE   616 AM PDT   SUNSET   748 PM PDT


-  INDICATES NEGATIVE NUMBERS.
R  INDICATES RECORD WAS SET OR TIED.
MM INDICATES DATA IS MISSING.
T  INDICATES TRACE AMOUNT.




$$
