000
CDUS46 KSTO 280836
CLIMOD


CLIMATE REPORT
NATIONAL WEATHER SERVICE SACRAMENTO, CA
136 AM PDT THU MAY 28 2015


...................................

...THE MODESTO CA CLIMATE SUMMARY FOR MAY 27 2015...

CLIMATE NORMAL PERIOD 1981 TO 2010
CLIMATE RECORD PERIOD 1931 TO 2015


WEATHER ITEM   OBSERVED TIME   RECORD YEAR NORMAL DEPARTURE LAST
                VALUE   (LST)  VALUE       VALUE  FROM      YEAR
                                                  NORMAL
..................................................................
TEMPERATURE (F)
 YESTERDAY
  MAXIMUM         85    408 PM 100    1984  85      0       90
  MINIMUM         54    452 AM  46    1961  57     -3       55
  AVERAGE         70

PRECIPITATION (IN)
  YESTERDAY        0.00          0.64 1990   0.02  -0.02     0.00
  MONTH TO DATE    0.27                      0.58  -0.31     0.01
  SINCE OCT 1     10.25                     12.66  -2.41     6.87
  SINCE JAN 1      2.85                      8.58  -5.73     5.51

SNOWFALL (IN)
  YESTERDAY        0.0          MM      MM
  MONTH TO DATE    0.0
  SINCE MAR 1      0.0
  SINCE JUL 1      0.0
  SNOW DEPTH       0

DEGREE DAYS
 HEATING
  YESTERDAY        0                         0      0        0
  MONTH TO DATE   23                        33    -10       12
  SINCE MAR 1    200                       399   -199      271
  SINCE JUL 1   1612                      2167   -555     1969

 COOLING
  YESTERDAY        5                         7     -2        8
  MONTH TO DATE   62                       127    -65      165
  SINCE MAR 1    145                       171    -26      226
  SINCE JAN 1    145                       171    -26      226
..................................................................


WIND (MPH)
  RESULTANT WIND SPEED   6   RESULTANT WIND DIRECTION   N (340)
  HIGHEST WIND SPEED    14   HIGHEST WIND DIRECTION    NW (330)
  HIGHEST GUST SPEED    18   HIGHEST GUST DIRECTION     N (340)


SKY COVER
  POSSIBLE SUNSHINE  MM
  AVERAGE SKY COVER 0.0


WEATHER CONDITIONS
 THE FOLLOWING WEATHER WAS RECORDED YESTERDAY.
  NO SIGNIFICANT WEATHER WAS OBSERVED.


RELATIVE HUMIDITY (PERCENT)
 HIGHEST    77           200 AM
 LOWEST     31           200 PM
 AVERAGE    54

..........................................................


THE MODESTO CA CLIMATE NORMALS FOR TODAY
                         NORMAL    RECORD    YEAR
 MAXIMUM TEMPERATURE (F)   86       105      1984
 MINIMUM TEMPERATURE (F)   57        43      1969


SUNRISE AND SUNSET
MAY 28 2015...........SUNRISE   546 AM PDT   SUNSET   817 PM PDT
MAY 29 2015...........SUNRISE   545 AM PDT   SUNSET   817 PM PDT


-  INDICATES NEGATIVE NUMBERS.
R  INDICATES RECORD WAS SET OR TIED.
MM INDICATES DATA IS MISSING.
T  INDICATES TRACE AMOUNT.




$$
