000
CDUS46 KSTO 250834
CLIMOD


CLIMATE REPORT
NATIONAL WEATHER SERVICE SACRAMENTO, CA
133 AM PDT SUN SEP 25 2016


...................................

...THE MODESTO CA CLIMATE SUMMARY FOR SEPTEMBER 24 2016...

CLIMATE NORMAL PERIOD 1981 TO 2010
CLIMATE RECORD PERIOD 1931 TO 2016


WEATHER ITEM   OBSERVED TIME   RECORD YEAR NORMAL DEPARTURE LAST
                VALUE   (LST)  VALUE       VALUE  FROM      YEAR
                                                  NORMAL
..................................................................
TEMPERATURE (F)
 YESTERDAY
  MAXIMUM         88    413 PM 103    1997  87      1       95
  MINIMUM         56    613 AM  43    1931  58     -2       58
  AVERAGE         72

PRECIPITATION (IN)
  YESTERDAY        0.00          0.58 1986   0.01  -0.01     0.00
  MONTH TO DATE    T                         0.17  -0.17      T
  SINCE OCT 1     15.61                     13.02   2.59    10.25
  SINCE JAN 1     11.20                      8.94   2.26     2.85

SNOWFALL (IN)
  YESTERDAY        0.0          MM      MM
  MONTH TO DATE    0.0
  SINCE SEP 1      0.0
  SINCE JUL 1      0.0
  SNOW DEPTH       0

DEGREE DAYS
 HEATING
  YESTERDAY        0                         0      0        0
  MONTH TO DATE    3                         0      3        0
  SINCE SEP 1      3                         0      3        0
  SINCE JUL 1      3                         0      3        0

 COOLING
  YESTERDAY        7                         8     -1       12
  MONTH TO DATE  224                       234    -10      276
  SINCE SEP 1    224                       234    -10      276
  SINCE JAN 1   1841                      1570    271     1823
..................................................................


WIND (MPH)
  RESULTANT WIND SPEED   1   RESULTANT WIND DIRECTION   N (360)
  HIGHEST WIND SPEED    10   HIGHEST WIND DIRECTION    NW (310)
  HIGHEST GUST SPEED    13   HIGHEST GUST DIRECTION     N (360)


SKY COVER
  POSSIBLE SUNSHINE  MM
  AVERAGE SKY COVER 0.0


WEATHER CONDITIONS
 THE FOLLOWING WEATHER WAS RECORDED YESTERDAY.
  NO SIGNIFICANT WEATHER WAS OBSERVED.


RELATIVE HUMIDITY (PERCENT)
 HIGHEST    77           600 AM
 LOWEST     24           300 PM
 AVERAGE    51

..........................................................


THE MODESTO CA CLIMATE NORMALS FOR TODAY
                         NORMAL    RECORD    YEAR
 MAXIMUM TEMPERATURE (F)   87       100      1963
 MINIMUM TEMPERATURE (F)   58        44      1949


SUNRISE AND SUNSET
SEPTEMBER 25 2016.....SUNRISE   655 AM PDT   SUNSET   655 PM PDT
SEPTEMBER 26 2016.....SUNRISE   656 AM PDT   SUNSET   654 PM PDT


-  INDICATES NEGATIVE NUMBERS.
R  INDICATES RECORD WAS SET OR TIED.
MM INDICATES DATA IS MISSING.
T  INDICATES TRACE AMOUNT.




$$
