000
CDUS43 KBIS 010749
CLIMOT


CLIMATE REPORT
NATIONAL WEATHER SERVICE BISMARCK ND
248 AM CDT SAT AUG 1 2015


...................................

...THE MINOT ND CLIMATE SUMMARY FOR JULY 31 2015...

CLIMATE NORMAL PERIOD 1981 TO 2010
CLIMATE RECORD PERIOD 1897 TO 2015


WEATHER ITEM   OBSERVED TIME   RECORD YEAR NORMAL DEPARTURE LAST
                VALUE   (LST)  VALUE       VALUE  FROM      YEAR
                                                  NORMAL
..................................................................
TEMPERATURE (F)
 YESTERDAY
  MAXIMUM         83    356 PM 104    1926  83      0       82
  MINIMUM         55    528 AM  37    1915  58     -3       56
  AVERAGE         69                        71     -2       69

PRECIPITATION (IN)
  YESTERDAY        0.00          1.73 1956   0.06  -0.06     0.00
  MONTH TO DATE    2.04                      2.43  -0.39     1.72
  SINCE JUN 1      6.07                      6.01   0.06     7.06
  SINCE JAN 1     10.20                     11.40  -1.20    10.87

DEGREE DAYS
 COOLING
  YESTERDAY        4                         6     -2        4
  MONTH TO DATE  195                       169     26      109
  SINCE JUN 1    269                       242     27      131
  SINCE JAN 1    276                       258     18      172
..................................................................


WIND (MPH)
  HIGHEST WIND SPEED    17   HIGHEST WIND DIRECTION    NW (310)
  HIGHEST GUST SPEED    23   HIGHEST GUST DIRECTION    NW (320)
  AVERAGE WIND SPEED     7.3


SKY COVER
  POSSIBLE SUNSHINE  MM
  AVERAGE SKY COVER 0.0


WEATHER CONDITIONS
 THE FOLLOWING WEATHER WAS RECORDED YESTERDAY.
  NO SIGNIFICANT WEATHER WAS OBSERVED.


RELATIVE HUMIDITY (PERCENT)
 HIGHEST    77           500 AM
 LOWEST     28           400 PM
 AVERAGE    53

..........................................................


THE MINOT ND CLIMATE NORMALS FOR TODAY
                         NORMAL    RECORD    YEAR
 MAXIMUM TEMPERATURE (F)   83        99      1989
 MINIMUM TEMPERATURE (F)   58        33      1923


SUNRISE AND SUNSET
AUGUST  1 2015........SUNRISE   620 AM CDT   SUNSET   922 PM CDT
AUGUST  2 2015........SUNRISE   621 AM CDT   SUNSET   920 PM CDT


-  INDICATES NEGATIVE NUMBERS.
R  INDICATES RECORD WAS SET OR TIED.
MM INDICATES DATA IS MISSING.
T  INDICATES TRACE AMOUNT.




$$
