000
CDUS43 KBIS 250727
CLIMOT


CLIMATE REPORT
NATIONAL WEATHER SERVICE BISMARCK ND
226 AM CDT TUE JUL 25 2017


...................................

...THE MINOT ND CLIMATE SUMMARY FOR JULY 24 2017...

CLIMATE NORMAL PERIOD 1981 TO 2010
CLIMATE RECORD PERIOD 1897 TO 2017


WEATHER ITEM   OBSERVED TIME   RECORD YEAR NORMAL DEPARTURE LAST
                VALUE   (LST)  VALUE       VALUE  FROM      YEAR
                                                  NORMAL
..................................................................
TEMPERATURE (F)
 YESTERDAY
  MAXIMUM         98    332 PM 106    1931  83     15       84
  MINIMUM         65    146 AM  41    1916  58      7       65
  AVERAGE         82                        71     11       75

PRECIPITATION (IN)
  YESTERDAY        0.05          1.09 1963   0.07  -0.02     0.00
  MONTH TO DATE    0.36                      2.01  -1.65     2.72
  SINCE JUN 1      1.68                      5.59  -3.91     5.46
  SINCE JAN 1      3.04                     10.98  -7.94    10.61

DEGREE DAYS
 COOLING
  YESTERDAY       17                         6     11       10
  MONTH TO DATE  224                       126     98      187
  SINCE JUN 1    319                       199    120      318
  SINCE JAN 1    322                       215    107      358
..................................................................


WIND (MPH)
  HIGHEST WIND SPEED    25   HIGHEST WIND DIRECTION     S (180)
  HIGHEST GUST SPEED    36   HIGHEST GUST DIRECTION     S (160)
  AVERAGE WIND SPEED    13.8


SKY COVER
  POSSIBLE SUNSHINE  MM
  AVERAGE SKY COVER 0.0


WEATHER CONDITIONS
 THE FOLLOWING WEATHER WAS RECORDED YESTERDAY.
  THUNDERSTORM
  LIGHT RAIN


RELATIVE HUMIDITY (PERCENT)
 HIGHEST    73          1200 AM
 LOWEST     25           300 PM
 AVERAGE    49

..........................................................


THE MINOT ND CLIMATE NORMALS FOR TODAY
                         NORMAL    RECORD    YEAR
 MAXIMUM TEMPERATURE (F)   83       106      1931
 MINIMUM TEMPERATURE (F)   58        43      1911


SUNRISE AND SUNSET
JULY 25 2017..........SUNRISE   612 AM CDT   SUNSET   930 PM CDT
JULY 26 2017..........SUNRISE   613 AM CDT   SUNSET   929 PM CDT


-  INDICATES NEGATIVE NUMBERS.
R  INDICATES RECORD WAS SET OR TIED.
MM INDICATES DATA IS MISSING.
T  INDICATES TRACE AMOUNT.




$$
