000
CDUS43 KBIS 240758
CLIMOT


CLIMATE REPORT
NATIONAL WEATHER SERVICE BISMARCK ND
256 AM CDT SUN MAY 24 2015


...................................

...THE MINOT ND CLIMATE SUMMARY FOR MAY 23 2015...

CLIMATE NORMAL PERIOD 1981 TO 2010
CLIMATE RECORD PERIOD 1897 TO 2015


WEATHER ITEM   OBSERVED TIME   RECORD YEAR NORMAL DEPARTURE LAST
                VALUE   (LST)  VALUE       VALUE  FROM      YEAR
                                                  NORMAL
..................................................................
TEMPERATURE (F)
 YESTERDAY
  MAXIMUM         76    259 PM  91    2006  69      7       87
  MINIMUM         46    521 AM  26    1924  45      1       56
  AVERAGE         61                        57      4       72

PRECIPITATION (IN)
  YESTERDAY        0.00          0.64 1982   0.09  -0.09     0.00
  MONTH TO DATE    2.51                      1.75   0.76     1.57
  SINCE MAR 1      3.47                      3.73  -0.26     3.42
  SINCE JAN 1      3.94                      4.64  -0.70     3.78

DEGREE DAYS
 COOLING
  YESTERDAY        0                         1     -1        7
  MONTH TO DATE    0                         1     -1        7
  SINCE MAR 1      0                         2     -2        7
  SINCE JAN 1      0                         2     -2        7
..................................................................


WIND (MPH)
  HIGHEST WIND SPEED    16   HIGHEST WIND DIRECTION     S (160)
  HIGHEST GUST SPEED    22   HIGHEST GUST DIRECTION     E (110)
  AVERAGE WIND SPEED     6.8


SKY COVER
  POSSIBLE SUNSHINE  MM
  AVERAGE SKY COVER 0.2


WEATHER CONDITIONS
 THE FOLLOWING WEATHER WAS RECORDED YESTERDAY.
  NO SIGNIFICANT WEATHER WAS OBSERVED.


RELATIVE HUMIDITY (PERCENT)
 HIGHEST    71           600 AM
 LOWEST     23           300 PM
 AVERAGE    47

..........................................................


THE MINOT ND CLIMATE NORMALS FOR TODAY
                         NORMAL    RECORD    YEAR
 MAXIMUM TEMPERATURE (F)   69        91      1977
 MINIMUM TEMPERATURE (F)   46        24      1924


SUNRISE AND SUNSET
MAY 24 2015...........SUNRISE   555 AM CDT   SUNSET   929 PM CDT
MAY 25 2015...........SUNRISE   555 AM CDT   SUNSET   930 PM CDT


-  INDICATES NEGATIVE NUMBERS.
R  INDICATES RECORD WAS SET OR TIED.
MM INDICATES DATA IS MISSING.
T  INDICATES TRACE AMOUNT.




$$
