000
CDUS43 KBIS 240725
CLIMOT


CLIMATE REPORT
NATIONAL WEATHER SERVICE BISMARCK ND
223 AM CDT MON APR 24 2017


...................................

...THE MINOT ND CLIMATE SUMMARY FOR APRIL 23 2017...

CLIMATE NORMAL PERIOD 1981 TO 2010
CLIMATE RECORD PERIOD 1897 TO 2017


WEATHER ITEM   OBSERVED TIME   RECORD YEAR NORMAL DEPARTURE LAST
                VALUE   (LST)  VALUE       VALUE  FROM      YEAR
                                                  NORMAL
..................................................................
TEMPERATURE (F)
 YESTERDAY
  MAXIMUM         33   1249 AM  85    2012  59    -26       67
  MINIMUM         28    924 AM  13    1918  35     -7       39
                                      1967
  AVERAGE         31                        47    -16       53

PRECIPITATION (IN)
  YESTERDAY        0.03          2.40 1903   0.05  -0.02      T
  MONTH TO DATE    0.23                      0.77  -0.54     1.10
  SINCE MAR 1      0.54                      1.61  -1.07     1.51
  SINCE JAN 1      0.67                      2.52  -1.85     2.09

DEGREE DAYS
 HEATING
  YESTERDAY       34                        18     16       12
  MONTH TO DATE  454                       536    -82      467
  SINCE MAR 1   1605                      1675    -70     1263
  SINCE JUL 1   7541                      8251   -710     6695

 COOLING
  YESTERDAY        0                         0      0        0
  MONTH TO DATE    0                         0      0        0
  SINCE MAR 1      0                         0      0        0
  SINCE JAN 1      0                         0      0        0
..................................................................


WIND (MPH)
  HIGHEST WIND SPEED    24   HIGHEST WIND DIRECTION     E (70)
  HIGHEST GUST SPEED    30   HIGHEST GUST DIRECTION     E (80)
  AVERAGE WIND SPEED    16.8


SKY COVER
  POSSIBLE SUNSHINE  MM
  AVERAGE SKY COVER 1.0


WEATHER CONDITIONS
 THE FOLLOWING WEATHER WAS RECORDED YESTERDAY.
  SNOW
  LIGHT SNOW
  FOG


RELATIVE HUMIDITY (PERCENT)
 HIGHEST    92          1000 AM
 LOWEST     72           200 AM
 AVERAGE    82

..........................................................


THE MINOT ND CLIMATE NORMALS FOR TODAY
                         NORMAL    RECORD    YEAR
 MAXIMUM TEMPERATURE (F)   59        88      2012
 MINIMUM TEMPERATURE (F)   35        11      1931


SUNRISE AND SUNSET
APRIL 24 2017.........SUNRISE   638 AM CDT   SUNSET   849 PM CDT
APRIL 25 2017.........SUNRISE   636 AM CDT   SUNSET   851 PM CDT


-  INDICATES NEGATIVE NUMBERS.
R  INDICATES RECORD WAS SET OR TIED.
MM INDICATES DATA IS MISSING.
T  INDICATES TRACE AMOUNT.




$$
