000
CDUS43 KBIS 251245
CLIMOT


CLIMATE REPORT
NATIONAL WEATHER SERVICE BISMARCK ND
745 AM CDT WED MAY 25 2016


...................................

...THE MINOT ND CLIMATE SUMMARY FOR MAY 24 2016...

CLIMATE NORMAL PERIOD 1981 TO 2010
CLIMATE RECORD PERIOD 1897 TO 2016


WEATHER ITEM   OBSERVED TIME   RECORD YEAR NORMAL DEPARTURE LAST
                VALUE   (LST)  VALUE       VALUE  FROM      YEAR
                                                  NORMAL
..................................................................
TEMPERATURE (F)
 YESTERDAY
  MAXIMUM         79    410 PM  91    1977  69     10       75
  MINIMUM         45    519 AM  24    1924  46     -1       45
  AVERAGE         62                        57      5       60

PRECIPITATION (IN)
  YESTERDAY        0.00          1.10 1933   0.09  -0.09     0.00
  MONTH TO DATE    0.34                      1.84  -1.50     2.51
  SINCE MAR 1      2.92                      3.82  -0.90     3.47
  SINCE JAN 1      3.50                      4.73  -1.23     3.94

DEGREE DAYS
 COOLING
  YESTERDAY        0                         1     -1        0
  MONTH TO DATE   39                         2     37        0
  SINCE MAR 1     39                         3     36        0
  SINCE JAN 1     39                         3     36        0
..................................................................


WIND (MPH)
  HIGHEST WIND SPEED    20   HIGHEST WIND DIRECTION    SW (230)
  HIGHEST GUST SPEED    27   HIGHEST GUST DIRECTION    SW (230)
  AVERAGE WIND SPEED     6.3


SKY COVER
  POSSIBLE SUNSHINE  MM
  AVERAGE SKY COVER 0.1


WEATHER CONDITIONS
 THE FOLLOWING WEATHER WAS RECORDED YESTERDAY.
  HAZE


RELATIVE HUMIDITY (PERCENT)
 HIGHEST    76           400 AM
 LOWEST     25           400 PM
 AVERAGE    51

..........................................................


THE MINOT ND CLIMATE NORMALS FOR TODAY
                         NORMAL    RECORD    YEAR
 MAXIMUM TEMPERATURE (F)   69        92      1931
 MINIMUM TEMPERATURE (F)   46        20      1924


SUNRISE AND SUNSET
MAY 25 2016...........SUNRISE   554 AM CDT   SUNSET   931 PM CDT
MAY 26 2016...........SUNRISE   553 AM CDT   SUNSET   932 PM CDT


-  INDICATES NEGATIVE NUMBERS.
R  INDICATES RECORD WAS SET OR TIED.
MM INDICATES DATA IS MISSING.
T  INDICATES TRACE AMOUNT.




$$
