000
CDUS43 KBIS 150740
CLIMOT


CLIMATE REPORT
NATIONAL WEATHER SERVICE BISMARCK ND
139 AM CST FRI DEC 15 2017


...................................

...THE MINOT ND CLIMATE SUMMARY FOR DECEMBER 14 2017...

CLIMATE NORMAL PERIOD 1981 TO 2010
CLIMATE RECORD PERIOD 1897 TO 2017


WEATHER ITEM   OBSERVED TIME   RECORD YEAR NORMAL DEPARTURE LAST
                VALUE   (LST)  VALUE       VALUE  FROM      YEAR
                                                  NORMAL
..................................................................
TEMPERATURE (F)
 YESTERDAY
  MAXIMUM         36    353 PM  55    1998  24     12        0
  MINIMUM         30   1011 AM -31    1916   7     23       -9
  AVERAGE         33                        16     17       -4

PRECIPITATION (IN)
  YESTERDAY        T             0.44 1948   0.01  -0.01      T
  MONTH TO DATE    T                         0.17  -0.17     0.43
  SINCE DEC 1      T                         0.17  -0.17     0.43
  SINCE JAN 1      7.55                     16.98  -9.43    18.54

DEGREE DAYS
 HEATING
  YESTERDAY       32                        50    -18       69
  MONTH TO DATE  490                       663   -173      792
  SINCE DEC 1    490                       663   -173      792
  SINCE JUL 1   2368                      2721   -353     2307
..................................................................


WIND (MPH)
  HIGHEST WIND SPEED    28   HIGHEST WIND DIRECTION     W (290)
  HIGHEST GUST SPEED    33   HIGHEST GUST DIRECTION     W (280)
  AVERAGE WIND SPEED    15.8


SKY COVER
  POSSIBLE SUNSHINE  MM
  AVERAGE SKY COVER 1.0


WEATHER CONDITIONS
 THE FOLLOWING WEATHER WAS RECORDED YESTERDAY.
  LIGHT SNOW
  FOG
  HAZE


RELATIVE HUMIDITY (PERCENT)
 HIGHEST    85          1200 AM
 LOWEST     63          1000 PM
 AVERAGE    74

..........................................................


THE MINOT ND CLIMATE NORMALS FOR TODAY
                         NORMAL    RECORD    YEAR
 MAXIMUM TEMPERATURE (F)   23        56      1939
 MINIMUM TEMPERATURE (F)    7       -28      1917


SUNRISE AND SUNSET
DECEMBER 15 2017......SUNRISE   829 AM CST   SUNSET   451 PM CST
DECEMBER 16 2017......SUNRISE   830 AM CST   SUNSET   451 PM CST


-  INDICATES NEGATIVE NUMBERS.
R  INDICATES RECORD WAS SET OR TIED.
MM INDICATES DATA IS MISSING.
T  INDICATES TRACE AMOUNT.




$$
