000
CDUS43 KBIS 080044
CLIMOT


CLIMATE REPORT
NATIONAL WEATHER SERVICE BISMARCK ND
743 PM CDT TUE JUL 7 2015


...................................

...THE MINOT ND CLIMATE SUMMARY FOR JULY 7 2015...
VALID TODAY AS OF 0700 PM LOCAL TIME.

CLIMATE NORMAL PERIOD 1981 TO 2010
CLIMATE RECORD PERIOD 1897 TO 2015


WEATHER ITEM   OBSERVED TIME   RECORD YEAR NORMAL DEPARTURE LAST
                VALUE   (LST)  VALUE       VALUE  FROM      YEAR
                                                  NORMAL
..................................................................
TEMPERATURE (F)
 TODAY
  MAXIMUM         77    503 PM 102    1981  80     -3       73
  MINIMUM         48    506 AM  30    1922  57     -9       58
  AVERAGE         63                        69     -6       66

PRECIPITATION (IN)
  TODAY            0.00          1.33 1973   0.09  -0.09     0.41
  MONTH TO DATE    0.47                      0.65  -0.18     0.47
  SINCE JUN 1      4.50                      4.23   0.27     5.81
  SINCE JAN 1      8.63                      9.62  -0.99     9.62

DEGREE DAYS
 HEATING
  TODAY            2                         1      1        0
  MONTH TO DATE    8                         7      1       15
  SINCE JUN 1     70                       113    -43      106
  SINCE JUL 1      8                         7      1       15

 COOLING
  TODAY            0                         5     -5        1
  MONTH TO DATE   26                        32     -6       31
  SINCE JUN 1    100                       105     -5       53
  SINCE JAN 1    107                       121    -14       94
..................................................................


WIND (MPH)
  RESULTANT WIND SPEED   8   RESULTANT WIND DIRECTION   S (180)
  HIGHEST WIND SPEED    18   HIGHEST WIND DIRECTION     S (180)
  HIGHEST GUST SPEED    22   HIGHEST GUST DIRECTION     S (170)
  AVERAGE WIND SPEED     8.5


SKY COVER
  POSSIBLE SUNSHINE  MM
  AVERAGE SKY COVER 0.1


WEATHER CONDITIONS
 THE FOLLOWING WEATHER WAS RECORDED TODAY.
  HAZE


RELATIVE HUMIDITY (PERCENT)
 HIGHEST    86           500 AM
 LOWEST     43           500 PM
 AVERAGE    65

..........................................................


THE MINOT ND CLIMATE NORMALS FOR TOMORROW
                         NORMAL    RECORD    YEAR
 MAXIMUM TEMPERATURE (F)   80       101      1921
 MINIMUM TEMPERATURE (F)   58        40      1922


SUNRISE AND SUNSET
JULY  7 2015..........SUNRISE   553 AM CDT   SUNSET   947 PM CDT
JULY  8 2015..........SUNRISE   553 AM CDT   SUNSET   946 PM CDT


-  INDICATES NEGATIVE NUMBERS.
R  INDICATES RECORD WAS SET OR TIED.
MM INDICATES DATA IS MISSING.
T  INDICATES TRACE AMOUNT.




$$
