000
CDUS43 KBIS 222341
CLIMOT


CLIMATE REPORT
NATIONAL WEATHER SERVICE BISMARCK ND
540 PM CST MON DEC 22 2014


...................................

...THE MINOT ND CLIMATE SUMMARY FOR DECEMBER 22 2014...
VALID TODAY AS OF 0500 PM LOCAL TIME.

CLIMATE NORMAL PERIOD 1981 TO 2010
CLIMATE RECORD PERIOD 1905 TO 2014


WEATHER ITEM   OBSERVED TIME   RECORD YEAR NORMAL DEPARTURE LAST
                VALUE   (LST)  VALUE       VALUE  FROM      YEAR
                                                  NORMAL
..................................................................
TEMPERATURE (F)
 TODAY
  MAXIMUM         29    206 PM  51    1954  22      7       -5
  MINIMUM         28    359 PM -30    1983   5     23      -20
  AVERAGE         29                        14     15      -12

PRECIPITATION (IN)
  TODAY            0.00          0.58 1974   0.02  -0.02     0.01
  MONTH TO DATE    0.01                      0.26  -0.25     0.16
  SINCE DEC 1      0.01                      0.26  -0.25     0.16
  SINCE JAN 1     15.96                     17.07  -1.11    24.97

DEGREE DAYS
 HEATING
  TODAY           36                        51    -15       77
  MONTH TO DATE  966                      1068   -102     1379
  SINCE DEC 1    966                      1068   -102     1379
  SINCE JUL 1   3145                      3126     19     3434

 COOLING
  TODAY            0                         0      0        0
  MONTH TO DATE    0                         0      0        0
  SINCE DEC 1      0                         0      0        0
  SINCE JAN 1    341                       445   -104      421
..................................................................


WIND (MPH)
  RESULTANT WIND SPEED   4   RESULTANT WIND DIRECTION   N (20)
  HIGHEST WIND SPEED    17   HIGHEST WIND DIRECTION     N (340)
  HIGHEST GUST SPEED    20   HIGHEST GUST DIRECTION    NW (320)
  AVERAGE WIND SPEED     8.4


SKY COVER
  POSSIBLE SUNSHINE  MM
  AVERAGE SKY COVER 1.0


WEATHER CONDITIONS
 THE FOLLOWING WEATHER WAS RECORDED TODAY.
  FOG


RELATIVE HUMIDITY (PERCENT)
 HIGHEST   100          1200 AM
 LOWEST     85           300 PM
 AVERAGE    93

..........................................................


THE MINOT ND CLIMATE NORMALS FOR TOMORROW
                         NORMAL    RECORD    YEAR
 MAXIMUM TEMPERATURE (F)   22        57      1919
 MINIMUM TEMPERATURE (F)    5       -36      1983


SUNRISE AND SUNSET
DECEMBER 22 2014......SUNRISE   834 AM CST   SUNSET   454 PM CST
DECEMBER 23 2014......SUNRISE   834 AM CST   SUNSET   454 PM CST


-  INDICATES NEGATIVE NUMBERS.
R  INDICATES RECORD WAS SET OR TIED.
MM INDICATES DATA IS MISSING.
T  INDICATES TRACE AMOUNT.




$$
