000
CDUS43 KBIS 260729
CLIMOT


CLIMATE REPORT
NATIONAL WEATHER SERVICE BISMARCK ND
228 AM CDT TUE SEP 26 2017


...................................

...THE MINOT ND CLIMATE SUMMARY FOR SEPTEMBER 25 2017...

CLIMATE NORMAL PERIOD 1981 TO 2010
CLIMATE RECORD PERIOD 1897 TO 2017


WEATHER ITEM   OBSERVED TIME   RECORD YEAR NORMAL DEPARTURE LAST
                VALUE   (LST)  VALUE       VALUE  FROM      YEAR
                                                  NORMAL
..................................................................
TEMPERATURE (F)
 YESTERDAY
  MAXIMUM         55    413 PM  93    2014  65    -10       64
                                      1938
  MINIMUM         47    732 AM  11    1927  42      5       50
  AVERAGE         51                        54     -3       57

PRECIPITATION (IN)
  YESTERDAY        T             0.93 1959   0.05  -0.05     0.08
  MONTH TO DATE    1.96                      1.23   0.73     2.98
  SINCE SEP 1      1.96                      1.23   0.73     2.98
  SINCE JAN 1      7.29                     14.67  -7.38    14.84

DEGREE DAYS
 HEATING
  YESTERDAY       14                        12      2        8
  MONTH TO DATE  145                       186    -41      147
  SINCE SEP 1    145                       186    -41      147
  SINCE JUL 1    155                       257   -102      158

 COOLING
  YESTERDAY        0                         0      0        0
  MONTH TO DATE   62                        30     32       29
  SINCE SEP 1     62                        30     32       29
  SINCE JAN 1    580                       441    139      682
..................................................................


WIND (MPH)
  HIGHEST WIND SPEED     8   HIGHEST WIND DIRECTION     E (80)
  HIGHEST GUST SPEED    11   HIGHEST GUST DIRECTION     E (90)
  AVERAGE WIND SPEED     3.2


SKY COVER
  POSSIBLE SUNSHINE  MM
  AVERAGE SKY COVER 1.0


WEATHER CONDITIONS
 THE FOLLOWING WEATHER WAS RECORDED YESTERDAY.
  LIGHT RAIN


RELATIVE HUMIDITY (PERCENT)
 HIGHEST    93          1200 AM
 LOWEST     55           400 PM
 AVERAGE    74

..........................................................


THE MINOT ND CLIMATE NORMALS FOR TODAY
                         NORMAL    RECORD    YEAR
 MAXIMUM TEMPERATURE (F)   65        92      2014
 MINIMUM TEMPERATURE (F)   42        12      1947


SUNRISE AND SUNSET
SEPTEMBER 26 2017.....SUNRISE   738 AM CDT   SUNSET   734 PM CDT
SEPTEMBER 27 2017.....SUNRISE   739 AM CDT   SUNSET   732 PM CDT


-  INDICATES NEGATIVE NUMBERS.
R  INDICATES RECORD WAS SET OR TIED.
MM INDICATES DATA IS MISSING.
T  INDICATES TRACE AMOUNT.




$$
