000
CDUS43 KBIS 102224
CLIMOT


CLIMATE REPORT
NATIONAL WEATHER SERVICE BISMARCK ND
522 PM CDT THU JUL 10 2014


...................................

...THE MINOT ND CLIMATE SUMMARY FOR JULY 10 2014...
VALID TODAY AS OF 0500 PM LOCAL TIME.

CLIMATE NORMAL PERIOD 1981 TO 2010
CLIMATE RECORD PERIOD 1905 TO 2014


WEATHER ITEM   OBSERVED TIME   RECORD YEAR NORMAL DEPARTURE LAST
                VALUE   (LST)  VALUE       VALUE  FROM      YEAR
                                                  NORMAL
..................................................................
TEMPERATURE (F)
 TODAY
  MAXIMUM         82    352 PM 105    1936  81      1       80
  MINIMUM         62   1226 AM  38    1922  58      4       54
  AVERAGE         72                        69      3       67

PRECIPITATION (IN)
  TODAY            0.00          0.59 1996   0.09  -0.09     0.00
  MONTH TO DATE    0.47                      0.93  -0.46     2.73
  SINCE JUN 1      5.81                      4.51   1.30     7.33
  SINCE JAN 1      9.62                      9.90  -0.28    15.70

DEGREE DAYS
 HEATING
  TODAY            0                         1     -1        0
  MONTH TO DATE   16                        10      6        2
  SINCE JUN 1    107                       116     -9       86
  SINCE JUL 1     16                        10      6        2

 COOLING
  TODAY            7                         5      2        2
  MONTH TO DATE   40                        47     -7       59
  SINCE JUN 1     62                       120    -58      123
  SINCE JAN 1    103                       136    -33      133
..................................................................


WIND (MPH)
  RESULTANT WIND SPEED  13   RESULTANT WIND DIRECTION   S (170)
  HIGHEST WIND SPEED    22   HIGHEST WIND DIRECTION     S (160)
  HIGHEST GUST SPEED    26   HIGHEST GUST DIRECTION     S (160)
  AVERAGE WIND SPEED    13.3


SKY COVER
  POSSIBLE SUNSHINE  MM
  AVERAGE SKY COVER 0.0


WEATHER CONDITIONS
 THE FOLLOWING WEATHER WAS RECORDED TODAY.
  HAZE


RELATIVE HUMIDITY (PERCENT)
 HIGHEST    84          1200 AM
 LOWEST     57          1100 AM
 AVERAGE    71

..........................................................


THE MINOT ND CLIMATE NORMALS FOR TOMORROW
                         NORMAL    RECORD    YEAR
 MAXIMUM TEMPERATURE (F)   81       109      1936
 MINIMUM TEMPERATURE (F)   58        38      1941


SUNRISE AND SUNSET
JULY 10 2014..........SUNRISE   555 AM CDT   SUNSET   945 PM CDT
JULY 11 2014..........SUNRISE   556 AM CDT   SUNSET   944 PM CDT


-  INDICATES NEGATIVE NUMBERS.
R  INDICATES RECORD WAS SET OR TIED.
MM INDICATES DATA IS MISSING.
T  INDICATES TRACE AMOUNT.




$$
